-- Table structure for table `instruments`
--

CREATE TABLE `instruments` (
  `id` int(10) unsigned NOT NULL AUTO_INCREMENT,
  `name` varchar(100) COLLATE utf8_unicode_ci NOT NULL,
  `ip` varchar(15) COLLATE utf8_unicode_ci DEFAULT NULL,
  `hostname` varchar(100) COLLATE utf8_unicode_ci DEFAULT NULL,
  `description` varchar(100) COLLATE utf8_unicode_ci DEFAULT NULL,
  `driver_name` varchar(100) COLLATE utf8_unicode_ci DEFAULT NULL,
  `created_at` timestamp NULL DEFAULT NULL,
  `updated_at` timestamp NULL DEFAULT NULL,
  PRIMARY KEY (`id`)
) ENGINE=InnoDB DEFAULT CHARSET=utf8 COLLATE=utf8_unicode_ci;

--
-- Dumping data for table `instruments`
--


--
-- Table structure for table `invoice`
--

CREATE TABLE `invoice` (
  `id` int(10) unsigned NOT NULL AUTO_INCREMENT,
  `invoice_number` varchar(255) COLLATE utf8_unicode_ci NOT NULL,
  `supplier_id` int(10) unsigned NOT NULL,
  `purchase_form` varchar(255) COLLATE utf8_unicode_ci NOT NULL,
  `quantity` int(11) NOT NULL,
  `delivery_date` varchar(255) COLLATE utf8_unicode_ci NOT NULL,
  `delivery_time` varchar(255) COLLATE utf8_unicode_ci NOT NULL,
  `item_id` int(10) unsigned NOT NULL,
  `items_delivered` varchar(255) COLLATE utf8_unicode_ci NOT NULL,
  `created_at` timestamp NOT NULL DEFAULT '0000-00-00 00:00:00',
  `updated_at` timestamp NOT NULL DEFAULT '0000-00-00 00:00:00',
  PRIMARY KEY (`id`),
  KEY `invoice_supplier_id_foreign` (`supplier_id`),
  CONSTRAINT `invoice_supplier_id_foreign` FOREIGN KEY (`supplier_id`) REFERENCES `suppliers` (`id`)
) ENGINE=InnoDB DEFAULT CHARSET=utf8 COLLATE=utf8_unicode_ci;

--
-- Dumping data for table `invoice`
--


--
-- Table structure for table `ips`
--

CREATE TABLE `ips` (
  `id` mediumint(8) unsigned NOT NULL AUTO_INCREMENT,
  `ip` varchar(250) NOT NULL,
  `classification` varchar(5) NOT NULL,
  `full_name` varchar(125) NOT NULL,
  `address` varchar(125) NOT NULL,
  `focal_person` varchar(100) NOT NULL,
  `focal_person_contact` varchar(100) NOT NULL,
  `description` varchar(150) NOT NULL,
  `funding_source` varchar(150) NOT NULL,
  `created` datetime NOT NULL,
  `createdby` varchar(250) NOT NULL,
  PRIMARY KEY (`id`),
  KEY `uniqueIndex` (`ip`)
) ENGINE=InnoDB AUTO_INCREMENT=65 DEFAULT CHARSET=utf8;

--
-- Dumping data for table `ips`
--

INSERT INTO `ips` VALUES (4,'IDI','A','','','','','','','0000-00-00 00:00:00','system'),(5,'AIC','A','','','','','','','0000-00-00 00:00:00','system'),(6,'Baylor','A','','','','','','','0000-00-00 00:00:00','system'),(7,'CAFU','A','','','','','','','0000-00-00 00:00:00','system'),(8,'DOD','A','','','','','','','0000-00-00 00:00:00','system'),(9,'HIPS','A','','','','','','','0000-00-00 00:00:00','system'),(10,'IRCU','A','','','','','','','0000-00-00 00:00:00','system'),(11,'Islamic Medical Bureau','A','','','','','','','0000-00-00 00:00:00','system'),(12,'JCRC','A','','','','','','','0000-00-00 00:00:00','system'),(13,'KCBHC','A','','','','','','','0000-00-00 00:00:00','system'),(14,'Mildmay','A','','','','','','','0000-00-00 00:00:00','system'),(15,'MJAP','A','','','','','','','0000-00-00 00:00:00','system'),(16,'MJHU','A','','','','','','','0000-00-00 00:00:00','system'),(17,'MRC','A','','','','','','','0000-00-00 00:00:00','system'),(18,'MSF','A','','','','','','','0000-00-00 00:00:00','system'),(19,'MUSPH','A','','','','','','','0000-00-00 00:00:00','system'),(20,'NUHITES','A','','','','','','','0000-00-00 00:00:00','system'),(21,'PACE','A','','','','','','','0000-00-00 00:00:00','system'),(22,'PART/HIPS','A','','','','','','','0000-00-00 00:00:00','system'),(23,'PREFA','A','','','','','','','0000-00-00 00:00:00','system'),(24,'Rakai Health Services','A','','','','','','','0000-00-00 00:00:00','system'),(25,'Reach Out','A','','','','','','','0000-00-00 00:00:00','system'),(26,'Reach Out Mbuya','A','','','','','','','0000-00-00 00:00:00','system'),(27,'RHSP','A','','','','','','','0000-00-00 00:00:00','system'),(28,'RTI','A','','','','','','','0000-00-00 00:00:00','system'),(29,'SPEAR','A','','','','','','','0000-00-00 00:00:00','system'),(30,'Star E','A','','','','','','','0000-00-00 00:00:00','system'),(31,'Star SW','A','','','','','','','0000-00-00 00:00:00','system'),(32,'SUSTAIN','A','','','','','','','0000-00-00 00:00:00','system'),(33,'TASO','A','','','','','','','0000-00-00 00:00:00','system'),(34,'THALAS','A','','','','','','','0000-00-00 00:00:00','system'),(35,'UCMB','A','','','','','','','0000-00-00 00:00:00','system'),(36,'Uganda Cares','A','','','','','','','0000-00-00 00:00:00','system'),(37,'UHMG','A','','','','','','','0000-00-00 00:00:00','system'),(38,'UNICEF','A','','','','','','','0000-00-00 00:00:00','system'),(39,'UPMB','A','','','','','','','0000-00-00 00:00:00','system'),(40,'UVRI','A','','','','','','','0000-00-00 00:00:00','system'),(41,'Walter Reed','A','','','','','','','0000-00-00 00:00:00','system'),(42,'IPH','B','','','','','','','0000-00-00 00:00:00','system'),(43,'MJAP','B','','','','','','','0000-00-00 00:00:00','system'),(44,'SUSTAIN','B','','','','','','','0000-00-00 00:00:00','system'),(45,'Baylor','B','','','','','','','0000-00-00 00:00:00','system'),(46,'IDI','B','','','','','','','0000-00-00 00:00:00','system'),(47,'KOICA','B','','','','','','','0000-00-00 00:00:00','system'),(48,'MRC','B','','','','','','','0000-00-00 00:00:00','system'),(49,'PREFA','B','','','','','','','0000-00-00 00:00:00','system'),(50,'RTI','B','','','','','','','0000-00-00 00:00:00','system'),(51,'SDA','B','','','','','','','0000-00-00 00:00:00','system'),(52,'SPEAR','B','','','','','','','0000-00-00 00:00:00','system'),(53,'UCMB','B','','','','','','','0000-00-00 00:00:00','system'),(54,'UHMG','B','','','','','','','0000-00-00 00:00:00','system'),(55,'UNICEF','B','','','','','','','0000-00-00 00:00:00','system'),(56,'UPDF','B','','','','','','','0000-00-00 00:00:00','system'),(57,'UPMB','B','','','','','','','0000-00-00 00:00:00','system'),(59,'Uganda Cares','B','','','','','','','0000-00-00 00:00:00','system'),(60,'Star EC','A','','','','','','','0000-00-00 00:00:00','system'),(61,'PHS','A','','','','','','','0000-00-00 00:00:00','system'),(62,'UMMB','B','','','','','','','0000-00-00 00:00:00','system'),(63,'PHS','B','','','','','','','0000-00-00 00:00:00','system'),(64,'M','A','','','','','','','0000-00-00 00:00:00','system');

--
-- Table structure for table `ips_facilities`
--

CREATE TABLE `ips_facilities` (
  `id` mediumint(8) unsigned NOT NULL AUTO_INCREMENT,
  `ipID` mediumint(8) unsigned NOT NULL,
  `facilityID` mediumint(8) unsigned NOT NULL,
  `start_date` date NOT NULL,
  `stopped` smallint(1) unsigned NOT NULL,
  `stop_date` date DEFAULT NULL,
  `created` datetime NOT NULL,
  `createdby` varchar(250) NOT NULL,
  PRIMARY KEY (`id`)
) ENGINE=InnoDB AUTO_INCREMENT=2631 DEFAULT CHARSET=utf8;

--
-- Dumping data for table `ips_facilities`
--

INSERT INTO `ips_facilities` VALUES (310,8,299,'0000-00-00',0,'0000-00-00','0000-00-00 00:00:00','system'),(311,8,509,'0000-00-00',0,'0000-00-00','0000-00-00 00:00:00','system'),(312,8,635,'0000-00-00',0,'0000-00-00','0000-00-00 00:00:00','system'),(313,9,1593,'2017-01-01',0,'0000-00-00','0000-00-00 00:00:00','system'),(314,10,122,'0000-00-00',0,'0000-00-00','0000-00-00 00:00:00','system'),(315,10,352,'0000-00-00',0,'0000-00-00','0000-00-00 00:00:00','system'),(316,10,370,'0000-00-00',0,'0000-00-00','0000-00-00 00:00:00','system'),(317,10,383,'0000-00-00',0,'0000-00-00','0000-00-00 00:00:00','system'),(318,10,385,'2016-01-01',0,'0000-00-00','0000-00-00 00:00:00','system'),(319,10,465,'0000-00-00',0,'0000-00-00','0000-00-00 00:00:00','system'),(320,10,760,'2015-01-01',0,'0000-00-00','0000-00-00 00:00:00','system'),(321,10,768,'0000-00-00',0,'0000-00-00','0000-00-00 00:00:00','system'),(322,13,253,'2015-01-01',0,'0000-00-00','0000-00-00 00:00:00','system'),(439,15,84,'0000-00-00',0,'0000-00-00','0000-00-00 00:00:00','system'),(440,15,94,'0000-00-00',0,'0000-00-00','0000-00-00 00:00:00','system'),(441,15,166,'0000-00-00',0,'0000-00-00','0000-00-00 00:00:00','system'),(442,15,342,'2016-01-01',0,'0000-00-00','0000-00-00 00:00:00','system'),(443,15,471,'0000-00-00',0,'0000-00-00','0000-00-00 00:00:00','system'),(444,15,564,'0000-00-00',0,'0000-00-00','0000-00-00 00:00:00','system'),(445,15,1202,'0000-00-00',0,'0000-00-00','0000-00-00 00:00:00','system'),(446,15,1205,'0000-00-00',0,'0000-00-00','0000-00-00 00:00:00','system'),(447,15,1206,'0000-00-00',0,'0000-00-00','0000-00-00 00:00:00','system'),(448,15,1302,'0000-00-00',0,'0000-00-00','0000-00-00 00:00:00','system'),(449,15,1398,'0000-00-00',0,'0000-00-00','0000-00-00 00:00:00','system'),(450,15,1505,'0000-00-00',0,'0000-00-00','0000-00-00 00:00:00','system'),(451,15,1537,'0000-00-00',0,'0000-00-00','0000-00-00 00:00:00','system'),(452,18,361,'0000-00-00',0,'0000-00-00','0000-00-00 00:00:00','system'),(453,18,419,'0000-00-00',0,'0000-00-00','0000-00-00 00:00:00','system'),(454,18,439,'0000-00-00',0,'0000-00-00','0000-00-00 00:00:00','system'),(455,18,482,'0000-00-00',0,'0000-00-00','0000-00-00 00:00:00','system'),(456,20,2,'2016-01-01',0,'0000-00-00','0000-00-00 00:00:00','system'),(457,20,5,'0000-00-00',0,'0000-00-00','0000-00-00 00:00:00','system'),(458,20,6,'2016-01-01',0,'0000-00-00','0000-00-00 00:00:00','system'),(459,20,13,'2016-01-01',0,'0000-00-00','0000-00-00 00:00:00','system'),(460,20,14,'0000-00-00',0,'0000-00-00','0000-00-00 00:00:00','system'),(461,20,15,'0000-00-00',0,'0000-00-00','0000-00-00 00:00:00','system'),(462,20,18,'0000-00-00',0,'0000-00-00','0000-00-00 00:00:00','system'),(463,20,19,'0000-00-00',0,'0000-00-00','0000-00-00 00:00:00','system'),(464,20,20,'0000-00-00',0,'0000-00-00','0000-00-00 00:00:00','system'),(465,20,21,'2016-01-01',0,'0000-00-00','0000-00-00 00:00:00','system'),(466,20,23,'2016-01-01',0,'0000-00-00','0000-00-00 00:00:00','system'),(467,20,25,'0000-00-00',0,'0000-00-00','0000-00-00 00:00:00','system'),(468,20,26,'0000-00-00',0,'0000-00-00','0000-00-00 00:00:00','system'),(469,20,29,'0000-00-00',0,'0000-00-00','0000-00-00 00:00:00','system'),(470,20,31,'0000-00-00',0,'0000-00-00','0000-00-00 00:00:00','system'),(471,20,37,'0000-00-00',0,'0000-00-00','0000-00-00 00:00:00','system'),(472,20,38,'0000-00-00',0,'0000-00-00','0000-00-00 00:00:00','system'),(473,20,41,'0000-00-00',0,'0000-00-00','0000-00-00 00:00:00','system'),(474,20,42,'2016-01-01',0,'0000-00-00','0000-00-00 00:00:00','system'),(475,20,44,'2016-01-01',0,'0000-00-00','0000-00-00 00:00:00','system'),(476,20,46,'2016-01-01',0,'0000-00-00','0000-00-00 00:00:00','system'),(477,20,47,'0000-00-00',0,'0000-00-00','0000-00-00 00:00:00','system'),(478,20,49,'0000-00-00',0,'0000-00-00','0000-00-00 00:00:00','system'),(479,20,52,'2016-01-01',0,'0000-00-00','0000-00-00 00:00:00','system'),(480,20,53,'0000-00-00',0,'0000-00-00','0000-00-00 00:00:00','system'),(481,20,57,'0000-00-00',0,'0000-00-00','0000-00-00 00:00:00','system'),(482,20,59,'2016-01-01',0,'0000-00-00','0000-00-00 00:00:00','system'),(483,20,62,'0000-00-00',0,'0000-00-00','0000-00-00 00:00:00','system'),(484,20,65,'0000-00-00',0,'0000-00-00','0000-00-00 00:00:00','system'),(485,20,66,'0000-00-00',0,'0000-00-00','0000-00-00 00:00:00','system'),(486,20,69,'0000-00-00',0,'0000-00-00','0000-00-00 00:00:00','system'),(487,20,71,'0000-00-00',0,'0000-00-00','0000-00-00 00:00:00','system'),(488,20,81,'2016-01-01',0,'0000-00-00','0000-00-00 00:00:00','system'),(489,20,176,'0000-00-00',0,'0000-00-00','0000-00-00 00:00:00','system'),(490,20,179,'0000-00-00',0,'0000-00-00','0000-00-00 00:00:00','system'),(491,20,182,'0000-00-00',0,'0000-00-00','0000-00-00 00:00:00','system'),(492,20,190,'0000-00-00',0,'0000-00-00','0000-00-00 00:00:00','system'),(493,20,192,'0000-00-00',0,'0000-00-00','0000-00-00 00:00:00','system'),(494,20,202,'2016-01-01',0,'0000-00-00','0000-00-00 00:00:00','system'),(495,20,207,'2016-01-01',0,'0000-00-00','0000-00-00 00:00:00','system'),(496,20,272,'0000-00-00',0,'0000-00-00','0000-00-00 00:00:00','system'),(497,20,272,'0000-00-00',0,'0000-00-00','0000-00-00 00:00:00','system'),(498,20,340,'2017-01-01',0,'0000-00-00','0000-00-00 00:00:00','system'),(499,20,354,'0000-00-00',0,'0000-00-00','0000-00-00 00:00:00','system'),(500,20,376,'0000-00-00',0,'0000-00-00','0000-00-00 00:00:00','system'),(501,20,377,'0000-00-00',0,'0000-00-00','0000-00-00 00:00:00','system'),(502,20,386,'0000-00-00',0,'0000-00-00','0000-00-00 00:00:00','system'),(503,20,403,'0000-00-00',0,'0000-00-00','0000-00-00 00:00:00','system'),(504,20,405,'2017-01-01',0,'0000-00-00','0000-00-00 00:00:00','system'),(505,20,407,'0000-00-00',0,'0000-00-00','0000-00-00 00:00:00','system'),(506,20,409,'2016-01-01',0,'0000-00-00','0000-00-00 00:00:00','system'),(507,20,410,'0000-00-00',0,'0000-00-00','0000-00-00 00:00:00','system'),(508,20,412,'0000-00-00',0,'0000-00-00','0000-00-00 00:00:00','system'),(509,20,423,'0000-00-00',0,'0000-00-00','0000-00-00 00:00:00','system'),(510,20,515,'0000-00-00',0,'0000-00-00','0000-00-00 00:00:00','system'),(511,20,519,'2016-01-01',0,'0000-00-00','0000-00-00 00:00:00','system'),(512,20,520,'0000-00-00',0,'0000-00-00','0000-00-00 00:00:00','system'),(513,20,573,'2016-01-01',0,'0000-00-00','0000-00-00 00:00:00','system'),(514,20,574,'0000-00-00',0,'0000-00-00','0000-00-00 00:00:00','system'),(515,20,575,'0000-00-00',0,'0000-00-00','0000-00-00 00:00:00','system'),(516,20,577,'2016-01-01',0,'0000-00-00','0000-00-00 00:00:00','system'),(517,20,579,'2016-01-01',0,'0000-00-00','0000-00-00 00:00:00','system'),(518,20,585,'0000-00-00',0,'0000-00-00','0000-00-00 00:00:00','system'),(519,20,592,'2017-01-01',0,'0000-00-00','0000-00-00 00:00:00','system'),(520,20,595,'0000-00-00',0,'0000-00-00','0000-00-00 00:00:00','system'),(521,20,598,'0000-00-00',0,'0000-00-00','0000-00-00 00:00:00','system'),(522,20,600,'2016-01-01',0,'0000-00-00','0000-00-00 00:00:00','system'),(523,20,601,'0000-00-00',0,'0000-00-00','0000-00-00 00:00:00','system'),(524,20,606,'0000-00-00',0,'0000-00-00','0000-00-00 00:00:00','system'),(525,20,615,'0000-00-00',0,'0000-00-00','0000-00-00 00:00:00','system'),(526,20,617,'0000-00-00',0,'0000-00-00','0000-00-00 00:00:00','system'),(527,20,626,'0000-00-00',0,'0000-00-00','0000-00-00 00:00:00','system'),(528,20,695,'2016-01-01',0,'0000-00-00','0000-00-00 00:00:00','system'),(529,20,709,'0000-00-00',0,'0000-00-00','0000-00-00 00:00:00','system'),(530,20,830,'0000-00-00',0,'0000-00-00','0000-00-00 00:00:00','system'),(531,20,850,'2017-01-01',0,'0000-00-00','0000-00-00 00:00:00','system'),(532,20,969,'2016-01-01',0,'0000-00-00','0000-00-00 00:00:00','system'),(533,20,1011,'2016-01-01',0,'0000-00-00','0000-00-00 00:00:00','system'),(534,20,1123,'0000-00-00',0,'0000-00-00','0000-00-00 00:00:00','system'),(535,20,1219,'2018-01-01',0,'0000-00-00','0000-00-00 00:00:00','system'),(536,20,1227,'0000-00-00',0,'0000-00-00','0000-00-00 00:00:00','system'),(537,20,1367,'2016-01-01',0,'0000-00-00','0000-00-00 00:00:00','system'),(538,20,1415,'2016-01-01',0,'0000-00-00','0000-00-00 00:00:00','system'),(539,20,1494,'2016-01-01',0,'0000-00-00','0000-00-00 00:00:00','system'),(540,20,1596,'0000-00-00',0,'0000-00-00','0000-00-00 00:00:00','system'),(541,20,1599,'0000-00-00',0,'0000-00-00','0000-00-00 00:00:00','system'),(542,20,1718,'0000-00-00',0,'0000-00-00','0000-00-00 00:00:00','system'),(543,20,1898,'0000-00-00',0,'0000-00-00','0000-00-00 00:00:00','system'),(544,23,732,'2015-01-01',0,'0000-00-00','0000-00-00 00:00:00','system'),(545,23,756,'0000-00-00',0,'0000-00-00','0000-00-00 00:00:00','system'),(546,23,783,'0000-00-00',0,'0000-00-00','0000-00-00 00:00:00','system'),(547,23,784,'0000-00-00',0,'0000-00-00','0000-00-00 00:00:00','system'),(548,23,787,'0000-00-00',0,'0000-00-00','0000-00-00 00:00:00','system'),(549,23,899,'0000-00-00',0,'0000-00-00','0000-00-00 00:00:00','system'),(550,23,908,'0000-00-00',0,'0000-00-00','0000-00-00 00:00:00','system'),(551,23,949,'0000-00-00',0,'0000-00-00','0000-00-00 00:00:00','system'),(552,23,960,'0000-00-00',0,'0000-00-00','0000-00-00 00:00:00','system'),(553,23,968,'0000-00-00',0,'0000-00-00','0000-00-00 00:00:00','system'),(554,23,999,'0000-00-00',0,'0000-00-00','0000-00-00 00:00:00','system'),(555,23,1017,'0000-00-00',0,'0000-00-00','0000-00-00 00:00:00','system'),(556,23,1027,'0000-00-00',0,'0000-00-00','0000-00-00 00:00:00','system'),(557,23,1030,'0000-00-00',0,'0000-00-00','0000-00-00 00:00:00','system'),(558,23,1044,'2016-01-01',0,'0000-00-00','0000-00-00 00:00:00','system'),(559,23,1062,'2015-01-01',0,'0000-00-00','0000-00-00 00:00:00','system'),(560,23,1104,'0000-00-00',0,'0000-00-00','0000-00-00 00:00:00','system'),(561,23,1146,'0000-00-00',0,'0000-00-00','0000-00-00 00:00:00','system'),(562,23,1154,'0000-00-00',0,'0000-00-00','0000-00-00 00:00:00','system'),(563,23,1208,'2015-01-01',0,'0000-00-00','0000-00-00 00:00:00','system'),(564,23,1274,'0000-00-00',0,'0000-00-00','0000-00-00 00:00:00','system'),(565,23,1625,'0000-00-00',0,'0000-00-00','0000-00-00 00:00:00','system'),(566,23,1628,'0000-00-00',0,'0000-00-00','0000-00-00 00:00:00','system'),(567,23,1639,'0000-00-00',0,'0000-00-00','0000-00-00 00:00:00','system'),(568,23,1647,'0000-00-00',0,'0000-00-00','0000-00-00 00:00:00','system'),(569,24,159,'2018-01-01',0,'0000-00-00','0000-00-00 00:00:00','system'),(570,24,228,'2017-01-01',0,'0000-00-00','0000-00-00 00:00:00','system'),(571,24,231,'0000-00-00',0,'0000-00-00','0000-00-00 00:00:00','system'),(572,24,291,'2018-01-01',0,'0000-00-00','0000-00-00 00:00:00','system'),(573,24,397,'2017-01-01',0,'0000-00-00','0000-00-00 00:00:00','system'),(574,24,428,'0000-00-00',0,'0000-00-00','0000-00-00 00:00:00','system'),(575,24,430,'0000-00-00',0,'0000-00-00','0000-00-00 00:00:00','system'),(576,24,502,'2017-01-01',0,'0000-00-00','0000-00-00 00:00:00','system'),(577,24,848,'0000-00-00',0,'0000-00-00','0000-00-00 00:00:00','system'),(578,24,873,'0000-00-00',0,'0000-00-00','0000-00-00 00:00:00','system'),(579,24,879,'0000-00-00',0,'0000-00-00','0000-00-00 00:00:00','system'),(580,24,980,'0000-00-00',0,'0000-00-00','0000-00-00 00:00:00','system'),(581,24,1073,'0000-00-00',0,'0000-00-00','0000-00-00 00:00:00','system'),(582,24,1351,'2018-01-01',0,'0000-00-00','0000-00-00 00:00:00','system'),(583,24,1394,'0000-00-00',0,'0000-00-00','0000-00-00 00:00:00','system'),(584,24,1569,'0000-00-00',0,'0000-00-00','0000-00-00 00:00:00','system'),(585,24,1575,'2017-01-01',0,'0000-00-00','0000-00-00 00:00:00','system'),(586,24,1768,'2017-01-01',0,'0000-00-00','0000-00-00 00:00:00','system'),(587,27,249,'2017-01-01',0,'0000-00-00','0000-00-00 00:00:00','system'),(588,27,255,'0000-00-00',0,'0000-00-00','0000-00-00 00:00:00','system'),(589,27,629,'0000-00-00',0,'0000-00-00','0000-00-00 00:00:00','system'),(590,29,4,'0000-00-00',0,'0000-00-00','0000-00-00 00:00:00','system'),(591,29,24,'0000-00-00',0,'0000-00-00','0000-00-00 00:00:00','system'),(592,29,194,'0000-00-00',0,'0000-00-00','0000-00-00 00:00:00','system'),(593,29,270,'2017-01-01',0,'0000-00-00','0000-00-00 00:00:00','system'),(594,29,380,'0000-00-00',0,'0000-00-00','0000-00-00 00:00:00','system'),(595,29,473,'0000-00-00',0,'0000-00-00','0000-00-00 00:00:00','system'),(596,29,560,'0000-00-00',0,'0000-00-00','0000-00-00 00:00:00','system'),(597,29,593,'0000-00-00',0,'0000-00-00','0000-00-00 00:00:00','system'),(598,29,728,'2017-01-01',0,'0000-00-00','0000-00-00 00:00:00','system'),(599,29,929,'2017-01-01',0,'0000-00-00','0000-00-00 00:00:00','system'),(600,29,1068,'2017-01-01',0,'0000-00-00','0000-00-00 00:00:00','system'),(601,29,1172,'2017-01-01',0,'0000-00-00','0000-00-00 00:00:00','system'),(602,29,1594,'0000-00-00',0,'0000-00-00','0000-00-00 00:00:00','system'),(818,32,191,'0000-00-00',0,'0000-00-00','0000-00-00 00:00:00','system'),(819,32,223,'0000-00-00',0,'0000-00-00','0000-00-00 00:00:00','system'),(820,32,474,'2016-01-01',0,'0000-00-00','0000-00-00 00:00:00','system'),(821,32,531,'0000-00-00',0,'0000-00-00','0000-00-00 00:00:00','system'),(822,32,542,'2017-01-01',0,'0000-00-00','0000-00-00 00:00:00','system'),(823,32,1016,'0000-00-00',0,'0000-00-00','0000-00-00 00:00:00','system'),(848,35,3,'0000-00-00',0,'0000-00-00','0000-00-00 00:00:00','system'),(849,35,30,'0000-00-00',0,'0000-00-00','0000-00-00 00:00:00','system'),(850,35,172,'0000-00-00',0,'0000-00-00','0000-00-00 00:00:00','system'),(851,35,256,'0000-00-00',0,'0000-00-00','0000-00-00 00:00:00','system'),(852,35,305,'0000-00-00',0,'0000-00-00','0000-00-00 00:00:00','system'),(853,35,569,'0000-00-00',0,'0000-00-00','0000-00-00 00:00:00','system'),(854,35,633,'2016-01-01',0,'0000-00-00','0000-00-00 00:00:00','system'),(855,35,702,'2016-01-01',0,'0000-00-00','0000-00-00 00:00:00','system'),(856,35,703,'0000-00-00',0,'0000-00-00','0000-00-00 00:00:00','system'),(857,35,997,'2016-01-01',0,'0000-00-00','0000-00-00 00:00:00','system'),(858,35,1256,'0000-00-00',0,'0000-00-00','0000-00-00 00:00:00','system'),(859,35,1588,'0000-00-00',0,'0000-00-00','0000-00-00 00:00:00','system'),(860,36,115,'0000-00-00',0,'0000-00-00','0000-00-00 00:00:00','system'),(861,36,885,'0000-00-00',0,'0000-00-00','0000-00-00 00:00:00','system'),(862,36,994,'0000-00-00',0,'0000-00-00','0000-00-00 00:00:00','system'),(863,36,1024,'0000-00-00',0,'0000-00-00','0000-00-00 00:00:00','system'),(864,37,83,'0000-00-00',0,'0000-00-00','0000-00-00 00:00:00','system'),(865,37,203,'0000-00-00',0,'0000-00-00','0000-00-00 00:00:00','system'),(866,37,1289,'0000-00-00',0,'0000-00-00','0000-00-00 00:00:00','system'),(867,37,1808,'0000-00-00',0,'0000-00-00','0000-00-00 00:00:00','system'),(868,38,34,'0000-00-00',0,'0000-00-00','0000-00-00 00:00:00','system'),(869,38,304,'0000-00-00',0,'0000-00-00','0000-00-00 00:00:00','system'),(870,38,420,'0000-00-00',0,'0000-00-00','0000-00-00 00:00:00','system'),(871,38,503,'0000-00-00',0,'0000-00-00','0000-00-00 00:00:00','system'),(872,38,507,'0000-00-00',0,'0000-00-00','0000-00-00 00:00:00','system'),(873,38,513,'0000-00-00',0,'0000-00-00','0000-00-00 00:00:00','system'),(874,38,696,'0000-00-00',0,'0000-00-00','0000-00-00 00:00:00','system'),(875,38,923,'2016-01-01',0,'0000-00-00','0000-00-00 00:00:00','system'),(876,38,925,'2018-01-01',0,'0000-00-00','0000-00-00 00:00:00','system'),(877,38,1001,'2017-01-01',0,'0000-00-00','0000-00-00 00:00:00','system'),(878,38,1119,'0000-00-00',0,'0000-00-00','0000-00-00 00:00:00','system'),(879,38,1124,'2017-01-01',0,'0000-00-00','0000-00-00 00:00:00','system'),(880,38,1140,'0000-00-00',0,'0000-00-00','0000-00-00 00:00:00','system'),(881,38,1144,'0000-00-00',0,'0000-00-00','0000-00-00 00:00:00','system'),(882,38,1320,'0000-00-00',0,'0000-00-00','0000-00-00 00:00:00','system'),(883,38,1365,'2016-01-01',0,'0000-00-00','0000-00-00 00:00:00','system'),(884,38,1420,'0000-00-00',0,'0000-00-00','0000-00-00 00:00:00','system'),(885,38,1459,'0000-00-00',0,'0000-00-00','0000-00-00 00:00:00','system'),(886,38,1600,'0000-00-00',0,'0000-00-00','0000-00-00 00:00:00','system'),(887,38,1644,'2018-01-01',0,'0000-00-00','0000-00-00 00:00:00','system'),(888,38,1994,'0000-00-00',0,'0000-00-00','0000-00-00 00:00:00','system'),(889,39,717,'2015-01-01',0,'0000-00-00','0000-00-00 00:00:00','system'),(890,39,1021,'0000-00-00',0,'0000-00-00','0000-00-00 00:00:00','system'),(891,39,1180,'0000-00-00',0,'0000-00-00','0000-00-00 00:00:00','system'),(892,41,153,'2015-01-01',0,'0000-00-00','0000-00-00 00:00:00','system'),(893,41,274,'0000-00-00',0,'0000-00-00','0000-00-00 00:00:00','system'),(894,41,311,'0000-00-00',0,'0000-00-00','0000-00-00 00:00:00','system'),(895,41,313,'2016-01-01',0,'0000-00-00','0000-00-00 00:00:00','system'),(896,41,376,'0000-00-00',0,'0000-00-00','0000-00-00 00:00:00','system'),(897,41,378,'2017-01-01',0,'0000-00-00','0000-00-00 00:00:00','system'),(898,41,489,'2017-01-01',0,'0000-00-00','0000-00-00 00:00:00','system'),(899,41,668,'2017-01-01',0,'0000-00-00','0000-00-00 00:00:00','system'),(900,41,668,'2017-01-01',0,'0000-00-00','0000-00-00 00:00:00','system'),(901,41,722,'2017-01-01',0,'0000-00-00','0000-00-00 00:00:00','system'),(902,41,749,'2017-01-01',0,'0000-00-00','0000-00-00 00:00:00','system'),(903,41,755,'2018-01-01',0,'0000-00-00','0000-00-00 00:00:00','system'),(904,41,757,'2018-01-01',0,'0000-00-00','0000-00-00 00:00:00','system'),(905,41,829,'2018-01-01',0,'0000-00-00','0000-00-00 00:00:00','system'),(906,41,875,'2017-01-01',0,'0000-00-00','0000-00-00 00:00:00','system'),(907,41,890,'0000-00-00',0,'0000-00-00','0000-00-00 00:00:00','system'),(908,41,928,'0000-00-00',0,'0000-00-00','0000-00-00 00:00:00','system'),(909,41,958,'2015-01-01',0,'0000-00-00','0000-00-00 00:00:00','system'),(910,41,1050,'0000-00-00',0,'0000-00-00','0000-00-00 00:00:00','system'),(911,41,1083,'2015-01-01',0,'0000-00-00','0000-00-00 00:00:00','system'),(912,41,1145,'0000-00-00',0,'0000-00-00','0000-00-00 00:00:00','system'),(913,41,1179,'0000-00-00',0,'0000-00-00','0000-00-00 00:00:00','system'),(914,41,1220,'0000-00-00',0,'0000-00-00','0000-00-00 00:00:00','system'),(915,41,1273,'2015-01-01',0,'0000-00-00','0000-00-00 00:00:00','system'),(916,41,1315,'2015-01-01',0,'0000-00-00','0000-00-00 00:00:00','system'),(917,41,1326,'2017-01-01',0,'0000-00-00','0000-00-00 00:00:00','system'),(918,55,4,'0000-00-00',0,'0000-00-00','0000-00-00 00:00:00','system'),(919,55,24,'0000-00-00',0,'0000-00-00','0000-00-00 00:00:00','system'),(920,51,32,'0000-00-00',0,'0000-00-00','0000-00-00 00:00:00','system'),(921,52,34,'0000-00-00',0,'0000-00-00','0000-00-00 00:00:00','system'),(922,54,79,'2018-01-01',0,'0000-00-00','0000-00-00 00:00:00','system'),(923,57,83,'0000-00-00',0,'0000-00-00','0000-00-00 00:00:00','system'),(924,53,119,'2015-01-01',0,'0000-00-00','0000-00-00 00:00:00','system'),(925,42,249,'2017-01-01',0,'0000-00-00','0000-00-00 00:00:00','system'),(926,55,270,'2017-01-01',0,'0000-00-00','0000-00-00 00:00:00','system'),(927,50,299,'0000-00-00',0,'0000-00-00','0000-00-00 00:00:00','system'),(928,57,347,'0000-00-00',0,'0000-00-00','0000-00-00 00:00:00','system'),(929,53,365,'0000-00-00',0,'0000-00-00','0000-00-00 00:00:00','system'),(930,55,380,'0000-00-00',0,'0000-00-00','0000-00-00 00:00:00','system'),(931,45,383,'0000-00-00',0,'0000-00-00','0000-00-00 00:00:00','system'),(932,45,385,'2016-01-01',0,'0000-00-00','0000-00-00 00:00:00','system'),(933,47,424,'0000-00-00',0,'0000-00-00','0000-00-00 00:00:00','system'),(934,53,427,'0000-00-00',0,'0000-00-00','0000-00-00 00:00:00','system'),(935,53,429,'0000-00-00',0,'0000-00-00','0000-00-00 00:00:00','system'),(936,57,455,'0000-00-00',0,'0000-00-00','0000-00-00 00:00:00','system'),(937,55,473,'0000-00-00',0,'0000-00-00','0000-00-00 00:00:00','system'),(938,50,509,'0000-00-00',0,'0000-00-00','0000-00-00 00:00:00','system'),(939,53,535,'0000-00-00',0,'0000-00-00','0000-00-00 00:00:00','system'),(940,55,560,'0000-00-00',0,'0000-00-00','0000-00-00 00:00:00','system'),(941,55,593,'0000-00-00',0,'0000-00-00','0000-00-00 00:00:00','system'),(942,50,635,'0000-00-00',0,'0000-00-00','0000-00-00 00:00:00','system'),(943,55,728,'2017-01-01',0,'0000-00-00','0000-00-00 00:00:00','system'),(944,53,802,'0000-00-00',0,'0000-00-00','0000-00-00 00:00:00','system'),(945,53,866,'0000-00-00',0,'0000-00-00','0000-00-00 00:00:00','system'),(946,49,924,'0000-00-00',0,'0000-00-00','0000-00-00 00:00:00','system'),(947,55,929,'2017-01-01',0,'0000-00-00','0000-00-00 00:00:00','system'),(948,57,977,'0000-00-00',0,'0000-00-00','0000-00-00 00:00:00','system'),(949,55,1068,'2017-01-01',0,'0000-00-00','0000-00-00 00:00:00','system'),(950,52,1119,'0000-00-00',0,'0000-00-00','0000-00-00 00:00:00','system'),(951,55,1172,'2017-01-01',0,'0000-00-00','0000-00-00 00:00:00','system'),(952,53,1415,'2016-01-01',0,'0000-00-00','0000-00-00 00:00:00','system'),(953,52,1420,'0000-00-00',0,'0000-00-00','0000-00-00 00:00:00','system'),(954,53,1436,'0000-00-00',0,'0000-00-00','0000-00-00 00:00:00','system'),(955,53,1861,'0000-00-00',0,'0000-00-00','0000-00-00 00:00:00','system'),(956,56,2053,'0000-00-00',0,'0000-00-00','0000-00-00 00:00:00','system'),(957,5,1689,'0000-00-00',0,'0000-00-00','0000-00-00 00:00:00','system'),(958,5,1535,'0000-00-00',0,'0000-00-00','0000-00-00 00:00:00','system'),(1202,8,1435,'0000-00-00',0,'0000-00-00','0000-00-00 00:00:00','system'),(1204,8,1901,'0000-00-00',0,'0000-00-00','0000-00-00 00:00:00','system'),(1205,0,1566,'0000-00-00',0,'0000-00-00','0000-00-00 00:00:00','system'),(1206,0,1250,'0000-00-00',0,'0000-00-00','0000-00-00 00:00:00','system'),(1207,0,1499,'0000-00-00',0,'0000-00-00','0000-00-00 00:00:00','system'),(1208,0,2,'2016-01-01',0,'0000-00-00','0000-00-00 00:00:00','system'),(1209,20,749,'2017-01-01',0,'0000-00-00','0000-00-00 00:00:00','system'),(1210,0,749,'2017-01-01',0,'0000-00-00','0000-00-00 00:00:00','system'),(1211,0,950,'0000-00-00',0,'0000-00-00','0000-00-00 00:00:00','system'),(1212,20,178,'0000-00-00',0,'0000-00-00','0000-00-00 00:00:00','system'),(1213,0,178,'0000-00-00',0,'0000-00-00','0000-00-00 00:00:00','system'),(1214,0,3,'0000-00-00',0,'0000-00-00','0000-00-00 00:00:00','system'),(1215,0,4,'0000-00-00',0,'0000-00-00','0000-00-00 00:00:00','system'),(1216,0,5,'0000-00-00',0,'0000-00-00','0000-00-00 00:00:00','system'),(1217,0,6,'2016-01-01',0,'0000-00-00','0000-00-00 00:00:00','system'),(1218,20,7,'2016-01-01',0,'0000-00-00','0000-00-00 00:00:00','system'),(1219,0,7,'2016-01-01',0,'0000-00-00','0000-00-00 00:00:00','system'),(1220,0,1357,'0000-00-00',0,'0000-00-00','0000-00-00 00:00:00','system'),(1221,0,1358,'0000-00-00',0,'0000-00-00','0000-00-00 00:00:00','system'),(1222,0,1978,'0000-00-00',0,'0000-00-00','0000-00-00 00:00:00','system'),(1223,0,1599,'0000-00-00',0,'0000-00-00','0000-00-00 00:00:00','system'),(1224,0,10,'0000-00-00',0,'0000-00-00','0000-00-00 00:00:00','system'),(1225,0,1861,'0000-00-00',0,'0000-00-00','0000-00-00 00:00:00','system'),(1226,0,11,'0000-00-00',0,'0000-00-00','0000-00-00 00:00:00','system'),(1227,20,12,'2016-01-01',0,'0000-00-00','0000-00-00 00:00:00','system'),(1228,0,12,'2016-01-01',0,'0000-00-00','0000-00-00 00:00:00','system'),(1230,0,834,'0000-00-00',0,'0000-00-00','0000-00-00 00:00:00','system'),(1231,0,14,'0000-00-00',0,'0000-00-00','0000-00-00 00:00:00','system'),(1232,0,1501,'0000-00-00',0,'0000-00-00','0000-00-00 00:00:00','system'),(1233,0,1727,'0000-00-00',0,'0000-00-00','0000-00-00 00:00:00','system'),(1234,0,1049,'2016-01-01',0,'0000-00-00','0000-00-00 00:00:00','system'),(1236,0,16,'2016-01-01',0,'0000-00-00','0000-00-00 00:00:00','system'),(1238,0,17,'0000-00-00',0,'0000-00-00','0000-00-00 00:00:00','system'),(1239,0,18,'0000-00-00',0,'0000-00-00','0000-00-00 00:00:00','system'),(1240,0,1675,'0000-00-00',0,'0000-00-00','0000-00-00 00:00:00','system'),(1241,0,1500,'2016-01-01',0,'0000-00-00','0000-00-00 00:00:00','system'),(1242,0,1069,'0000-00-00',0,'0000-00-00','0000-00-00 00:00:00','system'),(1243,0,20,'0000-00-00',0,'0000-00-00','0000-00-00 00:00:00','system'),(1244,0,1324,'0000-00-00',0,'0000-00-00','0000-00-00 00:00:00','system'),(1245,0,725,'0000-00-00',0,'0000-00-00','0000-00-00 00:00:00','system'),(1246,0,1911,'0000-00-00',0,'0000-00-00','0000-00-00 00:00:00','system'),(1247,0,21,'2016-01-01',0,'0000-00-00','0000-00-00 00:00:00','system'),(1248,0,22,'0000-00-00',0,'0000-00-00','0000-00-00 00:00:00','system'),(1249,0,2252,'0000-00-00',0,'0000-00-00','0000-00-00 00:00:00','system'),(1250,0,2045,'0000-00-00',0,'0000-00-00','0000-00-00 00:00:00','system'),(1251,0,1995,'0000-00-00',0,'0000-00-00','0000-00-00 00:00:00','system'),(1252,0,1716,'2016-01-01',0,'0000-00-00','0000-00-00 00:00:00','system'),(1253,20,2299,'0000-00-00',0,'0000-00-00','0000-00-00 00:00:00','system'),(1254,0,2299,'0000-00-00',0,'0000-00-00','0000-00-00 00:00:00','system'),(1255,0,1600,'0000-00-00',0,'0000-00-00','0000-00-00 00:00:00','system'),(1256,0,23,'2016-01-01',0,'0000-00-00','0000-00-00 00:00:00','system'),(1257,0,2223,'0000-00-00',0,'0000-00-00','0000-00-00 00:00:00','system'),(1258,20,612,'2016-01-01',0,'0000-00-00','0000-00-00 00:00:00','system'),(1259,53,612,'2016-01-01',0,'0000-00-00','0000-00-00 00:00:00','system'),(1260,38,24,'0000-00-00',0,'0000-00-00','0000-00-00 00:00:00','system'),(1261,0,24,'0000-00-00',0,'0000-00-00','0000-00-00 00:00:00','system'),(1262,0,25,'0000-00-00',0,'0000-00-00','0000-00-00 00:00:00','system'),(1263,0,1866,'0000-00-00',0,'0000-00-00','0000-00-00 00:00:00','system'),(1264,0,1137,'0000-00-00',0,'0000-00-00','0000-00-00 00:00:00','system'),(1265,36,677,'2017-01-01',0,'0000-00-00','0000-00-00 00:00:00','system'),(1266,0,677,'2017-01-01',0,'0000-00-00','0000-00-00 00:00:00','system'),(1267,20,1466,'0000-00-00',0,'0000-00-00','0000-00-00 00:00:00','system'),(1268,0,1466,'0000-00-00',0,'0000-00-00','0000-00-00 00:00:00','system'),(1269,0,26,'0000-00-00',0,'0000-00-00','0000-00-00 00:00:00','system'),(1270,7,27,'0000-00-00',0,'0000-00-00','0000-00-00 00:00:00','system'),(1271,0,27,'0000-00-00',0,'0000-00-00','0000-00-00 00:00:00','system'),(1272,20,2225,'2016-01-01',0,'0000-00-00','0000-00-00 00:00:00','system'),(1273,53,2225,'2016-01-01',0,'0000-00-00','0000-00-00 00:00:00','system'),(1275,0,2301,'2016-01-01',0,'0000-00-00','0000-00-00 00:00:00','system'),(1276,20,1549,'2016-01-01',0,'0000-00-00','0000-00-00 00:00:00','system'),(1277,0,1549,'2016-01-01',0,'0000-00-00','0000-00-00 00:00:00','system'),(1278,0,1116,'0000-00-00',0,'0000-00-00','0000-00-00 00:00:00','system'),(1280,0,1170,'2017-01-01',0,'0000-00-00','0000-00-00 00:00:00','system'),(1281,0,29,'0000-00-00',0,'0000-00-00','0000-00-00 00:00:00','system'),(1282,0,30,'0000-00-00',0,'0000-00-00','0000-00-00 00:00:00','system'),(1283,0,1459,'0000-00-00',0,'0000-00-00','0000-00-00 00:00:00','system'),(1284,0,564,'0000-00-00',0,'0000-00-00','0000-00-00 00:00:00','system'),(1285,0,31,'0000-00-00',0,'0000-00-00','0000-00-00 00:00:00','system'),(1286,0,32,'0000-00-00',0,'0000-00-00','0000-00-00 00:00:00','system'),(1288,0,1588,'0000-00-00',0,'0000-00-00','0000-00-00 00:00:00','system'),(1289,39,33,'0000-00-00',0,'0000-00-00','0000-00-00 00:00:00','system'),(1290,55,33,'0000-00-00',0,'0000-00-00','0000-00-00 00:00:00','system'),(1291,39,34,'0000-00-00',0,'0000-00-00','0000-00-00 00:00:00','system'),(1292,55,34,'0000-00-00',0,'0000-00-00','0000-00-00 00:00:00','system'),(1293,0,34,'0000-00-00',0,'0000-00-00','0000-00-00 00:00:00','system'),(1294,0,35,'2016-01-01',0,'0000-00-00','0000-00-00 00:00:00','system'),(1295,57,36,'0000-00-00',0,'0000-00-00','0000-00-00 00:00:00','system'),(1296,35,37,'0000-00-00',0,'0000-00-00','0000-00-00 00:00:00','system'),(1297,0,37,'0000-00-00',0,'0000-00-00','0000-00-00 00:00:00','system'),(1298,0,655,'2015-01-01',0,'0000-00-00','0000-00-00 00:00:00','system'),(1299,0,2274,'0000-00-00',0,'0000-00-00','0000-00-00 00:00:00','system'),(1300,0,38,'0000-00-00',0,'0000-00-00','0000-00-00 00:00:00','system'),(1301,0,271,'2015-01-01',0,'0000-00-00','0000-00-00 00:00:00','system'),(1302,20,2219,'0000-00-00',0,'0000-00-00','0000-00-00 00:00:00','system'),(1303,0,2219,'0000-00-00',0,'0000-00-00','0000-00-00 00:00:00','system'),(1304,0,2271,'0000-00-00',0,'0000-00-00','0000-00-00 00:00:00','system'),(1306,0,1027,'0000-00-00',0,'0000-00-00','0000-00-00 00:00:00','system'),(1307,0,40,'0000-00-00',0,'0000-00-00','0000-00-00 00:00:00','system'),(1308,0,1045,'0000-00-00',0,'0000-00-00','0000-00-00 00:00:00','system'),(1309,0,41,'0000-00-00',0,'0000-00-00','0000-00-00 00:00:00','system'),(1310,0,1361,'0000-00-00',0,'0000-00-00','0000-00-00 00:00:00','system'),(1311,0,42,'2016-01-01',0,'0000-00-00','0000-00-00 00:00:00','system'),(1312,20,43,'0000-00-00',0,'0000-00-00','0000-00-00 00:00:00','system'),(1313,0,43,'0000-00-00',0,'0000-00-00','0000-00-00 00:00:00','system'),(1314,0,45,'0000-00-00',0,'0000-00-00','0000-00-00 00:00:00','system'),(1315,0,2209,'0000-00-00',0,'0000-00-00','0000-00-00 00:00:00','system'),(1316,0,46,'2016-01-01',0,'0000-00-00','0000-00-00 00:00:00','system'),(1317,0,1709,'0000-00-00',0,'0000-00-00','0000-00-00 00:00:00','system'),(1319,0,1356,'0000-00-00',0,'0000-00-00','0000-00-00 00:00:00','system'),(1320,0,47,'0000-00-00',0,'0000-00-00','0000-00-00 00:00:00','system'),(1321,0,1011,'2016-01-01',0,'0000-00-00','0000-00-00 00:00:00','system'),(1322,0,1164,'0000-00-00',0,'0000-00-00','0000-00-00 00:00:00','system'),(1323,0,48,'0000-00-00',0,'0000-00-00','0000-00-00 00:00:00','system'),(1324,0,1493,'0000-00-00',0,'0000-00-00','0000-00-00 00:00:00','system'),(1325,0,49,'0000-00-00',0,'0000-00-00','0000-00-00 00:00:00','system'),(1326,59,1128,'0000-00-00',0,'0000-00-00','0000-00-00 00:00:00','system'),(1327,0,846,'0000-00-00',0,'0000-00-00','0000-00-00 00:00:00','system'),(1328,0,51,'0000-00-00',0,'0000-00-00','0000-00-00 00:00:00','system'),(1329,0,52,'2016-01-01',0,'0000-00-00','0000-00-00 00:00:00','system'),(1330,0,2300,'2016-01-01',0,'0000-00-00','0000-00-00 00:00:00','system'),(1331,0,53,'0000-00-00',0,'0000-00-00','0000-00-00 00:00:00','system'),(1332,0,914,'2017-01-01',0,'0000-00-00','0000-00-00 00:00:00','system'),(1333,0,910,'0000-00-00',0,'0000-00-00','0000-00-00 00:00:00','system'),(1334,0,926,'2016-01-01',0,'0000-00-00','0000-00-00 00:00:00','system'),(1335,38,1983,'0000-00-00',0,'0000-00-00','0000-00-00 00:00:00','system'),(1336,0,1983,'0000-00-00',0,'0000-00-00','0000-00-00 00:00:00','system'),(1337,0,56,'0000-00-00',0,'0000-00-00','0000-00-00 00:00:00','system'),(1339,0,1529,'0000-00-00',0,'0000-00-00','0000-00-00 00:00:00','system'),(1340,0,2093,'0000-00-00',0,'0000-00-00','0000-00-00 00:00:00','system'),(1341,0,57,'0000-00-00',0,'0000-00-00','0000-00-00 00:00:00','system'),(1343,0,2122,'0000-00-00',0,'0000-00-00','0000-00-00 00:00:00','system'),(1344,20,58,'0000-00-00',0,'0000-00-00','0000-00-00 00:00:00','system'),(1345,0,58,'0000-00-00',0,'0000-00-00','0000-00-00 00:00:00','system'),(1346,0,59,'2016-01-01',0,'0000-00-00','0000-00-00 00:00:00','system'),(1347,0,2287,'0000-00-00',0,'0000-00-00','0000-00-00 00:00:00','system'),(1348,20,60,'2016-01-01',0,'0000-00-00','0000-00-00 00:00:00','system'),(1349,0,60,'2016-01-01',0,'0000-00-00','0000-00-00 00:00:00','system'),(1351,0,188,'0000-00-00',0,'0000-00-00','0000-00-00 00:00:00','system'),(1352,0,850,'2017-01-01',0,'0000-00-00','0000-00-00 00:00:00','system'),(1353,0,61,'0000-00-00',0,'0000-00-00','0000-00-00 00:00:00','system'),(1354,0,869,'2016-01-01',0,'0000-00-00','0000-00-00 00:00:00','system'),(1355,0,1623,'0000-00-00',0,'0000-00-00','0000-00-00 00:00:00','system'),(1356,0,62,'0000-00-00',0,'0000-00-00','0000-00-00 00:00:00','system'),(1358,57,63,'0000-00-00',0,'0000-00-00','0000-00-00 00:00:00','system'),(1359,0,65,'0000-00-00',0,'0000-00-00','0000-00-00 00:00:00','system'),(1361,49,949,'0000-00-00',0,'0000-00-00','0000-00-00 00:00:00','system'),(1362,0,1051,'0000-00-00',0,'0000-00-00','0000-00-00 00:00:00','system'),(1364,0,1762,'0000-00-00',0,'0000-00-00','0000-00-00 00:00:00','system'),(1365,0,66,'0000-00-00',0,'0000-00-00','0000-00-00 00:00:00','system'),(1366,20,2322,'0000-00-00',0,'0000-00-00','0000-00-00 00:00:00','system'),(1367,0,2322,'0000-00-00',0,'0000-00-00','0000-00-00 00:00:00','system'),(1369,0,68,'0000-00-00',0,'0000-00-00','0000-00-00 00:00:00','system'),(1370,0,69,'0000-00-00',0,'0000-00-00','0000-00-00 00:00:00','system'),(1371,0,890,'0000-00-00',0,'0000-00-00','0000-00-00 00:00:00','system'),(1372,0,2116,'2016-01-01',0,'0000-00-00','0000-00-00 00:00:00','system'),(1373,0,2037,'0000-00-00',0,'0000-00-00','0000-00-00 00:00:00','system'),(1374,0,71,'0000-00-00',0,'0000-00-00','0000-00-00 00:00:00','system'),(1375,59,502,'2017-01-01',0,'0000-00-00','0000-00-00 00:00:00','system'),(1376,0,73,'2015-01-01',0,'0000-00-00','0000-00-00 00:00:00','system'),(1377,0,1616,'0000-00-00',0,'0000-00-00','0000-00-00 00:00:00','system'),(1378,0,1790,'2017-01-01',0,'0000-00-00','0000-00-00 00:00:00','system'),(1379,0,74,'2018-01-01',0,'0000-00-00','0000-00-00 00:00:00','system'),(1380,0,1484,'0000-00-00',0,'0000-00-00','0000-00-00 00:00:00','system'),(1381,20,2275,'0000-00-00',0,'0000-00-00','0000-00-00 00:00:00','system'),(1382,0,2275,'0000-00-00',0,'0000-00-00','0000-00-00 00:00:00','system'),(1383,0,1848,'0000-00-00',0,'0000-00-00','0000-00-00 00:00:00','system'),(1384,0,1332,'0000-00-00',0,'0000-00-00','0000-00-00 00:00:00','system'),(1385,20,75,'2016-01-01',0,'0000-00-00','0000-00-00 00:00:00','system'),(1386,0,75,'2016-01-01',0,'0000-00-00','0000-00-00 00:00:00','system'),(1388,0,554,'0000-00-00',0,'0000-00-00','0000-00-00 00:00:00','system'),(1389,0,78,'0000-00-00',0,'0000-00-00','0000-00-00 00:00:00','system'),(1390,0,1649,'0000-00-00',0,'0000-00-00','0000-00-00 00:00:00','system'),(1391,0,80,'2018-01-01',0,'0000-00-00','0000-00-00 00:00:00','system'),(1392,0,1074,'0000-00-00',0,'0000-00-00','0000-00-00 00:00:00','system'),(1393,0,81,'2016-01-01',0,'0000-00-00','0000-00-00 00:00:00','system'),(1394,20,2192,'0000-00-00',0,'0000-00-00','0000-00-00 00:00:00','system'),(1395,0,2192,'0000-00-00',0,'0000-00-00','0000-00-00 00:00:00','system'),(1396,0,82,'0000-00-00',0,'0000-00-00','0000-00-00 00:00:00','system'),(1398,0,1435,'0000-00-00',0,'0000-00-00','0000-00-00 00:00:00','system'),(1400,0,83,'0000-00-00',0,'0000-00-00','0000-00-00 00:00:00','system'),(1401,0,1090,'0000-00-00',0,'0000-00-00','0000-00-00 00:00:00','system'),(1402,0,84,'0000-00-00',0,'0000-00-00','0000-00-00 00:00:00','system'),(1403,0,989,'2018-01-01',0,'0000-00-00','0000-00-00 00:00:00','system'),(1404,0,1141,'0000-00-00',0,'0000-00-00','0000-00-00 00:00:00','system'),(1405,0,1386,'2016-01-01',0,'0000-00-00','0000-00-00 00:00:00','system'),(1406,0,1942,'0000-00-00',0,'0000-00-00','0000-00-00 00:00:00','system'),(1407,0,1057,'0000-00-00',0,'0000-00-00','0000-00-00 00:00:00','system'),(1408,0,2120,'0000-00-00',0,'0000-00-00','0000-00-00 00:00:00','system'),(1409,0,2085,'0000-00-00',0,'0000-00-00','0000-00-00 00:00:00','system'),(1410,0,1565,'2016-01-01',0,'0000-00-00','0000-00-00 00:00:00','system'),(1411,0,92,'0000-00-00',0,'0000-00-00','0000-00-00 00:00:00','system'),(1412,0,1275,'2016-01-01',0,'0000-00-00','0000-00-00 00:00:00','system'),(1413,0,1246,'0000-00-00',0,'0000-00-00','0000-00-00 00:00:00','system'),(1415,0,94,'0000-00-00',0,'0000-00-00','0000-00-00 00:00:00','system'),(1417,0,95,'0000-00-00',0,'0000-00-00','0000-00-00 00:00:00','system'),(1418,0,96,'0000-00-00',0,'0000-00-00','0000-00-00 00:00:00','system'),(1419,0,1266,'0000-00-00',0,'0000-00-00','0000-00-00 00:00:00','system'),(1420,0,2265,'0000-00-00',0,'0000-00-00','0000-00-00 00:00:00','system'),(1422,0,99,'0000-00-00',0,'0000-00-00','0000-00-00 00:00:00','system'),(1423,0,1959,'0000-00-00',0,'0000-00-00','0000-00-00 00:00:00','system'),(1424,0,1801,'0000-00-00',0,'0000-00-00','0000-00-00 00:00:00','system'),(1425,0,1728,'0000-00-00',0,'0000-00-00','0000-00-00 00:00:00','system'),(1426,0,844,'0000-00-00',0,'0000-00-00','0000-00-00 00:00:00','system'),(1427,0,1178,'0000-00-00',0,'0000-00-00','0000-00-00 00:00:00','system'),(1428,0,102,'0000-00-00',0,'0000-00-00','0000-00-00 00:00:00','system'),(1429,0,1931,'0000-00-00',0,'0000-00-00','0000-00-00 00:00:00','system'),(1430,0,2125,'0000-00-00',0,'0000-00-00','0000-00-00 00:00:00','system'),(1431,0,1803,'0000-00-00',0,'0000-00-00','0000-00-00 00:00:00','system'),(1432,0,1287,'0000-00-00',0,'0000-00-00','0000-00-00 00:00:00','system'),(1433,0,103,'0000-00-00',0,'0000-00-00','0000-00-00 00:00:00','system'),(1434,0,105,'0000-00-00',0,'0000-00-00','0000-00-00 00:00:00','system'),(1435,0,1503,'0000-00-00',0,'0000-00-00','0000-00-00 00:00:00','system'),(1437,0,106,'0000-00-00',0,'0000-00-00','0000-00-00 00:00:00','system'),(1439,0,107,'0000-00-00',0,'0000-00-00','0000-00-00 00:00:00','system'),(1440,0,1578,'2015-01-01',0,'0000-00-00','0000-00-00 00:00:00','system'),(1441,0,108,'0000-00-00',0,'0000-00-00','0000-00-00 00:00:00','system'),(1442,0,1664,'2015-01-01',0,'0000-00-00','0000-00-00 00:00:00','system'),(1443,53,1301,'0000-00-00',0,'0000-00-00','0000-00-00 00:00:00','system'),(1444,0,1693,'2016-01-01',0,'0000-00-00','0000-00-00 00:00:00','system'),(1445,0,994,'0000-00-00',0,'0000-00-00','0000-00-00 00:00:00','system'),(1446,0,1061,'2016-01-01',0,'0000-00-00','0000-00-00 00:00:00','system'),(1447,0,1158,'0000-00-00',0,'0000-00-00','0000-00-00 00:00:00','system'),(1448,0,2077,'0000-00-00',0,'0000-00-00','0000-00-00 00:00:00','system'),(1449,0,109,'0000-00-00',0,'0000-00-00','0000-00-00 00:00:00','system'),(1450,0,1082,'2016-01-01',0,'0000-00-00','0000-00-00 00:00:00','system'),(1451,0,1681,'0000-00-00',0,'0000-00-00','0000-00-00 00:00:00','system'),(1452,0,1024,'0000-00-00',0,'0000-00-00','0000-00-00 00:00:00','system'),(1453,0,1617,'0000-00-00',0,'0000-00-00','0000-00-00 00:00:00','system'),(1455,0,113,'2017-01-01',0,'0000-00-00','0000-00-00 00:00:00','system'),(1456,0,114,'0000-00-00',0,'0000-00-00','0000-00-00 00:00:00','system'),(1457,0,115,'0000-00-00',0,'0000-00-00','0000-00-00 00:00:00','system'),(1458,59,116,'2016-01-01',0,'0000-00-00','0000-00-00 00:00:00','system'),(1459,0,2260,'0000-00-00',0,'0000-00-00','0000-00-00 00:00:00','system'),(1460,0,118,'0000-00-00',0,'0000-00-00','0000-00-00 00:00:00','system'),(1462,0,1076,'0000-00-00',0,'0000-00-00','0000-00-00 00:00:00','system'),(1463,0,121,'0000-00-00',0,'0000-00-00','0000-00-00 00:00:00','system'),(1464,0,1195,'0000-00-00',0,'0000-00-00','0000-00-00 00:00:00','system'),(1465,0,85,'2016-01-01',0,'0000-00-00','0000-00-00 00:00:00','system'),(1466,0,935,'2016-01-01',0,'0000-00-00','0000-00-00 00:00:00','system'),(1468,0,1026,'0000-00-00',0,'0000-00-00','0000-00-00 00:00:00','system'),(1469,0,2239,'0000-00-00',0,'0000-00-00','0000-00-00 00:00:00','system'),(1470,0,124,'0000-00-00',0,'0000-00-00','0000-00-00 00:00:00','system'),(1471,0,2246,'0000-00-00',0,'0000-00-00','0000-00-00 00:00:00','system'),(1473,0,125,'0000-00-00',0,'0000-00-00','0000-00-00 00:00:00','system'),(1475,0,1025,'2016-01-01',0,'0000-00-00','0000-00-00 00:00:00','system'),(1476,0,127,'2015-01-01',0,'0000-00-00','0000-00-00 00:00:00','system'),(1477,0,1822,'0000-00-00',0,'0000-00-00','0000-00-00 00:00:00','system'),(1478,0,129,'0000-00-00',0,'0000-00-00','0000-00-00 00:00:00','system'),(1479,0,878,'2018-01-01',0,'0000-00-00','0000-00-00 00:00:00','system'),(1480,0,111,'2017-01-01',0,'0000-00-00','0000-00-00 00:00:00','system'),(1481,0,1329,'2018-01-01',0,'0000-00-00','0000-00-00 00:00:00','system'),(1482,0,1309,'0000-00-00',0,'0000-00-00','0000-00-00 00:00:00','system'),(1483,0,2236,'0000-00-00',0,'0000-00-00','0000-00-00 00:00:00','system'),(1484,0,2099,'0000-00-00',0,'0000-00-00','0000-00-00 00:00:00','system'),(1485,0,1392,'0000-00-00',0,'0000-00-00','0000-00-00 00:00:00','system'),(1487,0,1903,'0000-00-00',0,'0000-00-00','0000-00-00 00:00:00','system'),(1488,0,1050,'0000-00-00',0,'0000-00-00','0000-00-00 00:00:00','system'),(1489,0,909,'0000-00-00',0,'0000-00-00','0000-00-00 00:00:00','system'),(1490,0,958,'0000-00-00',0,'0000-00-00','0000-00-00 00:00:00','system'),(1491,0,134,'0000-00-00',0,'0000-00-00','0000-00-00 00:00:00','system'),(1492,53,1310,'0000-00-00',0,'0000-00-00','0000-00-00 00:00:00','system'),(1493,0,1112,'0000-00-00',0,'0000-00-00','0000-00-00 00:00:00','system'),(1494,0,137,'0000-00-00',0,'0000-00-00','0000-00-00 00:00:00','system'),(1495,0,143,'2015-01-01',0,'0000-00-00','0000-00-00 00:00:00','system'),(1496,0,2241,'2016-01-01',0,'0000-00-00','0000-00-00 00:00:00','system'),(1497,0,851,'2015-01-01',0,'0000-00-00','0000-00-00 00:00:00','system'),(1498,0,1669,'2017-01-01',0,'0000-00-00','0000-00-00 00:00:00','system'),(1499,0,1038,'0000-00-00',0,'0000-00-00','0000-00-00 00:00:00','system'),(1500,0,2238,'0000-00-00',0,'0000-00-00','0000-00-00 00:00:00','system'),(1501,0,1277,'0000-00-00',0,'0000-00-00','0000-00-00 00:00:00','system'),(1502,0,1421,'2018-01-01',0,'0000-00-00','0000-00-00 00:00:00','system'),(1503,0,147,'2016-01-01',0,'0000-00-00','0000-00-00 00:00:00','system'),(1504,0,148,'0000-00-00',0,'0000-00-00','0000-00-00 00:00:00','system'),(1505,0,1314,'2016-01-01',0,'0000-00-00','0000-00-00 00:00:00','system'),(1506,0,1256,'0000-00-00',0,'0000-00-00','0000-00-00 00:00:00','system'),(1507,59,149,'2016-01-01',0,'0000-00-00','0000-00-00 00:00:00','system'),(1509,0,1581,'0000-00-00',0,'0000-00-00','0000-00-00 00:00:00','system'),(1510,0,150,'0000-00-00',0,'0000-00-00','0000-00-00 00:00:00','system'),(1512,0,732,'2016-01-01',0,'0000-00-00','0000-00-00 00:00:00','system'),(1513,0,1914,'0000-00-00',0,'0000-00-00','0000-00-00 00:00:00','system'),(1514,0,152,'0000-00-00',0,'0000-00-00','0000-00-00 00:00:00','system'),(1515,0,1017,'0000-00-00',0,'0000-00-00','0000-00-00 00:00:00','system'),(1516,0,153,'2015-01-01',0,'0000-00-00','0000-00-00 00:00:00','system'),(1517,0,907,'0000-00-00',0,'0000-00-00','0000-00-00 00:00:00','system'),(1518,0,743,'2016-01-01',0,'0000-00-00','0000-00-00 00:00:00','system'),(1519,0,155,'2017-01-01',0,'0000-00-00','0000-00-00 00:00:00','system'),(1520,0,1273,'0000-00-00',0,'0000-00-00','0000-00-00 00:00:00','system'),(1521,27,159,'2018-01-01',0,'0000-00-00','0000-00-00 00:00:00','system'),(1522,0,159,'2018-01-01',0,'0000-00-00','0000-00-00 00:00:00','system'),(1523,0,1284,'2016-01-01',0,'0000-00-00','0000-00-00 00:00:00','system'),(1525,0,1943,'2017-01-01',0,'0000-00-00','0000-00-00 00:00:00','system'),(1527,53,161,'0000-00-00',0,'0000-00-00','0000-00-00 00:00:00','system'),(1528,0,1930,'0000-00-00',0,'0000-00-00','0000-00-00 00:00:00','system'),(1529,0,2295,'0000-00-00',0,'0000-00-00','0000-00-00 00:00:00','system'),(1530,0,1276,'0000-00-00',0,'0000-00-00','0000-00-00 00:00:00','system'),(1531,0,1626,'2018-01-01',0,'0000-00-00','0000-00-00 00:00:00','system'),(1532,0,1083,'0000-00-00',0,'0000-00-00','0000-00-00 00:00:00','system'),(1533,0,1419,'2016-01-01',0,'0000-00-00','0000-00-00 00:00:00','system'),(1534,0,162,'0000-00-00',0,'0000-00-00','0000-00-00 00:00:00','system'),(1535,61,1175,'0000-00-00',0,'0000-00-00','0000-00-00 00:00:00','system'),(1536,0,1175,'0000-00-00',0,'0000-00-00','0000-00-00 00:00:00','system'),(1537,0,163,'0000-00-00',0,'0000-00-00','0000-00-00 00:00:00','system'),(1538,0,1317,'2016-01-01',0,'0000-00-00','0000-00-00 00:00:00','system'),(1539,0,164,'0000-00-00',0,'0000-00-00','0000-00-00 00:00:00','system'),(1540,0,165,'2015-01-01',0,'0000-00-00','0000-00-00 00:00:00','system'),(1541,0,166,'0000-00-00',0,'0000-00-00','0000-00-00 00:00:00','system'),(1542,0,167,'0000-00-00',0,'0000-00-00','0000-00-00 00:00:00','system'),(1543,27,1569,'0000-00-00',0,'0000-00-00','0000-00-00 00:00:00','system'),(1544,0,1569,'0000-00-00',0,'0000-00-00','0000-00-00 00:00:00','system'),(1545,0,168,'0000-00-00',0,'0000-00-00','0000-00-00 00:00:00','system'),(1546,20,169,'2016-01-01',0,'0000-00-00','0000-00-00 00:00:00','system'),(1547,0,169,'2016-01-01',0,'0000-00-00','0000-00-00 00:00:00','system'),(1548,20,170,'2016-01-01',0,'0000-00-00','0000-00-00 00:00:00','system'),(1549,0,170,'2016-01-01',0,'0000-00-00','0000-00-00 00:00:00','system'),(1550,20,1120,'0000-00-00',0,'0000-00-00','0000-00-00 00:00:00','system'),(1551,0,1120,'0000-00-00',0,'0000-00-00','0000-00-00 00:00:00','system'),(1553,0,717,'2015-01-01',0,'0000-00-00','0000-00-00 00:00:00','system'),(1554,0,171,'0000-00-00',0,'0000-00-00','0000-00-00 00:00:00','system'),(1555,0,1165,'0000-00-00',0,'0000-00-00','0000-00-00 00:00:00','system'),(1556,0,172,'0000-00-00',0,'0000-00-00','0000-00-00 00:00:00','system'),(1557,0,173,'0000-00-00',0,'0000-00-00','0000-00-00 00:00:00','system'),(1558,0,176,'0000-00-00',0,'0000-00-00','0000-00-00 00:00:00','system'),(1559,0,1513,'0000-00-00',0,'0000-00-00','0000-00-00 00:00:00','system'),(1560,15,1233,'0000-00-00',0,'0000-00-00','0000-00-00 00:00:00','system'),(1561,0,1233,'0000-00-00',0,'0000-00-00','0000-00-00 00:00:00','system'),(1562,0,2280,'0000-00-00',0,'0000-00-00','0000-00-00 00:00:00','system'),(1563,0,2082,'0000-00-00',0,'0000-00-00','0000-00-00 00:00:00','system'),(1564,0,1092,'0000-00-00',0,'0000-00-00','0000-00-00 00:00:00','system'),(1565,20,1456,'2016-01-01',0,'0000-00-00','0000-00-00 00:00:00','system'),(1566,0,1456,'2016-01-01',0,'0000-00-00','0000-00-00 00:00:00','system'),(1567,61,1810,'2016-01-01',0,'0000-00-00','0000-00-00 00:00:00','system'),(1568,0,1810,'2016-01-01',0,'0000-00-00','0000-00-00 00:00:00','system'),(1569,0,179,'0000-00-00',0,'0000-00-00','0000-00-00 00:00:00','system'),(1570,0,1946,'0000-00-00',0,'0000-00-00','0000-00-00 00:00:00','system'),(1571,0,1427,'2016-01-01',0,'0000-00-00','0000-00-00 00:00:00','system'),(1572,0,1428,'2016-01-01',0,'0000-00-00','0000-00-00 00:00:00','system'),(1573,0,973,'0000-00-00',0,'0000-00-00','0000-00-00 00:00:00','system'),(1574,0,1789,'0000-00-00',0,'0000-00-00','0000-00-00 00:00:00','system'),(1575,0,1619,'0000-00-00',0,'0000-00-00','0000-00-00 00:00:00','system'),(1576,0,1107,'0000-00-00',0,'0000-00-00','0000-00-00 00:00:00','system'),(1577,0,1710,'0000-00-00',0,'0000-00-00','0000-00-00 00:00:00','system'),(1578,0,1211,'0000-00-00',0,'0000-00-00','0000-00-00 00:00:00','system'),(1579,61,1951,'0000-00-00',0,'0000-00-00','0000-00-00 00:00:00','system'),(1580,0,1951,'0000-00-00',0,'0000-00-00','0000-00-00 00:00:00','system'),(1582,0,1684,'0000-00-00',0,'0000-00-00','0000-00-00 00:00:00','system'),(1583,0,843,'0000-00-00',0,'0000-00-00','0000-00-00 00:00:00','system'),(1584,0,182,'0000-00-00',0,'0000-00-00','0000-00-00 00:00:00','system'),(1586,0,1682,'2016-01-01',0,'0000-00-00','0000-00-00 00:00:00','system'),(1587,35,2060,'0000-00-00',0,'0000-00-00','0000-00-00 00:00:00','system'),(1588,0,2060,'0000-00-00',0,'0000-00-00','0000-00-00 00:00:00','system'),(1590,0,1297,'0000-00-00',0,'0000-00-00','0000-00-00 00:00:00','system'),(1591,0,1794,'0000-00-00',0,'0000-00-00','0000-00-00 00:00:00','system'),(1592,0,2039,'0000-00-00',0,'0000-00-00','0000-00-00 00:00:00','system'),(1593,0,1883,'2016-01-01',0,'0000-00-00','0000-00-00 00:00:00','system'),(1594,0,972,'2016-01-01',0,'0000-00-00','0000-00-00 00:00:00','system'),(1595,0,190,'0000-00-00',0,'0000-00-00','0000-00-00 00:00:00','system'),(1597,0,376,'0000-00-00',0,'0000-00-00','0000-00-00 00:00:00','system'),(1598,59,191,'0000-00-00',0,'0000-00-00','0000-00-00 00:00:00','system'),(1599,0,191,'0000-00-00',0,'0000-00-00','0000-00-00 00:00:00','system'),(1600,0,2041,'0000-00-00',0,'0000-00-00','0000-00-00 00:00:00','system'),(1601,0,192,'0000-00-00',0,'0000-00-00','0000-00-00 00:00:00','system'),(1602,0,193,'0000-00-00',0,'0000-00-00','0000-00-00 00:00:00','system'),(1603,0,194,'0000-00-00',0,'0000-00-00','0000-00-00 00:00:00','system'),(1604,0,746,'0000-00-00',0,'0000-00-00','0000-00-00 00:00:00','system'),(1605,20,1558,'0000-00-00',0,'0000-00-00','0000-00-00 00:00:00','system'),(1606,0,1558,'0000-00-00',0,'0000-00-00','0000-00-00 00:00:00','system'),(1608,0,2034,'0000-00-00',0,'0000-00-00','0000-00-00 00:00:00','system'),(1609,0,196,'0000-00-00',0,'0000-00-00','0000-00-00 00:00:00','system'),(1610,0,2218,'0000-00-00',0,'0000-00-00','0000-00-00 00:00:00','system'),(1611,0,197,'2016-01-01',0,'0000-00-00','0000-00-00 00:00:00','system'),(1612,0,982,'0000-00-00',0,'0000-00-00','0000-00-00 00:00:00','system'),(1613,61,2286,'2015-01-01',0,'0000-00-00','0000-00-00 00:00:00','system'),(1614,0,2286,'2015-01-01',0,'0000-00-00','0000-00-00 00:00:00','system'),(1615,0,1300,'0000-00-00',0,'0000-00-00','0000-00-00 00:00:00','system'),(1617,57,1298,'0000-00-00',0,'0000-00-00','0000-00-00 00:00:00','system'),(1618,0,1298,'0000-00-00',0,'0000-00-00','0000-00-00 00:00:00','system'),(1619,27,317,'0000-00-00',0,'0000-00-00','0000-00-00 00:00:00','system'),(1620,0,317,'0000-00-00',0,'0000-00-00','0000-00-00 00:00:00','system'),(1621,0,201,'0000-00-00',0,'0000-00-00','0000-00-00 00:00:00','system'),(1622,0,2035,'0000-00-00',0,'0000-00-00','0000-00-00 00:00:00','system'),(1623,0,202,'2016-01-01',0,'0000-00-00','0000-00-00 00:00:00','system'),(1624,0,1818,'2016-01-01',0,'0000-00-00','0000-00-00 00:00:00','system'),(1625,0,205,'0000-00-00',0,'0000-00-00','0000-00-00 00:00:00','system'),(1626,0,2049,'0000-00-00',0,'0000-00-00','0000-00-00 00:00:00','system'),(1627,0,1184,'0000-00-00',0,'0000-00-00','0000-00-00 00:00:00','system'),(1629,0,1688,'2016-01-01',0,'0000-00-00','0000-00-00 00:00:00','system'),(1631,0,207,'2016-01-01',0,'0000-00-00','0000-00-00 00:00:00','system'),(1632,0,1296,'2017-01-01',0,'0000-00-00','0000-00-00 00:00:00','system'),(1633,0,209,'0000-00-00',0,'0000-00-00','0000-00-00 00:00:00','system'),(1634,0,210,'0000-00-00',0,'0000-00-00','0000-00-00 00:00:00','system'),(1636,0,1849,'0000-00-00',0,'0000-00-00','0000-00-00 00:00:00','system'),(1637,0,768,'0000-00-00',0,'0000-00-00','0000-00-00 00:00:00','system'),(1638,0,1046,'0000-00-00',0,'0000-00-00','0000-00-00 00:00:00','system'),(1639,0,1110,'2017-01-01',0,'0000-00-00','0000-00-00 00:00:00','system'),(1640,0,2087,'0000-00-00',0,'0000-00-00','0000-00-00 00:00:00','system'),(1641,0,1462,'2016-01-01',0,'0000-00-00','0000-00-00 00:00:00','system'),(1642,0,212,'0000-00-00',0,'0000-00-00','0000-00-00 00:00:00','system'),(1643,0,1865,'0000-00-00',0,'0000-00-00','0000-00-00 00:00:00','system'),(1644,0,1608,'2016-01-01',0,'0000-00-00','0000-00-00 00:00:00','system'),(1645,0,1450,'2016-01-01',0,'0000-00-00','0000-00-00 00:00:00','system'),(1646,0,1426,'0000-00-00',0,'0000-00-00','0000-00-00 00:00:00','system'),(1648,0,1926,'0000-00-00',0,'0000-00-00','0000-00-00 00:00:00','system'),(1649,0,223,'0000-00-00',0,'0000-00-00','0000-00-00 00:00:00','system'),(1650,0,1539,'0000-00-00',0,'0000-00-00','0000-00-00 00:00:00','system'),(1651,0,875,'2017-01-01',0,'0000-00-00','0000-00-00 00:00:00','system'),(1652,0,225,'0000-00-00',0,'0000-00-00','0000-00-00 00:00:00','system'),(1653,0,1956,'0000-00-00',0,'0000-00-00','0000-00-00 00:00:00','system'),(1654,0,2066,'0000-00-00',0,'0000-00-00','0000-00-00 00:00:00','system'),(1655,0,1465,'0000-00-00',0,'0000-00-00','0000-00-00 00:00:00','system'),(1656,0,2070,'0000-00-00',0,'0000-00-00','0000-00-00 00:00:00','system'),(1657,0,1793,'0000-00-00',0,'0000-00-00','0000-00-00 00:00:00','system'),(1659,0,226,'0000-00-00',0,'0000-00-00','0000-00-00 00:00:00','system'),(1660,0,227,'0000-00-00',0,'0000-00-00','0000-00-00 00:00:00','system'),(1661,0,1610,'2016-01-01',0,'0000-00-00','0000-00-00 00:00:00','system'),(1662,0,1645,'2015-01-01',0,'0000-00-00','0000-00-00 00:00:00','system'),(1663,0,230,'2015-01-01',0,'0000-00-00','0000-00-00 00:00:00','system'),(1665,0,1290,'0000-00-00',0,'0000-00-00','0000-00-00 00:00:00','system'),(1666,0,901,'0000-00-00',0,'0000-00-00','0000-00-00 00:00:00','system'),(1912,6,449,'0000-00-00',0,'0000-00-00','0000-00-00 00:00:00','system'),(1913,6,950,'0000-00-00',0,'0000-00-00','0000-00-00 00:00:00','system'),(1914,6,1357,'0000-00-00',0,'0000-00-00','0000-00-00 00:00:00','system'),(1915,6,1358,'0000-00-00',0,'0000-00-00','0000-00-00 00:00:00','system'),(1916,6,10,'0000-00-00',0,'0000-00-00','0000-00-00 00:00:00','system'),(1917,6,1861,'0000-00-00',0,'0000-00-00','0000-00-00 00:00:00','system'),(1918,6,874,'0000-00-00',0,'0000-00-00','0000-00-00 00:00:00','system'),(1919,6,1049,'2016-01-01',0,'0000-00-00','0000-00-00 00:00:00','system'),(1920,6,16,'2016-01-01',0,'0000-00-00','0000-00-00 00:00:00','system'),(1921,6,1500,'2016-01-01',0,'0000-00-00','0000-00-00 00:00:00','system'),(1922,6,1069,'0000-00-00',0,'0000-00-00','0000-00-00 00:00:00','system'),(1923,6,1324,'0000-00-00',0,'0000-00-00','0000-00-00 00:00:00','system'),(1924,6,2045,'0000-00-00',0,'0000-00-00','0000-00-00 00:00:00','system'),(1925,6,1716,'2016-01-01',0,'0000-00-00','0000-00-00 00:00:00','system'),(1926,6,1116,'0000-00-00',0,'0000-00-00','0000-00-00 00:00:00','system'),(1927,6,1170,'2017-01-01',0,'0000-00-00','0000-00-00 00:00:00','system'),(1928,6,1588,'0000-00-00',0,'0000-00-00','0000-00-00 00:00:00','system'),(1929,6,36,'0000-00-00',0,'0000-00-00','0000-00-00 00:00:00','system'),(1930,6,1436,'0000-00-00',0,'0000-00-00','0000-00-00 00:00:00','system'),(1931,6,40,'0000-00-00',0,'0000-00-00','0000-00-00 00:00:00','system'),(1932,6,1361,'0000-00-00',0,'0000-00-00','0000-00-00 00:00:00','system'),(1933,6,45,'0000-00-00',0,'0000-00-00','0000-00-00 00:00:00','system'),(1934,6,1164,'0000-00-00',0,'0000-00-00','0000-00-00 00:00:00','system'),(1935,6,48,'0000-00-00',0,'0000-00-00','0000-00-00 00:00:00','system'),(1936,6,1493,'0000-00-00',0,'0000-00-00','0000-00-00 00:00:00','system'),(1937,6,1128,'0000-00-00',0,'0000-00-00','0000-00-00 00:00:00','system'),(1938,6,846,'0000-00-00',0,'0000-00-00','0000-00-00 00:00:00','system'),(1939,6,914,'2017-01-01',0,'0000-00-00','0000-00-00 00:00:00','system'),(1940,6,910,'0000-00-00',0,'0000-00-00','0000-00-00 00:00:00','system'),(1941,6,56,'0000-00-00',0,'0000-00-00','0000-00-00 00:00:00','system'),(1942,6,1529,'0000-00-00',0,'0000-00-00','0000-00-00 00:00:00','system'),(1943,6,2122,'0000-00-00',0,'0000-00-00','0000-00-00 00:00:00','system'),(1944,6,869,'2016-01-01',0,'0000-00-00','0000-00-00 00:00:00','system'),(1945,6,1762,'0000-00-00',0,'0000-00-00','0000-00-00 00:00:00','system'),(1946,6,73,'2015-01-01',0,'0000-00-00','0000-00-00 00:00:00','system'),(1947,6,1332,'0000-00-00',0,'0000-00-00','0000-00-00 00:00:00','system'),(1948,6,79,'2018-01-01',0,'0000-00-00','0000-00-00 00:00:00','system'),(1949,6,1372,'0000-00-00',0,'0000-00-00','0000-00-00 00:00:00','system'),(1950,6,1057,'0000-00-00',0,'0000-00-00','0000-00-00 00:00:00','system'),(1951,6,1246,'0000-00-00',0,'0000-00-00','0000-00-00 00:00:00','system'),(1952,6,844,'0000-00-00',0,'0000-00-00','0000-00-00 00:00:00','system'),(1953,6,102,'0000-00-00',0,'0000-00-00','0000-00-00 00:00:00','system'),(1954,6,108,'0000-00-00',0,'0000-00-00','0000-00-00 00:00:00','system'),(1955,6,109,'0000-00-00',0,'0000-00-00','0000-00-00 00:00:00','system'),(1956,6,110,'2015-01-01',0,'0000-00-00','0000-00-00 00:00:00','system'),(1957,6,117,'0000-00-00',0,'0000-00-00','0000-00-00 00:00:00','system'),(1958,6,1026,'0000-00-00',0,'0000-00-00','0000-00-00 00:00:00','system'),(1959,6,1028,'0000-00-00',0,'0000-00-00','0000-00-00 00:00:00','system'),(1960,6,124,'0000-00-00',0,'0000-00-00','0000-00-00 00:00:00','system'),(1961,6,1310,'0000-00-00',0,'0000-00-00','0000-00-00 00:00:00','system'),(1962,6,150,'0000-00-00',0,'0000-00-00','0000-00-00 00:00:00','system'),(1963,6,152,'0000-00-00',0,'0000-00-00','0000-00-00 00:00:00','system'),(1964,6,162,'0000-00-00',0,'0000-00-00','0000-00-00 00:00:00','system'),(1965,6,165,'2015-01-01',0,'0000-00-00','0000-00-00 00:00:00','system'),(1966,6,171,'0000-00-00',0,'0000-00-00','0000-00-00 00:00:00','system'),(1967,6,1165,'0000-00-00',0,'0000-00-00','0000-00-00 00:00:00','system'),(1968,6,1427,'2016-01-01',0,'0000-00-00','0000-00-00 00:00:00','system'),(1969,6,1428,'2016-01-01',0,'0000-00-00','0000-00-00 00:00:00','system'),(1970,6,973,'0000-00-00',0,'0000-00-00','0000-00-00 00:00:00','system'),(1971,6,1789,'0000-00-00',0,'0000-00-00','0000-00-00 00:00:00','system'),(1972,6,918,'0000-00-00',0,'0000-00-00','0000-00-00 00:00:00','system'),(1973,6,1107,'0000-00-00',0,'0000-00-00','0000-00-00 00:00:00','system'),(1974,6,1710,'0000-00-00',0,'0000-00-00','0000-00-00 00:00:00','system'),(1975,6,1684,'0000-00-00',0,'0000-00-00','0000-00-00 00:00:00','system'),(1976,6,843,'0000-00-00',0,'0000-00-00','0000-00-00 00:00:00','system'),(1977,6,1883,'2016-01-01',0,'0000-00-00','0000-00-00 00:00:00','system'),(1978,6,196,'0000-00-00',0,'0000-00-00','0000-00-00 00:00:00','system'),(1979,6,205,'0000-00-00',0,'0000-00-00','0000-00-00 00:00:00','system'),(1980,6,1167,'2016-01-01',0,'0000-00-00','0000-00-00 00:00:00','system'),(1981,6,1865,'0000-00-00',0,'0000-00-00','0000-00-00 00:00:00','system'),(1982,6,1450,'2016-01-01',0,'0000-00-00','0000-00-00 00:00:00','system'),(1983,6,1926,'0000-00-00',0,'0000-00-00','0000-00-00 00:00:00','system'),(1984,6,225,'0000-00-00',0,'0000-00-00','0000-00-00 00:00:00','system'),(1985,6,1465,'0000-00-00',0,'0000-00-00','0000-00-00 00:00:00','system'),(1986,6,226,'0000-00-00',0,'0000-00-00','0000-00-00 00:00:00','system'),(1987,6,1355,'0000-00-00',0,'0000-00-00','0000-00-00 00:00:00','system'),(1988,6,227,'0000-00-00',0,'0000-00-00','0000-00-00 00:00:00','system'),(1989,6,827,'0000-00-00',0,'0000-00-00','0000-00-00 00:00:00','system'),(1990,6,230,'2015-01-01',0,'0000-00-00','0000-00-00 00:00:00','system'),(1991,6,237,'2016-01-01',0,'0000-00-00','0000-00-00 00:00:00','system'),(1992,6,970,'2017-01-01',0,'0000-00-00','0000-00-00 00:00:00','system'),(1993,6,240,'0000-00-00',0,'0000-00-00','0000-00-00 00:00:00','system'),(1994,6,241,'0000-00-00',0,'0000-00-00','0000-00-00 00:00:00','system'),(1995,6,243,'0000-00-00',0,'0000-00-00','0000-00-00 00:00:00','system'),(1996,6,245,'2017-01-01',0,'0000-00-00','0000-00-00 00:00:00','system'),(1997,6,247,'0000-00-00',0,'0000-00-00','0000-00-00 00:00:00','system'),(1998,6,948,'0000-00-00',0,'0000-00-00','0000-00-00 00:00:00','system'),(1999,6,1673,'0000-00-00',0,'0000-00-00','0000-00-00 00:00:00','system'),(2000,6,258,'0000-00-00',0,'0000-00-00','0000-00-00 00:00:00','system'),(2001,6,1093,'0000-00-00',0,'0000-00-00','0000-00-00 00:00:00','system'),(2002,6,261,'0000-00-00',0,'0000-00-00','0000-00-00 00:00:00','system'),(2003,6,267,'2015-01-01',0,'0000-00-00','0000-00-00 00:00:00','system'),(2004,6,1134,'0000-00-00',0,'0000-00-00','0000-00-00 00:00:00','system'),(2005,6,861,'2016-01-01',0,'0000-00-00','0000-00-00 00:00:00','system'),(2006,6,278,'2017-01-01',0,'0000-00-00','0000-00-00 00:00:00','system'),(2007,6,828,'0000-00-00',0,'0000-00-00','0000-00-00 00:00:00','system'),(2008,6,281,'2016-01-01',0,'0000-00-00','0000-00-00 00:00:00','system'),(2009,6,1226,'0000-00-00',0,'0000-00-00','0000-00-00 00:00:00','system'),(2010,6,283,'0000-00-00',0,'0000-00-00','0000-00-00 00:00:00','system'),(2011,6,285,'0000-00-00',0,'0000-00-00','0000-00-00 00:00:00','system'),(2012,6,1135,'0000-00-00',0,'0000-00-00','0000-00-00 00:00:00','system'),(2013,6,293,'2017-01-01',0,'0000-00-00','0000-00-00 00:00:00','system'),(2014,6,826,'0000-00-00',0,'0000-00-00','0000-00-00 00:00:00','system'),(2015,6,296,'0000-00-00',0,'0000-00-00','0000-00-00 00:00:00','system'),(2016,6,297,'0000-00-00',0,'0000-00-00','0000-00-00 00:00:00','system'),(2017,6,298,'0000-00-00',0,'0000-00-00','0000-00-00 00:00:00','system'),(2018,6,300,'0000-00-00',0,'0000-00-00','0000-00-00 00:00:00','system'),(2019,6,301,'0000-00-00',0,'0000-00-00','0000-00-00 00:00:00','system'),(2020,6,302,'0000-00-00',0,'0000-00-00','0000-00-00 00:00:00','system'),(2021,6,913,'2016-01-01',0,'0000-00-00','0000-00-00 00:00:00','system'),(2022,6,1009,'0000-00-00',0,'0000-00-00','0000-00-00 00:00:00','system'),(2023,6,306,'0000-00-00',0,'0000-00-00','0000-00-00 00:00:00','system'),(2024,6,307,'0000-00-00',0,'0000-00-00','0000-00-00 00:00:00','system'),(2025,6,825,'0000-00-00',0,'0000-00-00','0000-00-00 00:00:00','system'),(2026,6,977,'0000-00-00',0,'0000-00-00','0000-00-00 00:00:00','system'),(2027,6,323,'2015-01-01',0,'0000-00-00','0000-00-00 00:00:00','system'),(2028,6,324,'0000-00-00',0,'0000-00-00','0000-00-00 00:00:00','system'),(2029,6,326,'2016-01-01',0,'0000-00-00','0000-00-00 00:00:00','system'),(2030,6,330,'0000-00-00',0,'0000-00-00','0000-00-00 00:00:00','system'),(2031,6,761,'0000-00-00',0,'0000-00-00','0000-00-00 00:00:00','system'),(2032,6,334,'0000-00-00',0,'0000-00-00','0000-00-00 00:00:00','system'),(2033,6,344,'0000-00-00',0,'0000-00-00','0000-00-00 00:00:00','system'),(2034,6,345,'0000-00-00',0,'0000-00-00','0000-00-00 00:00:00','system'),(2035,6,353,'0000-00-00',0,'0000-00-00','0000-00-00 00:00:00','system'),(2036,6,354,'0000-00-00',0,'0000-00-00','0000-00-00 00:00:00','system'),(2037,6,366,'0000-00-00',0,'0000-00-00','0000-00-00 00:00:00','system'),(2038,6,371,'0000-00-00',0,'0000-00-00','0000-00-00 00:00:00','system'),(2039,6,374,'2016-01-01',0,'0000-00-00','0000-00-00 00:00:00','system'),(2040,6,739,'2016-01-01',0,'0000-00-00','0000-00-00 00:00:00','system'),(2041,6,1252,'0000-00-00',0,'0000-00-00','0000-00-00 00:00:00','system'),(2042,6,375,'2016-01-01',0,'0000-00-00','0000-00-00 00:00:00','system'),(2043,6,868,'0000-00-00',0,'0000-00-00','0000-00-00 00:00:00','system'),(2044,6,1095,'2016-01-01',0,'0000-00-00','0000-00-00 00:00:00','system'),(2045,6,382,'0000-00-00',0,'0000-00-00','0000-00-00 00:00:00','system'),(2046,6,386,'0000-00-00',0,'0000-00-00','0000-00-00 00:00:00','system'),(2047,6,387,'2015-01-01',0,'0000-00-00','0000-00-00 00:00:00','system'),(2048,6,1460,'0000-00-00',0,'0000-00-00','0000-00-00 00:00:00','system'),(2049,6,1457,'0000-00-00',0,'0000-00-00','0000-00-00 00:00:00','system'),(2050,6,398,'0000-00-00',0,'0000-00-00','0000-00-00 00:00:00','system'),(2051,6,400,'0000-00-00',0,'0000-00-00','0000-00-00 00:00:00','system'),(2052,6,1241,'0000-00-00',0,'0000-00-00','0000-00-00 00:00:00','system'),(2053,6,402,'2017-01-01',0,'0000-00-00','0000-00-00 00:00:00','system'),(2054,6,1133,'0000-00-00',0,'0000-00-00','0000-00-00 00:00:00','system'),(2055,6,1012,'0000-00-00',0,'0000-00-00','0000-00-00 00:00:00','system'),(2056,6,993,'0000-00-00',0,'0000-00-00','0000-00-00 00:00:00','system'),(2057,6,866,'0000-00-00',0,'0000-00-00','0000-00-00 00:00:00','system'),(2058,6,942,'0000-00-00',0,'0000-00-00','0000-00-00 00:00:00','system'),(2059,6,2042,'0000-00-00',0,'0000-00-00','0000-00-00 00:00:00','system'),(2060,6,741,'2016-01-01',0,'0000-00-00','0000-00-00 00:00:00','system'),(2061,6,427,'0000-00-00',0,'0000-00-00','0000-00-00 00:00:00','system'),(2062,6,1341,'0000-00-00',0,'0000-00-00','0000-00-00 00:00:00','system'),(2063,6,1643,'0000-00-00',0,'0000-00-00','0000-00-00 00:00:00','system'),(2064,6,441,'2015-01-01',0,'0000-00-00','0000-00-00 00:00:00','system'),(2065,6,447,'2016-01-01',0,'0000-00-00','0000-00-00 00:00:00','system'),(2066,6,1137,'0000-00-00',0,'0000-00-00','0000-00-00 00:00:00','system'),(2067,6,455,'0000-00-00',0,'0000-00-00','0000-00-00 00:00:00','system'),(2068,6,1240,'0000-00-00',0,'0000-00-00','0000-00-00 00:00:00','system'),(2069,6,466,'0000-00-00',0,'0000-00-00','0000-00-00 00:00:00','system'),(2070,6,1776,'0000-00-00',0,'0000-00-00','0000-00-00 00:00:00','system'),(2071,6,1099,'0000-00-00',0,'0000-00-00','0000-00-00 00:00:00','system'),(2072,6,475,'0000-00-00',0,'0000-00-00','0000-00-00 00:00:00','system'),(2073,6,484,'0000-00-00',0,'0000-00-00','0000-00-00 00:00:00','system'),(2074,6,485,'0000-00-00',0,'0000-00-00','0000-00-00 00:00:00','system'),(2075,6,487,'0000-00-00',0,'0000-00-00','0000-00-00 00:00:00','system'),(2076,6,1031,'0000-00-00',0,'0000-00-00','0000-00-00 00:00:00','system'),(2077,6,492,'2016-01-01',0,'0000-00-00','0000-00-00 00:00:00','system'),(2078,6,924,'0000-00-00',0,'0000-00-00','0000-00-00 00:00:00','system'),(2079,6,496,'0000-00-00',0,'0000-00-00','0000-00-00 00:00:00','system'),(2080,6,995,'2016-01-01',0,'0000-00-00','0000-00-00 00:00:00','system'),(2081,6,1319,'0000-00-00',0,'0000-00-00','0000-00-00 00:00:00','system'),(2082,6,547,'2015-01-01',0,'0000-00-00','0000-00-00 00:00:00','system'),(2083,6,1328,'0000-00-00',0,'0000-00-00','0000-00-00 00:00:00','system'),(2084,6,553,'2015-01-01',0,'0000-00-00','0000-00-00 00:00:00','system'),(2085,6,554,'0000-00-00',0,'0000-00-00','0000-00-00 00:00:00','system'),(2086,6,555,'0000-00-00',0,'0000-00-00','0000-00-00 00:00:00','system'),(2087,6,1520,'0000-00-00',0,'0000-00-00','0000-00-00 00:00:00','system'),(2088,6,556,'0000-00-00',0,'0000-00-00','0000-00-00 00:00:00','system'),(2089,6,562,'0000-00-00',0,'0000-00-00','0000-00-00 00:00:00','system'),(2090,6,566,'0000-00-00',0,'0000-00-00','0000-00-00 00:00:00','system'),(2091,6,1064,'0000-00-00',0,'0000-00-00','0000-00-00 00:00:00','system'),(2092,6,570,'0000-00-00',0,'0000-00-00','0000-00-00 00:00:00','system'),(2093,6,1416,'0000-00-00',0,'0000-00-00','0000-00-00 00:00:00','system'),(2094,6,1005,'0000-00-00',0,'0000-00-00','0000-00-00 00:00:00','system'),(2095,6,572,'0000-00-00',0,'0000-00-00','0000-00-00 00:00:00','system'),(2096,6,931,'0000-00-00',0,'0000-00-00','0000-00-00 00:00:00','system'),(2097,6,1635,'0000-00-00',0,'0000-00-00','0000-00-00 00:00:00','system'),(2098,6,1589,'0000-00-00',0,'0000-00-00','0000-00-00 00:00:00','system'),(2099,6,849,'0000-00-00',0,'0000-00-00','0000-00-00 00:00:00','system'),(2100,6,578,'0000-00-00',0,'0000-00-00','0000-00-00 00:00:00','system'),(2101,6,1771,'2016-01-01',0,'0000-00-00','0000-00-00 00:00:00','system'),(2102,6,978,'0000-00-00',0,'0000-00-00','0000-00-00 00:00:00','system'),(2103,6,583,'0000-00-00',0,'0000-00-00','0000-00-00 00:00:00','system'),(2104,6,586,'0000-00-00',0,'0000-00-00','0000-00-00 00:00:00','system'),(2105,6,1209,'0000-00-00',0,'0000-00-00','0000-00-00 00:00:00','system'),(2106,6,1308,'0000-00-00',0,'0000-00-00','0000-00-00 00:00:00','system'),(2107,6,1198,'0000-00-00',0,'0000-00-00','0000-00-00 00:00:00','system'),(2108,6,1115,'0000-00-00',0,'0000-00-00','0000-00-00 00:00:00','system'),(2109,6,1053,'0000-00-00',0,'0000-00-00','0000-00-00 00:00:00','system'),(2110,6,602,'2015-01-01',0,'0000-00-00','0000-00-00 00:00:00','system'),(2111,6,1413,'0000-00-00',0,'0000-00-00','0000-00-00 00:00:00','system'),(2112,6,794,'2016-01-01',0,'0000-00-00','0000-00-00 00:00:00','system'),(2113,6,1282,'2016-01-01',0,'0000-00-00','0000-00-00 00:00:00','system'),(2114,6,1611,'0000-00-00',0,'0000-00-00','0000-00-00 00:00:00','system'),(2115,6,1469,'2017-01-01',0,'0000-00-00','0000-00-00 00:00:00','system'),(2116,6,767,'2017-01-01',0,'0000-00-00','0000-00-00 00:00:00','system'),(2117,6,1487,'0000-00-00',0,'0000-00-00','0000-00-00 00:00:00','system'),(2118,6,1003,'2017-01-01',0,'0000-00-00','0000-00-00 00:00:00','system'),(2119,6,780,'2017-01-01',0,'0000-00-00','0000-00-00 00:00:00','system'),(2120,6,1075,'0000-00-00',0,'0000-00-00','0000-00-00 00:00:00','system'),(2121,6,621,'0000-00-00',0,'0000-00-00','0000-00-00 00:00:00','system'),(2122,6,1013,'2017-01-01',0,'0000-00-00','0000-00-00 00:00:00','system'),(2123,6,930,'0000-00-00',0,'0000-00-00','0000-00-00 00:00:00','system'),(2124,6,631,'2016-01-01',0,'0000-00-00','0000-00-00 00:00:00','system'),(2125,6,1857,'0000-00-00',0,'0000-00-00','0000-00-00 00:00:00','system'),(2126,6,1652,'0000-00-00',0,'0000-00-00','0000-00-00 00:00:00','system'),(2127,6,647,'0000-00-00',0,'0000-00-00','0000-00-00 00:00:00','system'),(2128,6,649,'2015-01-01',0,'0000-00-00','0000-00-00 00:00:00','system'),(2129,6,652,'0000-00-00',0,'0000-00-00','0000-00-00 00:00:00','system'),(2130,6,655,'2015-01-01',0,'0000-00-00','0000-00-00 00:00:00','system'),(2131,6,657,'0000-00-00',0,'0000-00-00','0000-00-00 00:00:00','system'),(2132,6,666,'2017-01-01',0,'0000-00-00','0000-00-00 00:00:00','system'),(2133,6,670,'0000-00-00',0,'0000-00-00','0000-00-00 00:00:00','system'),(2134,6,1646,'2016-01-01',0,'0000-00-00','0000-00-00 00:00:00','system'),(2135,6,957,'0000-00-00',0,'0000-00-00','0000-00-00 00:00:00','system'),(2136,6,699,'0000-00-00',0,'0000-00-00','0000-00-00 00:00:00','system'),(2137,6,2166,'0000-00-00',0,'0000-00-00','0000-00-00 00:00:00','system'),(2138,6,857,'0000-00-00',0,'0000-00-00','0000-00-00 00:00:00','system'),(2139,6,1056,'0000-00-00',0,'0000-00-00','0000-00-00 00:00:00','system'),(2140,6,956,'2017-01-01',0,'0000-00-00','0000-00-00 00:00:00','system'),(2141,6,944,'0000-00-00',0,'0000-00-00','0000-00-00 00:00:00','system'),(2142,6,1081,'2016-01-01',0,'0000-00-00','0000-00-00 00:00:00','system'),(2143,6,707,'0000-00-00',0,'0000-00-00','0000-00-00 00:00:00','system'),(2144,6,711,'0000-00-00',0,'0000-00-00','0000-00-00 00:00:00','system'),(2145,6,1702,'0000-00-00',0,'0000-00-00','0000-00-00 00:00:00','system'),(2146,6,1632,'0000-00-00',0,'0000-00-00','0000-00-00 00:00:00','system'),(2147,6,911,'0000-00-00',0,'0000-00-00','0000-00-00 00:00:00','system'),(2148,6,712,'0000-00-00',0,'0000-00-00','0000-00-00 00:00:00','system'),(2149,6,795,'2016-01-01',0,'0000-00-00','0000-00-00 00:00:00','system'),(2150,4,63,'0000-00-00',0,'0000-00-00','0000-00-00 00:00:00','system'),(2151,4,1484,'0000-00-00',0,'0000-00-00','0000-00-00 00:00:00','system'),(2152,4,95,'0000-00-00',0,'0000-00-00','0000-00-00 00:00:00','system'),(2153,4,1018,'0000-00-00',0,'0000-00-00','0000-00-00 00:00:00','system'),(2154,4,1287,'0000-00-00',0,'0000-00-00','0000-00-00 00:00:00','system'),(2155,4,105,'0000-00-00',0,'0000-00-00','0000-00-00 00:00:00','system'),(2156,4,1578,'2015-01-01',0,'0000-00-00','0000-00-00 00:00:00','system'),(2157,4,1664,'2015-01-01',0,'0000-00-00','0000-00-00 00:00:00','system'),(2158,4,1301,'0000-00-00',0,'0000-00-00','0000-00-00 00:00:00','system'),(2159,4,114,'0000-00-00',0,'0000-00-00','0000-00-00 00:00:00','system'),(2160,4,121,'0000-00-00',0,'0000-00-00','0000-00-00 00:00:00','system'),(2161,4,129,'0000-00-00',0,'0000-00-00','0000-00-00 00:00:00','system'),(2162,4,148,'0000-00-00',0,'0000-00-00','0000-00-00 00:00:00','system'),(2163,4,1314,'2016-01-01',0,'0000-00-00','0000-00-00 00:00:00','system'),(2164,4,1581,'0000-00-00',0,'0000-00-00','0000-00-00 00:00:00','system'),(2165,4,163,'0000-00-00',0,'0000-00-00','0000-00-00 00:00:00','system'),(2166,4,1317,'2016-01-01',0,'0000-00-00','0000-00-00 00:00:00','system'),(2167,4,1092,'0000-00-00',0,'0000-00-00','0000-00-00 00:00:00','system'),(2168,4,771,'0000-00-00',0,'0000-00-00','0000-00-00 00:00:00','system'),(2169,4,1298,'0000-00-00',0,'0000-00-00','0000-00-00 00:00:00','system'),(2170,4,1110,'2017-01-01',0,'0000-00-00','0000-00-00 00:00:00','system'),(2171,4,244,'2017-01-01',0,'0000-00-00','0000-00-00 00:00:00','system'),(2172,4,248,'2016-01-01',0,'0000-00-00','0000-00-00 00:00:00','system'),(2173,4,2117,'2015-01-01',0,'0000-00-00','0000-00-00 00:00:00','system'),(2174,4,1113,'2015-01-01',0,'0000-00-00','0000-00-00 00:00:00','system'),(2175,4,1046,'0000-00-00',0,'0000-00-00','0000-00-00 00:00:00','system'),(2176,4,971,'0000-00-00',0,'0000-00-00','0000-00-00 00:00:00','system'),(2177,4,309,'0000-00-00',0,'0000-00-00','0000-00-00 00:00:00','system'),(2178,4,317,'0000-00-00',0,'0000-00-00','0000-00-00 00:00:00','system'),(2179,4,320,'2017-01-01',0,'0000-00-00','0000-00-00 00:00:00','system'),(2180,4,332,'0000-00-00',0,'0000-00-00','0000-00-00 00:00:00','system'),(2181,4,1048,'0000-00-00',0,'0000-00-00','0000-00-00 00:00:00','system'),(2182,4,1740,'2016-01-01',0,'0000-00-00','0000-00-00 00:00:00','system'),(2183,4,1447,'2016-01-01',0,'0000-00-00','0000-00-00 00:00:00','system'),(2184,4,337,'0000-00-00',0,'0000-00-00','0000-00-00 00:00:00','system'),(2185,4,350,'0000-00-00',0,'0000-00-00','0000-00-00 00:00:00','system'),(2186,4,1400,'2017-01-01',0,'0000-00-00','0000-00-00 00:00:00','system'),(2187,4,782,'0000-00-00',0,'0000-00-00','0000-00-00 00:00:00','system'),(2188,4,355,'0000-00-00',0,'0000-00-00','0000-00-00 00:00:00','system'),(2189,4,359,'0000-00-00',0,'0000-00-00','0000-00-00 00:00:00','system'),(2190,4,772,'0000-00-00',0,'0000-00-00','0000-00-00 00:00:00','system'),(2191,4,1188,'2016-01-01',0,'0000-00-00','0000-00-00 00:00:00','system'),(2192,4,853,'2017-01-01',0,'0000-00-00','0000-00-00 00:00:00','system'),(2193,4,1678,'0000-00-00',0,'0000-00-00','0000-00-00 00:00:00','system'),(2194,4,796,'0000-00-00',0,'0000-00-00','0000-00-00 00:00:00','system'),(2195,4,1034,'0000-00-00',0,'0000-00-00','0000-00-00 00:00:00','system'),(2196,4,476,'0000-00-00',0,'0000-00-00','0000-00-00 00:00:00','system'),(2197,4,1111,'2017-01-01',0,'0000-00-00','0000-00-00 00:00:00','system'),(2198,4,1579,'0000-00-00',0,'0000-00-00','0000-00-00 00:00:00','system'),(2199,4,1498,'2016-01-01',0,'0000-00-00','0000-00-00 00:00:00','system'),(2200,4,1334,'0000-00-00',0,'0000-00-00','0000-00-00 00:00:00','system'),(2201,4,1047,'0000-00-00',0,'0000-00-00','0000-00-00 00:00:00','system'),(2202,4,1576,'0000-00-00',0,'0000-00-00','0000-00-00 00:00:00','system'),(2203,4,1682,'2016-01-01',0,'0000-00-00','0000-00-00 00:00:00','system'),(2204,4,1605,'2016-01-01',0,'0000-00-00','0000-00-00 00:00:00','system'),(2205,4,1813,'2016-01-01',0,'0000-00-00','0000-00-00 00:00:00','system'),(2206,4,941,'2017-01-01',0,'0000-00-00','0000-00-00 00:00:00','system'),(2207,4,897,'2015-01-01',0,'0000-00-00','0000-00-00 00:00:00','system'),(2208,4,551,'2016-01-01',0,'0000-00-00','0000-00-00 00:00:00','system'),(2209,4,1109,'0000-00-00',0,'0000-00-00','0000-00-00 00:00:00','system'),(2210,4,1402,'0000-00-00',0,'0000-00-00','0000-00-00 00:00:00','system'),(2211,4,1029,'0000-00-00',0,'0000-00-00','0000-00-00 00:00:00','system'),(2212,4,662,'2015-01-01',0,'0000-00-00','0000-00-00 00:00:00','system'),(2213,14,949,'0000-00-00',0,'0000-00-00','0000-00-00 00:00:00','system'),(2214,14,1850,'2016-01-01',0,'0000-00-00','0000-00-00 00:00:00','system'),(2215,14,107,'0000-00-00',0,'0000-00-00','0000-00-00 00:00:00','system'),(2216,14,1061,'2016-01-01',0,'0000-00-00','0000-00-00 00:00:00','system'),(2217,14,1158,'0000-00-00',0,'0000-00-00','0000-00-00 00:00:00','system'),(2218,14,116,'2016-01-01',0,'0000-00-00','0000-00-00 00:00:00','system'),(2219,14,118,'0000-00-00',0,'0000-00-00','0000-00-00 00:00:00','system'),(2220,14,1076,'0000-00-00',0,'0000-00-00','0000-00-00 00:00:00','system'),(2221,14,959,'0000-00-00',0,'0000-00-00','0000-00-00 00:00:00','system'),(2222,14,935,'2016-01-01',0,'0000-00-00','0000-00-00 00:00:00','system'),(2223,14,1025,'2016-01-01',0,'0000-00-00','0000-00-00 00:00:00','system'),(2224,14,909,'0000-00-00',0,'0000-00-00','0000-00-00 00:00:00','system'),(2225,14,851,'2015-01-01',0,'0000-00-00','0000-00-00 00:00:00','system'),(2226,14,149,'2016-01-01',0,'0000-00-00','0000-00-00 00:00:00','system'),(2227,14,1698,'2016-01-01',0,'0000-00-00','0000-00-00 00:00:00','system'),(2228,14,907,'0000-00-00',0,'0000-00-00','0000-00-00 00:00:00','system'),(2229,14,743,'2016-01-01',0,'0000-00-00','0000-00-00 00:00:00','system'),(2230,14,155,'2017-01-01',0,'0000-00-00','0000-00-00 00:00:00','system'),(2231,14,1943,'2017-01-01',0,'0000-00-00','0000-00-00 00:00:00','system'),(2232,14,161,'0000-00-00',0,'0000-00-00','0000-00-00 00:00:00','system'),(2233,14,972,'2016-01-01',0,'0000-00-00','0000-00-00 00:00:00','system'),(2234,14,865,'0000-00-00',0,'0000-00-00','0000-00-00 00:00:00','system'),(2235,14,901,'0000-00-00',0,'0000-00-00','0000-00-00 00:00:00','system'),(2236,14,1087,'2016-01-01',0,'0000-00-00','0000-00-00 00:00:00','system'),(2237,14,242,'0000-00-00',0,'0000-00-00','0000-00-00 00:00:00','system'),(2238,14,1039,'2017-01-01',0,'0000-00-00','0000-00-00 00:00:00','system'),(2239,14,976,'2017-01-01',0,'0000-00-00','0000-00-00 00:00:00','system'),(2240,14,252,'0000-00-00',0,'0000-00-00','0000-00-00 00:00:00','system'),(2241,14,1100,'2016-01-01',0,'0000-00-00','0000-00-00 00:00:00','system'),(2242,14,1210,'0000-00-00',0,'0000-00-00','0000-00-00 00:00:00','system'),(2243,14,275,'0000-00-00',0,'0000-00-00','0000-00-00 00:00:00','system'),(2244,14,280,'0000-00-00',0,'0000-00-00','0000-00-00 00:00:00','system'),(2245,14,856,'0000-00-00',0,'0000-00-00','0000-00-00 00:00:00','system'),(2246,14,847,'0000-00-00',0,'0000-00-00','0000-00-00 00:00:00','system'),(2247,14,290,'2018-01-01',0,'0000-00-00','0000-00-00 00:00:00','system'),(2248,14,734,'0000-00-00',0,'0000-00-00','0000-00-00 00:00:00','system'),(2249,14,1152,'0000-00-00',0,'0000-00-00','0000-00-00 00:00:00','system'),(2250,14,295,'0000-00-00',0,'0000-00-00','0000-00-00 00:00:00','system'),(2251,14,1000,'0000-00-00',0,'0000-00-00','0000-00-00 00:00:00','system'),(2252,14,1225,'2016-01-01',0,'0000-00-00','0000-00-00 00:00:00','system'),(2253,14,738,'2015-01-01',0,'0000-00-00','0000-00-00 00:00:00','system'),(2254,14,2053,'0000-00-00',0,'0000-00-00','0000-00-00 00:00:00','system'),(2255,14,1126,'0000-00-00',0,'0000-00-00','0000-00-00 00:00:00','system'),(2256,14,1955,'2016-01-01',0,'0000-00-00','0000-00-00 00:00:00','system'),(2257,14,1255,'0000-00-00',0,'0000-00-00','0000-00-00 00:00:00','system'),(2258,14,906,'2016-01-01',0,'0000-00-00','0000-00-00 00:00:00','system'),(2259,14,328,'0000-00-00',0,'0000-00-00','0000-00-00 00:00:00','system'),(2260,14,1147,'0000-00-00',0,'0000-00-00','0000-00-00 00:00:00','system'),(2261,14,342,'2016-01-01',0,'0000-00-00','0000-00-00 00:00:00','system'),(2262,14,840,'0000-00-00',0,'0000-00-00','0000-00-00 00:00:00','system'),(2263,14,1151,'0000-00-00',0,'0000-00-00','0000-00-00 00:00:00','system'),(2264,14,347,'0000-00-00',0,'0000-00-00','0000-00-00 00:00:00','system'),(2265,14,1244,'2016-01-01',0,'0000-00-00','0000-00-00 00:00:00','system'),(2266,14,356,'0000-00-00',0,'0000-00-00','0000-00-00 00:00:00','system'),(2267,14,713,'0000-00-00',0,'0000-00-00','0000-00-00 00:00:00','system'),(2268,14,1072,'0000-00-00',0,'0000-00-00','0000-00-00 00:00:00','system'),(2269,14,753,'2018-01-01',0,'0000-00-00','0000-00-00 00:00:00','system'),(2270,14,362,'0000-00-00',0,'0000-00-00','0000-00-00 00:00:00','system'),(2271,14,823,'2018-01-01',0,'0000-00-00','0000-00-00 00:00:00','system'),(2272,14,365,'0000-00-00',0,'0000-00-00','0000-00-00 00:00:00','system'),(2273,14,369,'2016-01-01',0,'0000-00-00','0000-00-00 00:00:00','system'),(2274,14,372,'0000-00-00',0,'0000-00-00','0000-00-00 00:00:00','system'),(2275,14,898,'0000-00-00',0,'0000-00-00','0000-00-00 00:00:00','system'),(2276,14,1042,'0000-00-00',0,'0000-00-00','0000-00-00 00:00:00','system'),(2277,14,1805,'0000-00-00',0,'0000-00-00','0000-00-00 00:00:00','system'),(2278,14,916,'2016-01-01',0,'0000-00-00','0000-00-00 00:00:00','system'),(2279,14,951,'2016-01-01',0,'0000-00-00','0000-00-00 00:00:00','system'),(2280,14,1127,'0000-00-00',0,'0000-00-00','0000-00-00 00:00:00','system'),(2281,14,389,'0000-00-00',0,'0000-00-00','0000-00-00 00:00:00','system'),(2282,14,2127,'0000-00-00',0,'0000-00-00','0000-00-00 00:00:00','system'),(2283,14,396,'2016-01-01',0,'0000-00-00','0000-00-00 00:00:00','system'),(2284,14,1131,'2015-01-01',0,'0000-00-00','0000-00-00 00:00:00','system'),(2285,14,431,'0000-00-00',0,'0000-00-00','0000-00-00 00:00:00','system'),(2286,14,432,'0000-00-00',0,'0000-00-00','0000-00-00 00:00:00','system'),(2287,14,433,'2016-01-01',0,'0000-00-00','0000-00-00 00:00:00','system'),(2288,14,434,'0000-00-00',0,'0000-00-00','0000-00-00 00:00:00','system'),(2289,14,789,'0000-00-00',0,'0000-00-00','0000-00-00 00:00:00','system'),(2290,14,438,'2016-01-01',0,'0000-00-00','0000-00-00 00:00:00','system'),(2291,14,863,'0000-00-00',0,'0000-00-00','0000-00-00 00:00:00','system'),(2292,14,974,'0000-00-00',0,'0000-00-00','0000-00-00 00:00:00','system'),(2293,14,444,'0000-00-00',0,'0000-00-00','0000-00-00 00:00:00','system'),(2294,14,445,'0000-00-00',0,'0000-00-00','0000-00-00 00:00:00','system'),(2295,14,790,'0000-00-00',0,'0000-00-00','0000-00-00 00:00:00','system'),(2296,14,1183,'0000-00-00',0,'0000-00-00','0000-00-00 00:00:00','system'),(2297,14,1286,'2016-01-01',0,'0000-00-00','0000-00-00 00:00:00','system'),(2298,14,470,'0000-00-00',0,'0000-00-00','0000-00-00 00:00:00','system'),(2299,14,770,'2016-01-01',0,'0000-00-00','0000-00-00 00:00:00','system'),(2300,14,478,'2016-01-01',0,'0000-00-00','0000-00-00 00:00:00','system'),(2301,14,758,'0000-00-00',0,'0000-00-00','0000-00-00 00:00:00','system'),(2302,14,479,'0000-00-00',0,'0000-00-00','0000-00-00 00:00:00','system'),(2303,14,483,'2016-01-01',0,'0000-00-00','0000-00-00 00:00:00','system'),(2304,14,881,'0000-00-00',0,'0000-00-00','0000-00-00 00:00:00','system'),(2305,14,499,'0000-00-00',0,'0000-00-00','0000-00-00 00:00:00','system'),(2306,14,502,'2017-01-01',0,'0000-00-00','0000-00-00 00:00:00','system'),(2307,14,732,'2016-01-01',0,'0000-00-00','0000-00-00 00:00:00','system'),(2308,14,730,'2015-01-01',0,'0000-00-00','0000-00-00 00:00:00','system'),(2309,14,927,'0000-00-00',0,'0000-00-00','0000-00-00 00:00:00','system'),(2310,14,762,'0000-00-00',0,'0000-00-00','0000-00-00 00:00:00','system'),(2311,14,733,'0000-00-00',0,'0000-00-00','0000-00-00 00:00:00','system'),(2312,14,517,'2015-01-01',0,'0000-00-00','0000-00-00 00:00:00','system'),(2313,14,736,'2015-01-01',0,'0000-00-00','0000-00-00 00:00:00','system'),(2314,14,1772,'0000-00-00',0,'0000-00-00','0000-00-00 00:00:00','system'),(2315,14,864,'0000-00-00',0,'0000-00-00','0000-00-00 00:00:00','system'),(2316,14,533,'0000-00-00',0,'0000-00-00','0000-00-00 00:00:00','system'),(2317,14,876,'0000-00-00',0,'0000-00-00','0000-00-00 00:00:00','system'),(2318,14,1150,'0000-00-00',0,'0000-00-00','0000-00-00 00:00:00','system'),(2319,14,1023,'2017-01-01',0,'0000-00-00','0000-00-00 00:00:00','system'),(2320,14,786,'2016-01-01',0,'0000-00-00','0000-00-00 00:00:00','system'),(2321,14,540,'2016-01-01',0,'0000-00-00','0000-00-00 00:00:00','system'),(2322,14,735,'2017-01-01',0,'0000-00-00','0000-00-00 00:00:00','system'),(2323,14,550,'0000-00-00',0,'0000-00-00','0000-00-00 00:00:00','system'),(2324,14,554,'0000-00-00',0,'0000-00-00','0000-00-00 00:00:00','system'),(2325,14,571,'0000-00-00',0,'0000-00-00','0000-00-00 00:00:00','system'),(2326,14,996,'0000-00-00',0,'0000-00-00','0000-00-00 00:00:00','system'),(2327,14,748,'0000-00-00',0,'0000-00-00','0000-00-00 00:00:00','system'),(2328,14,1173,'0000-00-00',0,'0000-00-00','0000-00-00 00:00:00','system'),(2329,14,669,'0000-00-00',0,'0000-00-00','0000-00-00 00:00:00','system'),(2330,14,742,'0000-00-00',0,'0000-00-00','0000-00-00 00:00:00','system'),(2331,14,867,'2015-01-01',0,'0000-00-00','0000-00-00 00:00:00','system'),(2332,14,800,'0000-00-00',0,'0000-00-00','0000-00-00 00:00:00','system'),(2333,14,705,'2015-01-01',0,'0000-00-00','0000-00-00 00:00:00','system'),(2334,14,1010,'0000-00-00',0,'0000-00-00','0000-00-00 00:00:00','system'),(2335,30,17,'0000-00-00',0,'0000-00-00','0000-00-00 00:00:00','system'),(2336,30,1356,'0000-00-00',0,'0000-00-00','0000-00-00 00:00:00','system'),(2337,30,2074,'0000-00-00',0,'0000-00-00','0000-00-00 00:00:00','system'),(2339,30,86,'2016-01-01',0,'0000-00-00','0000-00-00 00:00:00','system'),(2340,30,87,'0000-00-00',0,'0000-00-00','0000-00-00 00:00:00','system'),(2341,30,89,'2015-01-01',0,'0000-00-00','0000-00-00 00:00:00','system'),(2342,30,90,'0000-00-00',0,'0000-00-00','0000-00-00 00:00:00','system'),(2343,30,1920,'2016-01-01',0,'0000-00-00','0000-00-00 00:00:00','system'),(2344,30,91,'0000-00-00',0,'0000-00-00','0000-00-00 00:00:00','system'),(2345,30,93,'0000-00-00',0,'0000-00-00','0000-00-00 00:00:00','system'),(2346,30,98,'2015-01-01',0,'0000-00-00','0000-00-00 00:00:00','system'),(2347,30,1511,'2016-01-01',0,'0000-00-00','0000-00-00 00:00:00','system'),(2349,30,104,'0000-00-00',0,'0000-00-00','0000-00-00 00:00:00','system'),(2350,30,1826,'2016-01-01',0,'0000-00-00','0000-00-00 00:00:00','system'),(2351,30,2171,'0000-00-00',0,'0000-00-00','0000-00-00 00:00:00','system'),(2352,30,1658,'2016-01-01',0,'0000-00-00','0000-00-00 00:00:00','system'),(2353,30,112,'2015-01-01',0,'0000-00-00','0000-00-00 00:00:00','system'),(2354,30,119,'2015-01-01',0,'0000-00-00','0000-00-00 00:00:00','system'),(2355,30,1445,'2017-01-01',0,'0000-00-00','0000-00-00 00:00:00','system'),(2356,30,1407,'0000-00-00',0,'0000-00-00','0000-00-00 00:00:00','system'),(2357,30,1845,'2016-01-01',0,'0000-00-00','0000-00-00 00:00:00','system'),(2358,30,1516,'0000-00-00',0,'0000-00-00','0000-00-00 00:00:00','system'),(2359,30,1855,'2016-01-01',0,'0000-00-00','0000-00-00 00:00:00','system'),(2360,30,1923,'2016-01-01',0,'0000-00-00','0000-00-00 00:00:00','system'),(2361,30,1846,'2016-01-01',0,'0000-00-00','0000-00-00 00:00:00','system'),(2362,30,1640,'2016-01-01',0,'0000-00-00','0000-00-00 00:00:00','system'),(2363,30,1519,'0000-00-00',0,'0000-00-00','0000-00-00 00:00:00','system'),(2364,30,1665,'0000-00-00',0,'0000-00-00','0000-00-00 00:00:00','system'),(2365,30,1715,'2016-01-01',0,'0000-00-00','0000-00-00 00:00:00','system'),(2366,30,131,'0000-00-00',0,'0000-00-00','0000-00-00 00:00:00','system'),(2367,30,136,'0000-00-00',0,'0000-00-00','0000-00-00 00:00:00','system'),(2368,30,1185,'2016-01-01',0,'0000-00-00','0000-00-00 00:00:00','system'),(2369,30,139,'0000-00-00',0,'0000-00-00','0000-00-00 00:00:00','system'),(2370,30,140,'2015-01-01',0,'0000-00-00','0000-00-00 00:00:00','system'),(2371,30,142,'0000-00-00',0,'0000-00-00','0000-00-00 00:00:00','system'),(2372,30,145,'0000-00-00',0,'0000-00-00','0000-00-00 00:00:00','system'),(2373,30,144,'0000-00-00',0,'0000-00-00','0000-00-00 00:00:00','system'),(2374,30,1642,'0000-00-00',0,'0000-00-00','0000-00-00 00:00:00','system'),(2375,30,1224,'0000-00-00',0,'0000-00-00','0000-00-00 00:00:00','system'),(2376,30,1442,'2016-01-01',0,'0000-00-00','0000-00-00 00:00:00','system'),(2378,30,1411,'0000-00-00',0,'0000-00-00','0000-00-00 00:00:00','system'),(2379,30,1452,'0000-00-00',0,'0000-00-00','0000-00-00 00:00:00','system'),(2380,30,1422,'2016-01-01',0,'0000-00-00','0000-00-00 00:00:00','system'),(2381,30,1466,'0000-00-00',0,'0000-00-00','0000-00-00 00:00:00','system'),(2382,30,1897,'0000-00-00',0,'0000-00-00','0000-00-00 00:00:00','system'),(2383,30,190,'0000-00-00',0,'0000-00-00','0000-00-00 00:00:00','system'),(2384,30,2034,'0000-00-00',0,'0000-00-00','0000-00-00 00:00:00','system'),(2385,30,1085,'0000-00-00',0,'0000-00-00','0000-00-00 00:00:00','system'),(2386,30,2192,'0000-00-00',0,'0000-00-00','0000-00-00 00:00:00','system'),(2387,30,1872,'2017-01-01',0,'0000-00-00','0000-00-00 00:00:00','system'),(2388,30,236,'0000-00-00',0,'0000-00-00','0000-00-00 00:00:00','system'),(2389,30,1448,'0000-00-00',0,'0000-00-00','0000-00-00 00:00:00','system'),(2390,30,238,'2018-01-01',0,'0000-00-00','0000-00-00 00:00:00','system'),(2391,30,1122,'2018-01-01',0,'0000-00-00','0000-00-00 00:00:00','system'),(2392,30,1258,'0000-00-00',0,'0000-00-00','0000-00-00 00:00:00','system'),(2393,30,1432,'2016-01-01',0,'0000-00-00','0000-00-00 00:00:00','system'),(2394,30,1524,'2015-01-01',0,'0000-00-00','0000-00-00 00:00:00','system'),(2395,30,263,'0000-00-00',0,'0000-00-00','0000-00-00 00:00:00','system'),(2396,30,279,'0000-00-00',0,'0000-00-00','0000-00-00 00:00:00','system'),(2397,30,282,'0000-00-00',0,'0000-00-00','0000-00-00 00:00:00','system'),(2398,30,284,'0000-00-00',0,'0000-00-00','0000-00-00 00:00:00','system'),(2399,30,2148,'0000-00-00',0,'0000-00-00','0000-00-00 00:00:00','system'),(2400,30,1761,'0000-00-00',0,'0000-00-00','0000-00-00 00:00:00','system'),(2401,30,1510,'0000-00-00',0,'0000-00-00','0000-00-00 00:00:00','system'),(2402,30,1598,'0000-00-00',0,'0000-00-00','0000-00-00 00:00:00','system'),(2403,30,321,'0000-00-00',0,'0000-00-00','0000-00-00 00:00:00','system'),(2404,30,1889,'0000-00-00',0,'0000-00-00','0000-00-00 00:00:00','system'),(2406,30,2208,'2016-01-01',0,'0000-00-00','0000-00-00 00:00:00','system'),(2407,30,424,'0000-00-00',0,'0000-00-00','0000-00-00 00:00:00','system'),(2408,30,429,'0000-00-00',0,'0000-00-00','0000-00-00 00:00:00','system'),(2409,30,2270,'2015-01-01',0,'0000-00-00','0000-00-00 00:00:00','system'),(2410,30,2205,'0000-00-00',0,'0000-00-00','0000-00-00 00:00:00','system'),(2412,30,2185,'0000-00-00',0,'0000-00-00','0000-00-00 00:00:00','system'),(2414,30,1824,'0000-00-00',0,'0000-00-00','0000-00-00 00:00:00','system'),(2415,30,501,'0000-00-00',0,'0000-00-00','0000-00-00 00:00:00','system'),(2416,30,1458,'2016-01-01',0,'0000-00-00','0000-00-00 00:00:00','system'),(2417,30,1697,'0000-00-00',0,'0000-00-00','0000-00-00 00:00:00','system'),(2418,30,1492,'0000-00-00',0,'0000-00-00','0000-00-00 00:00:00','system'),(2419,30,514,'0000-00-00',0,'0000-00-00','0000-00-00 00:00:00','system'),(2420,30,516,'0000-00-00',0,'0000-00-00','0000-00-00 00:00:00','system'),(2421,30,1527,'2016-01-01',0,'0000-00-00','0000-00-00 00:00:00','system'),(2422,30,1798,'0000-00-00',0,'0000-00-00','0000-00-00 00:00:00','system'),(2423,30,673,'2016-01-01',0,'0000-00-00','0000-00-00 00:00:00','system'),(2424,30,1312,'0000-00-00',0,'0000-00-00','0000-00-00 00:00:00','system'),(2425,30,1387,'0000-00-00',0,'0000-00-00','0000-00-00 00:00:00','system'),(2427,30,2137,'0000-00-00',0,'0000-00-00','0000-00-00 00:00:00','system'),(2428,60,99,'0000-00-00',0,'0000-00-00','0000-00-00 00:00:00','system'),(2429,60,834,'0000-00-00',0,'0000-00-00','0000-00-00 00:00:00','system'),(2430,60,188,'0000-00-00',0,'0000-00-00','0000-00-00 00:00:00','system'),(2431,60,717,'2015-01-01',0,'0000-00-00','0000-00-00 00:00:00','system'),(2432,31,16,'2016-01-01',0,'0000-00-00','0000-00-00 00:00:00','system'),(2433,31,74,'2018-01-01',0,'0000-00-00','0000-00-00 00:00:00','system'),(2434,31,78,'0000-00-00',0,'0000-00-00','0000-00-00 00:00:00','system'),(2435,31,80,'2018-01-01',0,'0000-00-00','0000-00-00 00:00:00','system'),(2436,31,1074,'0000-00-00',0,'0000-00-00','0000-00-00 00:00:00','system'),(2437,31,83,'0000-00-00',0,'0000-00-00','0000-00-00 00:00:00','system'),(2438,31,989,'2018-01-01',0,'0000-00-00','0000-00-00 00:00:00','system'),(2439,31,92,'0000-00-00',0,'0000-00-00','0000-00-00 00:00:00','system'),(2440,31,1275,'2016-01-01',0,'0000-00-00','0000-00-00 00:00:00','system'),(2441,31,94,'0000-00-00',0,'0000-00-00','0000-00-00 00:00:00','system'),(2442,31,1266,'0000-00-00',0,'0000-00-00','0000-00-00 00:00:00','system'),(2443,31,1178,'0000-00-00',0,'0000-00-00','0000-00-00 00:00:00','system'),(2444,31,103,'0000-00-00',0,'0000-00-00','0000-00-00 00:00:00','system'),(2445,31,106,'0000-00-00',0,'0000-00-00','0000-00-00 00:00:00','system'),(2446,31,1617,'0000-00-00',0,'0000-00-00','0000-00-00 00:00:00','system'),(2447,31,113,'2017-01-01',0,'0000-00-00','0000-00-00 00:00:00','system'),(2448,31,125,'0000-00-00',0,'0000-00-00','0000-00-00 00:00:00','system'),(2449,31,878,'2018-01-01',0,'0000-00-00','0000-00-00 00:00:00','system'),(2450,31,111,'2017-01-01',0,'0000-00-00','0000-00-00 00:00:00','system'),(2451,31,1329,'2018-01-01',0,'0000-00-00','0000-00-00 00:00:00','system'),(2452,31,1309,'0000-00-00',0,'0000-00-00','0000-00-00 00:00:00','system'),(2453,31,1392,'0000-00-00',0,'0000-00-00','0000-00-00 00:00:00','system'),(2454,31,1903,'0000-00-00',0,'0000-00-00','0000-00-00 00:00:00','system'),(2455,31,134,'0000-00-00',0,'0000-00-00','0000-00-00 00:00:00','system'),(2456,31,137,'0000-00-00',0,'0000-00-00','0000-00-00 00:00:00','system'),(2457,31,1277,'0000-00-00',0,'0000-00-00','0000-00-00 00:00:00','system'),(2458,31,1421,'2018-01-01',0,'0000-00-00','0000-00-00 00:00:00','system'),(2459,31,1284,'2016-01-01',0,'0000-00-00','0000-00-00 00:00:00','system'),(2460,31,1276,'0000-00-00',0,'0000-00-00','0000-00-00 00:00:00','system'),(2461,31,167,'0000-00-00',0,'0000-00-00','0000-00-00 00:00:00','system'),(2462,31,168,'0000-00-00',0,'0000-00-00','0000-00-00 00:00:00','system'),(2463,31,1297,'0000-00-00',0,'0000-00-00','0000-00-00 00:00:00','system'),(2464,31,1794,'0000-00-00',0,'0000-00-00','0000-00-00 00:00:00','system'),(2465,31,197,'2016-01-01',0,'0000-00-00','0000-00-00 00:00:00','system'),(2466,31,201,'0000-00-00',0,'0000-00-00','0000-00-00 00:00:00','system'),(2467,31,1688,'2016-01-01',0,'0000-00-00','0000-00-00 00:00:00','system'),(2468,31,1296,'2017-01-01',0,'0000-00-00','0000-00-00 00:00:00','system'),(2469,31,210,'0000-00-00',0,'0000-00-00','0000-00-00 00:00:00','system'),(2470,31,212,'0000-00-00',0,'0000-00-00','0000-00-00 00:00:00','system'),(2471,31,228,'2017-01-01',0,'0000-00-00','0000-00-00 00:00:00','system'),(2472,31,1290,'0000-00-00',0,'0000-00-00','0000-00-00 00:00:00','system'),(2473,31,232,'0000-00-00',0,'0000-00-00','0000-00-00 00:00:00','system'),(2474,31,234,'2016-01-01',0,'0000-00-00','0000-00-00 00:00:00','system'),(2475,31,1918,'0000-00-00',0,'0000-00-00','0000-00-00 00:00:00','system'),(2476,31,1236,'0000-00-00',0,'0000-00-00','0000-00-00 00:00:00','system'),(2477,31,1177,'0000-00-00',0,'0000-00-00','0000-00-00 00:00:00','system'),(2478,31,1481,'2018-01-01',0,'0000-00-00','0000-00-00 00:00:00','system'),(2479,31,1424,'0000-00-00',0,'0000-00-00','0000-00-00 00:00:00','system'),(2480,31,259,'0000-00-00',0,'0000-00-00','0000-00-00 00:00:00','system'),(2481,31,264,'0000-00-00',0,'0000-00-00','0000-00-00 00:00:00','system'),(2482,31,276,'0000-00-00',0,'0000-00-00','0000-00-00 00:00:00','system'),(2483,31,1626,'2018-01-01',0,'0000-00-00','0000-00-00 00:00:00','system'),(2484,31,1502,'0000-00-00',0,'0000-00-00','0000-00-00 00:00:00','system'),(2485,31,1446,'0000-00-00',0,'0000-00-00','0000-00-00 00:00:00','system'),(2486,31,1340,'0000-00-00',0,'0000-00-00','0000-00-00 00:00:00','system'),(2487,31,286,'2018-01-01',0,'0000-00-00','0000-00-00 00:00:00','system'),(2488,31,1570,'2018-01-01',0,'0000-00-00','0000-00-00 00:00:00','system'),(2489,31,1293,'0000-00-00',0,'0000-00-00','0000-00-00 00:00:00','system'),(2490,31,294,'0000-00-00',0,'0000-00-00','0000-00-00 00:00:00','system'),(2491,31,303,'0000-00-00',0,'0000-00-00','0000-00-00 00:00:00','system'),(2492,31,1734,'0000-00-00',0,'0000-00-00','0000-00-00 00:00:00','system'),(2493,31,312,'0000-00-00',0,'0000-00-00','0000-00-00 00:00:00','system'),(2494,31,314,'0000-00-00',0,'0000-00-00','0000-00-00 00:00:00','system'),(2495,31,315,'0000-00-00',0,'0000-00-00','0000-00-00 00:00:00','system'),(2496,31,873,'0000-00-00',0,'0000-00-00','0000-00-00 00:00:00','system'),(2497,31,1231,'0000-00-00',0,'0000-00-00','0000-00-00 00:00:00','system'),(2498,31,1437,'0000-00-00',0,'0000-00-00','0000-00-00 00:00:00','system'),(2499,31,331,'0000-00-00',0,'0000-00-00','0000-00-00 00:00:00','system'),(2500,31,1792,'0000-00-00',0,'0000-00-00','0000-00-00 00:00:00','system'),(2501,31,335,'0000-00-00',0,'0000-00-00','0000-00-00 00:00:00','system'),(2502,31,1362,'0000-00-00',0,'0000-00-00','0000-00-00 00:00:00','system'),(2503,31,338,'0000-00-00',0,'0000-00-00','0000-00-00 00:00:00','system'),(2504,31,1260,'0000-00-00',0,'0000-00-00','0000-00-00 00:00:00','system'),(2505,31,1592,'0000-00-00',0,'0000-00-00','0000-00-00 00:00:00','system'),(2506,31,349,'0000-00-00',0,'0000-00-00','0000-00-00 00:00:00','system'),(2507,31,1849,'0000-00-00',0,'0000-00-00','0000-00-00 00:00:00','system'),(2508,31,363,'0000-00-00',0,'0000-00-00','0000-00-00 00:00:00','system'),(2509,31,367,'2017-01-01',0,'0000-00-00','0000-00-00 00:00:00','system'),(2510,31,1607,'0000-00-00',0,'0000-00-00','0000-00-00 00:00:00','system'),(2511,31,388,'0000-00-00',0,'0000-00-00','0000-00-00 00:00:00','system'),(2512,31,1169,'0000-00-00',0,'0000-00-00','0000-00-00 00:00:00','system'),(2513,31,1321,'0000-00-00',0,'0000-00-00','0000-00-00 00:00:00','system'),(2514,31,720,'0000-00-00',0,'0000-00-00','0000-00-00 00:00:00','system'),(2515,31,1540,'0000-00-00',0,'0000-00-00','0000-00-00 00:00:00','system'),(2516,31,1817,'0000-00-00',0,'0000-00-00','0000-00-00 00:00:00','system'),(2517,31,1703,'0000-00-00',0,'0000-00-00','0000-00-00 00:00:00','system'),(2518,31,457,'0000-00-00',0,'0000-00-00','0000-00-00 00:00:00','system'),(2519,31,458,'0000-00-00',0,'0000-00-00','0000-00-00 00:00:00','system'),(2520,31,469,'2018-01-01',0,'0000-00-00','0000-00-00 00:00:00','system'),(2521,31,477,'2017-01-01',0,'0000-00-00','0000-00-00 00:00:00','system'),(2522,31,1692,'2016-01-01',0,'0000-00-00','0000-00-00 00:00:00','system'),(2523,31,1538,'2017-01-01',0,'0000-00-00','0000-00-00 00:00:00','system'),(2524,31,488,'2016-01-01',0,'0000-00-00','0000-00-00 00:00:00','system'),(2525,31,1259,'0000-00-00',0,'0000-00-00','0000-00-00 00:00:00','system'),(2526,31,1268,'0000-00-00',0,'0000-00-00','0000-00-00 00:00:00','system'),(2527,31,1796,'2018-01-01',0,'0000-00-00','0000-00-00 00:00:00','system'),(2528,31,511,'0000-00-00',0,'0000-00-00','0000-00-00 00:00:00','system'),(2529,31,534,'0000-00-00',0,'0000-00-00','0000-00-00 00:00:00','system'),(2530,31,543,'0000-00-00',0,'0000-00-00','0000-00-00 00:00:00','system'),(2531,31,544,'2018-01-01',0,'0000-00-00','0000-00-00 00:00:00','system'),(2532,31,1843,'0000-00-00',0,'0000-00-00','0000-00-00 00:00:00','system'),(2533,31,1141,'0000-00-00',0,'0000-00-00','0000-00-00 00:00:00','system'),(2534,31,1230,'0000-00-00',0,'0000-00-00','0000-00-00 00:00:00','system'),(2535,31,1344,'0000-00-00',0,'0000-00-00','0000-00-00 00:00:00','system'),(2536,31,990,'2018-01-01',0,'0000-00-00','0000-00-00 00:00:00','system'),(2537,31,558,'0000-00-00',0,'0000-00-00','0000-00-00 00:00:00','system'),(2538,31,1821,'0000-00-00',0,'0000-00-00','0000-00-00 00:00:00','system'),(2539,31,1249,'0000-00-00',0,'0000-00-00','0000-00-00 00:00:00','system'),(2540,31,559,'0000-00-00',0,'0000-00-00','0000-00-00 00:00:00','system'),(2541,31,561,'0000-00-00',0,'0000-00-00','0000-00-00 00:00:00','system'),(2542,31,563,'0000-00-00',0,'0000-00-00','0000-00-00 00:00:00','system'),(2543,31,1722,'0000-00-00',0,'0000-00-00','0000-00-00 00:00:00','system'),(2544,31,565,'0000-00-00',0,'0000-00-00','0000-00-00 00:00:00','system'),(2545,31,1773,'0000-00-00',0,'0000-00-00','0000-00-00 00:00:00','system'),(2546,31,568,'0000-00-00',0,'0000-00-00','0000-00-00 00:00:00','system'),(2547,31,1403,'0000-00-00',0,'0000-00-00','0000-00-00 00:00:00','system'),(2548,31,632,'0000-00-00',0,'0000-00-00','0000-00-00 00:00:00','system'),(2549,31,634,'0000-00-00',0,'0000-00-00','0000-00-00 00:00:00','system'),(2550,31,1435,'0000-00-00',0,'0000-00-00','0000-00-00 00:00:00','system'),(2551,31,636,'0000-00-00',0,'0000-00-00','0000-00-00 00:00:00','system'),(2552,31,1360,'0000-00-00',0,'0000-00-00','0000-00-00 00:00:00','system'),(2553,31,639,'0000-00-00',0,'0000-00-00','0000-00-00 00:00:00','system'),(2554,31,1264,'0000-00-00',0,'0000-00-00','0000-00-00 00:00:00','system'),(2555,31,640,'0000-00-00',0,'0000-00-00','0000-00-00 00:00:00','system'),(2556,31,642,'2016-01-01',0,'0000-00-00','0000-00-00 00:00:00','system'),(2557,31,643,'0000-00-00',0,'0000-00-00','0000-00-00 00:00:00','system'),(2558,31,644,'0000-00-00',0,'0000-00-00','0000-00-00 00:00:00','system'),(2559,31,645,'0000-00-00',0,'0000-00-00','0000-00-00 00:00:00','system'),(2560,31,646,'0000-00-00',0,'0000-00-00','0000-00-00 00:00:00','system'),(2561,31,1311,'0000-00-00',0,'0000-00-00','0000-00-00 00:00:00','system'),(2562,31,1827,'0000-00-00',0,'0000-00-00','0000-00-00 00:00:00','system'),(2563,31,1621,'0000-00-00',0,'0000-00-00','0000-00-00 00:00:00','system'),(2564,31,654,'0000-00-00',0,'0000-00-00','0000-00-00 00:00:00','system'),(2565,31,658,'0000-00-00',0,'0000-00-00','0000-00-00 00:00:00','system'),(2566,31,659,'0000-00-00',0,'0000-00-00','0000-00-00 00:00:00','system'),(2567,31,660,'0000-00-00',0,'0000-00-00','0000-00-00 00:00:00','system'),(2568,31,661,'0000-00-00',0,'0000-00-00','0000-00-00 00:00:00','system'),(2569,31,1323,'0000-00-00',0,'0000-00-00','0000-00-00 00:00:00','system'),(2570,31,1807,'2018-01-01',0,'0000-00-00','0000-00-00 00:00:00','system'),(2571,31,1292,'0000-00-00',0,'0000-00-00','0000-00-00 00:00:00','system'),(2572,31,1904,'0000-00-00',0,'0000-00-00','0000-00-00 00:00:00','system'),(2573,33,2301,'2016-01-01',0,'0000-00-00','0000-00-00 00:00:00','system'),(2574,33,68,'0000-00-00',0,'0000-00-00','0000-00-00 00:00:00','system'),(2590,33,376,'0000-00-00',0,'0000-00-00','0000-00-00 00:00:00','system'),(2594,33,452,'0000-00-00',0,'0000-00-00','0000-00-00 00:00:00','system'),(2595,33,456,'2017-01-01',0,'0000-00-00','0000-00-00 00:00:00','system'),(2601,33,894,'0000-00-00',0,'0000-00-00','0000-00-00 00:00:00','system'),(2602,33,88,'0000-00-00',0,'0000-00-00','0000-00-00 00:00:00','system'),(2603,33,776,'2017-01-01',0,'0000-00-00','0000-00-00 00:00:00','system'),(2604,33,775,'0000-00-00',0,'0000-00-00','0000-00-00 00:00:00','system'),(2605,33,158,'0000-00-00',0,'0000-00-00','0000-00-00 00:00:00','system'),(2606,33,745,'0000-00-00',0,'0000-00-00','0000-00-00 00:00:00','system'),(2607,33,962,'0000-00-00',0,'0000-00-00','0000-00-00 00:00:00','system'),(2608,33,895,'0000-00-00',0,'0000-00-00','0000-00-00 00:00:00','system'),(2609,33,998,'2017-01-01',0,'0000-00-00','0000-00-00 00:00:00','system'),(2610,33,963,'0000-00-00',0,'0000-00-00','0000-00-00 00:00:00','system'),(2611,33,706,'0000-00-00',0,'0000-00-00','0000-00-00 00:00:00','system'),(2612,33,85,'2016-01-01',0,'0000-00-00','0000-00-00 00:00:00','system'),(2613,33,933,'2017-01-01',0,'0000-00-00','0000-00-00 00:00:00','system'),(2614,33,100,'2016-01-01',0,'0000-00-00','0000-00-00 00:00:00','system'),(2615,33,1490,'0000-00-00',0,'0000-00-00','0000-00-00 00:00:00','system'),(2616,33,1491,'2017-01-01',0,'0000-00-00','0000-00-00 00:00:00','system'),(2617,33,954,'0000-00-00',0,'0000-00-00','0000-00-00 00:00:00','system'),(2618,33,912,'2018-01-01',0,'0000-00-00','0000-00-00 00:00:00','system'),(2619,33,1614,'0000-00-00',0,'0000-00-00','0000-00-00 00:00:00','system'),(2620,33,1672,'2017-01-01',0,'0000-00-00','0000-00-00 00:00:00','system'),(2621,33,1874,'0000-00-00',0,'0000-00-00','0000-00-00 00:00:00','system'),(2622,33,983,'0000-00-00',0,'0000-00-00','0000-00-00 00:00:00','system'),(2623,33,1674,'0000-00-00',0,'0000-00-00','0000-00-00 00:00:00','system'),(2624,33,1278,'0000-00-00',0,'0000-00-00','0000-00-00 00:00:00','system'),(2625,33,446,'0000-00-00',0,'0000-00-00','0000-00-00 00:00:00','system'),(2626,33,801,'0000-00-00',0,'0000-00-00','0000-00-00 00:00:00','system'),(2627,33,490,'0000-00-00',0,'0000-00-00','0000-00-00 00:00:00','system'),(2628,33,494,'0000-00-00',0,'0000-00-00','0000-00-00 00:00:00','system'),(2629,33,945,'0000-00-00',0,'0000-00-00','0000-00-00 00:00:00','system'),(2630,33,1027,'0000-00-00',0,'0000-00-00','0000-00-00 00:00:00','system');

--
-- Table structure for table `issues`
--

CREATE TABLE `issues` (
  `id` int(10) unsigned NOT NULL AUTO_INCREMENT,
  `receipt_id` int(10) unsigned NOT NULL,
  `topup_request_id` int(10) unsigned NOT NULL,
  `quantity_issued` int(11) NOT NULL,
  `issued_to` int(10) unsigned NOT NULL,
  `user_id` int(10) unsigned NOT NULL,
  `remarks` varchar(400) COLLATE utf8_unicode_ci DEFAULT NULL,
  `deleted_at` timestamp NULL DEFAULT NULL,
  `created_at` timestamp NOT NULL DEFAULT '0000-00-00 00:00:00',
  `updated_at` timestamp NOT NULL DEFAULT '0000-00-00 00:00:00',
  PRIMARY KEY (`id`),
  KEY `issues_topup_request_id_foreign` (`topup_request_id`),
  KEY `issues_receipt_id_foreign` (`receipt_id`),
  KEY `issues_issued_to_foreign` (`issued_to`),
  KEY `issues_user_id_foreign` (`user_id`),
  CONSTRAINT `issues_issued_to_foreign` FOREIGN KEY (`issued_to`) REFERENCES `users` (`id`),
  CONSTRAINT `issues_receipt_id_foreign` FOREIGN KEY (`receipt_id`) REFERENCES `receipts` (`id`),
  CONSTRAINT `issues_topup_request_id_foreign` FOREIGN KEY (`topup_request_id`) REFERENCES `topup_requests` (`id`),
  CONSTRAINT `issues_user_id_foreign` FOREIGN KEY (`user_id`) REFERENCES `users` (`id`)
) ENGINE=InnoDB DEFAULT CHARSET=utf8 COLLATE=utf8_unicode_ci;

--
-- Dumping data for table `issues`
--


--
-- Table structure for table `items`
--

CREATE TABLE `items` (
  `id` int(10) unsigned NOT NULL AUTO_INCREMENT,
  `title` varchar(255) COLLATE utf8_unicode_ci NOT NULL,
  `description` text COLLATE utf8_unicode_ci NOT NULL,
  `created_at` timestamp NOT NULL DEFAULT '0000-00-00 00:00:00',
  `updated_at` timestamp NOT NULL DEFAULT '0000-00-00 00:00:00',
  PRIMARY KEY (`id`)
) ENGINE=InnoDB DEFAULT CHARSET=utf8 COLLATE=utf8_unicode_ci;

--
-- Dumping data for table `items`
--


--
-- Table structure for table `jeff`
--

CREATE TABLE `jeff` (
  `id` int(10) unsigned NOT NULL AUTO_INCREMENT,
  `amplification_barcode` varchar(255) COLLATE utf8_unicode_ci NOT NULL,
  `amplification_lot_number` varchar(255) COLLATE utf8_unicode_ci NOT NULL,
  `amplification_expiry` date NOT NULL,
  `control_lot_number` varchar(255) COLLATE utf8_unicode_ci NOT NULL,
  `control_expiry` date NOT NULL,
  `calibrator_lot_number` varchar(255) COLLATE utf8_unicode_ci NOT NULL,
  `calibrator_expiry` date NOT NULL,
  `number_of_samples` int(11) NOT NULL,
  `failed_runs` int(11) NOT NULL,
  `passed_runs` int(11) NOT NULL,
  `dummy_runs` int(11) NOT NULL,
  `control_runs` int(11) NOT NULL,
  `created_at` timestamp NOT NULL DEFAULT '0000-00-00 00:00:00',
  `updated_at` timestamp NOT NULL DEFAULT '0000-00-00 00:00:00',
  PRIMARY KEY (`id`)
) ENGINE=InnoDB DEFAULT CHARSET=utf8 COLLATE=utf8_unicode_ci;

--
-- Dumping data for table `jeff`
--


--
-- Table structure for table `kush`
--

CREATE TABLE `kush` (
  `id` int(10) unsigned NOT NULL AUTO_INCREMENT,
  `amplification_barcode` varchar(255) COLLATE utf8_unicode_ci NOT NULL,
  `amplification_lot_number` varchar(255) COLLATE utf8_unicode_ci NOT NULL,
  `amplification_expiry` date NOT NULL,
  `control_lot_number` varchar(255) COLLATE utf8_unicode_ci NOT NULL,
  `control_expiry` date NOT NULL,
  `calibrator_lot_number` varchar(255) COLLATE utf8_unicode_ci NOT NULL,
  `calibrator_expiry` date NOT NULL,
  `number_of_samples` int(11) NOT NULL,
  `failed_runs` int(11) NOT NULL,
  `passed_runs` int(11) NOT NULL,
  `dummy_runs` int(11) NOT NULL,
  `control_runs` int(11) NOT NULL,
  `created_at` timestamp NOT NULL DEFAULT '0000-00-00 00:00:00',
  `updated_at` timestamp NOT NULL DEFAULT '0000-00-00 00:00:00',
  PRIMARY KEY (`id`)
) ENGINE=InnoDB DEFAULT CHARSET=utf8 COLLATE=utf8_unicode_ci;

--
-- Dumping data for table `kush`
--


--
-- Table structure for table `lab_consumables`
--

CREATE TABLE `lab_consumables` (
  `id` int(10) unsigned NOT NULL AUTO_INCREMENT,
  `name` varchar(255) COLLATE utf8_unicode_ci NOT NULL,
  `deleted_at` timestamp NULL DEFAULT NULL,
  `created_at` timestamp NOT NULL DEFAULT '0000-00-00 00:00:00',
  `updated_at` timestamp NOT NULL DEFAULT '0000-00-00 00:00:00',
  PRIMARY KEY (`id`)
) ENGINE=InnoDB DEFAULT CHARSET=utf8 COLLATE=utf8_unicode_ci;

--
-- Dumping data for table `lab_consumables`
--


--
-- Table structure for table `lab_reagents`
--

CREATE TABLE `lab_reagents` (
  `id` int(10) unsigned NOT NULL AUTO_INCREMENT,
  `name` varchar(255) COLLATE utf8_unicode_ci NOT NULL,
  `deleted_at` timestamp NULL DEFAULT NULL,
  `created_at` timestamp NOT NULL DEFAULT '0000-00-00 00:00:00',
  `updated_at` timestamp NOT NULL DEFAULT '0000-00-00 00:00:00',
  PRIMARY KEY (`id`)
) ENGINE=InnoDB DEFAULT CHARSET=utf8 COLLATE=utf8_unicode_ci;

--
-- Dumping data for table `lab_reagents`
--


--
-- Table structure for table `lena`
--

CREATE TABLE `lena` (
  `id` int(10) unsigned NOT NULL AUTO_INCREMENT,
  `amplification_barcode` varchar(255) COLLATE utf8_unicode_ci NOT NULL,
  `amplification_lot_number` varchar(255) COLLATE utf8_unicode_ci NOT NULL,
  `amplification_expiry` date NOT NULL,
  `control_lot_number` varchar(255) COLLATE utf8_unicode_ci NOT NULL,
  `control_expiry` date NOT NULL,
  `calibrator_lot_number` varchar(255) COLLATE utf8_unicode_ci NOT NULL,
  `calibrator_expiry` date NOT NULL,
  `number_of_samples` int(11) NOT NULL,
  `failed_runs` int(11) NOT NULL,
  `passed_runs` int(11) NOT NULL,
  `dummy_runs` int(11) NOT NULL,
  `control_runs` int(11) NOT NULL,
  `created_at` timestamp NOT NULL DEFAULT '0000-00-00 00:00:00',
  `updated_at` timestamp NOT NULL DEFAULT '0000-00-00 00:00:00',
  PRIMARY KEY (`id`)
) ENGINE=InnoDB DEFAULT CHARSET=utf8 COLLATE=utf8_unicode_ci;

--
-- Dumping data for table `lena`
--


--
-- Table structure for table `local_purchase_order`
--

CREATE TABLE `local_purchase_order` (
  `id` int(10) unsigned NOT NULL AUTO_INCREMENT,
  `name` varchar(255) COLLATE utf8_unicode_ci NOT NULL,
  `created_at` timestamp NOT NULL DEFAULT '0000-00-00 00:00:00',
  `updated_at` timestamp NOT NULL DEFAULT '0000-00-00 00:00:00',
  PRIMARY KEY (`id`)
) ENGINE=InnoDB DEFAULT CHARSET=utf8 COLLATE=utf8_unicode_ci;

--
-- Dumping data for table `local_purchase_order`
--


--
-- Table structure for table `m3`
--

CREATE TABLE `m3` (
  `id` int(10) unsigned NOT NULL AUTO_INCREMENT,
  `amplification_barcode` varchar(255) COLLATE utf8_unicode_ci NOT NULL,
  `amplification_lot_number` varchar(255) COLLATE utf8_unicode_ci NOT NULL,
  `amplification_expiry` date NOT NULL,
  `control_lot_number` varchar(255) COLLATE utf8_unicode_ci NOT NULL,
  `control_expiry` date NOT NULL,
  `calibrator_lot_number` varchar(255) COLLATE utf8_unicode_ci NOT NULL,
  `calibrator_expiry` date NOT NULL,
  `number_of_samples` int(11) NOT NULL,
  `failed_runs` int(11) NOT NULL,
  `passed_runs` int(11) NOT NULL,
  `dummy_runs` int(11) NOT NULL,
  `control_runs` int(11) NOT NULL,
  `created_at` timestamp NOT NULL DEFAULT '0000-00-00 00:00:00',
  `updated_at` timestamp NOT NULL DEFAULT '0000-00-00 00:00:00',
  PRIMARY KEY (`id`)
) ENGINE=InnoDB DEFAULT CHARSET=utf8 COLLATE=utf8_unicode_ci;

--
-- Dumping data for table `m3`
--


--
-- Table structure for table `measure_types`
--

CREATE TABLE `measure_types` (
  `id` int(10) unsigned NOT NULL,
  `name` varchar(100) COLLATE utf8_unicode_ci NOT NULL,
  `deleted_at` timestamp NULL DEFAULT NULL,
  `created_at` timestamp NOT NULL DEFAULT '0000-00-00 00:00:00',
  `updated_at` timestamp NOT NULL DEFAULT '0000-00-00 00:00:00',
  PRIMARY KEY (`id`),
  UNIQUE KEY `measure_types_name_unique` (`name`)
) ENGINE=InnoDB DEFAULT CHARSET=utf8 COLLATE=utf8_unicode_ci;

--
-- Dumping data for table `measure_types`
--


--
-- Table structure for table `measures`
--

CREATE TABLE `measures` (
  `id` int(10) unsigned NOT NULL AUTO_INCREMENT,
  `measure_type_id` int(10) unsigned NOT NULL,
  `name` varchar(100) COLLATE utf8_unicode_ci NOT NULL,
  `unit` varchar(30) COLLATE utf8_unicode_ci DEFAULT NULL,
  `description` varchar(150) COLLATE utf8_unicode_ci DEFAULT NULL,
  `created_at` timestamp NOT NULL DEFAULT '0000-00-00 00:00:00',
  `updated_at` timestamp NOT NULL DEFAULT '0000-00-00 00:00:00',
  `deleted_at` timestamp NULL DEFAULT NULL,
  PRIMARY KEY (`id`),
  KEY `measures_measure_type_id_foreign` (`measure_type_id`),
  CONSTRAINT `measures_measure_type_id_foreign` FOREIGN KEY (`measure_type_id`) REFERENCES `measure_types` (`id`)
) ENGINE=InnoDB DEFAULT CHARSET=utf8 COLLATE=utf8_unicode_ci;

--
-- Dumping data for table `measures`
--


--
-- Table structure for table `mechanical_breakdown`
--

CREATE TABLE `mechanical_breakdown` (
  `breakdown_type` int(11) NOT NULL,
  `reported_by` varchar(255) COLLATE utf8_unicode_ci DEFAULT NULL,
  `breakdown_date` datetime DEFAULT NULL
) ENGINE=InnoDB DEFAULT CHARSET=utf8 COLLATE=utf8_unicode_ci;

--
-- Dumping data for table `mechanical_breakdown`
--


--
-- Table structure for table `mechanical_inventory`
--

CREATE TABLE `mechanical_inventory` (
  `id` int(10) unsigned NOT NULL AUTO_INCREMENT,
  `name` varchar(255) COLLATE utf8_unicode_ci NOT NULL,
  `model` varchar(255) COLLATE utf8_unicode_ci NOT NULL,
  `serial_number` varchar(255) COLLATE utf8_unicode_ci NOT NULL,
  `supplier_id` int(10) unsigned NOT NULL,
  `location` int(11) NOT NULL,
  `procurement_type` varchar(255) COLLATE utf8_unicode_ci NOT NULL,
  `equipment_id` varchar(255) COLLATE utf8_unicode_ci NOT NULL,
  `equipment_status` varchar(255) COLLATE utf8_unicode_ci NOT NULL,
  `country_id` int(10) unsigned NOT NULL,
  `quantity` varchar(255) COLLATE utf8_unicode_ci NOT NULL,
  `manufacture_date` date NOT NULL,
  `comment` varchar(255) COLLATE utf8_unicode_ci NOT NULL,
  `purchase_date` datetime NOT NULL,
  `delivery_date` datetime NOT NULL,
  `verification_date` datetime NOT NULL,
  `installation_date` datetime NOT NULL,
  `spare_parts` tinyint(1) NOT NULL,
  `warranty` int(11) NOT NULL,
  `life_span` int(11) NOT NULL,
  `service_frequency` tinyint(1) NOT NULL,
  `service_contract` tinyint(1) NOT NULL,
  `created_at` timestamp NOT NULL DEFAULT '0000-00-00 00:00:00',
  `updated_at` timestamp NOT NULL DEFAULT '0000-00-00 00:00:00',
  PRIMARY KEY (`id`)
) ENGINE=InnoDB DEFAULT CHARSET=utf8 COLLATE=utf8_unicode_ci;

--
-- Dumping data for table `mechanical_inventory`
--


--
-- Table structure for table `mechanical_maintenace`
--

CREATE TABLE `mechanical_maintenace` (
  `id` int(10) unsigned NOT NULL AUTO_INCREMENT,
  `mechanical_equipment_id` int(10) unsigned NOT NULL,
  `last_service_date` datetime NOT NULL,
  `next_service_date` datetime NOT NULL,
  `serviced_by_name` text COLLATE utf8_unicode_ci NOT NULL,
  `serviced_by_contact` text COLLATE utf8_unicode_ci NOT NULL,
  `supplier_id` int(11) NOT NULL,
  `comment` text COLLATE utf8_unicode_ci NOT NULL,
  `created_at` timestamp NOT NULL DEFAULT '0000-00-00 00:00:00',
  `updated_at` timestamp NOT NULL DEFAULT '0000-00-00 00:00:00',
  PRIMARY KEY (`id`),
  KEY `mechanical_maintenace_mechanical_equipment_id_foreign` (`mechanical_equipment_id`),
  CONSTRAINT `mechanical_maintenace_mechanical_equipment_id_foreign` FOREIGN KEY (`mechanical_equipment_id`) REFERENCES `mechanical_inventory` (`id`)
) ENGINE=InnoDB DEFAULT CHARSET=utf8 COLLATE=utf8_unicode_ci;

--
-- Dumping data for table `mechanical_maintenace`
--


--
-- Table structure for table `mechanical_supplier`
--

CREATE TABLE `mechanical_supplier` (
  `id` int(10) unsigned NOT NULL AUTO_INCREMENT,
  `name` varchar(255) COLLATE utf8_unicode_ci NOT NULL,
  `phone` varchar(255) COLLATE utf8_unicode_ci NOT NULL,
  `email` varchar(255) COLLATE utf8_unicode_ci NOT NULL,
  `address` varchar(255) COLLATE utf8_unicode_ci NOT NULL,
  `created_at` timestamp NOT NULL DEFAULT '0000-00-00 00:00:00',
  `updated_at` timestamp NOT NULL DEFAULT '0000-00-00 00:00:00',
  PRIMARY KEY (`id`)
) ENGINE=InnoDB AUTO_INCREMENT=2 DEFAULT CHARSET=utf8 COLLATE=utf8_unicode_ci;

--
-- Dumping data for table `mechanical_supplier`
--

INSERT INTO `mechanical_supplier` VALUES (1,'Dell','0785262623','benbyron24@gmail.com','Butabika','2019-05-16 12:01:53','2019-05-16 12:01:53');

--
-- Table structure for table `meghan`
--

CREATE TABLE `meghan` (
  `id` int(10) unsigned NOT NULL AUTO_INCREMENT,
  `amplification_barcode` varchar(255) COLLATE utf8_unicode_ci NOT NULL,
  `amplification_lot_number` varchar(255) COLLATE utf8_unicode_ci NOT NULL,
  `amplification_expiry` date NOT NULL,
  `control_lot_number` varchar(255) COLLATE utf8_unicode_ci NOT NULL,
  `control_expiry` date NOT NULL,
  `calibrator_lot_number` varchar(255) COLLATE utf8_unicode_ci NOT NULL,
  `calibrator_expiry` date NOT NULL,
  `number_of_samples` int(11) NOT NULL,
  `failed_runs` int(11) NOT NULL,
  `passed_runs` int(11) NOT NULL,
  `dummy_runs` int(11) NOT NULL,
  `control_runs` int(11) NOT NULL,
  `created_at` timestamp NOT NULL DEFAULT '0000-00-00 00:00:00',
  `updated_at` timestamp NOT NULL DEFAULT '0000-00-00 00:00:00',
  PRIMARY KEY (`id`)
) ENGINE=InnoDB DEFAULT CHARSET=utf8 COLLATE=utf8_unicode_ci;

--
-- Dumping data for table `meghan`
--


--
-- Table structure for table `metrics`
--

CREATE TABLE `metrics` (
  `id` int(10) unsigned NOT NULL AUTO_INCREMENT,
  `name` varchar(100) COLLATE utf8_unicode_ci NOT NULL,
  `description` varchar(100) COLLATE utf8_unicode_ci NOT NULL,
  `deleted_at` timestamp NULL DEFAULT NULL,
  `created_at` timestamp NOT NULL DEFAULT '0000-00-00 00:00:00',
  `updated_at` timestamp NOT NULL DEFAULT '0000-00-00 00:00:00',
  PRIMARY KEY (`id`)
) ENGINE=InnoDB AUTO_INCREMENT=16 DEFAULT CHARSET=utf8 COLLATE=utf8_unicode_ci;

--
-- Dumping data for table `metrics`
--

INSERT INTO `metrics` VALUES (1,'BUNDLE','Issued in Bundle',NULL,'2018-01-06 11:34:56','2019-07-05 08:31:23'),(2,'PCS','',NULL,'2018-01-06 13:42:56','2018-01-06 13:42:56'),(3,'TEST','',NULL,'2018-01-06 13:43:03','2018-01-06 13:43:03'),(4,'ML','',NULL,'2018-01-06 13:43:08','2018-01-06 13:43:08'),(5,'Ltr','',NULL,'2018-01-06 13:43:16','2018-01-06 13:43:16'),(6,'RUNS','',NULL,'2018-01-06 13:43:22','2018-01-06 13:43:22'),(7,'kit','',NULL,'2018-03-12 12:40:43','2018-03-12 12:40:43'),(8,'Boxes','Issued as box',NULL,'2018-03-12 12:40:57','2019-07-05 08:31:14'),(9,'Rolls','',NULL,'2018-03-12 12:41:07','2018-03-12 12:41:07'),(10,'Packs','',NULL,'2018-03-12 12:41:28','2018-03-12 12:41:28'),(11,'REAMS','REAMS',NULL,'2018-03-28 09:04:39','2018-03-28 09:04:39'),(12,'SET','',NULL,'2018-04-04 11:30:24','2018-04-04 11:30:24'),(13,'CAN','Issued as a Can',NULL,'2018-04-05 08:35:33','2019-07-05 08:31:39'),(14,'Bottle','Issued in bottles',NULL,'2018-04-09 08:46:55','2019-07-05 08:31:05'),(15,'VIALS/CARTRIDGES','',NULL,'2018-07-23 10:59:48','2018-07-23 10:59:48');

--
-- Table structure for table `migrations`
--

CREATE TABLE `migrations` (
  `migration` varchar(255) COLLATE utf8_unicode_ci NOT NULL,
  `batch` int(11) NOT NULL
) ENGINE=InnoDB DEFAULT CHARSET=utf8 COLLATE=utf8_unicode_ci;

--
-- Dumping data for table `migrations`
--

INSERT INTO `migrations` VALUES ('2014_07_24_082711_CreatekBLIStables',1),('2014_09_02_114206_entrust_setup_tables',1),('2014_10_09_162222_externaldumptable',1),('2015_02_27_084341_createInventoryTables',1),('2016_07_26_095319_create_unhls_financial_years_table',1),('2016_08_31_135348_create_unhls_stockcard',1),('2016_08_31_135420_create_unhls_stockrequisition',1),('2016_09_28_091952_create_unhls_warehouse',1),('2016_09_28_095327_create_unhls_staff',1),('2016_10_13_170615_create_unhls_equipment_suppliers_table',1),('2017_01_16_103507_create_equipment_inventory_table',1),('2017_01_16_103533_create_equipment_maintenance_table',1),('2017_01_16_103546_create_equipment_breakdown_table',1),('2017_05_21_174153_create_goods_recieveds_table',1),('2017_05_22_091824_create_requistions_table',1),('2017_05_25_131728_updateUNHLSBreakdown',1),('2017_06_15_182541_create_asset_mgts_table',1),('2017_06_16_063134_create_supplychainmgts_table',1),('2017_06_19_094902_update_equipment_inventory_table',1),('2017_06_19_111831_update_equipment_breakdown_table',1),('2017_06_19_115028_update_unhls_stockcard_table',1),('2017_06_20_043838_alter_stockcard_table',1),('2017_06_27_155020_items',1),('2017_09_17_192003_create_transport',1),('2017_09_17_192003_create_transportandfleets',1),('2017_10_04_122912_create_order_tables',1),('2017_10_11_174805_create_requisitions',1),('2017_10_11_174857_create_commodity_categories',1),('2017_10_14_172614_create_dept_requisition',1),('2017_10_27_121731_create_lab_consumables',1),('2017_10_27_121737_create_office_supplies',1),('2017_10_27_121953_create_lab_reagents',1),('2017_11_08_212313_create_store_section',1),('2017_11_15_145717_create_documents',1),('2017_11_22_120746_create_asset_mgt_tables',1),('2017_12_18_110812_create_biomedical',1),('2017_12_19_184019_create_countries',1),('2018_01_08_082351_create_district',2),('2018_01_08_172241_create_facility_request',2),('2018_01_09_083731_create_hubs',2),('2018_02_09_084504_create_abbott_tables',3),('2018_02_21_132315_create_unhls_departments',4),('2017_10_15_122554_adhoc_configs_table',5),('2018_05_08_171914_create_department_heads',6),('2018_10_04_094324_create_approved_facility_requests',7),('2018_11_24_120329_create_pipeline',8),('2018_11_26_164021_update_unhls_stockcard',8),('2018_12_13_191458_create_dispatch',9),('2019_02_14_140030_update_unhls_stockcard',10),('2019_02_17_122710_update_unhls_stockcard',11),('2019_02_21_102927_create_daily_activity_summary',12),('2019_02_23_031620_create_orders',13),('2019_04_24_124940_create_warehouse',14),('2019_04_24_184155_create_warehouse',15),('2019_04_28_160832_create_warehouse_stock_summary',16),('2019_07_24_133340_add_facility_request',17),('2019_08_06_104921_add_facility_request',18),('2019_08_06_105140_add_facility_request',19),('2019_08_06_105411_add_facility_request',20),('2019_08_06_105834_add_facility_request',21),('2019_08_06_112845_add_facility_request',22),('2019_08_08_150423_add_facility_request',23),('2019_08_09_160611_create_facility_levels',24),('2019_08_09_161409_create_facilitys',25),('2019_08_09_165043_create_ips',26),('2019_08_09_165408_create_organization_types',26),('2019_08_09_170909_create_regions',27),('2019_08_09_171100_create_organizations',27),('2019_08_09_175500_add_facilities',28),('2019_08_13_142410_add_facility_request',29),('2019_08_13_142810_add_facility_request',30);

--
-- Table structure for table `office_supplies`
--

CREATE TABLE `office_supplies` (
  `id` int(10) unsigned NOT NULL AUTO_INCREMENT,
  `name` varchar(255) COLLATE utf8_unicode_ci NOT NULL,
  `deleted_at` timestamp NULL DEFAULT NULL,
  `created_at` timestamp NOT NULL DEFAULT '0000-00-00 00:00:00',
  `updated_at` timestamp NOT NULL DEFAULT '0000-00-00 00:00:00',
  PRIMARY KEY (`id`)
) ENGINE=InnoDB DEFAULT CHARSET=utf8 COLLATE=utf8_unicode_ci;

--
-- Dumping data for table `office_supplies`
--


--
-- Table structure for table `orders`
--

CREATE TABLE `orders` (
  `id` int(10) unsigned NOT NULL AUTO_INCREMENT,
  `order_number` int(11) NOT NULL,
  `store_name` varchar(255) COLLATE utf8_unicode_ci NOT NULL,
  `district` varchar(255) COLLATE utf8_unicode_ci NOT NULL,
  `start_date` date NOT NULL,
  `end_date` date NOT NULL,
  `prepared_by` int(10) unsigned NOT NULL,
  `commodity_id` int(10) unsigned NOT NULL,
  `designation` varchar(255) COLLATE utf8_unicode_ci NOT NULL,
  `date_prepared` date NOT NULL,
  `required_date` date NOT NULL,
  `expected_date` date NOT NULL,
  `opening_balance` int(11) NOT NULL,
  `qty_received` int(11) NOT NULL,
  `consumption` int(11) NOT NULL,
  `losses_adjustments` int(11) NOT NULL,
  `qty_required` int(11) NOT NULL,
  `closing_balance` int(11) NOT NULL,
  `pack_size` varchar(255) COLLATE utf8_unicode_ci NOT NULL,
  `comment` varchar(255) COLLATE utf8_unicode_ci NOT NULL,
  `deleted_at` timestamp NULL DEFAULT NULL,
  `created_at` timestamp NOT NULL DEFAULT '0000-00-00 00:00:00',
  `updated_at` timestamp NOT NULL DEFAULT '0000-00-00 00:00:00',
  `order_status_id` int(11) DEFAULT NULL,
  `user_email` varchar(255) COLLATE utf8_unicode_ci DEFAULT NULL,
  `incharge_mail` varchar(255) COLLATE utf8_unicode_ci DEFAULT NULL,
  `rejected_by` varchar(255) COLLATE utf8_unicode_ci DEFAULT NULL,
  `approved_by` varchar(255) COLLATE utf8_unicode_ci DEFAULT NULL,
  `received_by` varchar(255) COLLATE utf8_unicode_ci DEFAULT NULL,
  PRIMARY KEY (`id`)
) ENGINE=InnoDB AUTO_INCREMENT=164 DEFAULT CHARSET=utf8 COLLATE=utf8_unicode_ci;

--
-- Dumping data for table `orders`
--

INSERT INTO `orders` VALUES (1,1372,'UNHLS/CPHL Main Stores','Kampala','0000-00-00','0000-00-00',2,25,'Logistics Assistant','0000-00-00','0000-00-00','0000-00-00',0,1,13,9,-4,9,'Catridge','',NULL,'2019-02-23 21:21:08','2019-02-23 21:21:08',NULL,NULL,NULL,NULL,NULL,NULL),(2,1372,'UNHLS/CPHL Main Stores','Kampala','0000-00-00','0000-00-00',2,25,'Logistics Assistant','0000-00-00','0000-00-00','0000-00-00',0,1,13,9,-4,9,'Catridge','',NULL,'2019-02-23 21:22:27','2019-02-23 21:22:27',NULL,NULL,NULL,NULL,NULL,NULL),(3,1372,'UNHLS/CPHL Main Stores','Kampala','0000-00-00','0000-00-00',2,25,'Logistics Assistant','0000-00-00','0000-00-00','0000-00-00',0,2,33,0,-30,3,'50 cards','',NULL,'2019-02-23 21:24:52','2019-02-23 21:24:52',NULL,NULL,NULL,NULL,NULL,NULL),(4,5183,'UNHLS/CPHL Main Stores','Kampala','0000-00-00','0000-00-00',2,20,'Logistics Assistant','0000-00-00','0000-00-00','0000-00-00',0,5,5,0,5,10,'Catridge','',NULL,'2019-02-23 21:38:58','2019-02-23 21:38:58',NULL,NULL,NULL,NULL,NULL,NULL),(5,2821,'UNHLS/CPHL Main Stores','Kampala','0000-00-00','0000-00-00',2,59,'Logistics Assistant','0000-00-00','0000-00-00','0000-00-00',0,250,15200,0,-15150,50,'Test','it is urgent. do the needful',NULL,'2019-02-24 08:43:32','2019-02-24 08:43:32',NULL,NULL,NULL,NULL,NULL,NULL),(6,8116,'UNHLS/CPHL Main Stores','Kampala','0000-00-00','0000-00-00',2,36,'Logistics Assistant','0000-00-00','0000-00-00','0000-00-00',0,12,12,0,0,12,'Test','',NULL,'2019-02-24 08:49:11','2019-02-24 08:49:11',NULL,NULL,NULL,NULL,NULL,NULL),(7,8116,'UNHLS/CPHL Main Stores','Kampala','0000-00-00','0000-00-00',2,36,'Logistics Assistant','0000-00-00','0000-00-00','0000-00-00',0,12,12,0,0,12,'Test','bingo',NULL,'2019-02-24 08:50:10','2019-02-24 08:50:10',NULL,NULL,NULL,NULL,NULL,NULL),(8,8116,'UNHLS/CPHL Main Stores','Kampala','0000-00-00','0000-00-00',2,36,'Logistics Assistant','0000-00-00','0000-00-00','0000-00-00',0,12,12,0,0,12,'Test','bingo',NULL,'2019-02-24 08:51:27','2019-02-24 08:51:27',NULL,NULL,NULL,NULL,NULL,NULL),(9,5626,'UNHLS/CPHL Main Stores','Kampala','0000-00-00','0000-00-00',2,14,'Logistics Assistant','0000-00-00','0000-00-00','0000-00-00',0,9,90,9,-72,18,'50 cards','',NULL,'2019-02-24 08:51:45','2019-02-24 08:51:45',NULL,NULL,NULL,NULL,NULL,NULL),(10,2943,'UNHLS/CPHL Main Stores','Kampala','0000-00-00','0000-00-00',10,39,'Logistics Head','0000-00-00','0000-00-00','0000-00-00',0,100,170,0,-160,10,'50 cards','',NULL,'2019-02-24 09:04:35','2019-02-24 09:04:35',NULL,NULL,NULL,NULL,NULL,NULL),(11,2943,'UNHLS/CPHL Main Stores','Kampala','0000-00-00','0000-00-00',10,39,'Logistics Head','0000-00-00','0000-00-00','0000-00-00',80,100,170,0,-160,10,'50 cards','',NULL,'2019-02-24 09:05:32','2019-02-24 09:05:32',NULL,NULL,NULL,NULL,NULL,NULL),(12,2943,'UNHLS/CPHL Main Stores','Kampala','0000-00-00','0000-00-00',10,39,'Logistics Head','0000-00-00','0000-00-00','0000-00-00',80,100,170,0,-160,10,'50 cards','',NULL,'2019-02-24 09:13:41','2019-02-24 09:13:41',NULL,NULL,NULL,NULL,NULL,NULL),(13,2943,'UNHLS/CPHL Main Stores','Kampala','0000-00-00','0000-00-00',10,39,'Logistics Head','0000-00-00','0000-00-00','0000-00-00',80,100,170,0,-160,10,'50 cards','',NULL,'2019-02-24 09:13:57','2019-02-24 09:13:57',NULL,NULL,NULL,NULL,NULL,NULL),(14,2943,'UNHLS/CPHL Main Stores','Kampala','0000-00-00','0000-00-00',10,39,'Logistics Head','0000-00-00','0000-00-00','0000-00-00',80,100,170,0,-160,10,'50 cards','',NULL,'2019-02-24 09:14:54','2019-02-24 09:14:54',NULL,NULL,NULL,NULL,NULL,NULL),(15,2943,'UNHLS/CPHL Main Stores','Kampala','0000-00-00','0000-00-00',10,39,'Logistics Head','0000-00-00','0000-00-00','0000-00-00',80,100,170,0,-160,10,'50 cards','',NULL,'2019-02-24 09:15:17','2019-02-24 09:15:17',NULL,NULL,NULL,NULL,NULL,NULL),(16,2943,'UNHLS/CPHL Main Stores','Kampala','0000-00-00','0000-00-00',10,39,'Logistics Head','0000-00-00','0000-00-00','0000-00-00',80,100,170,0,-160,10,'50 cards','',NULL,'2019-02-24 09:15:30','2019-02-24 09:15:30',NULL,NULL,NULL,NULL,NULL,NULL),(17,2943,'UNHLS/CPHL Main Stores','Kampala','0000-00-00','0000-00-00',10,39,'Logistics Head','0000-00-00','0000-00-00','0000-00-00',80,100,170,0,-160,10,'50 cards','',NULL,'2019-02-24 09:15:46','2019-02-24 09:15:46',NULL,NULL,NULL,NULL,NULL,NULL),(18,2943,'UNHLS/CPHL Main Stores','Kampala','0000-00-00','0000-00-00',10,39,'Logistics Head','0000-00-00','0000-00-00','0000-00-00',80,100,170,0,-160,10,'50 cards','',NULL,'2019-02-24 09:16:05','2019-02-24 09:16:05',NULL,NULL,NULL,NULL,NULL,NULL),(19,7461,'UNHLS/CPHL Main Stores','Kampala','0000-00-00','0000-00-00',26,68,'ICT Manager','0000-00-00','0000-00-00','0000-00-00',122,11,111,0,-89,22,'Test','take your time',NULL,'2019-02-24 10:10:20','2019-02-24 10:10:20',NULL,NULL,NULL,NULL,NULL,NULL),(20,7461,'UNHLS/CPHL Main Stores','Kampala','0000-00-00','0000-00-00',26,73,'ICT Manager','0000-00-00','0000-00-00','0000-00-00',400,12,0,-412,0,0,'Test','',NULL,'2019-02-24 10:10:20','2019-02-24 10:10:20',NULL,NULL,NULL,NULL,NULL,NULL),(21,7461,'UNHLS/CPHL Main Stores','Kampala','0000-00-00','0000-00-00',26,322,'ICT Manager','0000-00-00','0000-00-00','0000-00-00',122,123123,12333,-100000,-1421,10912,'50 cards','',NULL,'2019-02-24 10:10:20','2019-02-24 10:10:20',NULL,NULL,NULL,NULL,NULL,NULL),(22,2198,'UNHLS/CPHL Main Stores','Kampala','0000-00-00','0000-00-00',41,322,'Lab Tech','0000-00-00','0000-00-00','0000-00-00',244,23,22,3,226,248,'50 cards','',NULL,'2019-02-24 19:33:59','2019-02-24 19:33:59',NULL,NULL,NULL,NULL,NULL,NULL),(23,6326,'UNHLS/CPHL Main Stores','Kampala','0000-00-00','0000-00-00',29,36,'Bio-Medical Engineer','0000-00-00','0000-00-00','0000-00-00',90,90,90,0,0,90,'50 cards','',NULL,'2019-02-24 20:36:46','2019-02-24 20:36:46',NULL,NULL,NULL,NULL,NULL,NULL),(24,6326,'UNHLS/CPHL Main Stores','Kampala','0000-00-00','0000-00-00',29,36,'Bio-Medical Engineer','0000-00-00','0000-00-00','0000-00-00',90,90,90,0,0,90,'50 cards','',NULL,'2019-02-24 20:36:46','2019-02-24 20:36:46',NULL,NULL,NULL,NULL,NULL,NULL),(25,6326,'UNHLS/CPHL Main Stores','Kampala','0000-00-00','0000-00-00',29,36,'Bio-Medical Engineer','0000-00-00','0000-00-00','0000-00-00',90,90,90,0,0,90,'50 cards','',NULL,'2019-02-24 20:37:21','2019-02-24 20:37:21',NULL,NULL,NULL,NULL,NULL,NULL),(26,6326,'UNHLS/CPHL Main Stores','Kampala','0000-00-00','0000-00-00',29,36,'Bio-Medical Engineer','0000-00-00','0000-00-00','0000-00-00',90,90,90,0,0,90,'50 cards','',NULL,'2019-02-24 20:37:21','2019-02-24 20:37:21',NULL,NULL,NULL,NULL,NULL,NULL),(27,6326,'UNHLS/CPHL Main Stores','Kampala','0000-00-00','0000-00-00',29,36,'Bio-Medical Engineer','0000-00-00','0000-00-00','0000-00-00',90,90,90,0,0,90,'50 cards','',NULL,'2019-02-24 20:38:36','2019-02-24 20:38:36',NULL,NULL,NULL,NULL,NULL,NULL),(28,6326,'UNHLS/CPHL Main Stores','Kampala','0000-00-00','0000-00-00',29,36,'Bio-Medical Engineer','0000-00-00','0000-00-00','0000-00-00',90,90,90,0,0,90,'50 cards','',NULL,'2019-02-24 20:38:36','2019-02-24 20:38:36',NULL,NULL,NULL,NULL,NULL,NULL),(29,6326,'UNHLS/CPHL Main Stores','Kampala','0000-00-00','0000-00-00',29,36,'Bio-Medical Engineer','0000-00-00','0000-00-00','0000-00-00',90,90,90,0,0,90,'50 cards','',NULL,'2019-02-24 20:38:49','2019-02-24 20:38:49',NULL,NULL,NULL,NULL,NULL,NULL),(30,6326,'UNHLS/CPHL Main Stores','Kampala','0000-00-00','0000-00-00',29,36,'Bio-Medical Engineer','0000-00-00','0000-00-00','0000-00-00',90,90,90,0,0,90,'50 cards','',NULL,'2019-02-24 20:38:49','2019-02-24 20:38:49',NULL,NULL,NULL,NULL,NULL,NULL),(31,6326,'UNHLS/CPHL Main Stores','Kampala','0000-00-00','0000-00-00',29,36,'Bio-Medical Engineer','0000-00-00','0000-00-00','0000-00-00',90,90,90,0,0,90,'50 cards','',NULL,'2019-02-24 20:39:41','2019-02-24 20:39:41',NULL,NULL,NULL,NULL,NULL,NULL),(32,6326,'UNHLS/CPHL Main Stores','Kampala','0000-00-00','0000-00-00',29,36,'Bio-Medical Engineer','0000-00-00','0000-00-00','0000-00-00',90,90,90,0,0,90,'50 cards','',NULL,'2019-02-24 20:39:41','2019-02-24 20:39:41',NULL,NULL,NULL,NULL,NULL,NULL),(33,6326,'UNHLS/CPHL Main Stores','Kampala','0000-00-00','0000-00-00',29,36,'Bio-Medical Engineer','0000-00-00','0000-00-00','0000-00-00',90,90,90,0,0,90,'50 cards','',NULL,'2019-02-24 20:40:04','2019-02-24 20:40:04',NULL,NULL,NULL,NULL,NULL,NULL),(34,6326,'UNHLS/CPHL Main Stores','Kampala','0000-00-00','0000-00-00',29,36,'Bio-Medical Engineer','0000-00-00','0000-00-00','0000-00-00',90,90,90,0,0,90,'50 cards','',NULL,'2019-02-24 20:40:04','2019-02-24 20:40:04',NULL,NULL,NULL,NULL,NULL,NULL),(35,6326,'UNHLS/CPHL Main Stores','Kampala','0000-00-00','0000-00-00',29,36,'Bio-Medical Engineer','0000-00-00','0000-00-00','0000-00-00',90,90,90,0,0,90,'50 cards','',NULL,'2019-02-24 20:40:36','2019-02-24 20:40:36',NULL,NULL,NULL,NULL,NULL,NULL),(36,6326,'UNHLS/CPHL Main Stores','Kampala','0000-00-00','0000-00-00',29,36,'Bio-Medical Engineer','0000-00-00','0000-00-00','0000-00-00',90,90,90,0,0,90,'50 cards','',NULL,'2019-02-24 20:40:36','2019-02-24 20:40:36',NULL,NULL,NULL,NULL,NULL,NULL),(37,6326,'UNHLS/CPHL Main Stores','Kampala','0000-00-00','0000-00-00',29,36,'Bio-Medical Engineer','0000-00-00','0000-00-00','0000-00-00',90,90,90,0,0,90,'50 cards','',NULL,'2019-02-24 20:41:30','2019-02-24 20:41:30',NULL,NULL,NULL,NULL,NULL,NULL),(38,6326,'UNHLS/CPHL Main Stores','Kampala','0000-00-00','0000-00-00',29,36,'Bio-Medical Engineer','0000-00-00','0000-00-00','0000-00-00',90,90,90,0,0,90,'50 cards','',NULL,'2019-02-24 20:41:30','2019-02-24 20:41:30',NULL,NULL,NULL,NULL,NULL,NULL),(39,6326,'UNHLS/CPHL Main Stores','Kampala','0000-00-00','0000-00-00',29,36,'Bio-Medical Engineer','0000-00-00','0000-00-00','0000-00-00',90,90,90,0,0,90,'50 cards','',NULL,'2019-02-24 20:41:56','2019-02-24 20:41:56',NULL,NULL,NULL,NULL,NULL,NULL),(40,6326,'UNHLS/CPHL Main Stores','Kampala','0000-00-00','0000-00-00',29,36,'Bio-Medical Engineer','0000-00-00','0000-00-00','0000-00-00',90,90,90,0,0,90,'50 cards','',NULL,'2019-02-24 20:41:56','2019-02-24 20:41:56',NULL,NULL,NULL,NULL,NULL,NULL),(41,6326,'UNHLS/CPHL Main Stores','Kampala','0000-00-00','0000-00-00',29,36,'Bio-Medical Engineer','0000-00-00','0000-00-00','0000-00-00',90,90,90,0,0,90,'50 cards','',NULL,'2019-02-24 20:43:17','2019-02-24 20:43:17',NULL,NULL,NULL,NULL,NULL,NULL),(42,6326,'UNHLS/CPHL Main Stores','Kampala','0000-00-00','0000-00-00',29,36,'Bio-Medical Engineer','0000-00-00','0000-00-00','0000-00-00',90,90,90,0,0,90,'50 cards','',NULL,'2019-02-24 20:43:17','2019-02-24 20:43:17',NULL,NULL,NULL,NULL,NULL,NULL),(43,5618,'UNHLS/CPHL Main Stores','Kampala','0000-00-00','0000-00-00',29,322,'Bio-Medical Engineer','0000-00-00','0000-00-00','0000-00-00',12,12,12,1,1,13,'50 cards','',NULL,'2019-02-24 20:43:44','2019-02-24 20:43:44',NULL,NULL,NULL,NULL,NULL,NULL),(44,5618,'UNHLS/CPHL Main Stores','Kampala','0000-00-00','0000-00-00',29,322,'Bio-Medical Engineer','0000-00-00','0000-00-00','0000-00-00',12,12,12,1,1,13,'50 cards','',NULL,'2019-02-24 20:43:44','2019-02-24 20:43:44',NULL,NULL,NULL,NULL,NULL,NULL),(45,9571,'UNHLS/CPHL Main Stores','Kampala','2018-08-01','2018-12-31',2,19,'Logistics Assistant','2019-02-25','2019-03-01','2019-02-28',1000,100,900,0,-700,200,'50 cards','jal waca',NULL,'2019-02-25 14:47:31','2019-02-25 14:47:31',NULL,NULL,NULL,NULL,NULL,NULL),(46,9571,'UNHLS/CPHL Main Stores','Kampala','0000-00-00','0000-00-00',2,19,'Logistics Assistant','0000-00-00','0000-00-00','0000-00-00',1000,100,900,0,-700,200,'50 cards','jal waca',NULL,'2019-02-25 14:47:31','2019-02-25 14:47:31',NULL,NULL,NULL,NULL,NULL,NULL),(47,9571,'UNHLS/CPHL Main Stores','Kampala','2018-08-01','2018-12-31',2,19,'Logistics Assistant','2019-02-25','2019-03-01','2019-02-28',1000,100,900,0,-700,200,'50 cards','jal waca',NULL,'2019-02-25 14:48:41','2019-02-25 14:48:41',NULL,NULL,NULL,NULL,NULL,NULL),(48,9571,'UNHLS/CPHL Main Stores','Kampala','0000-00-00','0000-00-00',2,19,'Logistics Assistant','0000-00-00','0000-00-00','0000-00-00',1000,100,900,0,-700,200,'50 cards','jal waca',NULL,'2019-02-25 14:48:41','2019-02-25 14:48:41',NULL,NULL,NULL,NULL,NULL,NULL),(49,9571,'UNHLS/CPHL Main Stores','Kampala','2018-08-01','2018-12-31',2,19,'Logistics Assistant','2019-02-25','2019-03-01','2019-02-28',1000,100,900,0,-700,200,'50 cards','jal waca',NULL,'2019-02-25 14:50:09','2019-02-25 14:50:09',NULL,NULL,NULL,NULL,NULL,NULL),(50,9571,'UNHLS/CPHL Main Stores','Kampala','0000-00-00','0000-00-00',2,19,'Logistics Assistant','0000-00-00','0000-00-00','0000-00-00',1000,100,900,0,-700,200,'50 cards','jal waca',NULL,'2019-02-25 14:50:09','2019-02-25 14:50:09',NULL,NULL,NULL,NULL,NULL,NULL),(51,9571,'UNHLS/CPHL Main Stores','Kampala','2018-08-01','2018-12-31',2,19,'Logistics Assistant','2019-02-25','2019-03-01','2019-02-28',1000,100,900,0,-700,200,'50 cards','jal waca',NULL,'2019-02-25 14:50:18','2019-02-25 14:50:18',NULL,NULL,NULL,NULL,NULL,NULL),(52,9571,'UNHLS/CPHL Main Stores','Kampala','0000-00-00','0000-00-00',2,19,'Logistics Assistant','0000-00-00','0000-00-00','0000-00-00',1000,100,900,0,-700,200,'50 cards','jal waca',NULL,'2019-02-25 14:50:18','2019-02-25 14:50:18',NULL,NULL,NULL,NULL,NULL,NULL),(53,6981,'UNHLS/CPHL Main Stores','Kampala','2019-02-01','2019-02-25',2,31,'Logistics Assistant','2019-02-23','2019-02-01','2019-02-25',900,0,23,23,877,900,'Test','',NULL,'2019-02-25 15:05:13','2019-02-25 15:05:13',NULL,NULL,NULL,NULL,NULL,NULL),(54,6981,'UNHLS/CPHL Main Stores','Kampala','2019-02-01','2019-02-25',2,73,'Logistics Assistant','2019-02-23','2019-02-01','2019-02-25',8171,12,1122,0,5939,7061,' 1 Book','',NULL,'2019-02-25 15:05:13','2019-02-25 15:05:13',NULL,NULL,NULL,NULL,NULL,NULL),(55,6981,'UNHLS/CPHL Main Stores','Kampala','0000-00-00','0000-00-00',2,31,'Logistics Assistant','0000-00-00','0000-00-00','0000-00-00',900,0,23,23,877,900,'Test','',NULL,'2019-02-25 15:05:13','2019-02-25 15:05:13',NULL,NULL,NULL,NULL,NULL,NULL),(56,6981,'UNHLS/CPHL Main Stores','Kampala','0000-00-00','0000-00-00',2,73,'Logistics Assistant','0000-00-00','0000-00-00','0000-00-00',8171,12,1122,0,5939,7061,' 1 Book','',NULL,'2019-02-25 15:05:13','2019-02-25 15:05:13',NULL,NULL,NULL,NULL,NULL,NULL),(57,3565,'UNHLS/CPHL Main Stores','Kampala','2019-02-25','2019-02-25',2,65,'Logistics Assistant','2019-02-25','2019-02-25','2019-02-25',1,100,90,0,-79,11,'Test','',NULL,'2019-02-25 15:30:18','2019-02-25 15:30:18',NULL,NULL,NULL,NULL,NULL,NULL),(58,3565,'UNHLS/CPHL Main Stores','Kampala','2019-02-25','2019-02-25',2,26,'Logistics Assistant','2019-02-25','2019-02-25','2019-02-25',89,89,89,0,0,89,'50 cards','',NULL,'2019-02-25 15:30:18','2019-02-25 15:30:18',NULL,NULL,NULL,NULL,NULL,NULL),(59,3565,'UNHLS/CPHL Main Stores','Kampala','2019-02-25','2019-02-25',2,48,'Logistics Assistant','2019-02-25','2019-02-25','2019-02-25',100,9,0,0,109,109,' 1 Book','',NULL,'2019-02-25 15:30:19','2019-02-25 15:30:19',NULL,NULL,NULL,NULL,NULL,NULL),(60,3565,'UNHLS/CPHL Main Stores','Kampala','2019-02-25','2019-02-25',2,43,'Logistics Assistant','2019-02-25','2019-02-25','2019-02-25',89,100,89,0,11,100,'Catridge','',NULL,'2019-02-25 15:30:19','2019-02-25 15:30:19',NULL,NULL,NULL,NULL,NULL,NULL),(61,3565,'UNHLS/CPHL Main Stores','Kampala','2019-02-25','2019-02-25',2,44,'Logistics Assistant','2019-02-25','2019-02-25','2019-02-25',7781,1219,12,0,8976,8988,'Test','',NULL,'2019-02-25 15:30:19','2019-02-25 15:30:19',NULL,NULL,NULL,NULL,NULL,NULL),(62,3565,'UNHLS/CPHL Main Stores','Kampala','0000-00-00','0000-00-00',2,65,'Logistics Assistant','0000-00-00','0000-00-00','0000-00-00',1,100,90,0,-79,11,'Test','',NULL,'2019-02-25 15:30:19','2019-02-25 15:30:19',NULL,NULL,NULL,NULL,NULL,NULL),(63,3565,'UNHLS/CPHL Main Stores','Kampala','0000-00-00','0000-00-00',2,26,'Logistics Assistant','0000-00-00','0000-00-00','0000-00-00',89,89,89,0,0,89,'50 cards','',NULL,'2019-02-25 15:30:19','2019-02-25 15:30:19',NULL,NULL,NULL,NULL,NULL,NULL),(64,3565,'UNHLS/CPHL Main Stores','Kampala','0000-00-00','0000-00-00',2,48,'Logistics Assistant','0000-00-00','0000-00-00','0000-00-00',100,9,0,0,109,109,' 1 Book','',NULL,'2019-02-25 15:30:19','2019-02-25 15:30:19',NULL,NULL,NULL,NULL,NULL,NULL),(65,3565,'UNHLS/CPHL Main Stores','Kampala','0000-00-00','0000-00-00',2,43,'Logistics Assistant','0000-00-00','0000-00-00','0000-00-00',89,100,89,0,11,100,'Catridge','',NULL,'2019-02-25 15:30:19','2019-02-25 15:30:19',NULL,NULL,NULL,NULL,NULL,NULL),(66,3565,'UNHLS/CPHL Main Stores','Kampala','0000-00-00','0000-00-00',2,44,'Logistics Assistant','0000-00-00','0000-00-00','0000-00-00',7781,1219,12,0,8976,8988,'Test','',NULL,'2019-02-25 15:30:19','2019-02-25 15:30:19',NULL,NULL,NULL,NULL,NULL,NULL),(67,3566,'UNHLS/CPHL Main Stores','Kampala','2019-01-01','2019-02-01',2,38,'Logistics Assistant','2019-02-25','2019-03-31','2019-03-31',98,9,99,0,-91,8,'Test','',NULL,'2019-02-25 15:48:18','2019-02-25 15:48:18',NULL,NULL,NULL,NULL,NULL,NULL),(68,3566,'UNHLS/CPHL Main Stores','Kampala','2019-01-01','2019-02-01',2,38,'Logistics Assistant','2019-02-25','2019-03-31','2019-03-31',98,9,99,0,-91,8,'Test','',NULL,'2019-02-25 15:49:01','2019-02-25 15:49:01',NULL,NULL,NULL,NULL,NULL,NULL),(69,3566,'UNHLS/CPHL Main Stores','Kampala','2019-01-01','2019-02-01',2,38,'Logistics Assistant','2019-02-25','2019-03-31','2019-03-31',98,9,99,0,-91,8,'Test','',NULL,'2019-02-25 15:50:31','2019-02-25 15:50:31',NULL,NULL,NULL,NULL,NULL,NULL),(70,7911,'UNHLS/CPHL Main Stores','Kampala','2018-12-01','2019-01-31',2,10,'Logistics Assistant','2019-02-25','2019-03-01','2019-02-04',89,89,89,0,0,89,'50 cards','tell me a joke',NULL,'2019-02-25 15:51:55','2019-02-25 15:51:55',NULL,NULL,NULL,NULL,NULL,NULL),(71,8082,'UNHLS/CPHL Main Stores','Kampala','2019-02-25','2019-02-25',2,10,'Logistics Assistant','2019-02-25','2019-02-25','2019-02-25',90,90,90,9,9,99,'50 cards','last one',NULL,'2019-02-25 15:53:56','2019-02-25 15:53:56',NULL,NULL,NULL,NULL,NULL,NULL),(72,8950,'UNHLS/CPHL Main Stores','Kampala','2019-01-01','2019-01-31',2,14,'Logistics Assistant','2019-02-25','2019-02-28','2019-02-26',1000,0,100,0,800,900,'50 cards','kjads',NULL,'2019-02-25 16:13:44','2019-02-25 16:13:44',NULL,NULL,NULL,NULL,NULL,NULL),(73,8950,'UNHLS/CPHL Main Stores','Kampala','2019-01-01','2019-01-31',2,140,'Logistics Assistant','2019-02-25','2019-02-28','2019-02-26',890,90,90,0,800,890,'Test','sda',NULL,'2019-02-25 16:13:45','2019-02-25 16:13:45',NULL,NULL,NULL,NULL,NULL,NULL),(74,8950,'UNHLS/CPHL Main Stores','Kampala','2019-01-01','2019-01-31',2,36,'Logistics Assistant','2019-02-25','2019-02-28','2019-02-26',89990,8990,8912,0,81156,90068,'Catridge','asdas',NULL,'2019-02-25 16:13:45','2019-02-25 16:13:45',NULL,NULL,NULL,NULL,NULL,NULL),(75,8950,'UNHLS/CPHL Main Stores','Kampala','2019-01-01','2019-01-31',2,14,'Logistics Assistant','2019-02-25','2019-02-28','2019-02-26',1000,0,100,0,800,900,'50 cards','kjads',NULL,'2019-02-25 16:14:20','2019-02-25 16:14:20',NULL,NULL,NULL,NULL,NULL,NULL),(76,8950,'UNHLS/CPHL Main Stores','Kampala','2019-01-01','2019-01-31',2,140,'Logistics Assistant','2019-02-25','2019-02-28','2019-02-26',890,90,90,0,800,890,'Test','sda',NULL,'2019-02-25 16:14:20','2019-02-25 16:14:20',NULL,NULL,NULL,NULL,NULL,NULL),(77,8950,'UNHLS/CPHL Main Stores','Kampala','2019-01-01','2019-01-31',2,36,'Logistics Assistant','2019-02-25','2019-02-28','2019-02-26',89990,8990,8912,0,81156,90068,'Catridge','asdas',NULL,'2019-02-25 16:14:20','2019-02-25 16:14:20',NULL,NULL,NULL,NULL,NULL,NULL),(78,8950,'UNHLS/CPHL Main Stores','Kampala','2019-01-01','2019-01-31',2,14,'Logistics Assistant','2019-02-25','2019-02-28','2019-02-26',1000,0,100,0,800,900,'50 cards','kjads',NULL,'2019-02-25 16:15:03','2019-02-25 16:15:03',NULL,NULL,NULL,NULL,NULL,NULL),(79,8950,'UNHLS/CPHL Main Stores','Kampala','2019-01-01','2019-01-31',2,140,'Logistics Assistant','2019-02-25','2019-02-28','2019-02-26',890,90,90,0,800,890,'Test','sda',NULL,'2019-02-25 16:15:03','2019-02-25 16:15:03',NULL,NULL,NULL,NULL,NULL,NULL),(80,8950,'UNHLS/CPHL Main Stores','Kampala','2019-01-01','2019-01-31',2,36,'Logistics Assistant','2019-02-25','2019-02-28','2019-02-26',89990,8990,8912,0,81156,90068,'Catridge','asdas',NULL,'2019-02-25 16:15:03','2019-02-25 16:15:03',NULL,NULL,NULL,NULL,NULL,NULL),(81,8950,'UNHLS/CPHL Main Stores','Kampala','2019-01-01','2019-01-31',2,14,'Logistics Assistant','2019-02-25','2019-02-28','2019-02-26',1000,0,100,0,800,900,'50 cards','kjads',NULL,'2019-02-25 16:15:19','2019-02-25 16:15:19',NULL,NULL,NULL,NULL,NULL,NULL),(82,8950,'UNHLS/CPHL Main Stores','Kampala','2019-01-01','2019-01-31',2,140,'Logistics Assistant','2019-02-25','2019-02-28','2019-02-26',890,90,90,0,800,890,'Test','sda',NULL,'2019-02-25 16:15:19','2019-02-25 16:15:19',NULL,NULL,NULL,NULL,NULL,NULL),(83,8950,'UNHLS/CPHL Main Stores','Kampala','2019-01-01','2019-01-31',2,36,'Logistics Assistant','2019-02-25','2019-02-28','2019-02-26',89990,8990,8912,0,81156,90068,'Catridge','asdas',NULL,'2019-02-25 16:15:19','2019-02-25 16:15:19',NULL,NULL,NULL,NULL,NULL,NULL),(84,8950,'UNHLS/CPHL Main Stores','Kampala','2019-01-01','2019-01-31',2,14,'Logistics Assistant','2019-02-25','2019-02-28','2019-02-26',1000,0,100,0,800,900,'50 cards','kjads',NULL,'2019-02-25 16:15:41','2019-02-25 16:15:41',NULL,NULL,NULL,NULL,NULL,NULL),(85,8950,'UNHLS/CPHL Main Stores','Kampala','2019-01-01','2019-01-31',2,140,'Logistics Assistant','2019-02-25','2019-02-28','2019-02-26',890,90,90,0,800,890,'Test','sda',NULL,'2019-02-25 16:15:41','2019-02-25 16:15:41',NULL,NULL,NULL,NULL,NULL,NULL),(86,8950,'UNHLS/CPHL Main Stores','Kampala','2019-01-01','2019-01-31',2,36,'Logistics Assistant','2019-02-25','2019-02-28','2019-02-26',89990,8990,8912,0,81156,90068,'Catridge','asdas',NULL,'2019-02-25 16:15:41','2019-02-25 16:15:41',NULL,NULL,NULL,NULL,NULL,NULL),(87,8195,'UNHLS/CPHL Main Stores','Kampala','2019-02-01','2019-02-27',2,45,'Logistics Assistant','2019-02-27','2019-02-28','2019-03-31',1000,10,1009,0,1008,1,'Test','PLEASE MAKE IT QUICK',NULL,'2019-02-27 09:04:34','2019-02-27 09:04:34',NULL,NULL,NULL,NULL,NULL,NULL),(88,8195,'UNHLS/CPHL Main Stores','Kampala','2019-02-01','2019-02-27',2,45,'Logistics Assistant','2019-02-27','2019-02-28','2019-03-31',1000,10,1009,0,1008,1,'Test','PLEASE MAKE IT QUICK',NULL,'2019-02-27 09:08:21','2019-02-27 09:08:21',NULL,NULL,NULL,NULL,NULL,NULL),(89,8195,'UNHLS/CPHL Main Stores','Kampala','2019-02-01','2019-02-27',2,45,'Logistics Assistant','2019-02-27','2019-02-28','2019-03-31',1000,10,1009,0,1008,1,'Test','PLEASE MAKE IT QUICK',NULL,'2019-02-27 09:10:28','2019-02-27 09:10:28',NULL,NULL,NULL,NULL,NULL,NULL),(90,8195,'UNHLS/CPHL Main Stores','Kampala','2019-02-01','2019-02-27',2,45,'Logistics Assistant','2019-02-27','2019-02-28','2019-03-31',1000,10,1009,0,1008,1,'Test','PLEASE MAKE IT QUICK',NULL,'2019-02-27 09:10:48','2019-02-27 09:10:48',NULL,NULL,NULL,NULL,NULL,NULL),(91,5173,'UNHLS/CPHL Main Stores','Kampala','2019-02-27','2019-02-27',2,43,'Logistics Assistant','2019-02-27','2019-02-27','2019-02-27',9000,900,9000,0,8100,900,'Catridge','it should be working',NULL,'2019-02-27 09:12:54','2019-02-27 09:12:54',NULL,NULL,NULL,NULL,NULL,NULL),(92,6555,'UNHLS/CPHL Main Stores','Kampala','2019-04-01','2019-04-30',2,38,'Logistics Assistant','2019-04-09','2019-06-30','2019-07-24',1000,100,1100,0,1100,0,'50 cards','not urgent',NULL,'2019-04-09 08:19:43','2019-04-09 08:19:43',NULL,NULL,NULL,NULL,NULL,NULL),(93,9603,'UNHLS/CPHL Main Stores','Kampala','2019-03-01','2019-04-30',2,322,'Logistics Assistant','2019-04-09','2019-04-22','2019-04-30',100,10,95,0,80,15,'Catridge','please hurry',NULL,'2019-04-09 08:34:52','2019-04-09 08:34:52',0,'suegaths@gmail.com',NULL,NULL,NULL,NULL),(94,3912,'UNHLS/CPHL Main Stores','Kampala','2019-04-01','2019-04-30',2,68,'Logistics Assistant','2019-04-18','2019-04-09','2019-04-16',12,1,13,0,13,0,'50 cards','Lol',NULL,'2019-04-18 20:42:04','2019-07-10 12:31:57',1,'suegaths@gmail.com',NULL,NULL,NULL,NULL),(95,4128,'UNHLS/CPHL Main Stores','Kampala','2019-06-03','2019-07-31',2,19,'Logistics Assistant','2019-07-10','2019-08-01','2019-07-30',1000,100,1200,200,1100,100,'50 cards','used all given',NULL,'2019-07-10 12:40:55','2019-07-10 12:40:55',0,'suegaths@gmail.com',NULL,NULL,NULL,NULL),(96,1961,'UNHLS/CPHL Main Stores','Kampala','2019-06-01','2019-07-31',2,19,'Logistics Assistant','2019-07-10','2019-09-01','2019-09-30',10,10,19,0,18,1,'Test','',NULL,'2019-07-10 12:50:33','2019-07-10 12:50:33',0,'suegaths@gmail.com',NULL,NULL,NULL,NULL),(97,1961,'UNHLS/CPHL Main Stores','Kampala','2019-06-01','2019-07-31',2,43,'Logistics Assistant','2019-07-10','2019-09-01','2019-09-30',15,0,10,0,5,5,'Catridge','',NULL,'2019-07-10 12:50:33','2019-07-10 12:50:33',0,'suegaths@gmail.com',NULL,NULL,NULL,NULL),(98,1961,'UNHLS/CPHL Main Stores','Kampala','2019-06-01','2019-07-31',2,19,'Logistics Assistant','2019-07-10','2019-09-01','2019-09-30',10,10,19,0,18,1,'Test','',NULL,'2019-07-10 12:54:05','2019-07-10 12:54:05',0,'suegaths@gmail.com',NULL,NULL,NULL,NULL),(99,1961,'UNHLS/CPHL Main Stores','Kampala','2019-06-01','2019-07-31',2,43,'Logistics Assistant','2019-07-10','2019-09-01','2019-09-30',15,0,10,0,5,5,'Catridge','',NULL,'2019-07-10 12:54:05','2019-07-10 12:54:05',0,'suegaths@gmail.com',NULL,NULL,NULL,NULL),(100,8888,'UNHLS/CPHL Main Stores','Kampala','2019-04-01','2019-07-31',2,73,'Logistics Assistant','2019-07-10','2019-09-16','2019-09-30',1000,10,910,0,810,100,'50 cards','',NULL,'2019-07-10 13:01:48','2019-07-10 13:01:48',0,'suegaths@gmail.com',NULL,NULL,NULL,NULL),(101,8888,'UNHLS/CPHL Main Stores','Kampala','2019-04-01','2019-07-31',2,61,'Logistics Assistant','2019-07-10','2019-09-16','2019-09-30',2000,0,1800,0,1600,200,'Catridge','',NULL,'2019-07-10 13:01:48','2019-07-10 13:01:48',0,'suegaths@gmail.com',NULL,NULL,NULL,NULL),(102,7829,'UNHLS/CPHL Main Stores','Kampala','2019-01-01','2019-06-30',2,65,'Logistics Assistant','2019-07-10','2019-08-21','2019-08-30',1000,100,1050,0,1000,50,'50 cards','',NULL,'2019-07-10 13:04:47','2019-07-10 13:04:47',0,'suegaths@gmail.com',NULL,NULL,NULL,NULL),(103,7829,'UNHLS/CPHL Main Stores','Kampala','2019-01-01','2019-06-30',2,64,'Logistics Assistant','2019-07-10','2019-08-21','2019-08-30',3000,2500,5010,0,4520,490,'Test','',NULL,'2019-07-10 13:04:47','2019-07-10 13:04:47',0,'suegaths@gmail.com',NULL,NULL,NULL,NULL),(104,7829,'UNHLS/CPHL Main Stores','Kampala','2019-01-01','2019-06-30',2,29,'Logistics Assistant','2019-07-10','2019-08-21','2019-08-30',1000,10,990,0,970,20,' 1 Book','',NULL,'2019-07-10 13:04:47','2019-07-10 13:04:47',0,'suegaths@gmail.com',NULL,NULL,NULL,NULL),(105,3569,'UNHLS/CPHL Main Stores','Kampala','2019-07-01','2019-07-17',10,322,'Logistics Head','2019-07-10','2019-07-16','2019-07-25',123,1,123,0,122,1,'50 cards','',NULL,'2019-07-10 16:08:48','2019-07-10 16:08:48',0,'kitoneivanodich@gmail.com',NULL,NULL,NULL,NULL),(106,3569,'UNHLS/CPHL Main Stores','Kampala','2019-07-01','2019-07-17',10,322,'Logistics Head','2019-07-10','2019-07-16','2019-07-25',123,1,123,0,122,1,'50 cards','',NULL,'2019-07-10 16:09:11','2019-07-10 16:09:11',0,'kitoneivanodich@gmail.com',NULL,NULL,NULL,NULL),(107,3569,'UNHLS/CPHL Main Stores','Kampala','2019-07-01','2019-07-17',10,322,'Logistics Head','2019-07-10','2019-07-16','2019-07-25',123,1,123,0,122,1,'50 cards','',NULL,'2019-07-10 16:09:36','2019-07-10 16:09:36',0,'kitoneivanodich@gmail.com',NULL,NULL,NULL,NULL),(108,3569,'UNHLS/CPHL Main Stores','Kampala','2019-07-01','2019-07-17',10,322,'Logistics Head','2019-07-10','2019-07-16','2019-07-25',123,1,123,0,122,1,'50 cards','',NULL,'2019-07-10 16:09:47','2019-07-10 16:09:47',0,'kitoneivanodich@gmail.com',NULL,NULL,NULL,NULL),(109,3569,'UNHLS/CPHL Main Stores','Kampala','2019-07-01','2019-07-17',10,322,'Logistics Head','2019-07-10','2019-07-16','2019-07-25',123,1,123,0,122,1,'50 cards','',NULL,'2019-07-10 16:09:56','2019-07-10 16:09:56',0,'kitoneivanodich@gmail.com',NULL,NULL,NULL,NULL),(110,3569,'UNHLS/CPHL Main Stores','Kampala','2019-07-01','2019-07-17',10,322,'Logistics Head','2019-07-10','2019-07-16','2019-07-25',123,1,123,0,122,1,'50 cards','',NULL,'2019-07-10 16:10:02','2019-07-10 16:10:02',0,'kitoneivanodich@gmail.com',NULL,NULL,NULL,NULL),(111,3569,'UNHLS/CPHL Main Stores','Kampala','2019-07-01','2019-07-17',10,322,'Logistics Head','2019-07-10','2019-07-16','2019-07-25',123,1,123,0,122,1,'50 cards','',NULL,'2019-07-10 16:10:42','2019-07-10 16:10:42',0,'kitoneivanodich@gmail.com',NULL,NULL,NULL,NULL),(112,3569,'UNHLS/CPHL Main Stores','Kampala','2019-07-01','2019-07-17',10,322,'Logistics Head','2019-07-10','2019-07-16','2019-07-25',123,1,123,0,122,1,'50 cards','',NULL,'2019-07-10 16:10:51','2019-07-10 16:10:51',0,'kitoneivanodich@gmail.com',NULL,NULL,NULL,NULL),(113,3569,'UNHLS/CPHL Main Stores','Kampala','2019-07-01','2019-07-17',10,322,'Logistics Head','2019-07-10','2019-07-16','2019-07-25',123,1,123,0,122,1,'50 cards','',NULL,'2019-07-10 16:11:01','2019-07-10 16:11:01',0,'kitoneivanodich@gmail.com',NULL,NULL,NULL,NULL),(114,3569,'UNHLS/CPHL Main Stores','Kampala','2019-07-01','2019-07-17',10,322,'Logistics Head','2019-07-10','2019-07-16','2019-07-25',123,1,123,0,122,1,'50 cards','',NULL,'2019-07-10 16:11:12','2019-07-10 16:11:12',0,'kitoneivanodich@gmail.com',NULL,NULL,NULL,NULL),(115,3569,'UNHLS/CPHL Main Stores','Kampala','2019-07-01','2019-07-17',10,322,'Logistics Head','2019-07-10','2019-07-16','2019-07-25',123,1,123,0,122,1,'50 cards','',NULL,'2019-07-10 16:11:47','2019-07-10 16:11:47',0,'kitoneivanodich@gmail.com',NULL,NULL,NULL,NULL),(116,3569,'UNHLS/CPHL Main Stores','Kampala','2019-07-01','2019-07-17',10,322,'Logistics Head','2019-07-10','2019-07-16','2019-07-25',123,1,123,0,122,1,'50 cards','',NULL,'2019-07-10 16:11:55','2019-07-10 16:11:55',0,'kitoneivanodich@gmail.com',NULL,NULL,NULL,NULL),(117,3569,'UNHLS/CPHL Main Stores','Kampala','2019-07-01','2019-07-17',10,322,'Logistics Head','2019-07-10','2019-07-16','2019-07-25',123,1,123,0,122,1,'50 cards','',NULL,'2019-07-10 16:12:15','2019-07-10 16:12:15',0,'kitoneivanodich@gmail.com',NULL,NULL,NULL,NULL),(118,3569,'UNHLS/CPHL Main Stores','Kampala','2019-07-01','2019-07-17',10,322,'Logistics Head','2019-07-10','2019-07-16','2019-07-25',123,1,123,0,122,1,'50 cards','',NULL,'2019-07-10 16:19:19','2019-07-10 16:19:19',0,'kitoneivanodich@gmail.com',NULL,NULL,NULL,NULL),(119,3569,'UNHLS/CPHL Main Stores','Kampala','2019-07-01','2019-07-17',10,322,'Logistics Head','2019-07-10','2019-07-16','2019-07-25',123,1,123,0,122,1,'50 cards','',NULL,'2019-07-10 16:21:28','2019-07-10 16:21:28',0,'kitoneivanodich@gmail.com',NULL,NULL,NULL,NULL),(120,3569,'UNHLS/CPHL Main Stores','Kampala','2019-07-01','2019-07-17',10,322,'Logistics Head','2019-07-10','2019-07-16','2019-07-25',123,1,123,0,122,1,'50 cards','',NULL,'2019-07-10 16:23:56','2019-07-10 16:23:56',0,'kitoneivanodich@gmail.com',NULL,NULL,NULL,NULL),(121,3569,'UNHLS/CPHL Main Stores','Kampala','2019-07-01','2019-07-17',10,322,'Logistics Head','2019-07-10','2019-07-16','2019-07-25',123,1,123,0,122,1,'50 cards','',NULL,'2019-07-10 16:27:01','2019-07-10 16:27:01',0,'kitoneivanodich@gmail.com',NULL,NULL,NULL,NULL),(122,3569,'UNHLS/CPHL Main Stores','Kampala','2019-07-01','2019-07-17',10,322,'Logistics Head','2019-07-10','2019-07-16','2019-07-25',123,1,123,0,122,1,'50 cards','',NULL,'2019-07-10 16:28:14','2019-07-10 16:28:14',0,'kitoneivanodich@gmail.com',NULL,NULL,NULL,NULL),(123,3569,'UNHLS/CPHL Main Stores','Kampala','2019-07-01','2019-07-17',10,36,'Logistics Head','2019-07-10','2019-07-16','2019-07-25',123,10,100,0,67,33,'Test','',NULL,'2019-07-10 16:30:27','2019-07-10 16:30:27',0,'kitoneivanodich@gmail.com',NULL,NULL,NULL,NULL),(124,3569,'UNHLS/CPHL Main Stores','Kampala','2019-07-01','2019-07-17',10,20,'Logistics Head','2019-07-10','2019-07-16','2019-07-25',100,10,110,0,110,0,'Test','',NULL,'2019-07-10 16:31:18','2019-07-10 16:31:18',0,'kitoneivanodich@gmail.com',NULL,NULL,NULL,NULL),(125,3569,'UNHLS/CPHL Main Stores','Kampala','2019-07-01','2019-07-17',10,20,'Logistics Head','2019-07-10','2019-07-16','2019-07-25',100,10,110,0,110,0,'Test','',NULL,'2019-07-10 16:32:26','2019-07-10 16:32:26',0,'kitoneivanodich@gmail.com',NULL,NULL,NULL,NULL),(126,3569,'UNHLS/CPHL Main Stores','Kampala','2019-07-01','2019-07-17',10,20,'Logistics Head','2019-07-10','2019-07-16','2019-07-25',100,10,110,0,110,0,'Test','',NULL,'2019-07-10 16:33:29','2019-07-10 16:33:29',0,'kitoneivanodich@gmail.com',NULL,NULL,NULL,NULL),(127,3569,'UNHLS/CPHL Main Stores','Kampala','2019-07-01','2019-07-17',10,20,'Logistics Head','2019-07-10','2019-07-16','2019-07-25',100,10,110,0,110,0,'Test','',NULL,'2019-07-10 16:36:01','2019-07-10 16:36:01',0,'kitoneivanodich@gmail.com',NULL,NULL,NULL,NULL),(128,3569,'UNHLS/CPHL Main Stores','Kampala','2019-07-01','2019-07-17',10,20,'Logistics Head','2019-07-10','2019-07-16','2019-07-25',100,10,110,0,110,0,'Test','',NULL,'2019-07-10 16:39:20','2019-07-10 16:39:20',0,'kitoneivanodich@gmail.com',NULL,NULL,NULL,NULL),(129,5251,'UNHLS/CPHL Main Stores','Kampala','2019-07-01','2019-07-02',10,22,'Logistics Head','2019-07-10','2019-07-22','2019-07-31',10,0,9,0,8,1,'Test','',NULL,'2019-07-10 16:44:10','2019-07-10 16:44:10',0,'kitoneivanodich@gmail.com',NULL,NULL,NULL,NULL),(130,5251,'UNHLS/CPHL Main Stores','Kampala','2019-07-01','2019-07-02',10,22,'Logistics Head','2019-07-10','2019-07-22','2019-07-31',10,0,9,0,8,1,'Test','',NULL,'2019-07-10 16:44:17','2019-07-10 16:44:17',0,'kitoneivanodich@gmail.com',NULL,NULL,NULL,NULL),(131,7604,'UNHLS/CPHL Main Stores','Kampala','2019-07-01','2019-07-02',10,48,'Logistics Head','2019-07-10','2019-07-22','2019-07-31',12,1,12,0,11,1,'Test','',NULL,'2019-07-10 16:59:36','2019-07-10 16:59:36',0,'kitoneivanodich@gmail.com',NULL,NULL,NULL,NULL),(132,7604,'UNHLS/CPHL Main Stores','Kampala','2019-07-01','2019-07-02',10,48,'Logistics Head','2019-07-10','2019-07-22','2019-07-31',12,1,12,0,11,1,'Test','',NULL,'2019-07-10 17:00:43','2019-07-10 17:00:43',0,'kitoneivanodich@gmail.com',NULL,NULL,NULL,NULL),(133,7604,'UNHLS/CPHL Main Stores','Kampala','2019-07-01','2019-07-02',10,48,'Logistics Head','2019-07-10','2019-07-22','2019-07-31',12,1,12,0,11,1,'Test','',NULL,'2019-07-10 17:01:25','2019-07-10 17:01:25',0,'kitoneivanodich@gmail.com',NULL,NULL,NULL,NULL),(134,7604,'UNHLS/CPHL Main Stores','Kampala','2019-07-01','2019-07-02',10,48,'Logistics Head','2019-07-10','2019-07-22','2019-07-31',12,1,12,0,11,1,'Test','',NULL,'2019-07-10 17:03:54','2019-07-10 17:03:54',0,'kitoneivanodich@gmail.com',NULL,NULL,NULL,NULL),(135,7604,'UNHLS/CPHL Main Stores','Kampala','2019-07-01','2019-07-02',10,48,'Logistics Head','2019-07-10','2019-07-22','2019-07-31',12,1,12,0,11,1,'Test','',NULL,'2019-07-10 17:04:53','2019-07-10 17:04:53',0,'kitoneivanodich@gmail.com',NULL,NULL,NULL,NULL),(136,7604,'UNHLS/CPHL Main Stores','Kampala','2019-07-01','2019-07-02',10,48,'Logistics Head','2019-07-10','2019-07-22','2019-07-31',12,1,12,0,11,1,'Test','',NULL,'2019-07-10 17:06:30','2019-07-10 17:06:30',0,'kitoneivanodich@gmail.com',NULL,NULL,NULL,NULL),(137,7604,'UNHLS/CPHL Main Stores','Kampala','2019-07-01','2019-07-02',10,48,'Logistics Head','2019-07-10','2019-07-22','2019-07-31',12,1,12,0,11,1,'Test','',NULL,'2019-07-10 17:07:11','2019-07-10 17:07:11',0,'kitoneivanodich@gmail.com',NULL,NULL,NULL,NULL),(138,5458,'UNHLS/CPHL Main Stores','Kampala','2019-07-01','2019-07-15',1,26,'Systems Administrator','2019-07-10','2019-07-30','2019-07-31',90,90,90,0,0,90,'Test','',NULL,'2019-07-10 17:20:37','2019-07-10 17:20:37',0,'',NULL,NULL,NULL,NULL),(139,5458,'UNHLS/CPHL Main Stores','Kampala','2019-07-01','2019-07-15',1,26,'Systems Administrator','2019-07-10','2019-07-30','2019-07-31',90,90,90,0,0,90,'Test','',NULL,'2019-07-10 17:24:10','2019-07-10 17:24:10',0,'',NULL,NULL,NULL,NULL),(140,5458,'UNHLS/CPHL Main Stores','Kampala','2019-07-01','2019-07-15',1,26,'Systems Administrator','2019-07-10','2019-07-30','2019-07-31',90,90,90,0,0,90,'Test','',NULL,'2019-07-10 17:24:59','2019-07-10 17:24:59',0,'',NULL,NULL,NULL,NULL),(141,5458,'UNHLS/CPHL Main Stores','Kampala','2019-07-01','2019-07-15',1,26,'Systems Administrator','2019-07-10','2019-07-30','2019-07-31',90,90,90,0,0,90,'Test','',NULL,'2019-07-10 17:25:48','2019-07-10 17:25:48',0,'',NULL,NULL,NULL,NULL),(142,5458,'UNHLS/CPHL Main Stores','Kampala','2019-07-01','2019-07-15',1,26,'Systems Administrator','2019-07-10','2019-07-30','2019-07-31',90,90,90,0,0,90,'Test','',NULL,'2019-07-10 17:27:27','2019-07-10 17:27:27',0,'',NULL,NULL,NULL,NULL),(143,5458,'UNHLS/CPHL Main Stores','Kampala','2019-07-01','2019-07-15',1,26,'Systems Administrator','2019-07-10','2019-07-30','2019-07-31',90,90,90,0,0,90,'Test','',NULL,'2019-07-10 17:27:57','2019-07-10 17:27:57',0,'',NULL,NULL,NULL,NULL),(144,5458,'UNHLS/CPHL Main Stores','Kampala','2019-07-01','2019-07-15',1,26,'Systems Administrator','2019-07-10','2019-07-30','2019-07-31',90,90,90,0,0,90,'Test','',NULL,'2019-07-10 17:30:11','2019-07-10 17:30:11',0,'',NULL,NULL,NULL,NULL),(145,5458,'UNHLS/CPHL Main Stores','Kampala','2019-07-01','2019-07-15',1,26,'Systems Administrator','2019-07-10','2019-07-30','2019-07-31',90,90,90,0,0,90,'Test','',NULL,'2019-07-10 17:35:54','2019-07-10 17:35:54',0,'',NULL,NULL,NULL,NULL),(146,5458,'UNHLS/CPHL Main Stores','Kampala','2019-07-01','2019-07-15',1,26,'Systems Administrator','2019-07-10','2019-07-30','2019-07-31',90,90,90,0,0,90,'Test','',NULL,'2019-07-10 17:37:19','2019-07-10 17:37:19',0,'',NULL,NULL,NULL,NULL),(147,5458,'UNHLS/CPHL Main Stores','Kampala','2019-07-01','2019-07-15',1,26,'Systems Administrator','2019-07-10','2019-07-30','2019-07-31',90,90,90,0,0,90,'Test','',NULL,'2019-07-10 17:39:33','2019-07-10 17:39:33',0,'',NULL,NULL,NULL,NULL),(148,5458,'UNHLS/CPHL Main Stores','Kampala','2019-07-01','2019-07-15',1,26,'Systems Administrator','2019-07-10','2019-07-30','2019-07-31',90,90,90,0,0,90,'Test','',NULL,'2019-07-10 17:42:26','2019-07-10 17:42:26',0,'',NULL,NULL,NULL,NULL),(149,5458,'UNHLS/CPHL Main Stores','Kampala','2019-07-01','2019-07-15',1,26,'Systems Administrator','2019-07-10','2019-07-30','2019-07-31',90,90,90,0,0,90,'Test','',NULL,'2019-07-10 17:43:44','2019-07-10 17:43:44',0,'',NULL,NULL,NULL,NULL),(150,5458,'UNHLS/CPHL Main Stores','Kampala','2019-07-01','2019-07-15',1,26,'Systems Administrator','2019-07-10','2019-07-30','2019-07-31',90,90,90,0,0,90,'Test','',NULL,'2019-07-10 17:47:47','2019-07-10 17:47:47',0,'',NULL,NULL,NULL,NULL),(151,5458,'UNHLS/CPHL Main Stores','Kampala','2019-07-01','2019-07-15',1,26,'Systems Administrator','2019-07-10','2019-07-30','2019-07-31',90,90,90,0,0,90,'Test','',NULL,'2019-07-10 17:49:11','2019-07-10 17:49:11',0,'',NULL,NULL,NULL,NULL),(152,5458,'UNHLS/CPHL Main Stores','Kampala','2019-07-01','2019-07-15',1,26,'Systems Administrator','2019-07-10','2019-07-30','2019-07-31',90,90,90,0,0,90,'Test','',NULL,'2019-07-10 17:51:13','2019-07-10 17:51:13',0,'',NULL,NULL,NULL,NULL),(153,5458,'UNHLS/CPHL Main Stores','Kampala','2019-07-01','2019-07-15',1,26,'Systems Administrator','2019-07-10','2019-07-30','2019-07-31',90,90,90,0,0,90,'Test','',NULL,'2019-07-10 17:52:22','2019-07-10 17:52:22',0,'',NULL,NULL,NULL,NULL),(154,5458,'UNHLS/CPHL Main Stores','Kampala','2019-07-01','2019-07-15',1,26,'Systems Administrator','2019-07-10','2019-07-30','2019-07-31',90,90,90,0,0,90,'Test','',NULL,'2019-07-10 17:53:01','2019-07-10 17:53:01',0,'',NULL,NULL,NULL,NULL),(155,5458,'UNHLS/CPHL Main Stores','Kampala','2019-07-01','2019-07-15',1,26,'Systems Administrator','2019-07-10','2019-07-30','2019-07-31',90,90,90,0,0,90,'Test','',NULL,'2019-07-10 17:54:50','2019-07-10 17:54:50',0,'',NULL,NULL,NULL,NULL),(156,5458,'UNHLS/CPHL Main Stores','Kampala','2019-07-01','2019-07-15',1,26,'Systems Administrator','2019-07-10','2019-07-30','2019-07-31',90,90,90,0,0,90,'Test','',NULL,'2019-07-10 17:55:56','2019-07-10 17:55:56',0,'',NULL,NULL,NULL,NULL),(157,9235,'UNHLS/CPHL Main Stores','Kampala','2019-07-01','2019-07-07',2,36,'Logistics Assistant','2019-07-10','2019-07-30','2019-07-31',10,1,11,0,11,0,'Test','',NULL,'2019-07-11 08:17:28','2019-07-11 08:17:28',0,'suegaths@gmail.com',NULL,NULL,NULL,NULL),(158,9235,'UNHLS/CPHL Main Stores','Kampala','2019-07-01','2019-07-07',2,36,'Logistics Assistant','2019-07-10','2019-07-30','2019-07-31',10,1,11,0,11,0,'Test','',NULL,'2019-07-11 08:18:26','2019-07-11 08:18:26',0,'suegaths@gmail.com',NULL,NULL,NULL,NULL),(159,9639,'UNHLS/CPHL Main Stores','Kampala','2019-06-01','2019-07-01',2,10,'Logistics Assistant','2019-07-10','2019-07-31','2019-08-31',100,10,110,0,110,0,'Test','',NULL,'2019-07-11 08:41:35','2019-07-11 08:41:35',0,'suegaths@gmail.com',NULL,NULL,NULL,NULL),(160,9424,'UNHLS/CPHL Main Stores','Kampala','2019-06-01','2019-07-31',10,43,'Logistics Head','2019-07-11','2019-08-21','2019-08-31',10,1,9,0,7,2,'Test','',NULL,'2019-07-11 09:50:28','2019-07-21 15:21:23',1,'kitoneivanodich@gmail.com',NULL,NULL,NULL,NULL),(161,9424,'UNHLS/CPHL Main Stores','Kampala','2019-06-01','2019-07-31',10,43,'Logistics Head','2019-07-11','2019-08-21','2019-08-31',10,1,9,0,7,2,'Test','',NULL,'2019-07-11 09:55:28','2019-07-21 15:21:27',1,'kitoneivanodich@gmail.com',NULL,NULL,NULL,NULL),(162,9424,'UNHLS/CPHL Main Stores','Kampala','2019-06-01','2019-07-31',10,43,'Logistics Head','2019-07-11','2019-08-21','2019-08-31',10,1,9,0,7,2,'Test','',NULL,'2019-07-11 09:57:30','2019-07-21 15:21:31',2,'kitoneivanodich@gmail.com',NULL,NULL,NULL,NULL),(163,9424,'UNHLS/CPHL Main Stores','Kampala','2019-06-01','2019-07-31',10,43,'Logistics Head','2019-07-11','2019-08-21','2019-08-31',10,1,9,0,7,2,'Test','',NULL,'2019-07-11 10:01:23','2019-07-11 10:01:23',0,'kitoneivanodich@gmail.com',NULL,NULL,NULL,NULL);

--
-- Table structure for table `organization_types`
--

CREATE TABLE `organization_types` (
  `id` int(10) unsigned NOT NULL AUTO_INCREMENT,
  `name` varchar(255) COLLATE utf8_unicode_ci NOT NULL,
  `descr` varchar(125) COLLATE utf8_unicode_ci NOT NULL,
  PRIMARY KEY (`id`)
) ENGINE=InnoDB DEFAULT CHARSET=utf8 COLLATE=utf8_unicode_ci;

--
-- Dumping data for table `organization_types`
--


--
-- Table structure for table `organizations`
--

CREATE TABLE `organizations` (
  `id` int(10) unsigned NOT NULL AUTO_INCREMENT,
  `name` varchar(50) COLLATE utf8_unicode_ci NOT NULL,
  `type` int(11) NOT NULL,
  `contact_person` int(11) NOT NULL,
  `contact_person2` int(11) NOT NULL,
  `ip_classification` varchar(5) COLLATE utf8_unicode_ci NOT NULL,
  `telephone` varchar(20) COLLATE utf8_unicode_ci NOT NULL,
  `telephone2` varchar(20) COLLATE utf8_unicode_ci NOT NULL,
  `email` varchar(64) COLLATE utf8_unicode_ci NOT NULL,
  `email2` varchar(64) COLLATE utf8_unicode_ci NOT NULL,
  `postal_address` varchar(40) COLLATE utf8_unicode_ci NOT NULL,
  `physical_address` varchar(40) COLLATE utf8_unicode_ci NOT NULL,
  PRIMARY KEY (`id`)
) ENGINE=InnoDB DEFAULT CHARSET=utf8 COLLATE=utf8_unicode_ci;

--
-- Dumping data for table `organizations`
--


--
-- Table structure for table `permission_role`
--

CREATE TABLE `permission_role` (
  `id` int(10) unsigned NOT NULL AUTO_INCREMENT,
  `permission_id` int(10) unsigned NOT NULL,
  `role_id` int(10) unsigned NOT NULL,
  PRIMARY KEY (`id`),
  KEY `permission_role_permission_id_foreign` (`permission_id`),
  KEY `permission_role_role_id_foreign` (`role_id`),
  CONSTRAINT `permission_role_permission_id_foreign` FOREIGN KEY (`permission_id`) REFERENCES `permissions` (`id`),
  CONSTRAINT `permission_role_role_id_foreign` FOREIGN KEY (`role_id`) REFERENCES `roles` (`id`)
) ENGINE=InnoDB AUTO_INCREMENT=2203 DEFAULT CHARSET=utf8 COLLATE=utf8_unicode_ci;

--
-- Dumping data for table `permission_role`
--

INSERT INTO `permission_role` VALUES (1,1,1),(2,2,1),(3,3,1),(4,4,1),(5,5,1),(6,6,1),(7,7,1),(8,8,1),(9,9,1),(10,10,1),(11,11,1),(12,12,1),(13,13,1),(14,14,1),(15,15,1),(16,16,1),(17,17,1),(18,18,1),(19,19,1),(20,20,1),(21,21,1),(22,22,1),(23,23,1),(24,24,1),(25,25,1),(26,26,1),(27,1,1),(28,2,1),(29,3,1),(30,4,1),(31,5,1),(32,6,1),(33,7,1),(34,8,1),(35,9,1),(36,10,1),(37,11,1),(38,11,4),(39,12,1),(40,12,4),(41,13,1),(42,13,4),(43,14,1),(44,15,1),(45,15,4),(46,16,1),(47,17,1),(48,18,1),(49,18,4),(50,19,1),(51,19,4),(52,20,1),(53,20,4),(54,21,1),(55,21,4),(56,22,1),(57,22,4),(58,23,1),(59,24,1),(60,25,1),(61,26,1),(62,1,1),(63,1,4),(64,2,1),(65,3,1),(66,4,1),(67,5,1),(68,6,1),(69,7,1),(70,8,1),(71,9,1),(72,10,1),(73,11,1),(74,11,4),(75,12,1),(76,12,4),(77,13,1),(78,13,4),(79,14,1),(80,15,1),(81,15,4),(82,16,1),(83,17,1),(84,18,1),(85,18,4),(86,19,1),(87,19,4),(88,20,1),(89,20,4),(90,21,1),(91,21,4),(92,22,1),(93,22,4),(94,23,1),(95,24,1),(96,25,1),(97,26,1),(98,1,1),(99,1,4),(100,2,1),(101,3,1),(102,4,1),(103,5,1),(104,6,1),(105,7,1),(106,8,1),(107,9,1),(108,10,1),(109,11,1),(110,11,4),(111,12,1),(112,12,4),(113,13,1),(114,13,4),(115,14,1),(116,15,1),(117,15,4),(118,16,1),(119,17,1),(120,18,1),(121,18,4),(122,19,1),(123,19,4),(124,20,1),(125,20,4),(126,21,1),(127,21,4),(128,22,1),(129,22,4),(130,23,1),(131,24,1),(132,25,1),(133,26,1),(135,1,1),(136,1,4),(137,2,1),(138,3,1),(139,4,1),(140,5,1),(141,6,1),(142,7,1),(143,8,1),(144,9,1),(145,10,1),(146,11,1),(147,11,4),(148,12,1),(149,12,4),(150,13,1),(151,13,4),(152,14,1),(153,15,1),(154,15,4),(155,16,1),(156,17,1),(157,18,1),(158,18,4),(159,19,1),(160,19,4),(161,20,1),(162,20,4),(163,21,1),(164,21,4),(165,22,1),(166,22,4),(167,23,1),(168,24,1),(169,25,1),(170,26,1),(173,1,1),(174,1,4),(175,2,1),(176,3,1),(177,4,1),(178,5,1),(179,6,1),(180,7,1),(181,8,1),(182,9,1),(183,10,1),(184,11,1),(185,11,4),(186,12,1),(187,12,4),(188,13,1),(189,13,4),(190,14,1),(191,14,8),(192,15,1),(193,15,4),(194,16,1),(195,16,8),(196,17,1),(197,18,1),(198,18,4),(199,18,8),(200,19,1),(201,19,4),(202,20,1),(203,20,4),(204,21,1),(205,21,4),(206,22,1),(207,22,4),(208,23,1),(209,23,8),(210,24,1),(211,25,1),(212,26,1),(215,1,1),(216,1,4),(217,1,9),(218,2,1),(219,3,1),(220,4,1),(221,5,1),(222,6,1),(223,7,1),(224,8,1),(225,9,1),(226,10,1),(227,11,1),(228,11,4),(229,12,1),(230,12,4),(231,13,1),(232,13,4),(233,14,1),(234,14,8),(235,15,1),(236,15,4),(237,16,1),(238,16,8),(239,17,1),(240,18,1),(241,18,4),(242,18,8),(243,19,1),(244,19,4),(245,20,1),(246,20,4),(247,21,1),(248,21,4),(249,22,1),(250,22,4),(251,23,1),(252,23,8),(253,24,1),(254,25,1),(255,26,1),(258,27,9),(259,1,1),(260,1,4),(261,1,9),(262,2,1),(263,3,1),(264,4,1),(265,5,1),(266,6,1),(267,7,1),(268,8,1),(269,9,1),(270,10,1),(271,11,1),(272,11,4),(273,12,1),(274,12,4),(275,13,1),(276,13,4),(277,14,1),(278,14,8),(279,14,9),(280,15,1),(281,15,4),(282,16,1),(283,16,8),(284,17,1),(285,18,1),(286,18,4),(287,18,8),(288,19,1),(289,19,4),(290,20,1),(291,20,4),(292,21,1),(293,21,4),(294,22,1),(295,22,4),(296,23,1),(297,23,8),(298,24,1),(299,25,1),(300,26,1),(303,27,9),(304,1,1),(305,1,4),(306,1,9),(307,2,1),(308,3,1),(309,4,1),(310,5,1),(311,6,1),(312,7,1),(313,8,1),(314,9,1),(315,10,1),(316,11,1),(317,11,4),(318,12,1),(319,12,4),(320,13,1),(321,13,4),(322,14,1),(323,14,8),(324,14,9),(325,15,1),(326,15,4),(327,16,1),(328,16,8),(329,17,1),(330,18,1),(331,18,4),(332,18,8),(333,18,10),(334,19,1),(335,19,4),(336,20,1),(337,20,4),(338,21,1),(339,21,4),(340,22,1),(341,22,4),(342,23,1),(343,23,8),(344,24,1),(345,25,1),(346,26,1),(349,27,9),(350,27,10),(351,1,1),(352,1,4),(353,1,9),(354,2,1),(355,3,1),(356,4,1),(357,5,1),(358,6,1),(359,7,1),(360,8,1),(361,9,1),(362,10,1),(363,11,1),(364,11,4),(365,12,1),(366,12,4),(367,13,1),(368,13,4),(369,14,1),(370,14,8),(371,14,9),(372,14,10),(373,15,1),(374,15,4),(375,16,1),(376,16,8),(377,17,1),(378,18,1),(379,18,4),(380,18,8),(381,18,10),(382,19,1),(383,19,4),(384,20,1),(385,20,4),(386,21,1),(387,21,4),(388,22,1),(389,22,4),(390,23,1),(391,23,8),(392,24,1),(393,25,1),(394,26,1),(397,27,9),(398,27,10),(399,1,1),(400,1,3),(401,1,4),(402,1,9),(403,2,1),(404,3,1),(405,4,1),(406,5,1),(407,6,1),(408,7,1),(409,8,1),(410,9,1),(411,10,1),(412,11,1),(413,11,4),(414,12,1),(415,12,4),(416,13,1),(417,13,4),(418,14,1),(419,14,8),(420,14,9),(421,14,10),(422,15,1),(423,15,4),(424,16,1),(425,16,8),(426,17,1),(427,18,1),(428,18,4),(429,18,8),(430,18,10),(431,19,1),(432,19,4),(433,20,1),(434,20,4),(435,21,1),(436,21,4),(437,22,1),(438,22,4),(439,23,1),(440,23,8),(441,24,1),(442,25,1),(443,26,1),(446,27,9),(447,27,10),(448,1,1),(449,1,3),(450,1,4),(451,1,9),(452,2,1),(453,3,1),(454,4,1),(455,5,1),(456,6,1),(457,7,1),(458,8,1),(459,9,1),(460,10,1),(461,11,1),(462,11,4),(463,12,1),(464,12,4),(465,13,1),(466,13,2),(467,13,3),(468,13,4),(469,13,5),(470,13,6),(471,13,7),(472,13,8),(473,13,9),(474,13,10),(475,14,1),(476,14,8),(477,14,9),(478,14,10),(479,15,1),(480,15,4),(481,16,1),(482,16,8),(483,17,1),(484,18,1),(485,18,4),(486,18,8),(487,18,10),(488,19,1),(489,19,4),(490,20,1),(491,20,4),(492,21,1),(493,21,4),(494,22,1),(495,22,4),(496,23,1),(497,23,8),(498,24,1),(499,25,1),(500,26,1),(503,27,9),(504,27,10),(505,1,1),(506,1,3),(507,1,4),(508,1,9),(509,2,1),(510,3,1),(511,4,1),(512,5,1),(513,6,1),(514,6,5),(515,7,1),(516,8,1),(517,9,1),(518,10,1),(519,11,1),(520,11,4),(521,12,1),(522,12,4),(523,13,1),(524,13,2),(525,13,3),(526,13,4),(527,13,5),(528,13,6),(529,13,7),(530,13,8),(531,13,9),(532,13,10),(533,14,1),(534,14,8),(535,14,9),(536,14,10),(537,15,1),(538,15,4),(539,16,1),(540,16,8),(541,17,1),(542,18,1),(543,18,4),(544,18,8),(545,18,10),(546,19,1),(547,19,4),(548,20,1),(549,20,4),(550,21,1),(551,21,4),(552,22,1),(553,22,4),(554,23,1),(555,23,8),(556,24,1),(557,25,1),(558,26,1),(559,27,9),(560,27,10),(561,1,1),(562,1,3),(563,1,4),(564,1,9),(565,2,1),(566,3,1),(567,4,1),(568,5,1),(569,6,1),(570,6,5),(571,7,1),(572,8,1),(573,9,1),(574,10,1),(575,11,1),(576,11,4),(577,12,1),(578,12,4),(579,13,1),(580,13,2),(581,13,3),(582,13,4),(583,13,5),(584,13,6),(585,13,7),(586,13,8),(587,13,9),(588,13,10),(589,13,11),(590,14,1),(591,14,8),(592,14,9),(593,14,10),(594,15,1),(595,15,4),(596,16,1),(597,16,8),(598,17,1),(599,18,1),(600,18,4),(601,18,8),(602,18,10),(603,19,1),(604,19,4),(605,20,1),(606,20,4),(607,21,1),(608,21,4),(609,22,1),(610,22,4),(611,23,1),(612,23,8),(613,24,1),(614,25,1),(615,26,1),(616,27,9),(617,27,10),(618,1,1),(619,1,3),(620,1,4),(621,1,9),(622,2,1),(623,3,1),(624,4,1),(625,5,1),(626,6,1),(627,6,5),(628,7,1),(629,8,1),(630,9,1),(631,10,1),(632,11,1),(633,11,4),(634,12,1),(635,12,4),(636,13,1),(637,13,2),(638,13,3),(639,13,4),(640,13,5),(641,13,6),(642,13,7),(643,13,8),(644,13,9),(645,13,10),(646,13,11),(647,14,1),(648,14,8),(649,14,9),(650,14,10),(651,15,1),(652,15,4),(653,16,1),(654,16,8),(655,17,1),(656,18,1),(657,18,4),(658,18,8),(659,18,10),(660,19,1),(661,19,4),(662,20,1),(663,20,4),(664,21,1),(665,21,4),(666,22,1),(667,22,4),(668,23,1),(669,23,8),(670,24,1),(671,25,1),(672,26,1),(673,27,9),(674,27,10),(675,28,2),(676,28,3),(677,28,4),(678,1,1),(679,1,3),(680,1,4),(681,1,9),(682,2,1),(683,3,1),(684,4,1),(685,5,1),(686,6,1),(687,6,5),(688,7,1),(689,8,1),(690,9,1),(691,10,1),(692,11,1),(693,11,4),(694,12,1),(695,12,4),(696,13,1),(697,13,2),(698,13,3),(699,13,4),(700,13,5),(701,13,6),(702,13,7),(703,13,8),(704,13,9),(705,13,10),(706,13,11),(707,14,1),(708,14,8),(709,14,9),(710,14,10),(711,15,1),(712,15,4),(713,16,1),(714,16,8),(715,17,1),(716,18,1),(717,18,4),(718,18,8),(719,18,10),(720,18,12),(721,19,1),(722,19,4),(723,20,1),(724,20,4),(725,21,1),(726,21,4),(727,22,1),(728,22,4),(729,23,1),(730,23,8),(731,24,1),(732,25,1),(733,26,1),(734,27,9),(735,27,10),(736,28,2),(737,28,3),(738,28,4),(739,1,1),(740,1,3),(741,1,4),(742,1,9),(743,2,1),(744,3,1),(745,4,1),(746,5,1),(747,6,1),(748,6,5),(749,7,1),(750,8,1),(751,9,1),(752,10,1),(753,11,1),(754,11,4),(755,12,1),(756,12,4),(757,13,1),(758,13,2),(759,13,3),(760,13,4),(761,13,5),(762,13,6),(763,13,7),(764,13,8),(765,13,9),(766,13,10),(767,13,11),(768,14,1),(769,14,8),(770,14,9),(771,14,10),(772,15,1),(773,15,4),(774,16,1),(775,16,8),(776,17,1),(777,18,1),(778,18,4),(779,18,8),(780,18,10),(781,18,12),(782,18,13),(783,19,1),(784,19,4),(785,20,1),(786,20,4),(787,21,1),(788,21,4),(789,22,1),(790,22,4),(791,23,1),(792,23,8),(793,24,1),(794,25,1),(795,26,1),(796,27,9),(797,27,10),(798,28,2),(799,28,3),(800,28,4),(801,28,13),(802,1,1),(803,1,3),(804,1,4),(805,1,9),(806,1,13),(807,2,1),(808,3,1),(809,4,1),(810,5,1),(811,6,1),(812,6,5),(813,7,1),(814,8,1),(815,9,1),(816,10,1),(817,11,1),(818,11,4),(819,12,1),(820,12,4),(821,13,1),(822,13,2),(823,13,3),(824,13,4),(825,13,5),(826,13,6),(827,13,7),(828,13,8),(829,13,9),(830,13,10),(831,13,11),(832,14,1),(833,14,8),(834,14,9),(835,14,10),(836,15,1),(837,15,4),(838,16,1),(839,16,8),(840,17,1),(841,18,1),(842,18,4),(843,18,8),(844,18,10),(845,18,12),(846,18,13),(847,19,1),(848,19,4),(849,20,1),(850,20,4),(851,21,1),(852,21,4),(853,22,1),(854,22,4),(855,23,1),(856,23,8),(857,24,1),(858,25,1),(859,26,1),(860,27,9),(861,27,10),(862,27,13),(863,28,2),(864,28,3),(865,28,4),(866,28,13),(867,1,1),(868,1,3),(869,1,4),(870,1,9),(871,1,13),(872,2,1),(873,3,1),(874,4,1),(875,5,1),(876,6,1),(877,6,5),(878,7,1),(879,8,1),(880,9,1),(881,10,1),(882,11,1),(883,11,4),(884,12,1),(885,12,4),(886,13,1),(887,13,2),(888,13,3),(889,13,4),(890,13,5),(891,13,6),(892,13,7),(893,13,8),(894,13,9),(895,13,10),(896,13,11),(897,13,13),(898,14,1),(899,14,8),(900,14,9),(901,14,10),(902,15,1),(903,15,4),(904,16,1),(905,16,8),(906,17,1),(907,18,1),(908,18,4),(909,18,8),(910,18,10),(911,18,12),(912,18,13),(913,19,1),(914,19,4),(915,20,1),(916,20,4),(917,21,1),(918,21,4),(919,22,1),(920,22,4),(921,23,1),(922,23,8),(923,24,1),(924,25,1),(925,26,1),(926,27,9),(927,27,10),(928,27,13),(929,28,2),(930,28,3),(931,28,4),(932,28,13),(933,1,1),(934,1,3),(935,1,4),(936,1,9),(937,1,13),(938,2,1),(939,3,1),(940,4,1),(941,5,1),(942,6,1),(943,6,5),(944,7,1),(945,8,1),(946,9,1),(947,10,1),(948,11,1),(949,11,4),(950,12,1),(951,12,4),(952,13,1),(953,13,2),(954,13,3),(955,13,4),(956,13,5),(957,13,6),(958,13,7),(959,13,8),(960,13,9),(961,13,10),(962,13,11),(963,13,13),(964,13,14),(965,14,1),(966,14,8),(967,14,9),(968,14,10),(969,15,1),(970,15,4),(971,16,1),(972,16,8),(973,17,1),(974,18,1),(975,18,4),(976,18,8),(977,18,10),(978,18,12),(979,18,13),(980,19,1),(981,19,4),(982,20,1),(983,20,4),(984,21,1),(985,21,4),(986,22,1),(987,22,4),(988,23,1),(989,23,8),(990,24,1),(991,25,1),(992,26,1),(993,27,9),(994,27,10),(995,27,13),(996,28,2),(997,28,3),(998,28,4),(999,28,13),(1000,1,1),(1001,1,3),(1002,1,4),(1003,1,9),(1004,1,13),(1005,2,1),(1006,3,1),(1007,4,1),(1008,5,1),(1009,6,1),(1010,6,5),(1011,7,1),(1012,8,1),(1013,9,1),(1014,10,1),(1015,11,1),(1016,11,4),(1017,12,1),(1018,12,4),(1019,13,1),(1020,13,2),(1021,13,3),(1022,13,4),(1023,13,5),(1024,13,6),(1025,13,7),(1026,13,8),(1027,13,9),(1028,13,10),(1029,13,11),(1030,13,13),(1031,13,14),(1032,14,1),(1033,14,8),(1034,14,9),(1035,14,10),(1036,15,1),(1037,15,4),(1038,16,1),(1039,16,8),(1040,17,1),(1041,18,1),(1042,18,4),(1043,18,8),(1044,18,10),(1045,18,12),(1046,18,13),(1047,19,1),(1048,19,4),(1049,20,1),(1050,20,4),(1051,21,1),(1052,21,4),(1053,22,1),(1054,22,4),(1055,23,1),(1056,23,8),(1057,24,1),(1058,25,1),(1059,26,1),(1060,27,9),(1061,27,10),(1062,27,13),(1063,28,2),(1064,28,3),(1065,28,4),(1066,28,13),(1067,29,2),(1068,29,3),(1069,29,4),(1070,1,1),(1071,1,3),(1072,1,4),(1073,1,9),(1074,1,13),(1075,2,1),(1076,3,1),(1077,4,1),(1078,5,1),(1079,6,1),(1080,6,5),(1081,7,1),(1082,8,1),(1083,9,1),(1084,10,1),(1085,11,1),(1086,11,4),(1087,12,1),(1088,12,4),(1089,13,1),(1090,13,2),(1091,13,3),(1092,13,4),(1093,13,5),(1094,13,6),(1095,13,7),(1096,13,8),(1097,13,9),(1098,13,10),(1099,13,11),(1100,13,13),(1101,13,14),(1102,14,1),(1103,14,8),(1104,14,9),(1105,14,10),(1106,15,1),(1107,15,4),(1108,16,1),(1109,16,8),(1110,17,1),(1111,18,1),(1112,18,4),(1113,18,8),(1114,18,10),(1115,18,12),(1116,18,13),(1117,19,1),(1118,19,4),(1119,20,1),(1120,20,4),(1121,21,1),(1122,21,4),(1123,22,1),(1124,22,4),(1125,23,1),(1126,23,8),(1127,24,1),(1128,25,1),(1129,26,1),(1130,27,9),(1131,27,10),(1132,27,13),(1133,28,2),(1134,28,3),(1135,28,4),(1136,28,13),(1137,29,2),(1138,29,3),(1139,29,4),(1140,29,5),(1141,29,6),(1142,29,7),(1143,29,8),(1144,29,9),(1145,29,10),(1146,29,11),(1147,29,12),(1148,29,13),(1149,29,14),(1150,29,15),(1151,1,1),(1152,1,3),(1153,1,4),(1154,1,9),(1155,1,13),(1156,1,16),(1157,2,1),(1158,3,1),(1159,4,1),(1160,5,1),(1161,6,1),(1162,6,5),(1163,7,1),(1164,8,1),(1165,9,1),(1166,10,1),(1167,11,1),(1168,11,4),(1169,12,1),(1170,12,4),(1171,13,1),(1172,13,2),(1173,13,3),(1174,13,4),(1175,13,5),(1176,13,6),(1177,13,7),(1178,13,8),(1179,13,9),(1180,13,10),(1181,13,11),(1182,13,13),(1183,13,14),(1184,13,16),(1185,14,1),(1186,14,8),(1187,14,9),(1188,14,10),(1189,15,1),(1190,15,4),(1191,16,1),(1192,16,8),(1193,17,1),(1194,18,1),(1195,18,4),(1196,18,8),(1197,18,10),(1198,18,12),(1199,18,13),(1200,18,16),(1201,19,1),(1202,19,4),(1203,20,1),(1204,20,4),(1205,21,1),(1206,21,4),(1207,21,16),(1208,22,1),(1209,22,4),(1210,23,1),(1211,23,8),(1212,24,1),(1213,25,1),(1214,26,1),(1215,27,9),(1216,27,10),(1217,27,13),(1218,27,16),(1219,28,2),(1220,28,3),(1221,28,4),(1222,28,13),(1223,28,16),(1224,29,2),(1225,29,3),(1226,29,4),(1227,29,5),(1228,29,6),(1229,29,7),(1230,29,8),(1231,29,9),(1232,29,10),(1233,29,11),(1234,29,12),(1235,29,13),(1236,29,14),(1237,29,15),(1238,1,1),(1239,1,3),(1240,1,4),(1241,1,9),(1242,1,13),(1243,1,16),(1244,1,17),(1245,2,1),(1246,3,1),(1247,4,1),(1248,5,1),(1249,6,1),(1250,6,5),(1251,6,17),(1252,7,1),(1253,8,1),(1254,9,1),(1255,10,1),(1256,11,1),(1257,11,4),(1258,12,1),(1259,12,4),(1260,13,1),(1261,13,2),(1262,13,3),(1263,13,4),(1264,13,5),(1265,13,6),(1266,13,7),(1267,13,8),(1268,13,9),(1269,13,10),(1270,13,11),(1271,13,13),(1272,13,14),(1273,13,16),(1274,14,1),(1275,14,8),(1276,14,9),(1277,14,10),(1278,15,1),(1279,15,4),(1280,16,1),(1281,16,8),(1282,17,1),(1283,18,1),(1284,18,4),(1285,18,8),(1286,18,10),(1287,18,12),(1288,18,13),(1289,18,16),(1290,19,1),(1291,19,4),(1292,20,1),(1293,20,4),(1294,21,1),(1295,21,4),(1296,21,16),(1297,22,1),(1298,22,4),(1299,23,1),(1300,23,8),(1301,24,1),(1302,25,1),(1303,26,1),(1304,27,9),(1305,27,10),(1306,27,13),(1307,27,16),(1308,28,2),(1309,28,3),(1310,28,4),(1311,28,13),(1312,28,16),(1313,29,2),(1314,29,3),(1315,29,4),(1316,29,5),(1317,29,6),(1318,29,7),(1319,29,8),(1320,29,9),(1321,29,10),(1322,29,11),(1323,29,12),(1324,29,13),(1325,29,14),(1326,29,15),(1327,1,1),(1328,1,3),(1329,1,4),(1330,1,9),(1331,1,13),(1332,1,16),(1333,1,17),(1334,2,1),(1335,3,1),(1336,4,1),(1337,5,1),(1338,6,1),(1339,6,5),(1340,6,17),(1341,7,1),(1342,8,1),(1343,9,1),(1344,10,1),(1345,11,1),(1346,11,4),(1347,12,1),(1348,12,4),(1349,13,1),(1350,13,2),(1351,13,3),(1352,13,4),(1353,13,5),(1354,13,6),(1355,13,7),(1356,13,8),(1357,13,9),(1358,13,10),(1359,13,11),(1360,13,13),(1361,13,14),(1362,13,16),(1363,14,1),(1364,14,8),(1365,14,9),(1366,14,10),(1367,15,1),(1368,15,4),(1369,16,1),(1370,16,8),(1371,17,1),(1372,18,1),(1373,18,4),(1374,18,8),(1375,18,10),(1376,18,12),(1377,18,13),(1378,18,16),(1379,19,1),(1380,19,4),(1381,20,1),(1382,20,4),(1383,21,1),(1384,21,4),(1385,21,16),(1386,22,1),(1387,22,4),(1388,23,1),(1389,23,8),(1390,24,1),(1391,25,1),(1392,26,1),(1393,27,9),(1394,27,10),(1395,27,13),(1396,27,16),(1397,28,2),(1398,28,3),(1399,28,4),(1400,28,13),(1401,28,16),(1402,29,2),(1403,29,3),(1404,29,4),(1405,29,5),(1406,29,6),(1407,29,7),(1408,29,8),(1409,29,9),(1410,29,10),(1411,29,11),(1412,29,12),(1413,29,13),(1414,29,14),(1415,29,15),(1416,1,1),(1417,1,3),(1418,1,4),(1419,1,9),(1420,1,13),(1421,1,16),(1422,1,17),(1423,2,1),(1424,3,1),(1425,4,1),(1426,5,1),(1427,6,1),(1428,6,5),(1429,6,17),(1430,7,1),(1431,8,1),(1432,9,1),(1433,10,1),(1434,11,1),(1435,11,4),(1436,12,1),(1437,12,4),(1438,13,1),(1439,13,2),(1440,13,3),(1441,13,4),(1442,13,5),(1443,13,6),(1444,13,7),(1445,13,8),(1446,13,9),(1447,13,10),(1448,13,11),(1449,13,13),(1450,13,14),(1451,13,16),(1452,14,1),(1453,14,8),(1454,14,9),(1455,14,10),(1456,15,1),(1457,15,4),(1458,16,1),(1459,16,8),(1460,17,1),(1461,18,1),(1462,18,4),(1463,18,8),(1464,18,10),(1465,18,12),(1466,18,13),(1467,18,16),(1468,19,1),(1469,19,4),(1470,20,1),(1471,20,4),(1472,21,1),(1473,21,4),(1474,21,16),(1475,21,17),(1476,22,1),(1477,22,4),(1478,23,1),(1479,23,8),(1480,24,1),(1481,25,1),(1482,26,1),(1483,27,9),(1484,27,10),(1485,27,13),(1486,27,16),(1487,27,17),(1488,28,2),(1489,28,3),(1490,28,4),(1491,28,13),(1492,28,16),(1493,28,17),(1494,29,2),(1495,29,3),(1496,29,4),(1497,29,5),(1498,29,6),(1499,29,7),(1500,29,8),(1501,29,9),(1502,29,10),(1503,29,11),(1504,29,12),(1505,29,13),(1506,29,14),(1507,29,15),(1508,1,1),(1509,1,3),(1510,1,4),(1511,1,9),(1512,1,13),(1513,1,16),(1514,1,17),(1515,2,1),(1516,3,1),(1517,4,1),(1518,5,1),(1519,6,1),(1520,6,5),(1521,6,17),(1522,7,1),(1523,8,1),(1524,9,1),(1525,10,1),(1526,11,1),(1527,11,4),(1528,12,1),(1529,12,4),(1530,13,1),(1531,13,2),(1532,13,3),(1533,13,4),(1534,13,5),(1535,13,6),(1536,13,7),(1537,13,8),(1538,13,9),(1539,13,10),(1540,13,11),(1541,13,13),(1542,13,14),(1543,13,16),(1544,14,1),(1545,14,8),(1546,14,9),(1547,14,10),(1548,15,1),(1549,15,4),(1550,16,1),(1551,16,8),(1552,17,1),(1553,18,1),(1554,18,4),(1555,18,8),(1556,18,10),(1557,18,12),(1558,18,13),(1559,18,16),(1560,19,1),(1561,19,4),(1562,20,1),(1563,20,4),(1564,21,1),(1565,21,4),(1566,21,16),(1567,21,17),(1568,21,18),(1569,22,1),(1570,22,4),(1571,23,1),(1572,23,8),(1573,24,1),(1574,25,1),(1575,26,1),(1576,27,9),(1577,27,10),(1578,27,13),(1579,27,16),(1580,27,17),(1581,27,18),(1582,28,2),(1583,28,3),(1584,28,4),(1585,28,13),(1586,28,16),(1587,28,17),(1588,28,18),(1589,29,2),(1590,29,3),(1591,29,4),(1592,29,5),(1593,29,6),(1594,29,7),(1595,29,8),(1596,29,9),(1597,29,10),(1598,29,11),(1599,29,12),(1600,29,13),(1601,29,14),(1602,29,15),(1603,1,1),(1604,1,3),(1605,1,4),(1606,1,9),(1607,1,13),(1608,1,16),(1609,1,17),(1610,2,1),(1611,3,1),(1612,4,1),(1613,5,1),(1614,6,1),(1615,6,5),(1616,6,17),(1617,7,1),(1618,8,1),(1619,9,1),(1620,10,1),(1621,10,19),(1622,11,1),(1623,11,4),(1624,12,1),(1625,12,4),(1626,13,1),(1627,13,2),(1628,13,3),(1629,13,4),(1630,13,5),(1631,13,6),(1632,13,7),(1633,13,8),(1634,13,9),(1635,13,10),(1636,13,11),(1637,13,13),(1638,13,14),(1639,13,16),(1640,14,1),(1641,14,8),(1642,14,9),(1643,14,10),(1644,15,1),(1645,15,4),(1646,16,1),(1647,16,8),(1648,17,1),(1649,18,1),(1650,18,4),(1651,18,8),(1652,18,10),(1653,18,12),(1654,18,13),(1655,18,16),(1656,19,1),(1657,19,4),(1658,20,1),(1659,20,4),(1660,21,1),(1661,21,4),(1662,21,16),(1663,21,17),(1664,21,18),(1665,22,1),(1666,22,4),(1667,23,1),(1668,23,8),(1669,24,1),(1670,25,1),(1671,26,1),(1672,27,9),(1673,27,10),(1674,27,13),(1675,27,16),(1676,27,17),(1677,27,18),(1678,28,2),(1679,28,3),(1680,28,4),(1681,28,13),(1682,28,16),(1683,28,17),(1684,28,18),(1685,29,2),(1686,29,3),(1687,29,4),(1688,29,5),(1689,29,6),(1690,29,7),(1691,29,8),(1692,29,9),(1693,29,10),(1694,29,11),(1695,29,12),(1696,29,13),(1697,29,14),(1698,29,15),(1699,1,1),(1700,1,3),(1701,1,4),(1702,1,9),(1703,1,13),(1704,1,15),(1705,1,16),(1706,1,17),(1707,2,1),(1708,3,1),(1709,4,1),(1710,5,1),(1711,6,1),(1712,6,5),(1713,6,17),(1714,7,1),(1715,8,1),(1716,9,1),(1717,10,1),(1718,10,19),(1719,11,1),(1720,11,4),(1721,12,1),(1722,12,4),(1723,13,1),(1724,13,2),(1725,13,3),(1726,13,4),(1727,13,5),(1728,13,6),(1729,13,7),(1730,13,8),(1731,13,9),(1732,13,10),(1733,13,11),(1734,13,13),(1735,13,14),(1736,13,16),(1737,14,1),(1738,14,8),(1739,14,9),(1740,14,10),(1741,15,1),(1742,15,4),(1743,16,1),(1744,16,8),(1745,17,1),(1746,18,1),(1747,18,4),(1748,18,8),(1749,18,10),(1750,18,12),(1751,18,13),(1752,18,16),(1753,19,1),(1754,19,4),(1755,20,1),(1756,20,4),(1757,21,1),(1758,21,4),(1759,21,16),(1760,21,17),(1761,21,18),(1762,22,1),(1763,22,4),(1764,23,1),(1765,23,8),(1766,24,1),(1767,25,1),(1768,26,1),(1769,27,9),(1770,27,10),(1771,27,13),(1772,27,16),(1773,27,17),(1774,27,18),(1775,28,2),(1776,28,3),(1777,28,4),(1778,28,13),(1779,28,16),(1780,28,17),(1781,28,18),(1782,29,2),(1783,29,3),(1784,29,4),(1785,29,5),(1786,29,6),(1787,29,7),(1788,29,8),(1789,29,9),(1790,29,10),(1791,29,11),(1792,29,12),(1793,29,13),(1794,29,14),(1795,29,15),(1796,1,1),(1797,1,3),(1798,1,4),(1799,1,8),(1800,1,9),(1801,1,13),(1802,1,15),(1803,1,16),(1804,1,17),(1805,2,1),(1806,3,1),(1807,4,1),(1808,5,1),(1809,6,1),(1810,6,5),(1811,6,17),(1812,7,1),(1813,8,1),(1814,9,1),(1815,10,1),(1816,10,19),(1817,11,1),(1818,11,4),(1819,12,1),(1820,12,4),(1821,13,1),(1822,13,2),(1823,13,3),(1824,13,4),(1825,13,5),(1826,13,6),(1827,13,7),(1828,13,8),(1829,13,9),(1830,13,10),(1831,13,11),(1832,13,13),(1833,13,14),(1834,13,16),(1835,14,1),(1836,14,8),(1837,14,9),(1838,14,10),(1839,15,1),(1840,15,4),(1841,16,1),(1842,16,8),(1843,17,1),(1844,18,1),(1845,18,4),(1846,18,8),(1847,18,10),(1848,18,12),(1849,18,13),(1850,18,16),(1851,19,1),(1852,19,4),(1853,20,1),(1854,20,4),(1855,21,1),(1856,21,4),(1857,21,16),(1858,21,17),(1859,21,18),(1860,22,1),(1861,22,4),(1862,23,1),(1863,23,8),(1864,24,1),(1865,25,1),(1866,26,1),(1868,27,9),(1869,27,10),(1870,27,13),(1871,27,16),(1872,27,17),(1873,27,18),(1874,28,2),(1875,28,3),(1876,28,4),(1877,28,8),(1878,28,13),(1879,28,16),(1880,28,17),(1881,28,18),(1882,29,2),(1883,29,3),(1884,29,4),(1885,29,5),(1886,29,6),(1887,29,7),(1888,29,8),(1889,29,9),(1890,29,10),(1891,29,11),(1892,29,12),(1893,29,13),(1894,29,14),(1895,29,15),(1896,1,1),(1897,1,3),(1898,1,4),(1899,1,8),(1900,1,9),(1901,1,13),(1902,1,15),(1903,1,16),(1904,1,17),(1905,2,1),(1906,3,1),(1907,4,1),(1908,5,1),(1909,6,1),(1910,6,5),(1911,6,17),(1912,7,1),(1913,8,1),(1914,9,1),(1915,10,1),(1916,10,19),(1917,11,1),(1918,11,4),(1919,12,1),(1920,12,4),(1921,13,1),(1922,13,2),(1923,13,3),(1924,13,4),(1925,13,5),(1926,13,6),(1927,13,7),(1928,13,8),(1929,13,9),(1930,13,10),(1931,13,11),(1932,13,13),(1933,13,14),(1934,13,16),(1935,14,1),(1936,14,8),(1937,14,9),(1938,14,10),(1939,15,1),(1940,15,4),(1941,16,1),(1942,16,8),(1943,17,1),(1944,18,1),(1945,18,4),(1946,18,8),(1947,18,10),(1948,18,12),(1949,18,13),(1950,18,16),(1951,19,1),(1952,19,4),(1953,20,1),(1954,20,4),(1955,21,1),(1956,21,4),(1957,21,16),(1958,21,17),(1959,21,18),(1960,22,1),(1961,22,4),(1962,23,1),(1963,23,8),(1964,24,1),(1965,25,1),(1966,26,1),(1967,27,9),(1968,27,10),(1969,27,13),(1970,27,16),(1971,27,17),(1972,27,18),(1973,28,2),(1974,28,3),(1975,28,4),(1976,28,8),(1977,28,13),(1978,28,16),(1979,28,17),(1980,28,18),(1981,29,2),(1982,29,3),(1983,29,4),(1984,29,5),(1985,29,6),(1986,29,7),(1987,29,8),(1988,29,9),(1989,29,10),(1990,29,11),(1991,29,12),(1992,29,13),(1993,29,14),(1994,29,15),(1995,1,1),(1996,1,3),(1997,1,4),(1998,1,8),(1999,1,9),(2000,1,13),(2001,1,15),(2002,1,16),(2003,1,17),(2004,2,1),(2005,3,1),(2006,3,13),(2007,4,1),(2008,4,13),(2009,5,1),(2010,5,13),(2011,6,1),(2012,6,5),(2013,6,13),(2014,6,17),(2015,7,1),(2016,7,13),(2017,8,1),(2018,9,1),(2019,10,1),(2020,10,19),(2021,11,1),(2022,11,4),(2023,12,1),(2024,12,4),(2025,13,1),(2026,13,2),(2027,13,3),(2028,13,4),(2029,13,5),(2030,13,6),(2031,13,7),(2032,13,8),(2033,13,9),(2034,13,10),(2035,13,11),(2036,13,13),(2037,13,14),(2038,13,16),(2039,14,1),(2040,14,8),(2041,14,9),(2042,14,10),(2043,15,1),(2044,15,4),(2045,16,1),(2046,16,8),(2047,17,1),(2048,18,1),(2049,18,4),(2050,18,8),(2051,18,10),(2052,18,12),(2053,18,13),(2054,18,16),(2055,19,1),(2056,19,4),(2057,20,1),(2058,20,4),(2059,21,1),(2060,21,4),(2061,21,16),(2062,21,17),(2063,21,18),(2064,22,1),(2065,22,4),(2066,23,1),(2067,23,8),(2068,24,1),(2069,25,1),(2070,26,1),(2071,27,9),(2072,27,10),(2073,27,13),(2074,27,16),(2075,27,17),(2076,27,18),(2077,28,2),(2078,28,3),(2079,28,4),(2080,28,8),(2081,28,13),(2082,28,16),(2083,28,17),(2084,28,18),(2085,29,2),(2086,29,3),(2087,29,4),(2088,29,5),(2089,29,6),(2090,29,7),(2091,29,8),(2092,29,9),(2093,29,10),(2094,29,11),(2095,29,12),(2096,29,13),(2097,29,14),(2098,29,15),(2099,1,1),(2100,1,3),(2101,1,4),(2102,1,8),(2103,1,9),(2104,1,13),(2105,1,15),(2106,1,16),(2107,1,17),(2108,2,1),(2109,3,1),(2110,3,13),(2111,4,1),(2112,4,13),(2113,5,1),(2114,5,13),(2115,6,1),(2116,6,5),(2117,6,13),(2118,6,17),(2119,7,1),(2120,7,13),(2121,8,1),(2122,9,1),(2123,10,1),(2124,10,19),(2125,11,1),(2126,11,4),(2127,12,1),(2128,12,4),(2129,13,1),(2130,13,2),(2131,13,3),(2132,13,4),(2133,13,5),(2134,13,6),(2135,13,7),(2136,13,8),(2137,13,9),(2138,13,10),(2139,13,11),(2140,13,13),(2141,13,14),(2142,13,16),(2143,14,1),(2144,14,8),(2145,14,9),(2146,14,10),(2147,15,1),(2148,15,4),(2149,16,1),(2150,16,8),(2151,17,1),(2152,18,1),(2153,18,4),(2154,18,8),(2155,18,10),(2156,18,12),(2157,18,13),(2158,18,16),(2159,19,1),(2160,19,4),(2161,20,1),(2162,20,4),(2163,21,1),(2164,21,4),(2165,21,16),(2166,21,17),(2167,21,18),(2168,22,1),(2169,22,4),(2170,23,1),(2171,23,8),(2172,24,1),(2173,25,1),(2174,26,1),(2175,27,9),(2176,27,10),(2177,27,13),(2178,27,16),(2179,27,17),(2180,27,18),(2181,28,2),(2182,28,3),(2183,28,4),(2184,28,8),(2185,28,13),(2186,28,16),(2187,28,17),(2188,28,18),(2189,29,2),(2190,29,3),(2191,29,4),(2192,29,5),(2193,29,6),(2194,29,7),(2195,29,8),(2196,29,9),(2197,29,10),(2198,29,11),(2199,29,12),(2200,29,13),(2201,29,14),(2202,29,15);

--
-- Table structure for table `permissions`
--

CREATE TABLE `permissions` (
  `id` int(10) unsigned NOT NULL AUTO_INCREMENT,
  `name` varchar(255) COLLATE utf8_unicode_ci NOT NULL,
  `display_name` varchar(255) COLLATE utf8_unicode_ci NOT NULL,
  `created_at` timestamp NOT NULL DEFAULT '0000-00-00 00:00:00',
  `updated_at` timestamp NOT NULL DEFAULT '0000-00-00 00:00:00',
  PRIMARY KEY (`id`),
  UNIQUE KEY `permissions_name_unique` (`name`)
) ENGINE=InnoDB AUTO_INCREMENT=30 DEFAULT CHARSET=utf8 COLLATE=utf8_unicode_ci;

--
-- Dumping data for table `permissions`
--

INSERT INTO `permissions` VALUES (1,'can_manage_inhouse_requisition','Manage inhouse requisitions','2018-01-06 10:52:38','2018-01-06 10:52:38'),(2,'ict_dept','Heads ICT Dept','2018-01-06 10:52:38','2018-01-06 10:52:38'),(3,'lab_manager','Heads Laboratory','2018-01-06 10:52:38','2018-01-06 10:52:38'),(4,'vl_head','Heads VL lab','2018-01-06 10:52:38','2018-01-06 10:52:38'),(5,'eid_head','Heads EID lab','2018-01-06 10:52:38','2018-01-06 10:52:38'),(6,'Microbiology_head','Heads Microbiology','2018-01-06 10:52:38','2018-01-06 10:52:38'),(7,'sample_reception_head','Heads Sample Reception','2018-01-06 10:52:38','2018-01-06 10:52:38'),(8,'data_head','Heads Data','2018-01-06 10:52:38','2018-01-06 10:52:38'),(9,'stores_head','Heads Stores','2018-01-06 10:52:38','2018-01-06 10:52:38'),(10,'manage_users','Can manage users','2018-01-06 10:52:38','2018-01-06 10:52:38'),(11,'view_reports','Can view reports','2018-01-06 10:52:38','2018-01-06 10:52:38'),(12,'manage_inventory','Can manage inventory','2018-01-06 10:52:38','2018-01-06 10:52:38'),(13,'request_topup','Can request top-up','2018-01-06 10:52:38','2018-01-06 10:52:38'),(14,'assetmgt','Can manage Assets','2018-01-06 10:52:38','2018-01-06 10:52:38'),(15,'handle_invoice','Can manage Documents','2018-01-06 10:52:38','2018-01-06 10:52:38'),(16,'manage_biomed_assets','Can manage Bio-medical assets','2018-01-06 10:52:38','2018-01-06 10:52:38'),(17,'manage_ict_assets','Can manage ICT assets','2018-01-06 10:52:38','2018-01-06 10:52:38'),(18,'handle_dept_requests','Manage Department Requests','2018-01-06 10:52:38','2018-01-06 10:52:38'),(19,'manage_commodities','Manage Store Commodities','2018-01-06 10:52:38','2018-01-06 10:52:38'),(20,'manage_stock_card','Manage Stock Card','2018-01-06 10:52:38','2018-01-06 10:52:38'),(21,'place_unhls_order','Can Place UNHLS Store Orders','2018-01-06 10:52:38','2018-01-06 10:52:38'),(22,'view_stock_reports','View Stock Reports','2018-01-06 10:52:38','2018-01-06 10:52:38'),(23,'log_biomed_breakdown','Can Log Bio-medical breakdown','2018-01-06 10:52:38','2018-01-06 10:52:38'),(24,'manage_facility_request','Manage Facility Request','2018-01-06 10:52:38','2018-01-06 10:52:38'),(25,'manage_fund_managers','Manage Fund Managers','2018-01-06 10:52:38','2018-01-06 10:52:38'),(26,'manage_hubs_and_facilities','Manage Hubs & Facilities','2018-01-06 10:52:38','2018-01-06 10:52:38'),(27,'approve_request','Reject or Approve','2018-01-20 09:37:44','2018-01-20 09:37:44'),(28,'approve_dept_request','Approve or Reject Dept Requests','2018-01-12 09:38:45','2018-01-12 09:38:45'),(29,'request_for_hubs','Can Request For Hubs Supplies','2018-01-12 09:39:45','2018-01-12 09:39:45');

--
-- Table structure for table `pipeline`
--

CREATE TABLE `pipeline` (
  `id` int(10) unsigned NOT NULL AUTO_INCREMENT,
  `commodity_id` int(10) unsigned NOT NULL,
  `pack_size_id` int(10) unsigned NOT NULL,
  `uom_id` int(10) unsigned NOT NULL,
  `cost` int(11) NOT NULL,
  `projected_qty` int(11) NOT NULL,
  `total_cost` int(11) NOT NULL,
  `stock_on_hand` int(11) NOT NULL,
  `chemonics_delivery_date` date NOT NULL,
  `maul_delivery_date` date NOT NULL,
  `maul_qty` int(11) NOT NULL,
  `chemonics_qty` int(11) NOT NULL,
  `total_pipeline` int(11) NOT NULL,
  `required_qty` int(11) NOT NULL,
  `created_at` timestamp NOT NULL DEFAULT '0000-00-00 00:00:00',
  `updated_at` timestamp NOT NULL DEFAULT '0000-00-00 00:00:00',
  `deleted_at` date DEFAULT NULL,
  PRIMARY KEY (`id`),
  KEY `pipeline_commodity_id_foreign` (`commodity_id`),
  KEY `pipeline_uom_id_foreign` (`uom_id`),
  CONSTRAINT `pipeline_commodity_id_foreign` FOREIGN KEY (`commodity_id`) REFERENCES `commodities` (`id`) ON DELETE CASCADE ON UPDATE CASCADE,
  CONSTRAINT `pipeline_uom_id_foreign` FOREIGN KEY (`uom_id`) REFERENCES `metrics` (`id`) ON DELETE CASCADE ON UPDATE CASCADE
) ENGINE=InnoDB AUTO_INCREMENT=2 DEFAULT CHARSET=utf8 COLLATE=utf8_unicode_ci;

--
-- Dumping data for table `pipeline`
--

INSERT INTO `pipeline` VALUES (1,43,43,1,1000,12000,12000000,200,'0000-00-00','0000-00-00',10,1000,1010,10790,'2019-05-07 12:29:31','2019-05-07 12:29:31',NULL);

--
-- Table structure for table `provinces`
--

CREATE TABLE `provinces` (
  `ID` int(14) NOT NULL AUTO_INCREMENT,
  `name` varchar(100) NOT NULL,
  `pprefix` varchar(10) NOT NULL,
  PRIMARY KEY (`ID`)
) ENGINE=InnoDB DEFAULT CHARSET=latin1;

--
-- Dumping data for table `provinces`
--


--
-- Table structure for table `receipts`
--

CREATE TABLE `receipts` (
  `id` int(10) unsigned NOT NULL AUTO_INCREMENT,
  `commodity_id` int(10) unsigned NOT NULL,
  `supplier_id` int(10) unsigned NOT NULL,
  `quantity` int(10) unsigned NOT NULL,
  `batch_no` varchar(12) COLLATE utf8_unicode_ci NOT NULL,
  `expiry_date` date NOT NULL,
  `user_id` int(10) unsigned NOT NULL,
  `deleted_at` timestamp NULL DEFAULT NULL,
  `created_at` timestamp NOT NULL DEFAULT '0000-00-00 00:00:00',
  `updated_at` timestamp NOT NULL DEFAULT '0000-00-00 00:00:00',
  PRIMARY KEY (`id`),
  KEY `receipts_commodity_id_foreign` (`commodity_id`),
  KEY `receipts_supplier_id_foreign` (`supplier_id`),
  KEY `receipts_user_id_foreign` (`user_id`),
  CONSTRAINT `receipts_commodity_id_foreign` FOREIGN KEY (`commodity_id`) REFERENCES `commodities` (`id`),
  CONSTRAINT `receipts_supplier_id_foreign` FOREIGN KEY (`supplier_id`) REFERENCES `suppliers` (`id`),
  CONSTRAINT `receipts_user_id_foreign` FOREIGN KEY (`user_id`) REFERENCES `users` (`id`)
) ENGINE=InnoDB DEFAULT CHARSET=utf8 COLLATE=utf8_unicode_ci;

--
-- Dumping data for table `receipts`
--


--
-- Table structure for table `regions`
--

CREATE TABLE `regions` (
  `id` tinyint(3) unsigned NOT NULL AUTO_INCREMENT,
  `region` varchar(100) NOT NULL,
  `pprefix` varchar(10) NOT NULL,
  `created` datetime NOT NULL,
  `createdby` varchar(250) NOT NULL,
  PRIMARY KEY (`id`),
  UNIQUE KEY `uniqueIndex` (`region`)
) ENGINE=InnoDB AUTO_INCREMENT=15 DEFAULT CHARSET=utf8;

--
-- Dumping data for table `regions`
--

INSERT INTO `regions` VALUES (1,'Central','','0000-00-00 00:00:00',''),(2,'Eastern','','0000-00-00 00:00:00',''),(3,'Western','','0000-00-00 00:00:00',''),(4,'Northern','','0000-00-00 00:00:00',''),(5,'Central 1','','0000-00-00 00:00:00',''),(6,'Central 2','','0000-00-00 00:00:00',''),(7,'East Central','','0000-00-00 00:00:00',''),(8,'Kampala','','0000-00-00 00:00:00',''),(9,'Mid Eastern','','0000-00-00 00:00:00',''),(10,'Mid Northern','','0000-00-00 00:00:00',''),(11,'Mid Western','','0000-00-00 00:00:00',''),(12,'North East','','0000-00-00 00:00:00',''),(13,'South Western','','0000-00-00 00:00:00',''),(14,'West Nile','','0000-00-00 00:00:00','');

--
-- Table structure for table `rejection_reasons`
--

CREATE TABLE `rejection_reasons` (
  `id` int(10) unsigned NOT NULL AUTO_INCREMENT,
  `reason` varchar(100) COLLATE utf8_unicode_ci NOT NULL,
  PRIMARY KEY (`id`)
) ENGINE=InnoDB DEFAULT CHARSET=utf8 COLLATE=utf8_unicode_ci;

--
-- Dumping data for table `rejection_reasons`
--


--
-- Table structure for table `requisitions`
--

CREATE TABLE `requisitions` (
  `id` int(10) unsigned NOT NULL AUTO_INCREMENT,
  `created_at` timestamp NOT NULL DEFAULT '0000-00-00 00:00:00',
  `updated_at` timestamp NOT NULL DEFAULT '0000-00-00 00:00:00',
  PRIMARY KEY (`id`)
) ENGINE=InnoDB DEFAULT CHARSET=utf8 COLLATE=utf8_unicode_ci;

--
-- Dumping data for table `requisitions`
--


--
-- Table structure for table `requistions`
--

CREATE TABLE `requistions` (
  `id` int(10) unsigned NOT NULL AUTO_INCREMENT,
  `voucher_no` int(11) NOT NULL,
  `voucher_date` date NOT NULL,
  `unit` varchar(255) COLLATE utf8_unicode_ci NOT NULL,
  `incharge_name` varchar(255) COLLATE utf8_unicode_ci NOT NULL,
  `folio_number` int(11) NOT NULL,
  `description` varchar(255) COLLATE utf8_unicode_ci NOT NULL,
  `issue_unit` varchar(255) COLLATE utf8_unicode_ci NOT NULL,
  `quantity_required` int(11) NOT NULL,
  `quantity_issued` int(11) NOT NULL,
  `unit_cost` int(11) NOT NULL,
  `total_issued` int(11) NOT NULL,
  `grand_total` int(11) NOT NULL,
  `authorized_by` varchar(255) COLLATE utf8_unicode_ci NOT NULL,
  `received_by` varchar(255) COLLATE utf8_unicode_ci NOT NULL,
  `title` varchar(255) COLLATE utf8_unicode_ci NOT NULL,
  `Signature` varchar(255) COLLATE utf8_unicode_ci NOT NULL,
  `issue_date` date NOT NULL,
  `stock_card_date` date NOT NULL,
  `created_at` timestamp NOT NULL DEFAULT '0000-00-00 00:00:00',
  `updated_at` timestamp NOT NULL DEFAULT '0000-00-00 00:00:00',
  PRIMARY KEY (`id`)
) ENGINE=InnoDB DEFAULT CHARSET=utf8 COLLATE=utf8_unicode_ci;

--
-- Dumping data for table `requistions`
--


--
-- Table structure for table `roles`
--

CREATE TABLE `roles` (
  `id` int(10) unsigned NOT NULL AUTO_INCREMENT,
  `name` varchar(255) COLLATE utf8_unicode_ci NOT NULL,
  `description` varchar(200) COLLATE utf8_unicode_ci DEFAULT NULL,
  `created_at` timestamp NOT NULL DEFAULT '0000-00-00 00:00:00',
  `updated_at` timestamp NOT NULL DEFAULT '0000-00-00 00:00:00',
  PRIMARY KEY (`id`),
  UNIQUE KEY `roles_name_unique` (`name`)
) ENGINE=InnoDB AUTO_INCREMENT=20 DEFAULT CHARSET=utf8 COLLATE=utf8_unicode_ci;

--
-- Dumping data for table `roles`
--

INSERT INTO `roles` VALUES (1,'Superadministrator',NULL,'2018-01-06 10:52:38','2018-01-06 10:52:38'),(2,'Stores Manager',NULL,'2018-01-06 10:52:38','2018-01-06 10:52:38'),(3,'Stores Assistant',NULL,'2018-01-06 10:52:38','2018-01-06 10:52:38'),(4,'Logistics Assistant','','2018-01-11 12:49:57','2018-01-11 12:49:57'),(5,'Lab Tech','','2018-03-13 10:06:44','2018-03-13 10:06:44'),(6,'data officer','','2018-03-19 08:07:48','2018-03-19 08:07:48'),(7,'Records Officer','','2018-04-05 09:17:49','2018-04-05 09:17:49'),(8,'Bio-Medical Engineer','','2018-04-30 08:22:19','2018-04-30 08:22:19'),(9,'BRM Secretary','','2018-07-26 07:21:54','2018-07-26 07:21:54'),(10,'Director Public Health','','2018-07-26 07:37:19','2018-07-26 07:37:19'),(11,'Lab Assistant','','2018-07-30 08:37:55','2018-07-30 08:37:55'),(12,'Records Manager','','2018-07-30 09:51:50','2018-07-30 09:51:50'),(13,'Dept Head/Supervisor','Heads a department','2018-07-30 09:55:59','2018-07-30 09:55:59'),(14,'Custodian','','2018-08-01 14:25:25','2018-08-01 14:25:25'),(15,'PPA-ED','Executive Director\'s Office','2018-09-27 12:55:33','2018-09-27 12:55:33'),(16,'Project Administrator','world bank','2018-10-11 10:53:21','2018-10-11 10:58:23'),(17,'microbiolgy dept supervisor','Microbiology','2018-10-16 12:04:48','2018-10-16 12:04:48'),(18,'Biorepoeistory Manager','Biorepository','2018-10-19 09:05:00','2018-10-19 09:05:00'),(19,'Admin','','2018-11-01 08:02:27','2018-11-01 08:02:27');

--
-- Table structure for table `samuel`
--

CREATE TABLE `samuel` (
  `id` int(10) unsigned NOT NULL AUTO_INCREMENT,
  `amplification_barcode` varchar(255) COLLATE utf8_unicode_ci NOT NULL,
  `amplification_lot_number` varchar(255) COLLATE utf8_unicode_ci NOT NULL,
  `amplification_expiry` date NOT NULL,
  `control_lot_number` varchar(255) COLLATE utf8_unicode_ci NOT NULL,
  `control_expiry` date NOT NULL,
  `calibrator_lot_number` varchar(255) COLLATE utf8_unicode_ci NOT NULL,
  `calibrator_expiry` date NOT NULL,
  `number_of_samples` int(11) NOT NULL,
  `failed_runs` int(11) NOT NULL,
  `passed_runs` int(11) NOT NULL,
  `dummy_runs` int(11) NOT NULL,
  `control_runs` int(11) NOT NULL,
  `created_at` timestamp NOT NULL DEFAULT '0000-00-00 00:00:00',
  `updated_at` timestamp NOT NULL DEFAULT '0000-00-00 00:00:00',
  PRIMARY KEY (`id`)
) ENGINE=InnoDB DEFAULT CHARSET=utf8 COLLATE=utf8_unicode_ci;

--
-- Dumping data for table `samuel`
--


--
-- Table structure for table `store_section`
--

CREATE TABLE `store_section` (
  `id` int(10) unsigned NOT NULL AUTO_INCREMENT,
  `name` varchar(255) COLLATE utf8_unicode_ci NOT NULL,
  `capacity` float(8,2) NOT NULL,
  `width` float(8,2) NOT NULL,
  `height` float(8,2) NOT NULL,
  `length` float(8,2) NOT NULL,
  `min_temp` float(8,2) NOT NULL,
  `max_temp` float(8,2) NOT NULL,
  `created_by` varchar(255) COLLATE utf8_unicode_ci NOT NULL,
  `created_at` timestamp NOT NULL DEFAULT '0000-00-00 00:00:00',
  `updated_at` timestamp NOT NULL DEFAULT '0000-00-00 00:00:00',
  PRIMARY KEY (`id`)
) ENGINE=InnoDB AUTO_INCREMENT=14 DEFAULT CHARSET=utf8 COLLATE=utf8_unicode_ci;

--
-- Dumping data for table `store_section`
--

INSERT INTO `store_section` VALUES (1,'Cold Chain',0.00,0.00,0.00,0.00,4.00,8.00,'Admin','2018-01-06 11:34:38','2018-01-06 11:34:38'),(2,'VL section',0.00,0.00,0.00,0.00,18.00,30.00,'Admin','2018-01-06 13:42:06','2018-01-06 13:42:06'),(3,'EID Section',0.00,0.00,0.00,0.00,18.00,30.00,'Admin','2018-01-06 13:42:17','2018-01-06 13:42:17'),(4,'Stationery',0.00,0.00,0.00,0.00,15.00,30.00,'Yeko Beliza','2018-03-23 08:27:22','2018-03-23 08:27:22'),(5,'logistics dispatch',0.00,0.00,0.00,0.00,30.00,15.00,'Susan Gathoni','2018-04-05 05:55:23','2018-04-05 05:55:23'),(6,'Store Top Floor',0.00,0.00,0.00,0.00,18.00,25.00,'Susan Gathoni','2018-04-05 08:06:19','2018-04-05 08:06:19'),(7,'Logistics stores',0.00,0.00,0.00,0.00,18.00,32.00,'Namulugwe Elizabeth Audrey Baligidde','2018-04-05 14:20:30','2018-04-05 14:20:30'),(8,'Engineering',0.00,0.00,0.00,0.00,8.00,36.00,'Monica Nannyomo','2018-04-11 07:48:48','2018-04-11 07:48:48'),(9,'COLD CHAIN -20',40.00,0.00,0.00,0.00,-20.00,0.00,'Ivan Kitone Odich','2018-07-23 07:21:20','2018-07-23 07:21:20'),(10,'CONTAINER 1',80.00,0.00,0.00,0.00,25.00,18.00,'Ivan Kitone Odich','2018-07-23 07:35:14','2018-07-23 07:35:14'),(11,'Mildmay',0.00,0.00,0.00,0.00,2.00,8.00,'Admin','2018-07-27 08:53:42','2018-07-27 08:53:42'),(12,'Cobas 8800',0.00,0.00,0.00,0.00,0.00,0.00,'Admin','2018-07-31 06:22:13','2018-07-31 06:22:13'),(13,'QC',0.00,0.00,0.00,0.00,0.00,0.00,'Susan Gathoni','2018-09-10 08:23:45','2018-09-10 08:23:45');

--
-- Table structure for table `sula`
--

CREATE TABLE `sula` (
  `id` int(10) unsigned NOT NULL AUTO_INCREMENT,
  `amplification_barcode` varchar(255) COLLATE utf8_unicode_ci NOT NULL,
  `amplification_lot_number` varchar(255) COLLATE utf8_unicode_ci NOT NULL,
  `amplification_expiry` date NOT NULL,
  `control_lot_number` varchar(255) COLLATE utf8_unicode_ci NOT NULL,
  `control_expiry` date NOT NULL,
  `calibrator_lot_number` varchar(255) COLLATE utf8_unicode_ci NOT NULL,
  `calibrator_expiry` date NOT NULL,
  `number_of_samples` int(11) NOT NULL,
  `failed_runs` int(11) NOT NULL,
  `passed_runs` int(11) NOT NULL,
  `dummy_runs` int(11) NOT NULL,
  `control_runs` int(11) NOT NULL,
  `created_at` timestamp NOT NULL DEFAULT '0000-00-00 00:00:00',
  `updated_at` timestamp NOT NULL DEFAULT '0000-00-00 00:00:00',
  PRIMARY KEY (`id`)
) ENGINE=InnoDB DEFAULT CHARSET=utf8 COLLATE=utf8_unicode_ci;

--
-- Dumping data for table `sula`
--


--
-- Table structure for table `supplier_evaluation`
--

CREATE TABLE `supplier_evaluation` (
  `id` int(10) unsigned NOT NULL AUTO_INCREMENT,
  `created_at` timestamp NOT NULL DEFAULT '0000-00-00 00:00:00',
  `updated_at` timestamp NOT NULL DEFAULT '0000-00-00 00:00:00',
  PRIMARY KEY (`id`)
) ENGINE=InnoDB DEFAULT CHARSET=utf8 COLLATE=utf8_unicode_ci;

--
-- Dumping data for table `supplier_evaluation`
--


--
-- Table structure for table `suppliers`
--

CREATE TABLE `suppliers` (
  `id` int(10) unsigned NOT NULL AUTO_INCREMENT,
  `name` varchar(100) COLLATE utf8_unicode_ci NOT NULL,
  `phone_no` varchar(100) COLLATE utf8_unicode_ci NOT NULL,
  `email` varchar(100) COLLATE utf8_unicode_ci NOT NULL,
  `physical_address` varchar(255) COLLATE utf8_unicode_ci NOT NULL,
  `deleted_at` timestamp NULL DEFAULT NULL,
  `created_at` timestamp NOT NULL DEFAULT '0000-00-00 00:00:00',
  `updated_at` timestamp NOT NULL DEFAULT '0000-00-00 00:00:00',
  PRIMARY KEY (`id`)
) ENGINE=InnoDB AUTO_INCREMENT=61 DEFAULT CHARSET=utf8 COLLATE=utf8_unicode_ci;

--
-- Dumping data for table `suppliers`
--

INSERT INTO `suppliers` VALUES (1,'MEDICAL ACCESS UGANDA LIMITED','0414237707','gerald.sebulime@medicalaccess.co.ug','Plot 26 Nakasero Road, P.O Box 23186 Kampala,Uganda.',NULL,'2018-01-06 11:35:31','2018-07-27 12:39:33'),(2,'Mildmay UG','','','',NULL,'2018-01-11 12:59:20','2018-07-25 11:28:29'),(3,'SPEDAG','','','',NULL,'2018-01-11 12:59:38','2018-07-25 11:28:40'),(4,'CHEMONICS/SPEDAG','','','',NULL,'2018-01-11 12:59:50','2018-07-25 11:09:38'),(5,'National Medical Stores','0414 320089','nms@nms.go.ug','Plot 4 - 12 Nsamizi Road,\r\nP.O Box 16 Entebbe, Uganda\r\nwww.nms.go.ug',NULL,'2018-01-11 13:00:11','2018-07-25 11:48:32'),(6,'NMS','','','',NULL,'2018-01-11 13:00:49','2018-07-25 11:28:51'),(7,'SCMS','','','',NULL,'2018-01-11 13:01:02','2018-07-25 11:44:10'),(8,'CROWN HEALTH CARE','','','',NULL,'2018-01-20 08:54:52','2018-07-26 11:33:40'),(9,'FLITLINKS INTERNANTIONAL LIMITED','(256)414 347-572 / (256)794 652-862','-','95,6th STREET, INDUSTRIAL AREA\r\nP.O BOX 10827, KAMPALA-UGANDA ',NULL,'2018-02-05 11:36:20','2018-07-25 10:49:29'),(10,'CHEMONICS/MEDISELL','','','',NULL,'2018-03-06 08:14:52','2018-07-25 11:16:32'),(11,'PHYSCAL COUNT','','','',NULL,'2018-03-12 12:51:11','2018-03-12 12:51:11'),(12,'MEDISELL UGANDA LIMITED (Laboratory Instruments and Supplies-Diagnostic Reagents)','+256 312 311 400','info@medisellug.com','PLOT 560,KYAGGWE BLOCK 120, DEGEYA ESTATE, MUKONO, UGANDA\r\nPOSTAL P.O BOX 29642 ',NULL,'2018-03-21 11:41:23','2018-07-25 12:12:52'),(13,'PC-World ','','','',NULL,'2018-04-05 08:15:08','2018-07-25 11:29:04'),(14,'PRECISE DIAGNOSTIC AND MEDICAL SUPPLIES LTD','+256-414-342073','info@precisediagnostic.co.ug','Plot No. 15, Ntinda II Road, Lower Naguru East\r\nP.O BOX 33326',NULL,'2018-04-05 10:51:27','2018-07-25 10:26:09'),(15,'GRAPHICS SYSTEM LTD','-','-','-',NULL,'2018-04-09 13:37:23','2018-07-25 11:28:11'),(16,'Precise diagnostic medical Supplies','0754900004 /0758900004','info@precisediagnostic.co.ug','Lower Naguru East',NULL,'2018-04-11 07:17:42','2018-07-25 10:27:41'),(17,'Happy life supplies Ltd','0779666653/ 0702304870','sales@happylife.co.ug  / happylife@gmail.com','SIR APOLLO KAGWA ROAD , MAKERERE STUDIO\r\nP.O BOX 1077, KAMPALA UGANDA',NULL,'2018-04-11 08:42:43','2018-07-26 11:40:40'),(18,'Cynibel General Trading Limited','0414-697735/0772774422','-','PLOT 962 ENTEBBE ROAD \r\nP.O BOX 71413\r\n',NULL,'2018-04-11 09:14:54','2018-07-25 10:44:36'),(19,'Dankwa Professionals Ltd','0392-174908','info@dankwa.co.ug','PLOT 1001, SUSIE HOUSE \r\nGGABA  ROAD\r\nP.O BOX 36658 \r\nKAMPALA -UGANDA\r\n',NULL,'2018-04-12 09:20:55','2018-07-27 09:49:08'),(20,'Hass Scientific & Medical Supplies','+256 755 458057','','Plot 15 Golf Course Road Kololo,\r\nKampala, Uganda 1735',NULL,'2018-07-25 10:56:14','2018-07-25 10:56:14'),(21,'TTB INVESTMENTS LTD','+256(0)782 888 888/772310 443','info@ttbinvestments.com','NDA Building ,Plot 59 Nkurumah Road next to Nkurumah-Nasser Link Plaza',NULL,'2018-07-25 10:58:45','2018-07-25 10:58:45'),(22,'Joint Medical Stores','','','Gogonya Road, \r\nP.O Box 4501, Kampala, Uganda',NULL,'2018-07-25 11:02:47','2018-07-25 11:02:47'),(23,'ASTRA PHARMA (U) LIMITED','0414-231947/8','sales@astrapharma.net','Plot 6, Coliville Street ,Airway Building, Kampala Uganda',NULL,'2018-07-25 11:03:27','2018-07-25 11:03:27'),(24,'SPEDAG INTEFREIGHT','0414562000','kampala@spedaginterfreight.com','P.O Box 4555, Kampala, Uganda',NULL,'2018-07-25 11:09:22','2018-07-25 11:09:22'),(25,'GIVAN INNOVATIONS LIMITED','+256(0)312 517 490','givaninnovations@gmail.com','LONDON CHAMBERS, BASEMENT,\r\nPLOT 4 JOHNSTONE STREET ',NULL,'2018-07-25 11:10:23','2018-07-25 11:10:23'),(26,'MID WORLD ENTERPRISES ','+256 782 446622','nsubuamoses12@yahoo.com','Cham Towers Shop No.25 \r\nNkurumah Road P.O BOX 4285 KAMPALA',NULL,'2018-07-25 11:14:17','2018-07-25 11:14:17'),(27,'Flit Links International LTD','0414 347 572','','Plot 95, 6th, Industrial area\r\nP.O Box 10827, Kampala - Uganda',NULL,'2018-07-25 11:16:24','2018-07-25 11:16:24'),(28,'MEDISELL UG LTD','256 312 311 400','info@medisellug.com','Plot 560, Kyaggwe Block 120, Degeya Estate, Mukono, Uganda\r\nP.O Box 29642, Kampala, Uganda',NULL,'2018-07-25 11:20:46','2018-07-25 11:20:46'),(29,'MEDISTORES E.A LTD','+256 392 549 488','info@medistores.net ','Plot 62, Bombo road, Silva Arcade Building, Ground floor, Suite B4, \r\nP.O Box 3382, Kampala - Uganda',NULL,'2018-07-25 12:12:09','2018-07-25 12:12:09'),(30,'PALIN  CORPORATION','+256-414-285078','info@palineurope.com','25 Valley Road Ministers\' Village Ntinda\r\nP.O BOX 37689',NULL,'2018-07-25 13:33:12','2018-07-25 13:33:12'),(31,'GLOBAL SCIENTIFIC SUPPLIES LTD','+256-393-109-658','info@gssl.net','PLOT 1495,ROCHE CLOSE MUYENGA.\r\nP.O BOX 35196',NULL,'2018-07-25 13:39:42','2018-07-25 13:39:42'),(32,'NATIONAL DRUG AUTHORITY','-','-','P.O BOX 23096 KAMPALA \r\nSECRETARIAT OFFICE PLOT 46-48, LUMUMBA AVENUE',NULL,'2018-07-25 13:42:20','2018-07-25 13:42:20'),(33,'BIOMAC SCIENTIFIC LIMITED','+256 414 591147','biomacscientific@gmail.com','KATORANO TOWERS PLOT 27MARTIN ROAD P.O BOX 36237 KAMPALA',NULL,'2018-07-26 09:40:36','2018-07-26 09:40:36'),(34,'AWAITED POWER AND GENERAL SERVICES','+25641660725','awaitedpower@gmail.com','P.O BOX 192,NTINDA,KAMPALA,UGANDA \r\nKIWATULE NAJJERA ROAD',NULL,'2018-07-26 09:50:46','2018-07-26 09:50:46'),(35,'LABORATORY NEEDS SOLUTION LTD','0782854047','labneedssolution@gmail.com','PLOT 212 NSALO ROAD OLD KAMPALA \r\nP.O BOX 10341 KAMPALA',NULL,'2018-07-26 10:01:52','2018-07-26 10:01:52'),(36,'FABRICATION SYSTEMS UGANDA LTD','+256-414504405','info@fabricationsystems.co.ug','PLOT 1457, BANDA KIREKA \r\nP.O BOX 22631 \r\nKAMPALA ,UGANDA',NULL,'2018-07-26 10:07:31','2018-07-26 10:07:31'),(37,'NINA INTERIORS LIMITED','+25641251024','info@ninainteriors.co.ug','P.O BOX 16388,KAMPALA \r\nPLOT 41 JINJA ROAD ',NULL,'2018-07-26 11:12:47','2018-07-26 11:12:47'),(38,'KASAJJA CORPORATE BRAND MANAGEMENT LIMITED','+256 454 660 778','kasajjacbm@gmail.com','EQUATORIAL MALL SUITE A7\r\nP.O BOX 37208,KAMPALA (UGANDA)',NULL,'2018-07-26 11:24:48','2018-07-26 11:24:48'),(39,'TECHNOMED LIMITED','+256-414-346237','mail@technomed.co.ug','PLOT 6 NADIOPE ROAD MBUYA \r\nPO BOX 22045 KAMPALA, UGANDA',NULL,'2018-07-26 11:29:28','2018-07-26 11:29:28'),(40,'SENTA ENTERPRISES LIMITED','+256 (0) 414 237 268','sentaenterpriseseltd@gmail.com','PLOT NO.41A/B\r\nNKURUMAH ROAD \r\nP.O BOX 5903\r\nKAMPALA, UGANDA',NULL,'2018-07-26 11:33:06','2018-07-26 11:33:06'),(41,'SKAILAB SUPPLIES (E.) LTD','+256 704 1344,0785193791/0776 866 134','info@skailabsupplies.com','MENGO LUSAZE,NSIBAMBI ZONE \r\nNEXT TO LAVANDA HOTEL\r\nP.O BOX 6863, KAMPALA-UGANDA',NULL,'2018-07-26 11:44:33','2018-07-26 11:44:33'),(42,'RIMA (E.A) LIMITED','+256 392960266','info@rima.co.ug','RUBAGA ROAD, \r\nPLOT 247\r\nP.O BOX 36482\r\nKAMPALA  UGANDA',NULL,'2018-07-27 07:15:37','2018-07-27 07:15:37'),(43,'STAR PHARMACEUTICALS LIMITED','+256 -414-232863','info@staruganda.com','PLOT NO. 12/20 \r\nSHOP 18/4,\r\nMADHVANI FOUNDATION BUILDING ,\r\nJINJA ROAD \r\nP.O BOX 4391 \r\nKAMPALA, UGANDA',NULL,'2018-07-27 07:28:44','2018-07-27 07:28:44'),(44,'GOODWILL LAB SUPPLIES LTD','+256-414-33056','goodwillabsupplies@gmail.com','NAMANDA PLAZA \r\nSECOND FLOOR ROOM S1\r\nRUSSEL LANE \r\nPLOT NO. 1',NULL,'2018-07-27 09:00:35','2018-07-27 09:00:35'),(45,'GULF AFRICA LIMITED','0414-234017','gulfafri@infocom.co.ug','SHOW ROOM NO. 16/6\r\nMADHVANI FOUNDATION BUILDING\r\nPLOT NO. 12/20 JINJA ROAD\r\nP.O BOX 24742 \r\nKAMPALA , UGANDA',NULL,'2018-07-27 10:20:26','2018-07-27 10:20:26'),(46,'USAID (UGANDA)','-','-','US MISSION COMPOUND-SOUTH WIN\r\nPLOT 1577 GGABA ROAD, \r\nKAMPALA , UGANDA',NULL,'2018-07-27 12:06:15','2018-07-27 12:06:15'),(47,'Shark Media','0774319839','info@sharkmediaug.com','Mirembe arcade,2nd floor ,suite C18 \r\nNasser road',NULL,'2018-07-27 12:41:54','2018-07-27 12:41:54'),(48,'Cellsers Uganda Limited','+256313673671','sales@cellservtracking.co.ug','5th floor Rwenzori towers.\r\nNakasero road, Nakasero  Kampala Uganda.',NULL,'2018-07-27 12:49:37','2018-07-27 12:49:37'),(49,'Prime Impex 2001 Limited','+256-41 4345866/0756370371','-','Plot 10-12 Factory Road Ntinda Industrial Area, Ntinda-Kampala',NULL,'2018-07-27 12:56:40','2018-07-27 12:56:40'),(50,'Lusiba Investments Ltd','0700814646/0787579785','lusibainv@gmail.com','Energy centre building, shop No.D52.\r\nMarket street.Plot 16C. Kampala(U)',NULL,'2018-07-27 13:05:47','2018-07-27 13:05:47'),(51,'CHEMONICS/INTRASPEED','0414344284','dan@ug.intraspeedafrica.com','Kinyara Building ,suite 4,ploy 7/9\r\n2nd street industrial area Kampala,Uganda\r\nP.O Box 8808,Kampala,Uganda',NULL,'2018-09-11 12:06:03','2018-09-11 12:06:03'),(52,'NILE HOLDINGS AFRICA LTD','0414698338,0705661343','nileholdingsug@gmail.com','Plot 57,Nkurumah-Nasser link Nasser road\r\nPlot 5/5A,Mirembe Arcade Nasser road',NULL,'2018-09-11 12:09:52','2018-09-11 12:09:52'),(53,'CELLSERV UGANDA LTD','0773285875,0758429065','sales@cellservtracking.co.ug','5th floor Rwenzori Towers Nakasero road.',NULL,'2018-09-11 12:13:23','2018-09-11 12:13:23'),(54,'UVRI/MRC','-','-','KAMPALA',NULL,'2018-10-18 07:24:42','2018-10-18 07:24:42'),(55,'Supra Specialized Laboratory','','','',NULL,'2018-12-05 08:30:30','2018-12-05 08:30:30'),(56,'Boundless Technologies','0785262623','boundless@gmail.com','Plot 33b Mawanda Road Kamwokya',NULL,'2019-01-13 13:06:47','2019-01-13 13:06:47'),(57,'Owino','+254700678678','owino@ug.com','Owino Market',NULL,'2019-04-24 09:16:02','2019-04-24 09:16:02'),(58,'nbs','','','',NULL,'2019-07-25 19:18:01','2019-07-25 19:18:01'),(59,'henry','','','','2019-07-26 06:04:52','2019-07-26 06:04:39','2019-07-26 06:04:52'),(60,'jion','','','',NULL,'2019-07-26 06:05:16','2019-07-26 06:05:16');

--
-- Table structure for table `supplychainmgts`
--

CREATE TABLE `supplychainmgts` (
  `id` int(10) unsigned NOT NULL AUTO_INCREMENT,
  `created_at` timestamp NOT NULL DEFAULT '0000-00-00 00:00:00',
  `updated_at` timestamp NOT NULL DEFAULT '0000-00-00 00:00:00',
  PRIMARY KEY (`id`)
) ENGINE=InnoDB DEFAULT CHARSET=utf8 COLLATE=utf8_unicode_ci;

--
-- Dumping data for table `supplychainmgts`
--


--
-- Table structure for table `tadeo`
--

CREATE TABLE `tadeo` (
  `id` int(10) unsigned NOT NULL AUTO_INCREMENT,
  `amplification_barcode` varchar(255) COLLATE utf8_unicode_ci NOT NULL,
  `amplification_lot_number` varchar(255) COLLATE utf8_unicode_ci NOT NULL,
  `amplification_expiry` date NOT NULL,
  `control_lot_number` varchar(255) COLLATE utf8_unicode_ci NOT NULL,
  `control_expiry` date NOT NULL,
  `calibrator_lot_number` varchar(255) COLLATE utf8_unicode_ci NOT NULL,
  `calibrator_expiry` date NOT NULL,
  `number_of_samples` int(11) NOT NULL,
  `failed_runs` int(11) NOT NULL,
  `passed_runs` int(11) NOT NULL,
  `dummy_runs` int(11) NOT NULL,
  `control_runs` int(11) NOT NULL,
  `created_at` timestamp NOT NULL DEFAULT '0000-00-00 00:00:00',
  `updated_at` timestamp NOT NULL DEFAULT '0000-00-00 00:00:00',
  PRIMARY KEY (`id`)
) ENGINE=InnoDB DEFAULT CHARSET=utf8 COLLATE=utf8_unicode_ci;

--
-- Dumping data for table `tadeo`
--


--
-- Table structure for table `tokens`
--

CREATE TABLE `tokens` (
  `email` varchar(255) COLLATE utf8_unicode_ci NOT NULL,
  `token` varchar(255) COLLATE utf8_unicode_ci NOT NULL,
  `created_at` timestamp NOT NULL DEFAULT '0000-00-00 00:00:00',
  `updated_at` timestamp NOT NULL DEFAULT '0000-00-00 00:00:00',
  KEY `tokens_email_index` (`email`),
  KEY `tokens_token_index` (`token`)
) ENGINE=InnoDB DEFAULT CHARSET=utf8 COLLATE=utf8_unicode_ci;

--
-- Dumping data for table `tokens`
--


--
-- Table structure for table `topup_requests`
--

CREATE TABLE `topup_requests` (
  `id` int(10) unsigned NOT NULL AUTO_INCREMENT,
  `commodity_id` int(10) unsigned NOT NULL,
  `test_category_id` int(10) unsigned NOT NULL,
  `order_quantity` int(10) unsigned NOT NULL,
  `user_id` int(10) unsigned NOT NULL,
  `remarks` varchar(100) COLLATE utf8_unicode_ci NOT NULL,
  `deleted_at` timestamp NULL DEFAULT NULL,
  `created_at` timestamp NOT NULL DEFAULT '0000-00-00 00:00:00',
  `updated_at` timestamp NOT NULL DEFAULT '0000-00-00 00:00:00',
  PRIMARY KEY (`id`),
  KEY `topup_requests_commodity_id_foreign` (`commodity_id`),
  KEY `topup_requests_user_id_foreign` (`user_id`),
  CONSTRAINT `topup_requests_commodity_id_foreign` FOREIGN KEY (`commodity_id`) REFERENCES `commodities` (`id`),
  CONSTRAINT `topup_requests_user_id_foreign` FOREIGN KEY (`user_id`) REFERENCES `users` (`id`)
) ENGINE=InnoDB DEFAULT CHARSET=utf8 COLLATE=utf8_unicode_ci;

--
-- Dumping data for table `topup_requests`
--


--
-- Table structure for table `transport`
--

CREATE TABLE `transport` (
  `id` int(10) unsigned NOT NULL AUTO_INCREMENT,
  `registration_number` varchar(255) COLLATE utf8_unicode_ci NOT NULL,
  `engine_number` varchar(255) COLLATE utf8_unicode_ci NOT NULL,
  `chasis_number` varchar(255) COLLATE utf8_unicode_ci NOT NULL,
  `engine_type` varchar(255) COLLATE utf8_unicode_ci NOT NULL,
  `funder` varchar(255) COLLATE utf8_unicode_ci NOT NULL,
  `model` varchar(255) COLLATE utf8_unicode_ci NOT NULL,
  `manufacturer` varchar(255) COLLATE utf8_unicode_ci NOT NULL,
  `vehicle_state` varchar(255) COLLATE utf8_unicode_ci NOT NULL,
  `warranty_details` varchar(255) COLLATE utf8_unicode_ci NOT NULL,
  `registered_by` varchar(255) COLLATE utf8_unicode_ci NOT NULL,
  `created_at` timestamp NOT NULL DEFAULT '0000-00-00 00:00:00',
  `updated_at` timestamp NOT NULL DEFAULT '0000-00-00 00:00:00',
  PRIMARY KEY (`id`),
  UNIQUE KEY `transport_registration_number_unique` (`registration_number`),
  UNIQUE KEY `transport_engine_number_unique` (`engine_number`),
  UNIQUE KEY `transport_chasis_number_unique` (`chasis_number`)
) ENGINE=InnoDB DEFAULT CHARSET=utf8 COLLATE=utf8_unicode_ci;

--
-- Dumping data for table `transport`
--


--
-- Table structure for table `transportandfleets`
--

CREATE TABLE `transportandfleets` (
  `id` int(10) unsigned NOT NULL AUTO_INCREMENT,
  `registration_number` varchar(255) COLLATE utf8_unicode_ci NOT NULL,
  `engine_number` varchar(255) COLLATE utf8_unicode_ci NOT NULL,
  `chasis_number` varchar(255) COLLATE utf8_unicode_ci NOT NULL,
  `engine_type` varchar(255) COLLATE utf8_unicode_ci NOT NULL,
  `funder` varchar(255) COLLATE utf8_unicode_ci NOT NULL,
  `model` varchar(255) COLLATE utf8_unicode_ci NOT NULL,
  `manufacturer` varchar(255) COLLATE utf8_unicode_ci NOT NULL,
  `vehicle_state` varchar(255) COLLATE utf8_unicode_ci NOT NULL,
  `warranty_details` varchar(255) COLLATE utf8_unicode_ci NOT NULL,
  `created_at` timestamp NOT NULL DEFAULT '0000-00-00 00:00:00',
  `updated_at` timestamp NOT NULL DEFAULT '0000-00-00 00:00:00',
  PRIMARY KEY (`id`),
  UNIQUE KEY `transportandfleets_registration_number_unique` (`registration_number`),
  UNIQUE KEY `transportandfleets_engine_number_unique` (`engine_number`),
  UNIQUE KEY `transportandfleets_chasis_number_unique` (`chasis_number`)
) ENGINE=InnoDB DEFAULT CHARSET=utf8 COLLATE=utf8_unicode_ci;

--
-- Dumping data for table `transportandfleets`
--


--
-- Table structure for table `ug_districts`
--

CREATE TABLE `ug_districts` (
  `id` mediumint(8) unsigned NOT NULL AUTO_INCREMENT,
  `district_nr` mediumint(8) unsigned NOT NULL,
  `districtcode` varchar(20) NOT NULL,
  `district` varchar(100) NOT NULL,
  `name` varchar(234) NOT NULL,
  `regionID` tinyint(3) unsigned NOT NULL,
  `province` int(3) NOT NULL,
  `scd_high_burden` enum('NO','YES') NOT NULL DEFAULT 'NO',
  `created` datetime NOT NULL,
  `createdby` varchar(250) NOT NULL,
  PRIMARY KEY (`id`),
  UNIQUE KEY `uniqueIndex` (`district`),
  KEY `regionIDIndex` (`regionID`)
) ENGINE=InnoDB AUTO_INCREMENT=125 DEFAULT CHARSET=utf8;

--
-- Dumping data for table `ug_districts`
--

INSERT INTO `ug_districts` VALUES (1,0,'','Abim','Abim',12,12,'YES','0000-00-00 00:00:00','system'),(2,0,'','Adjumani','Adjumani',14,14,'YES','0000-00-00 00:00:00','system'),(3,0,'','Amolatar','Amolatar',10,10,'YES','0000-00-00 00:00:00','system'),(4,0,'','Amuria','Amuria',12,12,'YES','0000-00-00 00:00:00','system'),(5,0,'','Amuru','Amuru',10,10,'YES','0000-00-00 00:00:00','system'),(6,0,'','Apac','Apac',10,10,'YES','0000-00-00 00:00:00','system'),(7,0,'','Arua','Arua',14,14,'NO','0000-00-00 00:00:00','system'),(8,0,'','Budaka','Budaka',9,9,'YES','0000-00-00 00:00:00','system'),(9,0,'','Bududa','Bududa',9,9,'NO','0000-00-00 00:00:00','system'),(10,0,'','Bugiri','Bugiri',7,7,'YES','0000-00-00 00:00:00','system'),(11,0,'','Buikwe ','Buikwe ',6,6,'YES','0000-00-00 00:00:00','system'),(12,0,'','Bukedea','Bukedea',12,12,'NO','0000-00-00 00:00:00','system'),(13,0,'','Bukwo','Bukwo',9,9,'NO','0000-00-00 00:00:00','system'),(14,0,'','Buliisa','Buliisa',11,11,'YES','0000-00-00 00:00:00','system'),(15,0,'','Bundibugyo','Bundibugyo',11,11,'YES','0000-00-00 00:00:00','system'),(16,0,'','Bushenyi','Bushenyi',13,13,'NO','0000-00-00 00:00:00','system'),(17,0,'','Busia','Busia',9,9,'YES','0000-00-00 00:00:00','system'),(18,0,'','Butaleja','Butaleja',9,9,'YES','0000-00-00 00:00:00','system'),(19,0,'','Buvuma','Buvuma',6,6,'NO','0000-00-00 00:00:00','system'),(20,0,'','Buyende ','Buyende ',7,7,'YES','0000-00-00 00:00:00','system'),(22,0,'','Dokolo','Dokolo',10,10,'YES','0000-00-00 00:00:00','system'),(23,0,'','Gulu','Gulu',10,10,'YES','0000-00-00 00:00:00','system'),(24,0,'','Hoima','Hoima',11,11,'NO','0000-00-00 00:00:00','system'),(25,0,'','Ibanda','Ibanda',13,13,'NO','0000-00-00 00:00:00','system'),(26,0,'','Iganga','Iganga',7,7,'YES','0000-00-00 00:00:00','system'),(27,0,'','Isingiro','Isingiro',13,13,'NO','0000-00-00 00:00:00','system'),(28,0,'','Jinja','Jinja',7,7,'YES','0000-00-00 00:00:00','system'),(29,0,'','Kaabong ','Kaabong ',12,12,'NO','0000-00-00 00:00:00','system'),(30,0,'','Kabale','Kabale',13,13,'NO','0000-00-00 00:00:00','system'),(31,0,'','Kabarole','Kabarole',11,11,'NO','0000-00-00 00:00:00','system'),(32,0,'','Kaberamaido','Kaberamaido',12,12,'YES','0000-00-00 00:00:00','system'),(33,0,'','Kalangala','Kalangala',5,5,'NO','0000-00-00 00:00:00','system'),(34,0,'','Kaliro','Kaliro',7,7,'YES','0000-00-00 00:00:00','system'),(35,0,'','Kampala','Kampala',8,8,'YES','0000-00-00 00:00:00','system'),(36,0,'','Kamuli','Kamuli',7,7,'YES','0000-00-00 00:00:00','system'),(37,0,'','Kamwenge','Kamwenge',11,11,'NO','0000-00-00 00:00:00','system'),(38,0,'','Kanungu','Kanungu',13,13,'NO','0000-00-00 00:00:00','system'),(39,0,'','Kapchorwa','Kapchorwa',9,9,'NO','0000-00-00 00:00:00','system'),(40,0,'','Kasese','Kasese',11,11,'NO','0000-00-00 00:00:00','system'),(41,0,'','Katakwi ','Katakwi ',12,12,'YES','0000-00-00 00:00:00','system'),(42,0,'','Kayunga','Kayunga',6,6,'YES','0000-00-00 00:00:00','system'),(43,0,'','Kibaale','Kibaale',11,11,'NO','0000-00-00 00:00:00','system'),(44,0,'','Kiboga','Kiboga',6,6,'NO','0000-00-00 00:00:00','system'),(45,0,'','Kiruhura','Kiruhura',13,13,'NO','0000-00-00 00:00:00','system'),(46,0,'','Kisoro','Kisoro',13,13,'NO','0000-00-00 00:00:00','system'),(47,0,'','Kitgum','Kitgum',10,10,'YES','0000-00-00 00:00:00','system'),(48,0,'','Koboko','Koboko',14,14,'YES','0000-00-00 00:00:00','system'),(49,0,'','Kotido','Kotido',12,12,'NO','0000-00-00 00:00:00','system'),(50,0,'','Kumi','Kumi',12,12,'YES','0000-00-00 00:00:00','system'),(51,0,'','Kyegegwa','Kyegegwa',11,11,'NO','0000-00-00 00:00:00','system'),(52,0,'','Kyenjojo','Kyenjojo',11,11,'NO','0000-00-00 00:00:00','system'),(53,0,'','Lamwo','Lamwo',10,10,'YES','0000-00-00 00:00:00','system'),(54,0,'','Lira','Lira',10,10,'YES','0000-00-00 00:00:00','system'),(55,0,'','Luweero','Luweero',6,6,'NO','0000-00-00 00:00:00','system'),(56,0,'','Lyantonde','Lyantonde',5,5,'NO','0000-00-00 00:00:00','system'),(57,0,'','Manafwa','Manafwa',9,9,'NO','0000-00-00 00:00:00','system'),(58,0,'','Maracha Terego','Maracha Terego',14,14,'NO','0000-00-00 00:00:00','system'),(59,0,'','Masaka','Masaka',5,5,'YES','0000-00-00 00:00:00','system'),(60,0,'','Masindi ','Masindi ',11,11,'YES','0000-00-00 00:00:00','system'),(61,0,'','Mayuge','Mayuge',7,7,'YES','0000-00-00 00:00:00','system'),(62,0,'','Mbale','Mbale',9,9,'NO','0000-00-00 00:00:00','system'),(63,0,'','Mbarara','Mbarara',13,13,'NO','0000-00-00 00:00:00','system'),(64,0,'','Mityana','Mityana',6,6,'NO','0000-00-00 00:00:00','system'),(65,0,'','Moroto','Moroto',12,12,'NO','0000-00-00 00:00:00','system'),(66,0,'','Moyo','Moyo',14,14,'NO','0000-00-00 00:00:00','system'),(67,0,'','Mpigi','Mpigi',5,5,'NO','0000-00-00 00:00:00','system'),(68,0,'','Mubende','Mubende',6,6,'NO','0000-00-00 00:00:00','system'),(69,0,'','Mukono ','Mukono ',6,6,'NO','0000-00-00 00:00:00','system'),(70,0,'','Nakapiripirit','Nakapiripirit',12,12,'NO','0000-00-00 00:00:00','system'),(71,0,'','Nakaseke','Nakaseke',6,6,'NO','0000-00-00 00:00:00','system'),(72,0,'','Nakasongola','Nakasongola',6,6,'YES','0000-00-00 00:00:00','system'),(73,0,'','Namutumba ','Namutumba ',7,7,'YES','0000-00-00 00:00:00','system'),(74,0,'','Nebbi','Nebbi',14,14,'YES','0000-00-00 00:00:00','system'),(75,0,'','Ntungamo','Ntungamo',13,13,'NO','0000-00-00 00:00:00','system'),(77,0,'','Oyam','Oyam',10,10,'YES','0000-00-00 00:00:00','system'),(78,0,'','Pader','Pader',10,10,'YES','0000-00-00 00:00:00','system'),(79,0,'','Pallisa','Pallisa',9,9,'YES','0000-00-00 00:00:00','system'),(80,0,'','Rakai','Rakai',5,5,'YES','0000-00-00 00:00:00','system'),(81,0,'','Rukungiri','Rukungiri',13,13,'NO','0000-00-00 00:00:00','system'),(82,0,'','Ssembabule','Ssembabule',5,5,'NO','0000-00-00 00:00:00','system'),(83,0,'','Sironko','Sironko',9,9,'NO','0000-00-00 00:00:00','system'),(84,0,'','Soroti','Soroti',12,12,'YES','0000-00-00 00:00:00','system'),(85,0,'','Tororo','Tororo',9,9,'YES','0000-00-00 00:00:00','system'),(86,0,'','Wakiso','Wakiso',5,5,'YES','0000-00-00 00:00:00','system'),(87,0,'','Yumbe','Yumbe',14,14,'NO','0000-00-00 00:00:00','system'),(88,0,'','Butambala','Butambala',5,5,'NO','0000-00-00 00:00:00','system'),(89,0,'','Gomba','Gomba',5,5,'NO','0000-00-00 00:00:00','system'),(90,0,'','Kalungu','Kalungu',5,5,'NO','0000-00-00 00:00:00','system'),(91,0,'','Kyankwanzi','Kyankwanzi',6,6,'NO','0000-00-00 00:00:00','system'),(92,0,'','Lwengo','Lwengo',5,5,'NO','0000-00-00 00:00:00','system'),(93,0,'','Bukomansimbi','Bukomansimbi',5,5,'NO','0000-00-00 00:00:00','system'),(94,0,'','Bulambuli','Bulambuli',9,9,'NO','0000-00-00 00:00:00','system'),(95,0,'','Kibuku','Kibuku',9,9,'YES','0000-00-00 00:00:00','system'),(96,0,'','Kween','Kween',9,9,'NO','0000-00-00 00:00:00','system'),(97,0,'','Luuka','Luuka',7,7,'YES','0000-00-00 00:00:00','system'),(98,0,'','Namayingo','Namayingo',7,7,'YES','0000-00-00 00:00:00','system'),(99,0,'','Ngora','Ngora',12,12,'YES','0000-00-00 00:00:00','system'),(100,0,'','Serere','Serere',12,12,'YES','0000-00-00 00:00:00','system'),(101,0,'','Agago','Agago',10,10,'YES','0000-00-00 00:00:00','system'),(102,0,'','Alebtong','Alebtong',10,10,'YES','0000-00-00 00:00:00','system'),(103,0,'','Amudat','Amudat',12,12,'NO','0000-00-00 00:00:00','system'),(104,0,'','Kole','Kole',10,10,'YES','0000-00-00 00:00:00','system'),(105,0,'','Napak','Napak',12,12,'NO','0000-00-00 00:00:00','system'),(106,0,'','Nwoya','Nwoya',10,10,'YES','0000-00-00 00:00:00','system'),(107,0,'','Otuke','Otuke',10,10,'YES','0000-00-00 00:00:00','system'),(108,0,'','Zombo','Zombo',14,14,'NO','0000-00-00 00:00:00','system'),(109,0,'','Buhweju','Buhweju',13,13,'NO','0000-00-00 00:00:00','system'),(110,0,'','Kiryandongo','Kiryandongo',11,11,'NO','0000-00-00 00:00:00','system'),(111,0,'','Mitooma','Mitooma',13,13,'NO','0000-00-00 00:00:00','system'),(112,0,'','Ntoroko','Ntoroko',11,11,'YES','0000-00-00 00:00:00','system'),(113,0,'','Rubirizi','Rubirizi',13,13,'NO','0000-00-00 00:00:00','system'),(114,0,'','Sheema','Sheema',13,13,'NO','0000-00-00 00:00:00','system'),(115,0,'','Rubanda','Rubanda',13,13,'NO','2016-08-26 13:55:01','admin'),(116,0,'','Kagadi','Kagadi',11,11,'NO','2016-09-08 14:31:46','admin'),(117,0,'','Kakumiro','Kakumiro',11,11,'NO','2016-10-06 14:49:06','admin'),(118,0,'','Omoro','Omoro',10,10,'NO','2017-01-09 15:01:27','admin'),(119,0,'','Pakwach','Pakwach',14,14,'NO','2017-07-12 11:59:27','admin'),(120,0,'','Namisindwa','Namisindwa',9,9,'NO','2017-07-17 16:23:03','admin'),(121,0,'','Rukiga','Rukiga',13,13,'NO','2017-07-18 11:06:08','admin'),(122,0,'','Bunyangabu','Bunyangabu',11,0,'NO','2017-07-19 14:16:44','admin'),(123,0,'','Kyotera','Kyotera',5,0,'YES','2017-07-28 14:17:56','admin'),(124,0,'','Butebo','Butebo',9,0,'YES','2017-08-28 17:13:38','admin');

--
-- Table structure for table `ug_facilities`
--

CREATE TABLE `ug_facilities` (
  `id` mediumint(8) unsigned NOT NULL AUTO_INCREMENT,
  `facilityCode` varchar(250) NOT NULL,
  `facility` varchar(250) NOT NULL,
  `facilityLevelID` smallint(2) NOT NULL,
  `districtID` mediumint(8) unsigned NOT NULL,
  `hubID` mediumint(8) unsigned NOT NULL,
  `phone` varchar(20) NOT NULL,
  `email` varchar(50) NOT NULL,
  `contactPerson` varchar(250) NOT NULL,
  `physicalAddress` text NOT NULL,
  `returnAddress` text NOT NULL,
  `created` datetime NOT NULL,
  `createdby` varchar(250) NOT NULL,
  PRIMARY KEY (`id`),
  KEY `districtIDIndex` (`districtID`),
  KEY `hubIDIndex` (`hubID`),
  KEY `facilityLevelIDIndex` (`facilityLevelID`),
  KEY `uniqueIndex` (`facility`,`districtID`)
) ENGINE=InnoDB AUTO_INCREMENT=2732 DEFAULT CHARSET=utf8;

--
-- Dumping data for table `ug_facilities`
--

INSERT INTO `ug_facilities` VALUES (2,'0','Abako H/C III',6,102,108,'772312515','','','','','0000-00-00 00:00:00',''),(3,'0','Aber Hospital',9,77,4,'782117574','','','','','0000-00-00 00:00:00',''),(4,'0','Abim Hospital',9,1,5,'777281715','','','','','0000-00-00 00:00:00',''),(5,'0','Aboke H/C IV',7,104,4,'779075630','','','','','0000-00-00 00:00:00',''),(6,'0','Abongomola H/C III',6,6,104,'772868854','','','','','0000-00-00 00:00:00',''),(7,'0','Acet H/C II',5,118,102,'77646333','','','','','0000-00-00 00:00:00',''),(8,'0','Achol Pii H/C III',6,101,39,'774253869','','','','','0000-00-00 00:00:00',''),(9,'0','Acholi Bur H/C III',6,78,107,'0774832887','','OCAN JAMES','','','0000-00-00 00:00:00',''),(10,'0','Adjumani Hospital',9,2,6,'772918562','','','','','0000-00-00 00:00:00',''),(11,'0','Adok H/C II',5,22,23,'752418166','','','','','0000-00-00 00:00:00',''),(12,'0','Aduku H/C II (NGO)',5,6,104,' ','','','','','0000-00-00 00:00:00',''),(13,'0','Aduku H/C IV ',7,6,104,'779330623','','','','','0000-00-00 00:00:00',''),(14,'0','Agali H/C III',6,54,61,'777114666','','','','','0000-00-00 00:00:00',''),(15,'0','Agoro H/C III',6,53,65,'711068465','','','','','0000-00-00 00:00:00',''),(16,'0','Agu H/C III',6,99,105,'782424967','','','','','0000-00-00 00:00:00',''),(17,'0','Agule H/C III',6,79,82,'773084891','','','','','0000-00-00 00:00:00',''),(18,'0','Agulurude H/C III',6,77,4,'777583284','','','','','0000-00-00 00:00:00',''),(19,'0','Agwata H/C III',6,22,23,'774993910','','','','','0000-00-00 00:00:00',''),(20,'0','Akalo H/C III',6,104,61,'753761001','','','','','0000-00-00 00:00:00',''),(21,'0','Akokoro H/C III',6,6,104,'773577763','','','','','0000-00-00 00:00:00',''),(22,'0','Akuna Laber H/C III',6,47,56,'774849340','','','','','0000-00-00 00:00:00',''),(23,'0','Alebtong H/C IV',7,102,108,'772628341','','','','','0000-00-00 00:00:00',''),(24,'0','Alerek H/C III',6,1,5,'775287200','','','','','0000-00-00 00:00:00',''),(25,'0','Alero H/C III',6,106,10,'717573999','','','','','0000-00-00 00:00:00',''),(26,'0','Alito H/C III',6,104,61,'756802305','','','','','0000-00-00 00:00:00',''),(27,'0','Alive Medical Services H/C III',6,35,41,'414258580','','','','','0000-00-00 00:00:00',''),(29,'0','Amach H/C IV',7,54,61,'777647634','','','','','0000-00-00 00:00:00',''),(30,'0','Amai Community Hospital',9,3,7,'773016662','','','','','0000-00-00 00:00:00',''),(31,'0','Amolatar H/C IV ',7,3,7,'773897355','','','','','0000-00-00 00:00:00',''),(32,'0','Amuca SDA H/C III',6,54,61,'787324669','','','','','0000-00-00 00:00:00',''),(33,'0','Amuda H/C II',5,22,23,'','','','','','0000-00-00 00:00:00',''),(34,'0','Amudat Hospital',9,103,94,'','','','','','0000-00-00 00:00:00',''),(35,'0','Amugu H/C III',6,102,108,'782681664','','','','','0000-00-00 00:00:00',''),(36,'0','Amuria H/C IV',7,4,8,'773308460','','','','','0000-00-00 00:00:00',''),(37,'0','Amuru H/C III',6,23,27,'774848923','','','','','0000-00-00 00:00:00',''),(38,'0','Anaka Hospital',9,106,10,'774805770','','','','','0000-00-00 00:00:00',''),(40,'0','Anyara H/C III',6,32,34,'776996063','','','','','0000-00-00 00:00:00',''),(41,'0','Anyeke H/C IV',7,77,4,'','','','','','0000-00-00 00:00:00',''),(42,'0','Apac Hospital ',9,6,104,'75246534','','','','','0000-00-00 00:00:00',''),(43,'0','Apala Bar Owoo H/C III',6,104,61,'785966224','','','','','0000-00-00 00:00:00',''),(44,'0','Apala H/C III',6,102,108,'777053344','','','','','0000-00-00 00:00:00',''),(45,'0','Apapai H/C IV (Serere)',7,100,90,'744006516','','','','','0000-00-00 00:00:00',''),(46,'0','Apoi H/C III',6,6,104,'','','','','','0000-00-00 00:00:00',''),(47,'0','Aputi H/C III',6,3,7,'773394839','','','','','0000-00-00 00:00:00',''),(48,'0','Ariwa H/C III',6,87,96,'779744905','','','','','0000-00-00 00:00:00',''),(49,'0','Aromo H/C III',6,54,61,'774059095','','','','','0000-00-00 00:00:00',''),(50,'0','Arua R R Hospital',11,7,11,'752663302','','','','','0000-00-00 00:00:00',''),(51,'0','Atabu H/C II',5,22,23,'782418166','','','','','0000-00-00 00:00:00',''),(52,'0','Atanga H/C III',6,78,107,'0777204171','','AKENA DANIEL','','','0000-00-00 00:00:00',''),(53,'0','Atiak H/C IV ',7,5,12,'775666037','','','','','0000-00-00 00:00:00',''),(55,'0','Atool H/C II',5,50,13,'782254913','','','','','0000-00-00 00:00:00',''),(56,'0','Atutur Hospital',9,50,13,'782027766','','','','','0000-00-00 00:00:00',''),(57,'0','Awach H/C IV ',7,23,27,'782040787','','','','','0000-00-00 00:00:00',''),(58,'0','Awer H/C II',5,5,12,'','','','','','0000-00-00 00:00:00',''),(59,'0','Awere H/C III',6,78,107,'774022194','','ACAYE GEOFFREY LAPIR','','','0000-00-00 00:00:00',''),(60,'0','Awoo H/C II',5,118,102,'774817575','','','','','0000-00-00 00:00:00',''),(61,'0','Ayer H/C II',5,104,61,'754808980','','','','','0000-00-00 00:00:00',''),(62,'0','Aywee H/C III',6,23,27,'','','','','','0000-00-00 00:00:00',''),(63,'0','Azur Christian H/C IV',7,24,28,'783658054','','','','','0000-00-00 00:00:00',''),(64,'0','Baitambogwe H/C III',6,61,117,'774140176','','','','','0000-00-00 00:00:00',''),(65,'0','Bala H/C III',6,104,61,'779203475','','','','','0000-00-00 00:00:00',''),(66,'0','Barapwo H/C III',6,54,61,'775172582','','','','','0000-00-00 00:00:00',''),(67,'0','Bardyang H/C II',5,22,23,'752418166','','','','','0000-00-00 00:00:00',''),(68,'0','Barr H/C III',6,54,61,'772618460','','','','','0000-00-00 00:00:00',''),(69,'0','Bata H/C III',6,22,23,'772657256','','','','','0000-00-00 00:00:00',''),(71,'0','Bibia H/C III',6,5,12,'774592062','','','','','0000-00-00 00:00:00',''),(72,'0','Biddabugya H/C III',6,71,79,'785732682','','','','','0000-00-00 00:00:00',''),(73,'0','Bigodi H/C III',6,37,101,'773295818','','','','','0000-00-00 00:00:00',''),(74,'0','Bihanga H/C III (Buhweju)',6,109,19,'781507660','','','','','0000-00-00 00:00:00',''),(75,'0','Binya H/C II',5,118,102,'','','','','','0000-00-00 00:00:00',''),(76,'0','Binyiny H/C III',6,39,44,'754172238','','','','','0000-00-00 00:00:00',''),(78,'0','Bisheshe H/C III',6,25,85,'783627202','','','','','0000-00-00 00:00:00',''),(79,'0','Kasese Community Health & Education Foundation (KCHEF)',8,40,52,'774114384','','','','','0000-00-00 00:00:00',''),(80,'0','Bitereko H/C III',6,111,55,'782444026','','','','','0000-00-00 00:00:00',''),(81,'0','Bobi H/C III',6,118,102,'785414568','','','','','0000-00-00 00:00:00',''),(82,'0','Bombo Military Hospital ',9,55,63,'772859404','','','','','0000-00-00 00:00:00',''),(83,'0','Boroboro H/C III',6,54,61,'777141157','','','','','0000-00-00 00:00:00',''),(84,'0','Bubaare H/C III (Mbarara)',6,63,71,'773006481','','','','','0000-00-00 00:00:00',''),(85,'0','Bubulo H/C IV',7,57,95,'752521805','','','','','0000-00-00 00:00:00',''),(86,'0','Budadiri H/C IV',7,83,114,'782083486','','','','','0000-00-00 00:00:00',''),(87,'0','Budaka H/C IV',7,8,70,'782310948','','','','','0000-00-00 00:00:00',''),(88,'0','Budondo H/C IV',7,28,31,'782932700','','','','','0000-00-00 00:00:00',''),(89,'0','Bududa Hospital',9,9,133,'782150480','','','','','0000-00-00 00:00:00',''),(90,'0','Budumba H/C III',6,18,20,'753701164','','','','','0000-00-00 00:00:00',''),(91,'0','Bufumbo H/C IV',7,62,70,'782664114','','','','','0000-00-00 00:00:00',''),(92,'0','Bufunda H/C III',6,25,85,'772935060','','','','','0000-00-00 00:00:00',''),(93,'0','Bugalo H/C III',6,18,20,'','','','','','0000-00-00 00:00:00',''),(94,'0','Bugamba H/C IV',7,63,71,'782460178','','','','','0000-00-00 00:00:00',''),(95,'0','Bugambe H/C II (Hoima)',5,24,28,'782323029','','','','','0000-00-00 00:00:00',''),(96,'0','Bugambe Tea H/C III (Hoima)',6,24,28,'782946022','','','','','0000-00-00 00:00:00',''),(97,'0','Bugembe H/C  IV',7,28,31,'772323503','','','','','0000-00-00 00:00:00',''),(99,'0','Bugiri Hospital',9,10,15,'782309581','','','','','0000-00-00 00:00:00',''),(100,'0','Bugobero H/C IV',7,57,95,'752521809','','','','','0000-00-00 00:00:00',''),(101,'0','Bugono H/C IV',7,26,29,'712950841','','','','','0000-00-00 00:00:00',''),(102,'0','Bugoye H/C III',6,40,52,'706907535','','','','','0000-00-00 00:00:00',''),(103,'0','Buhara H/C III (Govt)',6,30,33,'787032220','','','','','0000-00-00 00:00:00',''),(104,'0','Buhehe H/C III',6,17,67,'779346042','','','','','0000-00-00 00:00:00',''),(105,'0','Buhimba H/C III',6,24,28,'','','','','','0000-00-00 00:00:00',''),(106,'0','Buhunga H/C IV',7,81,81,'701353844','','','','','0000-00-00 00:00:00',''),(107,'0','Buikwe Hospital (St Charlse Lwanga)',9,11,48,'784470442','','','','','0000-00-00 00:00:00',''),(108,'0','Bujubuli H/C III',6,51,58,'782591502','','','','','0000-00-00 00:00:00',''),(109,'0','Bukangama H/C III',6,15,18,'794527535','','','','','0000-00-00 00:00:00',''),(110,'0','Bukedea H/C IV',7,12,13,'716041412','','','','','0000-00-00 00:00:00',''),(111,'0','Buremba H/C III (Kiruhura)',6,45,86,'773007418','','','','','0000-00-00 00:00:00',''),(112,'0','Bukigai H/C III',6,9,133,'775985968','','','','','0000-00-00 00:00:00',''),(113,'0','Bukinda H/C III',6,121,33,'775573662','','','','','0000-00-00 00:00:00',''),(114,'0','Bukomero H/C IV',7,44,50,'784713664','','','','','0000-00-00 00:00:00',''),(115,'0','Bukoto H/C III',6,59,68,'784834893','','','','','0000-00-00 00:00:00',''),(116,'0','Bukulula H/C IV',7,90,100,'775430480','','','','','0000-00-00 00:00:00',''),(117,'0','Bukuuku H/C IV ',7,31,25,'704753355','','','','','0000-00-00 00:00:00',''),(118,'0','Bukuya H/C III',6,68,46,'712134102','','','','','0000-00-00 00:00:00',''),(119,'0','Bukwo H/C IV',7,13,44,'777603015','','','','','0000-00-00 00:00:00',''),(120,'0','Bulange H/C III',6,73,15,'782553672','','','','','0000-00-00 00:00:00',''),(121,'0','Buliisa H/C IV',7,14,16,'774665077','','','','','0000-00-00 00:00:00',''),(122,'0','Buluba Hospital St Francis',9,61,31,'777054600','','','','','0000-00-00 00:00:00',''),(123,'0','Bumanya H/C IV',7,34,17,'788597147','','','','','0000-00-00 00:00:00',''),(124,'0','Bundibugyo Hospital  ',9,15,18,'771630999','','','','','0000-00-00 00:00:00',''),(125,'0','Bung H/C II',5,104,61,'751721709','','','','','0000-00-00 00:00:00',''),(126,'0','Bungokho Mutoto H/C III',6,62,70,'704312235','','','','','0000-00-00 00:00:00',''),(127,'0','Bunoga H/C III',6,37,101,'753341673','','','','','0000-00-00 00:00:00',''),(128,'0','Bunyiiro H/C III',6,26,29,'706028527','','','','','0000-00-00 00:00:00',''),(129,'0','Buraru H/C III',6,24,28,'773702096','','','','','0000-00-00 00:00:00',''),(131,'0','Busaba H/C III',6,18,20,'753097842','','','','','0000-00-00 00:00:00',''),(132,'0','Busamaga H/C III',6,62,70,' ','','','','','0000-00-00 00:00:00',''),(133,'0','Busano H/C III',6,62,70,'','','','','','0000-00-00 00:00:00',''),(134,'0','Busanza H/C IV ',7,46,54,'773219980','','','','','0000-00-00 00:00:00',''),(135,'0','Busesa H/C IV',7,26,29,'772697750','','','','','0000-00-00 00:00:00',''),(136,'0','Buseta H/C III',6,95,82,'751480609','','','','','0000-00-00 00:00:00',''),(137,'0','Bushenyi H/C IV',7,16,19,'701283662','','','','','0000-00-00 00:00:00',''),(138,'0','Bushenyi Medical Centre H/C III',6,16,19,'772958343','','','','','0000-00-00 00:00:00',''),(139,'0','Bushikori H/C III',6,62,70,'784959757','','','','','0000-00-00 00:00:00',''),(140,'0','Bushiyi H/C III',6,9,133,'','','','','','0000-00-00 00:00:00',''),(142,'0','Busia H/C IV',7,17,67,'777828568','','','','','0000-00-00 00:00:00',''),(143,'0','Busiriba H/C II',5,37,101,' ','','','','','0000-00-00 00:00:00',''),(144,'0','Busolwe Hospital',9,18,20,'753200001','','','','','0000-00-00 00:00:00',''),(145,'0','Busiu H/C IV',7,62,70,'752840585','','','','','0000-00-00 00:00:00',''),(146,'0','Butabika  Hospital',9,35,41,'772848761','','','','','0000-00-00 00:00:00',''),(147,'0','Butebo H/C IV',7,124,82,'','','','','','0000-00-00 00:00:00',''),(148,'0','Butema H/C III',6,24,28,'773764156','','','','','0000-00-00 00:00:00',''),(149,'0','Butenga H/C IV',7,93,100,'752851694','','','','','0000-00-00 00:00:00',''),(150,'0','Butiiti H/C III',6,52,60,'779982354','','','','','0000-00-00 00:00:00',''),(151,'0','Butiru H/C III',6,57,95,'772079346','','','','','0000-00-00 00:00:00',''),(152,'0','Butunduzi H/C III',6,52,60,'774455662','','','','','0000-00-00 00:00:00',''),(153,'0','Buvuma H/C IV',7,19,49,'','','','','','0000-00-00 00:00:00',''),(154,'0','Buwaiswa H/C III',6,61,117,'782899189','','','','','0000-00-00 00:00:00',''),(155,'0','Buwambo H/C IV',7,86,116,'772885227','','','','','0000-00-00 00:00:00',''),(156,'0','Buwasa H/C IV',7,83,114,'772699588','','','','','0000-00-00 00:00:00',''),(157,'0','Buwasunguyi H/C II',5,57,95,'774788450','','','','','0000-00-00 00:00:00',''),(158,'0','Buwenge H/C IV',7,28,31,'774532044','','','','','0000-00-00 00:00:00',''),(159,'0','St Cecilia Buyamba H/C II-Rakai',5,80,83,'754724490','','','','','0000-00-00 00:00:00',''),(160,'0','Buyinja H/C IV',7,98,21,'772533225','','','','','0000-00-00 00:00:00',''),(161,'0','Buyoga H/C III',6,93,93,'75151592764','','','','','0000-00-00 00:00:00',''),(162,'0','Bwera Hospital ',9,40,37,'773981466','','','','','0000-00-00 00:00:00',''),(163,'0','Bwijanga H/C IV',7,60,69,'782675394','','','','','0000-00-00 00:00:00',''),(164,'0','Bwindi Community Hospital',9,38,43,'774035916','','','','','0000-00-00 00:00:00',''),(165,'0','Bwizi H/C III',6,37,101,'776294245','','','','','0000-00-00 00:00:00',''),(166,'0','Bwizibwera H/C IV ',7,63,71,'701241770','','','','','0000-00-00 00:00:00',''),(167,'0','Bwongyera H/C III',6,75,30,'787718152','','','','','0000-00-00 00:00:00',''),(168,'0','Chahafi H/C IV',7,46,54,'','','','','','0000-00-00 00:00:00',''),(169,'0','Chawente H/C IV',7,6,104,'','','','','','0000-00-00 00:00:00',''),(170,'0','Chegere H/C II',5,6,104,'772352137','','','','','0000-00-00 00:00:00',''),(171,'0','Ciforo H/C III',6,2,6,'774223837','','','','','0000-00-00 00:00:00',''),(172,'0','Comboni Hospital',9,16,19,'','','','','','0000-00-00 00:00:00',''),(173,'0','Coope H/C II',5,23,27,'774848424','','','','','0000-00-00 00:00:00',''),(174,'0','Kotido COU   H/C III',6,49,57,'775780829','','','','','0000-00-00 00:00:00',''),(175,'0','Cure Children Hospital of Uganda',12,62,70,'','','','','','0000-00-00 00:00:00',''),(176,'0','Cwero H/C III',6,23,27,'778402703','','','','','0000-00-00 00:00:00',''),(177,'0','Dabani Hosipital',7,17,67,'779110252','','','','','0000-00-00 00:00:00',''),(178,'0','Dakabela H/C III',6,84,92,'772329858','','','','','0000-00-00 00:00:00',''),(179,'0','Dokolo H/C IV',7,22,23,'782266750','','','','','0000-00-00 00:00:00',''),(180,'0','Endiinzi H/C III',6,27,87,'787295718','','','','','0000-00-00 00:00:00',''),(182,'0','Etam H/C III',6,3,7,'773115270','','','','','0000-00-00 00:00:00',''),(183,'0','Family Health Resource Centre Kiruhura ',12,45,86,'785108327','','','','','0000-00-00 00:00:00',''),(184,'0','Family Hope Centre Jinja',12,28,31,'772819859','','','','','0000-00-00 00:00:00',''),(185,'0','Family Hope Centre Kampala',12,35,41,'752528843','','','','','0000-00-00 00:00:00',''),(186,'0','FinlaysMwenge H/C III',6,52,60,'','','','','','0000-00-00 00:00:00',''),(187,'0','FortPortal R R Hospital',11,31,25,'772339369','','','','','0000-00-00 00:00:00',''),(188,'0','Galiraaya H/C III',6,42,49,'752398986','','','','','0000-00-00 00:00:00',''),(189,'0','Gangama H/C II',5,62,70,' ','','','','','0000-00-00 00:00:00',''),(190,'0','Gogonyo H/C III',6,79,82,'777258208','','','','','0000-00-00 00:00:00',''),(191,'0','Gombe Hospital ',9,88,26,'775272856','','','','','0000-00-00 00:00:00',''),(192,'0','Gulu Independent Hospital',9,23,27,'778640859','','','','','0000-00-00 00:00:00',''),(193,'0','Gulu Military Hospital (4th Division)',9,23,27,'778938159','','','','','0000-00-00 00:00:00',''),(194,'0','Gulu Prison H/C III',6,23,27,'754414873','','','','','0000-00-00 00:00:00',''),(195,'0','Gulu R R Hospital',11,23,27,'779201168','','','','','0000-00-00 00:00:00',''),(196,'0','Gweri H/C III',6,84,92,'774206049','','','','','0000-00-00 00:00:00',''),(197,'0','Hamurwa H/C IV',7,115,33,'775828838','','','','','0000-00-00 00:00:00',''),(198,'0','Herman Meiner H/C II',5,23,27,'','','','','','0000-00-00 00:00:00',''),(199,'0','Hoima R R Hospital',11,24,28,'775923299','','','','','0000-00-00 00:00:00',''),(200,'0','Holy Family Hospital-Nyapea',9,108,119,'','','','','','0000-00-00 00:00:00',''),(201,'0','Ibanda Hospital',9,25,85,'783406816','','','','','0000-00-00 00:00:00',''),(202,'0','Ibuje H/C III',6,6,104,'784485391','','','','','0000-00-00 00:00:00',''),(203,'0','Iceme H/C III',6,77,4,'772085176','','','','','0000-00-00 00:00:00',''),(204,'0','Iganga Hospital',9,26,29,'772621850','','','','','0000-00-00 00:00:00',''),(205,'0','Ihandiro H/C III',6,40,37,'779785304','','','','','0000-00-00 00:00:00',''),(206,'0','Iki  Iki H/C III',6,8,70,'779035400','','','','','0000-00-00 00:00:00',''),(207,'0','Inomo H/C III',6,6,104,'782290652','','','','','0000-00-00 00:00:00',''),(208,'0','Iruhuura H/C III',6,31,25,'','','','','','0000-00-00 00:00:00',''),(209,'0','Ishaka Adventist Hospital',9,16,19,'784979804','','','','','0000-00-00 00:00:00',''),(210,'0','Ishongororo H/C IV',7,25,85,'776534734','','','','','0000-00-00 00:00:00',''),(211,'0','Iss Clinic (Mbarara R R Hospital)',12,63,71,'755553190','','','','','0000-00-00 00:00:00',''),(212,'0','Itojo Hospital',9,75,30,'704338228','','','','','0000-00-00 00:00:00',''),(213,'0','Ivukula H/C III',6,73,17,'774250829','','','','','0000-00-00 00:00:00',''),(214,'0','JCRC Fort Portal',12,31,25,'','','','','','0000-00-00 00:00:00',''),(215,'0','JCRC Gulu',12,23,27,'','','','','','0000-00-00 00:00:00',''),(216,'0','JCRC Kabale',12,30,33,'','','','','','0000-00-00 00:00:00',''),(217,'0','JCRC Kakira',12,28,31,'','','','','','0000-00-00 00:00:00',''),(218,'0','JCRC Mbale',12,62,70,'','','','','','0000-00-00 00:00:00',''),(220,'0','JCRC Mubende',12,68,76,'','','','','','0000-00-00 00:00:00',''),(221,'0','Jengari H/C II',5,6,104,'','','','','','0000-00-00 00:00:00',''),(222,'0','Jinja R R Hospital ',11,28,31,'712811359','','','','','0000-00-00 00:00:00',''),(223,'0','Kaabong Hospital',9,29,32,'783712118','','','','','0000-00-00 00:00:00',''),(224,'0','Kabale R R Hospital',11,30,33,'782407445','','','','','0000-00-00 00:00:00',''),(225,'0','Kabarole Hospital C.O.U',9,31,25,'782813064','','','','','0000-00-00 00:00:00',''),(226,'0','Kabende H/C II',5,31,25,'704673787','','','','','0000-00-00 00:00:00',''),(227,'0','Kaberamaido H/C IV',7,32,34,'782873234','','','','','0000-00-00 00:00:00',''),(228,'0','Kabira H/C III (Rakai)',6,123,83,'779294758','','','','','0000-00-00 00:00:00',''),(230,'0','Kabuga H/C III ',6,37,101,'784834077','','','','','0000-00-00 00:00:00',''),(231,'0','Kabuwoko H/C III',6,80,83,'782957686','','','','','0000-00-00 00:00:00',''),(232,'0','Kabuyanda H/C IV',7,27,87,'782018727','','','','','0000-00-00 00:00:00',''),(233,'0','Kabwohe Clinical Research Centre',12,114,55,'779442114','','','','','0000-00-00 00:00:00',''),(234,'0','Kabwohe H/C IV',7,114,55,'778049876','','','','','0000-00-00 00:00:00',''),(235,'0','Kabwoya H/C III',6,24,28,'774642432','','','','','0000-00-00 00:00:00',''),(236,'0','Kachonga H/C III',6,18,20,'772454606','','','','','0000-00-00 00:00:00',''),(237,'0','Kachumbala H/C III',6,12,13,'700903312','','','','','0000-00-00 00:00:00',''),(238,'0','Kaderuna H/C III',6,8,70,'783371407','','','','','0000-00-00 00:00:00',''),(239,'0','Kagadi  Hospital',9,116,36,'758184524','','','','','0000-00-00 00:00:00',''),(240,'0','Kagando Hospital',9,40,37,'712325628','','','','','0000-00-00 00:00:00',''),(241,'0','Kagote H/C III',6,31,25,'782972575','','','','','0000-00-00 00:00:00',''),(242,'0','Kajjansi H/C III',6,86,24,'712193417','','','','','0000-00-00 00:00:00',''),(243,'0','Kakabara H/C III',6,51,58,'782856089','','','','','0000-00-00 00:00:00',''),(244,'0','Kakindo H/C IV',7,117,38,'779541559','','','','','0000-00-00 00:00:00',''),(245,'0','Kakinga H/C III',6,122,25,'773239725','','','','','0000-00-00 00:00:00',''),(246,'0','Kakira Sugar Works Hospital ',9,28,31,'774427238','','','','','0000-00-00 00:00:00',''),(247,'0','Kakuka H/C III',6,15,18,'792111918','','','','','0000-00-00 00:00:00',''),(248,'0','Kakumiro H/C IV ',7,117,38,'78389792','','','','','0000-00-00 00:00:00',''),(249,'0','Kakuuto H/C IV',7,123,83,'789404356','','','','','0000-00-00 00:00:00',''),(250,'0','Kal Ali H/C II',5,23,27,'773024270','','','','','0000-00-00 00:00:00',''),(251,'0','Kaladima H/C III',6,5,12,'','','','','','0000-00-00 00:00:00',''),(252,'0','Kalagala H/C IV',7,55,63,'','','','','','0000-00-00 00:00:00',''),(253,'0','Kalangala H/C IV',7,33,113,'774022611','','','','','0000-00-00 00:00:00',''),(255,'0','Kalisizo Hospital ',9,123,83,'703058040','','','','','0000-00-00 00:00:00',''),(256,'0','Kalongo Hospital ',9,101,39,'775920363','','','','','0000-00-00 00:00:00',''),(257,'0','Kalungu H/C III',6,90,100,'778666098','','','','','0000-00-00 00:00:00',''),(258,'0','Kamacha H/C III',6,50,13,'774383339','','','','','0000-00-00 00:00:00',''),(259,'0','Kambuga Hospital ',9,38,43,'772576219','','','','','0000-00-00 00:00:00',''),(260,'0','',1,0,1,'','','','','','0000-00-00 00:00:00',''),(261,'0','Kamuda H/C III',6,84,92,'774192370','','','','','0000-00-00 00:00:00',''),(262,'0','Kamuganguzi H/C III',6,30,33,'779411945','','','','','0000-00-00 00:00:00',''),(263,'0','Kamuge H/C III',6,79,82,'782642627','','','','','0000-00-00 00:00:00',''),(264,'0','Kamukira H/C IV ',7,30,33,'771648484','','','','','0000-00-00 00:00:00',''),(265,'0','Kamwenge H/C III (Kamuli)',9,36,42,'788011071','','','','','0000-00-00 00:00:00',''),(266,'0','Kamuli Mission Hospital',9,36,42,'772034038','','','','','0000-00-00 00:00:00',''),(267,'0','Kamwenge H/C III (Kamwenge)',6,37,101,'772957997','','','','','0000-00-00 00:00:00',''),(268,'0','Kamwezi   H/C IV ',7,121,33,'779412269','','','','','0000-00-00 00:00:00',''),(269,'0','Kamwokya Christian Caring Community ',12,35,41,'754560375','','','','','0000-00-00 00:00:00',''),(270,'0','Kanawat H/C III',6,49,57,'782679529','','LOJIP DAN','','','0000-00-00 00:00:00',''),(271,'0','Kanara H/C II',5,37,101,'789929390','','','','','0000-00-00 00:00:00',''),(272,'0','Kangai H/C III',6,22,23,'774222224','','','','','0000-00-00 00:00:00',''),(273,'0','Kanginima Hospital',9,79,82,'','','','','','0000-00-00 00:00:00',''),(274,'0','Kangulumira H/C IV',7,42,49,'775547825','','','','','0000-00-00 00:00:00',''),(275,'0','Kanoni H/C III (Kiruhura)',6,45,86,'782837423','','','','','0000-00-00 00:00:00',''),(276,'0','Kanungu H/C IV',7,38,43,'774521156','','','','','0000-00-00 00:00:00',''),(277,'0','Kanyanya H/C IV',7,35,41,' ','','','','','0000-00-00 00:00:00',''),(278,'0','Kanyum H/C III (Kumi)',6,50,13,'785621692','','','','','0000-00-00 00:00:00',''),(279,'0','Kapchorwa Hospital',9,39,44,'','','','','','0000-00-00 00:00:00',''),(280,'0','Kapeeka H/C III',6,71,79,'771616533','','','','','0000-00-00 00:00:00',''),(281,'0','Kapir H/C III',6,99,105,'774405237','','','','','0000-00-00 00:00:00',''),(282,'0','Kaproron H/C IV',7,96,44,'775641345','','','','','0000-00-00 00:00:00',''),(283,'0','Karambi H/C III (Kasese)',6,40,37,'787391262','','','','','0000-00-00 00:00:00',''),(284,'0','Karenga H/C IV',7,29,32,'775899843','','','','','0000-00-00 00:00:00',''),(285,'0','Karugutu H/C IV',7,112,18,'787230261','','','','','0000-00-00 00:00:00',''),(286,'0','Karungu H/C III (Buhweju)',6,109,19,'752352381','','','','','0000-00-00 00:00:00',''),(287,'0','Kasala H/C III',6,55,63,'774035014','','','','','0000-00-00 00:00:00',''),(288,'0','Kasana H/C IV',7,55,63,'','','','','','0000-00-00 00:00:00',''),(289,'0','Kasanga PHC III',6,40,37,'773416108','','','','','0000-00-00 00:00:00',''),(290,'0','Kasangati H/C IV',7,86,116,'774957192','','','','','0000-00-00 00:00:00',''),(291,'0','Kasasa H/C III',6,123,83,'700367349','','','','','0000-00-00 00:00:00',''),(292,'0','Kaserem H/C III',6,39,44,'701947989','','','','','0000-00-00 00:00:00',''),(293,'0','Kasese Municipal Council H/C III (KMC)',6,40,52,'777184708','','','','','0000-00-00 00:00:00',''),(294,'0','Kashumba H/C III',6,27,87,'752830018','','','','','0000-00-00 00:00:00',''),(295,'0','Kassanda H/C IV',7,68,46,'775964900','','','','','0000-00-00 00:00:00',''),(296,'0','Kasunganyanja H/C III',6,122,25,'782744020','','','','','0000-00-00 00:00:00',''),(297,'0','Kasusu H/C III',6,31,25,'773772235','','','','','0000-00-00 00:00:00',''),(298,'0','Kaswa H/C III',6,31,25,'706495723','','','','','0000-00-00 00:00:00',''),(299,'0','Katabi Military Hospital',9,86,24,'782872085','','','','','0000-00-00 00:00:00',''),(300,'0','Katadoba H/C III',6,40,52,'779777068','','','','','0000-00-00 00:00:00',''),(301,'0','Katakwi H/C IV',7,41,92,'','','','','','0000-00-00 00:00:00',''),(302,'0','Kataraka H/C IV',7,31,25,'782750179','','','','','0000-00-00 00:00:00',''),(303,'0','Katerera H/C III',6,113,84,'784689180','','','','','0000-00-00 00:00:00',''),(304,'0','Kathile H/C III',6,29,32,'753553172','','','','','0000-00-00 00:00:00',''),(305,'0','Katimba H/C III',6,82,93,'779212201','','','','','0000-00-00 00:00:00',''),(306,'0','Katooke H/C III',6,52,60,'777741725','','','','','0000-00-00 00:00:00',''),(307,'0','Katwe H/C III (Kasese)',6,40,37,'700245247','','','','','0000-00-00 00:00:00',''),(309,'0','Kawempe H/C IV',7,35,41,'782418874','','','','','0000-00-00 00:00:00',''),(310,'0','Kawempe Home Care',12,35,41,'783270837','','','','','0000-00-00 00:00:00',''),(311,'0','Kawolo Hospital',9,11,48,'772628157','','','','','0000-00-00 00:00:00',''),(312,'0','Kayonza H/C III (Ntungamo)  ',6,75,30,'775148855','','','','','0000-00-00 00:00:00',''),(313,'0','Kayunga Hospital',9,42,49,'0774521666','','Nabukera Rebecca','','','0000-00-00 00:00:00',''),(314,'0','Kazo H/C IV',7,45,86,'772977845','','','','','0000-00-00 00:00:00',''),(315,'0','Kebisoni H/C IV',7,81,81,'777460710','','','','','0000-00-00 00:00:00',''),(317,'0','Kibaale H/C IV',7,43,38,'782096683','','','','','0000-00-00 00:00:00',''),(318,'0','Kibaire H/C II',5,24,28,'','','','','','0000-00-00 00:00:00',''),(319,'0','Kibiito H/C IV ',7,122,25,'7077480859','','','','','0000-00-00 00:00:00',''),(320,'0','Kiboga Hospital',9,44,50,'775599701','','','','','0000-00-00 00:00:00',''),(321,'0','Kibuku H/C IV',7,95,82,'','','','','','0000-00-00 00:00:00',''),(322,'0','Kibuli Muslim Hospital ',9,35,41,'772318348','','','','','0000-00-00 00:00:00',''),(323,'0','Kicheche H/C III',6,37,101,'752964196','','','','','0000-00-00 00:00:00',''),(324,'0','Kicwamba H/C III (Kabarole)',6,31,25,'774204875','','','','','0000-00-00 00:00:00',''),(325,'0','Kidera H/C IV',7,20,51,'784747717','','','','','0000-00-00 00:00:00',''),(326,'0','Kidongole H/C III',6,12,13,'783445499','','','','','0000-00-00 00:00:00',''),(327,'0','Kigambo H/C II',5,51,58,'702769171','','','','','0000-00-00 00:00:00',''),(328,'0','Kiganda H/C IV',7,68,46,'781498913','','','','','0000-00-00 00:00:00',''),(329,'0','Kigandalo H/C IV',7,61,117,'774725303','','','','','0000-00-00 00:00:00',''),(330,'0','Kigaraale H/C III',6,52,60,'','','','','','0000-00-00 00:00:00',''),(331,'0','Kigarama H/C III',6,114,55,'782240597','','','','','0000-00-00 00:00:00',''),(332,'0','Kigorobya H/C IV',7,24,28,'700604096','','','','','0000-00-00 00:00:00',''),(333,'0','Kihiihi H/C IV',7,38,43,'779541916','','','','','0000-00-00 00:00:00',''),(334,'0','Kijura H/C III',6,31,25,'787226897','','','','','0000-00-00 00:00:00',''),(335,'0','Kikagate H/C III',6,27,87,'776462343','','','','','0000-00-00 00:00:00',''),(336,'0','Kiko H/C III',6,31,25,'74330157','','','','','0000-00-00 00:00:00',''),(337,'0','Kikuube H/C IV',7,24,28,'774318380','','','','','0000-00-00 00:00:00',''),(338,'0','Kikyenkye H/C III',6,25,85,'752401556','','','','','0000-00-00 00:00:00',''),(339,'0','Kikyo H/C IV ',7,15,18,'779484569','','','','','0000-00-00 00:00:00',''),(340,'0','Kilak H/C III',6,78,107,'0786122574','','LAWINO ALICE','','','0000-00-00 00:00:00',''),(341,'0','Kilembe Mines Hospital',9,40,52,'783327494','','KASOKE HENRY','','','0000-00-00 00:00:00',''),(342,'0','Kinoni H/C III (Lwengo)',6,92,115,'783557603','','','','','0000-00-00 00:00:00',''),(343,'0','Kinoni H/C IV (Mbarara)',7,63,71,'775815620','','','','','0000-00-00 00:00:00',''),(344,'0','Kinyabwamba H/C III',6,40,52,'773596024','','','','','0000-00-00 00:00:00',''),(345,'0','Kinyamaseke H/C III',6,40,37,'787362514','','','','','0000-00-00 00:00:00',''),(346,'0','Kirambi  H/C  III',6,31,25,'','','','','','0000-00-00 00:00:00',''),(347,'0','Kirema H/C III',6,71,79,'782667396','','','','','0000-00-00 00:00:00',''),(348,'0','Kiruddu H/C III',6,35,41,'712008051','','','','','0000-00-00 00:00:00',''),(349,'0','Kiruhura H/C IV',7,45,86,'752655890','','','','','0000-00-00 00:00:00',''),(350,'0','Kiryandongo Hospital',9,110,53,'784415121','','','','','0000-00-00 00:00:00',''),(351,'0','Kisaaru Tea H/C II',5,24,28,'759961949','','','','','0000-00-00 00:00:00',''),(352,'0','Kisiizi Hospital C.O.U (Rukungiri)',9,81,81,'775362708','','','','','0000-00-00 00:00:00',''),(353,'0','Kisojo H/C III (Kyenjojo)',6,52,60,'774072755','','','','','0000-00-00 00:00:00',''),(354,'0','Kisomoro H/C III',6,122,25,'772931104','','','','','0000-00-00 00:00:00',''),(355,'0','Kisoro Hospital',9,46,54,'782879611','','','','','0000-00-00 00:00:00',''),(356,'0','Kisubi Hospital',9,86,24,'','','','','','0000-00-00 00:00:00',''),(357,'0','Kiswa H/C IV',7,35,41,'782439571','','','','','0000-00-00 00:00:00',''),(358,'0','Kitagata  Hospital',9,114,55,'782379703','','','','','0000-00-00 00:00:00',''),(359,'0','Kitebi H/C III',6,35,41,'788400410','','','','','0000-00-00 00:00:00',''),(360,'0','Kitgum General Hospital',9,47,56,'784340824','','','','','0000-00-00 00:00:00',''),(361,'0','Kitgum Matidi H/C III',6,47,56,'782994849','','','','','0000-00-00 00:00:00',''),(362,'0','Kitimba H/C III',6,88,26,'701362998','','','','','0000-00-00 00:00:00',''),(363,'0','Kitondo H/C III',6,75,30,'779098867','','','','','0000-00-00 00:00:00',''),(364,'0','Kitoole H/C II',5,24,28,'779545981','','','','','0000-00-00 00:00:00',''),(365,'0','Kitovu Hospital ',9,59,68,'753612190','','','','','0000-00-00 00:00:00',''),(366,'0','Kitswamba H/C III',6,40,52,'785114118','','','','','0000-00-00 00:00:00',''),(367,'0','Kitwe H/C IV (Ntungamo)',7,75,30,'782479505','','','','','0000-00-00 00:00:00',''),(368,'0','Kityerera H/C IV',7,61,117,'774157719','','','','','0000-00-00 00:00:00',''),(369,'0','Kiwangala H/C IV',7,92,115,'7014388783','','','','','0000-00-00 00:00:00',''),(370,'0','Kiwoko Hospital ',9,71,79,'779652937','','','','','0000-00-00 00:00:00',''),(371,'0','Kiyombya H/C III',6,122,25,'781177043','','','','','0000-00-00 00:00:00',''),(372,'0','Kiyumba H/C IV',7,59,68,'753075923','','','','','0000-00-00 00:00:00',''),(373,'0','Kiyunga H/C IV ( Luuka)',7,97,29,'782389973','','','','','0000-00-00 00:00:00',''),(374,'0','Koboko H/C IV',7,48,118,'794884681','','','','','0000-00-00 00:00:00',''),(375,'0','Kobwin H/C III',6,99,105,'774662408','','','','','0000-00-00 00:00:00',''),(376,'0','Koch Goma H/C III',6,106,10,'779652419','','','','','0000-00-00 00:00:00',''),(377,'0','Koch Ongako H/C III',6,23,27,'','','','','','0000-00-00 00:00:00',''),(378,'0','Kojja H/C IV',7,69,132,'782861434','','','','','0000-00-00 00:00:00',''),(379,'0','Kolonyi H/C III',6,62,70,'','','','','','0000-00-00 00:00:00',''),(380,'0','Kotido H/C IV',7,49,57,'788244922','','','','','0000-00-00 00:00:00',''),(381,'0','Kubongi Military Hospital',9,85,95,' ','','','','','0000-00-00 00:00:00',''),(382,'0','Kulikulinga H/C III',6,87,96,'782316155','','','','','0000-00-00 00:00:00',''),(383,'0','Kuluva Hospital',9,7,11,'','','','','','0000-00-00 00:00:00',''),(384,'0','Kumi H/C IV',7,50,13,'785872595','','','','','0000-00-00 00:00:00',''),(385,'0','Kumi Hospital ',9,50,13,'779466258','','','','','0000-00-00 00:00:00',''),(386,'0','Kwera H/C III',6,22,23,'774919190','','','','','0000-00-00 00:00:00',''),(387,'0','Kyabenda H/C III',6,37,101,'772958100','','','','','0000-00-00 00:00:00',''),(388,'0','Kyabugimbi H/C IV ',7,16,19,'776554509','','','','','0000-00-00 00:00:00',''),(389,'0','Kyanamukaka H/C IV',7,59,68,'784508486','','','','','0000-00-00 00:00:00',''),(390,'0','Kyangwali H/C IV',7,24,28,'775522283','','','','','0000-00-00 00:00:00',''),(391,'0','Kyangyenyi H/C III',6,114,55,'779413048','','','','','0000-00-00 00:00:00',''),(393,'0','Kyara H/C III',6,84,92,'','','','','','0000-00-00 00:00:00',''),(394,'0','Kyarumba PHC III',6,40,37,'778781736','','','','','0000-00-00 00:00:00',''),(395,'0','Kyarusozi H/C IV ',7,52,60,'701323841','','','','','0000-00-00 00:00:00',''),(396,'0','Kyazanga H/C IV',7,92,115,'782343989','','','','','0000-00-00 00:00:00',''),(397,'0','Kyebe H/C III',6,123,83,'775734163','','','','','0000-00-00 00:00:00',''),(398,'0','Kyegegwa H/C IV',7,51,58,'774512264','','','','','0000-00-00 00:00:00',''),(399,'0','Kyehoro H/C III',6,24,28,'783706631','','','','','0000-00-00 00:00:00',''),(400,'0','Kyembogo H/C III',6,52,60,'774107290','','','','','0000-00-00 00:00:00',''),(402,'0','Kyere H/C III',6,100,90,'0782117574','','AMODOI RICHARD','','','0000-00-00 00:00:00',''),(403,'0','Labworomor H/C III',6,23,27,'711994021','','','','','0000-00-00 00:00:00',''),(404,'0','Lagoro',1,47,56,'774151891','','','','','0000-00-00 00:00:00',''),(405,'0','Laguti H/C III',6,78,107,'782274125','','OBWOLA WALTER','','','0000-00-00 00:00:00',''),(406,'0','Lalogi  H/C IV ',7,118,102,'777328083','','','','','0000-00-00 00:00:00',''),(407,'0','Lamanober H/C III',6,23,27,'','','','','','0000-00-00 00:00:00',''),(408,'0','Langol H/C II',5,106,10,'711771296','','','','','0000-00-00 00:00:00',''),(409,'0','Lapainat H/C III',6,118,102,'777646767','','','','','0000-00-00 00:00:00',''),(410,'0','Laroo H/C III',6,23,27,'783157225','','','','','0000-00-00 00:00:00',''),(411,'0','Latoro H/C II',5,23,10,'','','','','','0000-00-00 00:00:00',''),(412,'0','Layibi Techo H/C III',6,23,27,'782554660','','','','','0000-00-00 00:00:00',''),(413,'0','Lira  Kato H/C III (  Agago )',6,101,39,'789914352','','','','','0000-00-00 00:00:00',''),(414,'0','Lira Medical Centre ',12,54,61,'783463131','','','','','0000-00-00 00:00:00',''),(415,'0','Lira Palwo H/C III',6,101,39,'777483084','','','','','0000-00-00 00:00:00',''),(416,'0','Lira R R Hospital',9,54,61,'701652073','','','','','0000-00-00 00:00:00',''),(417,'0','Lobo  rom H/C III',6,47,56,'782635594','','','','','0000-00-00 00:00:00',''),(418,'0','Lobule H/C III',6,48,118,'773992252','','','','','0000-00-00 00:00:00',''),(419,'0','Lokung H/C III',6,53,65,'775643537','','','','','0000-00-00 00:00:00',''),(420,'0','Lorengedwat H/C III',6,70,94,'774092392','','','','','0000-00-00 00:00:00',''),(421,'0','Lugole H/C II',5,6,104,'','','','','','0000-00-00 00:00:00',''),(422,'0','Lugore H/C II',5,23,102,'','','','','','0000-00-00 00:00:00',''),(423,'0','Lukole H/C III',6,101,39,'772923667','','','','','0000-00-00 00:00:00',''),(424,'0','Lumino H/C III',6,17,67,'774110673','','','','','0000-00-00 00:00:00',''),(425,'0','Luwero H/C IV ',7,55,63,'788047051','','','','','0000-00-00 00:00:00',''),(426,'0','Luwunga H/C III(1st Div Hospital)',6,86,116,'788692649','','','','','0000-00-00 00:00:00',''),(427,'0','Lwala Hospital ',9,32,34,'755198300','','','','','0000-00-00 00:00:00',''),(428,'0','Lwamaggwa H/C III',6,80,83,'774678765','','','','','0000-00-00 00:00:00',''),(429,'0','Lwangoli H/C III',6,62,70,'774176589','','','','','0000-00-00 00:00:00',''),(430,'0','Lwankoni H/C III',6,80,83,'704399155','','','','','0000-00-00 00:00:00',''),(431,'0','Lwebitakuli H/C III',6,82,93,'702966204','','','','','0000-00-00 00:00:00',''),(432,'0','Lwemiyaga H/C III',6,82,93,'702663871','','','','','0000-00-00 00:00:00',''),(433,'0','Lwengo H/C IV',7,92,115,'772434073','','','','','0000-00-00 00:00:00',''),(434,'0','Lyantonde Hospital ',9,56,64,'782319989','','','','','0000-00-00 00:00:00',''),(435,'0','Mabaale H/C III',6,116,36,'','','','','','0000-00-00 00:00:00',''),(437,'0','Mabona H/C III',6,27,87,'782866505','','','','','0000-00-00 00:00:00',''),(438,'0','Maddu H/C IV',7,89,121,'706805773','','','','','0000-00-00 00:00:00',''),(439,'0','Madi Opei H/C IV ',7,53,65,'774262576','','','','','0000-00-00 00:00:00',''),(440,'0','St Elizabeth H/C IV-Magale',7,120,95,'771452797','','','','','0000-00-00 00:00:00',''),(441,'0','Mahyoro H/C III',6,37,101,'779403403','','','','','0000-00-00 00:00:00',''),(443,'0','2nd DIV Military Hospital(Makenke)',7,63,71,'782077202','','Ismael Lab personnel','','','0000-00-00 00:00:00',''),(444,'0','Makonge H/C III',6,11,48,'785297473','','','','','0000-00-00 00:00:00',''),(445,'0','Makukuulu H/C III',6,93,93,'706411798','','','','','0000-00-00 00:00:00',''),(446,'0','Malaba H/C III',6,85,95,'701421427','','','','','0000-00-00 00:00:00',''),(447,'0','Malera H/C III',6,12,13,'772038867','','','','','0000-00-00 00:00:00',''),(448,'0','Malongo H/C III',6,61,117,'752980622','','','','','0000-00-00 00:00:00',''),(450,'0','Masafu Hospital',9,17,67,'774610555','','','','','0000-00-00 00:00:00',''),(451,'0','Masaka R R Hospital',9,59,68,'777832111','','','','','0000-00-00 00:00:00',''),(452,'0','Masindi Hospital',9,60,69,'784531512','','','','','0000-00-00 00:00:00',''),(453,'0','Matany Hospital',9,105,103,'783477077','','','','','0000-00-00 00:00:00',''),(454,'0','Mateete H/C III ',6,82,93,'702806337','','','','','0000-00-00 00:00:00',''),(455,'0','Matuma H/C III',6,87,96,'753814741','','','','','0000-00-00 00:00:00',''),(456,'0','Mayuge H/C III (Mayuge)',6,61,117,'755758657','','','','','0000-00-00 00:00:00',''),(457,'0','Maziba H/C IV',7,30,33,'785005857','','','','','0000-00-00 00:00:00',''),(458,'0','Mbaare H/C III',6,27,87,'782878717','','','','','0000-00-00 00:00:00',''),(459,'0','Mbale H/C II (Kyenjojo)',5,52,60,'776823122','','','','','0000-00-00 00:00:00',''),(460,'0','Mbale R R Hospital',11,62,70,'703356181','','','','','0000-00-00 00:00:00',''),(466,'0','Midigo H/C IV',7,87,96,'754217120','','','','','0000-00-00 00:00:00',''),(467,'0','Mildmay Hospital Uganda ',12,35,24,'701776096','','','','','0000-00-00 00:00:00',''),(468,'0','St Joseph\'s Minakulu H/C II (Omoro)',5,118,102,'777048072','','','','','0000-00-00 00:00:00',''),(469,'0','Mitooma H/C IV',7,111,55,'773393977','','','','','0000-00-00 00:00:00',''),(470,'0','Mityana Hospital',9,64,73,'774220741','','','','','0000-00-00 00:00:00',''),(471,'0','Rubaya H/C III (Mbarara)',6,63,71,'701241770','','','','','0000-00-00 00:00:00',''),(472,'0','Moroto R R Hospital',11,65,74,'759734243','','','','','0000-00-00 00:00:00',''),(473,'0','Morulem H/C III',6,1,5,'781528287','','','','','0000-00-00 00:00:00',''),(474,'0','Moyo Hospital',9,66,75,'0782469752','','SYDNEY AGUAKA','','','0000-00-00 00:00:00',''),(475,'0','Mpara H/C III',6,51,58,'782663996','','','','','0000-00-00 00:00:00',''),(476,'0','Mparangasi H/C III',6,24,28,'782593337','','','','','0000-00-00 00:00:00',''),(477,'0','Mparo H/C IV',7,121,33,'782769421','','','','','0000-00-00 00:00:00',''),(478,'0','Mpigi H/C IV ',7,67,131,'782350920','','','','','0000-00-00 00:00:00',''),(479,'0','Mpumudde H/C IV (Jinja)',7,28,31,'752815738','','','','','0000-00-00 00:00:00',''),(480,'0','Mubende R R Hospital ',11,68,76,'754676881','','','','','0000-00-00 00:00:00',''),(481,'0','Mubende Rehabilitation Centre ',12,68,76,'775405287','','','','','0000-00-00 00:00:00',''),(482,'0','Mucwini H/C III',6,47,56,'713315241','','','','','0000-00-00 00:00:00',''),(483,'0','Muduuma H/C III',6,67,131,'706031304','','','','','0000-00-00 00:00:00',''),(484,'0','Mugusu H/C III',6,31,25,'783482234','','','','','0000-00-00 00:00:00',''),(485,'0','Muhokya H/C III',6,40,52,'774552460','','','','','0000-00-00 00:00:00',''),(486,'0','Muhwiju H/C III',6,24,28,'782569339','','','','','0000-00-00 00:00:00',''),(487,'0','Mukathi H/C III',6,40,52,'772823662','','','','','0000-00-00 00:00:00',''),(488,'0','Muko H/C IV ',7,115,33,'775662135','','','','','0000-00-00 00:00:00',''),(489,'0','Mukono Municipal H/C IV',7,69,132,'779256124','','','','','0000-00-00 00:00:00',''),(490,'0','Mukuju H/C IV',7,85,95,'0702/0772456893','','','','','0000-00-00 00:00:00',''),(492,'0','Mukura H/C III',6,99,105,'704062016','','','','','0000-00-00 00:00:00',''),(494,'0','Mulanda H/C IV',7,85,95,'782433120','','','','','0000-00-00 00:00:00',''),(495,'0','Murchison Bay Hospital ',9,35,41,'703529428','','','','','0000-00-00 00:00:00',''),(496,'0','Musyenene H/C III',6,40,37,'781409464','','','','','0000-00-00 00:00:00',''),(497,'0','St Francis Hospital (Mutolere)',9,46,54,'702837989','','','','','0000-00-00 00:00:00',''),(498,'0','Muyembe  H/C IV',7,94,44,'782857543','','','','','0000-00-00 00:00:00',''),(499,'0','Mwera H/C IV',7,64,73,'704536996','','','','','0000-00-00 00:00:00',''),(500,'0','Naam Okora H/C III',6,47,56,'','','','','','0000-00-00 00:00:00',''),(501,'0','Nabiganda H/C III',6,18,20,'775797046','','','','','0000-00-00 00:00:00',''),(502,'0','Nabigasa H/C III',6,123,83,'753196368','','','','','0000-00-00 00:00:00',''),(503,'0','Nabilatuk H/C IV',7,70,94,'782486566','','','','','0000-00-00 00:00:00',''),(504,'0','Naggalama Hospital ',9,69,132,'782465300','','','','','0000-00-00 00:00:00',''),(505,'0','Naguru Police H/C IV',7,35,41,'774154776,774887838','','','','','0000-00-00 00:00:00',''),(506,'0','Nakapiripirit Field Hospital',9,70,94,'','','','','','0000-00-00 00:00:00',''),(507,'0','Nakapiripirit H/C III',6,70,94,'773713733','','','','','0000-00-00 00:00:00',''),(508,'0','Nakaseke  Hospital ',9,71,79,'782163363','','','','','0000-00-00 00:00:00',''),(509,'0','Nakasongola Military Hospital ',9,72,77,'706865209','','','','','0000-00-00 00:00:00',''),(510,'0','Dr Charlse Farthing Memorial Clinic',3,35,41,'0703262797/077352694','','MARTIN OCHIENG','','','0000-00-00 00:00:00',''),(511,'0','Nakivale H/C III',6,27,87,'774234863','','','','','0000-00-00 00:00:00',''),(512,'0','Namakwekwe H/C III',6,62,70,'779002615','','','','','0000-00-00 00:00:00',''),(513,'0','Namalu H/C III',6,70,94,'782925904','','','','','0000-00-00 00:00:00',''),(514,'0','Namanyonyi H/C III',6,62,70,'779968470','','','','','0000-00-00 00:00:00',''),(515,'0','Namasale H/C III',6,3,7,'773742299','','','','','0000-00-00 00:00:00',''),(516,'0','Namawanga H/C III',6,62,70,'787273406','','','','','0000-00-00 00:00:00',''),(517,'0','Namayumba H/C IV',7,86,116,'775379510','','','','','0000-00-00 00:00:00',''),(518,'0','Nambale H/C III',6,26,29,'773131980','','','','','0000-00-00 00:00:00',''),(519,'0','Nambieso H/C III',6,6,104,'777568308','','','','','0000-00-00 00:00:00',''),(520,'0','Namokora H/C IV',7,47,56,'781099201','','','','','0000-00-00 00:00:00',''),(521,'0','Namugongo H/C III (kaliro)',6,34,17,'782895562','','','','','0000-00-00 00:00:00',''),(522,'0','Namungalwe H/C III',6,26,29,'774021328','','','','','0000-00-00 00:00:00',''),(523,'0','Holy Cross Orthodox (Namungoona) Hospital ',9,35,41,'774450424','','','','','0000-00-00 00:00:00',''),(524,'0','Namutumba H/C  III (Namutumba)',6,73,17,'700728077','','','','','0000-00-00 00:00:00',''),(525,'0','Namwendwa H/C IV',7,36,42,'781430612','','','','','0000-00-00 00:00:00',''),(526,'0','Nankandulo H/C IV',7,36,42,'773772209','','','','','0000-00-00 00:00:00',''),(527,'0','Nankoma H/C IV',7,10,15,'782767193','','','','','0000-00-00 00:00:00',''),(529,'0','Nawaikoke H/C III',6,34,17,'774679588','','','','','0000-00-00 00:00:00',''),(531,'0','Nebbi Hospital ',9,74,78,'772672761','','','','','0000-00-00 00:00:00',''),(532,'0','Ngai H/C III',6,77,4,'774378411','','','','','0000-00-00 00:00:00',''),(533,'0','Ngando H/C III',6,88,26,'774916493','','','','','0000-00-00 00:00:00',''),(534,'0','Ngarama H/C III',6,27,87,'703188986','','','','','0000-00-00 00:00:00',''),(535,'0','Ngetta H/C III',6,54,61,'771406225','','','','','0000-00-00 00:00:00',''),(536,'0','Ngoma H/C III (Ntungamo)',6,75,30,'771606513','','','','','0000-00-00 00:00:00',''),(537,'0','Ngora Freda car Hospital (NGO)',9,99,105,'777751164','','','','','0000-00-00 00:00:00',''),(538,'0','Ngurwe H/C II',5,24,28,'','','','','','0000-00-00 00:00:00',''),(539,'0','Nkokonjeru Hospital (Buikwe)',9,11,48,'702291173','','','','','0000-00-00 00:00:00',''),(540,'0','Nkozi Hospital ',9,67,131,'781486244','','','','','0000-00-00 00:00:00',''),(541,'0','Nkuruba H/C  III',6,31,25,'777640973','','','','','0000-00-00 00:00:00',''),(542,'0','Nsambya Hospital ',9,35,41,'0757119752','','Gingo Ishmael','','','0000-00-00 00:00:00',''),(543,'0','Nshungyezi H/C III',6,27,87,'773260477','','','','','0000-00-00 00:00:00',''),(544,'0','Nsiika H/C IV',7,109,19,'783388777','','','','','0000-00-00 00:00:00',''),(545,'0','Nsinze H/C IV ',7,73,17,'774023943','','','','','0000-00-00 00:00:00',''),(547,'0','Ntara H/C IV',7,37,101,'787654289','','','','','0000-00-00 00:00:00',''),(549,'0','Ntungamo H/C III',6,75,30,'772626966','','','','','0000-00-00 00:00:00',''),(550,'0','Ntuusi H/C IV',7,82,93,'702328641','','','','','0000-00-00 00:00:00',''),(551,'0','Ntwetwe H/C IV ',7,91,106,'772434967','','','','','0000-00-00 00:00:00',''),(553,'0','Nyabbani H/C III',6,37,101,'78365254','','','','','0000-00-00 00:00:00',''),(554,'0','Nyabirongo H/C III',6,40,37,'781552142','','','','','0000-00-00 00:00:00',''),(555,'0','Nyabugando H/C III',6,40,37,'755995988','','','','','0000-00-00 00:00:00',''),(556,'0','Nyahuka H/C IV',7,15,18,'777579391','','','','','0000-00-00 00:00:00',''),(557,'0','Nyakarongo  H/C   II',5,52,60,'779775070','','','','','0000-00-00 00:00:00',''),(558,'0','Nyakibale Hospital',9,81,81,'782061394','','','','','0000-00-00 00:00:00',''),(559,'0','Nyakitunda H/C III',6,27,87,'753059587','','','','','0000-00-00 00:00:00',''),(560,'0','Nyakwae H/C III',6,1,5,'392612587','','','','','0000-00-00 00:00:00',''),(561,'0','Nyakyera H/C III',6,75,30,'779338969','','','','','0000-00-00 00:00:00',''),(562,'0','Nyamabuga H/C III',6,52,60,'783887158','','','','','0000-00-00 00:00:00',''),(563,'0','Nyamarebe H/C III',6,25,85,'706289046','','','','','0000-00-00 00:00:00',''),(564,'0','Nyamitanga H/C III',6,63,71,'751644743','','','','','0000-00-00 00:00:00',''),(565,'0','Nyamuyanja H/C IV',7,27,87,'753622521','','','','','0000-00-00 00:00:00',''),(566,'0','Nyankwanzi H/C III',6,52,60,'771447484','','','','','0000-00-00 00:00:00',''),(567,'0','',1,0,1,'750718633','','','','','0000-00-00 00:00:00',''),(568,'0','Nyarubungo H/C III',6,27,87,'774030609','','','','','0000-00-00 00:00:00',''),(569,'0','Nyenga Hospital',9,11,48,'752832172','','','','','0000-00-00 00:00:00',''),(570,'0','Nyero H/C III',6,50,13,'782225048','','','','','0000-00-00 00:00:00',''),(571,'0','Nyimbwa H/C IV',7,55,63,'702145435','','','','','0000-00-00 00:00:00',''),(572,'0','Ochero H/C III',6,32,34,'782146065','','','','','0000-00-00 00:00:00',''),(573,'0','Odek H/C III',6,118,102,'777053335','','','','','0000-00-00 00:00:00',''),(574,'0','Ogili H/C III',6,47,56,' ','','','','','0000-00-00 00:00:00',''),(575,'0','Ogur H/C IV',7,54,61,'776720330','','','','','0000-00-00 00:00:00',''),(576,'0','Okole H/C III',6,104,61,'774690495','','','','','0000-00-00 00:00:00',''),(577,'0','Okwongo H/C III',6,107,108,'782556798','','','','','0000-00-00 00:00:00',''),(578,'0','Oli H/C IV',7,7,11,'772382131','','','','','0000-00-00 00:00:00',''),(579,'0','Olilim H/C III',6,107,108,'782578681','','','','','0000-00-00 00:00:00',''),(581,'0','Omiya Anyima H/C III',6,47,56,'757111305','','','','','0000-00-00 00:00:00',''),(582,'0','Omoro H/C III (Alebtong)',6,102,108,'','','','','','0000-00-00 00:00:00',''),(583,'0','Omugo H/C IV',7,7,11,'790156980','','','','','0000-00-00 00:00:00',''),(584,'0','Ongako H/C III',6,118,102,'772939754','','','','','0000-00-00 00:00:00',''),(585,'0','Ongica H/C III',6,54,61,'774752244','','','','','0000-00-00 00:00:00',''),(586,'0','Ongino H/C III',6,50,13,'753760027','','','','','0000-00-00 00:00:00',''),(588,'0','Orapwoyo H/C II',5,23,27,'','','','','','0000-00-00 00:00:00',''),(589,'0','Oriajin Hospital',9,7,11,'718218901','','','','','0000-00-00 00:00:00',''),(590,'0','Oroko H/C II',5,23,27,'774593194','','','','','0000-00-00 00:00:00',''),(591,'0','Orom H/C III',6,47,56,'754315651','','','','','0000-00-00 00:00:00',''),(592,'0','Orum H/C IV',7,107,108,'777053544','','','','','0000-00-00 00:00:00',''),(593,'0','Orwamuge H/C III',6,1,5,'774469277','','','','','0000-00-00 00:00:00',''),(594,'0','Otong H/C II',5,5,12,'','','','','','0000-00-00 00:00:00',''),(595,'0','Otwal H/C III',6,77,4,'774604019','','','','','0000-00-00 00:00:00',''),(596,'0','Owek Lakim H/C III',6,5,12,'','','','','','0000-00-00 00:00:00',''),(597,'0','Owiny H/C II',5,6,104,'','','','','','0000-00-00 00:00:00',''),(598,'0','Pabbo H/C III (Amuru Govt)',6,5,12,'772033221','','','','','0000-00-00 00:00:00',''),(599,'0','Pabwo H/C III (Gulu)',6,23,27,'777645760','','','','','0000-00-00 00:00:00',''),(600,'0','Pader H/C III',6,78,107,'0777003811','','OLAM INNOCENT','','','0000-00-00 00:00:00',''),(601,'0','Padibe H/C IV',7,53,65,'781399224','','','','','0000-00-00 00:00:00',''),(602,'0','Padre Pio H/C III',6,37,101,'777360407','','','','','0000-00-00 00:00:00',''),(603,'0','Lira PAG Mission Hospital H/C IV',7,54,61,'777073408','','','','','0000-00-00 00:00:00',''),(604,'0','Paibona H/C II',5,23,27,'772355467','','','','','0000-00-00 00:00:00',''),(605,'0','Paicho H/C II',5,23,27,'','','','','','0000-00-00 00:00:00',''),(606,'0','Paimol H/C III',6,101,39,'756197662','','','','','0000-00-00 00:00:00',''),(607,'0','Pajimo Military H/C III',6,47,56,'783774436','','','','','0000-00-00 00:00:00',''),(608,'0','Pajule H/C  IV ',7,78,107,'0782973754','','OKIDI EUGENE MILTON','','','0000-00-00 00:00:00',''),(609,'0','Palabek  Gem H/C III',6,53,65,'774640138','','','','','0000-00-00 00:00:00',''),(610,'0','Palabek Ogili H/C III',6,53,65,'775989446','','','','','0000-00-00 00:00:00',''),(611,'0','Palabek-Kal H/C III',6,53,65,'774612100','','','','','0000-00-00 00:00:00',''),(612,'0','Palenga H/C II',5,23,102,'772184331','','','','','0000-00-00 00:00:00',''),(613,'0','Pallisa Town Council H/C III',6,79,82,'782518096','','','','','0000-00-00 00:00:00',''),(614,'0','Pallisa General Hospital ',9,79,82,'782642627','','','','','0000-00-00 00:00:00',''),(615,'0','Paloga H/C III',6,53,65,'782449096','','','','','0000-00-00 00:00:00',''),(616,'0','Paraa H/C II',5,14,16,'','','','','','0000-00-00 00:00:00',''),(617,'0','Patiko H/C III',6,23,27,'712390584','','','','','0000-00-00 00:00:00',''),(618,'0','Patongo H/C III',6,101,39,'772923667','','','','','0000-00-00 00:00:00',''),(619,'0','Pawel H/C II',5,5,12,'715557557','','','','','0000-00-00 00:00:00',''),(620,'0','PIDC (Baylor-Mulago)',12,35,41,'782012948','','','','','0000-00-00 00:00:00',''),(621,'0','Pingire H/C III',6,100,90,'','','','','','0000-00-00 00:00:00',''),(622,'0','Pogo H/C II',5,5,12,'718756866','','','','','0000-00-00 00:00:00',''),(623,'0','Porogali H/C II',5,78,39,'','','','','','0000-00-00 00:00:00',''),(624,'0','Pugwinyi H/C II',5,23,27,'777364439','','','','','0000-00-00 00:00:00',''),(625,'0','Punena H/C III',6,23,27,'782573933','','','','','0000-00-00 00:00:00',''),(626,'0','Purongo H/C III',6,106,10,'77578230','','','','','0000-00-00 00:00:00',''),(628,'0','Rakai Health Sciences Program',12,80,83,'782685412','','','','','0000-00-00 00:00:00',''),(629,'0','Rakai Hospital',9,80,83,'782532085','','','','','0000-00-00 00:00:00',''),(630,'0','Rapha Medical Centre',12,89,121,'774947921','','','','','0000-00-00 00:00:00',''),(631,'0','Rhino Camp H/C IV',7,7,120,'773072013','','','','','0000-00-00 00:00:00',''),(632,'0','Rubaare H/C IV',7,75,30,'705221137','','','','','0000-00-00 00:00:00',''),(633,'0','Lubaga Hospital',9,35,41,'','','','','','0000-00-00 00:00:00',''),(634,'0','Rubaya H/C IV (Kabale)',7,30,33,'778826036','','','','','0000-00-00 00:00:00',''),(635,'0','Rubongi Military Hospital',9,85,95,'772440195','','','','','0000-00-00 00:00:00',''),(636,'0','Rubuguri H/C IV',7,46,54,'778280024','','','','','0000-00-00 00:00:00',''),(637,'0','Rugaaga H/C IV',7,27,87,'705012059','','','','','0000-00-00 00:00:00',''),(638,'0','Rugarama Hospital',9,30,33,'','','','','','0000-00-00 00:00:00',''),(639,'0','Rugazi H/C IV',7,113,84,'788772011','','','','','0000-00-00 00:00:00',''),(640,'0','Ruhaama H/C III',6,75,30,'785369350','','','','','0000-00-00 00:00:00',''),(641,'0','Ruhiira H/C III',6,27,87,'776384538','','','','','0000-00-00 00:00:00',''),(642,'0','Ruhija H/C III',6,115,33,'773450360','','','','','0000-00-00 00:00:00',''),(643,'0','Ruhinda H/C III',6,81,81,'773947209','','','','','0000-00-00 00:00:00',''),(644,'0','Ruhoko H/C IV',7,25,85,'782842624','','','','','0000-00-00 00:00:00',''),(645,'0','Rukiri H/C III',6,25,85,'783013988','','','','','0000-00-00 00:00:00',''),(646,'0','Rukoni H/C III',6,75,30,'','','','','','0000-00-00 00:00:00',''),(648,'0','Rukungiri H/C IV',7,81,81,'775979607','','','','','0000-00-00 00:00:00',''),(649,'0','Rukunyu H/C IV',7,37,101,'775605861','','','','','0000-00-00 00:00:00',''),(650,'0','Rushere Community Hospital',9,45,86,'704876202','','','','','0000-00-00 00:00:00',''),(651,'0','Rushooka H/C II',5,75,30,'702257762','','','','','0000-00-00 00:00:00',''),(652,'0','Ruteete H/C III',7,31,25,'772912839','','','','','0000-00-00 00:00:00',''),(653,'0','Rwaitengya H/C II',5,52,60,'777741707','','','','','0000-00-00 00:00:00',''),(654,'0','Rwakabengo H/C III',6,81,81,'703451064','','','','','0000-00-00 00:00:00',''),(655,'0','Rwamwanja H/C III',6,37,101,'777244786','','','','','0000-00-00 00:00:00',''),(656,'0','Rwashamaire H/C IV',7,75,30,'772654754','','','','','0000-00-00 00:00:00',''),(657,'0','Rwebisengo H/C III',6,112,18,'779780301','','','','','0000-00-00 00:00:00',''),(658,'0','Rweikiniro H/C III',6,75,30,'781711510','','','','','0000-00-00 00:00:00',''),(659,'0','Rwekubo H/C IV',7,27,87,'782526859','','','','','0000-00-00 00:00:00',''),(660,'0','Rwemikoma H/C III',6,45,86,'775578669','','','','','0000-00-00 00:00:00',''),(661,'0','Rwenkobwa H/C III',6,25,85,'754294972','','','','','0000-00-00 00:00:00',''),(662,'0','Rwenyawawa H/C III',6,24,28,'777316225','','','','','0000-00-00 00:00:00',''),(663,'0','Rwesande H/C IV ',7,40,52,'7048396118','','','','','0000-00-00 00:00:00',''),(665,'0','Rwibaale H/C II',5,52,60,'753503776','','','','','0000-00-00 00:00:00',''),(666,'0','Rwimi H/C III',6,122,25,'772329079','','','','','0000-00-00 00:00:00',''),(667,'0','Saidinah Abubaker Hospital',9,86,116,'701163363','','','','','0000-00-00 00:00:00',''),(668,'0','Seeta Nazigo H/C III',6,69,132,'782796891','','','','','0000-00-00 00:00:00',''),(669,'0','Ssembabule H/C IV',7,82,93,'782310690','','','','','0000-00-00 00:00:00',''),(670,'0','Serere H/C IV',7,100,90,'702194595','','','','','0000-00-00 00:00:00',''),(671,'0','Shuku H/C IV',7,114,55,'782404266','','','','','0000-00-00 00:00:00',''),(672,'0','Siipi H/C III',6,39,44,'784895000','','','','','0000-00-00 00:00:00',''),(673,'0','Sironko H/C III',6,83,114,'775009313','','','','','0000-00-00 00:00:00',''),(674,'0','Soroti R R Hospital',11,84,92,'772686962','','','','','0000-00-00 00:00:00',''),(675,'0','SOS CU H/C II GULU',5,23,27,'','','','','','0000-00-00 00:00:00',''),(676,'0','St Adolf H/C III (Butiiti)',6,52,60,'783867300','','','','','0000-00-00 00:00:00',''),(677,'0','St Balikuddembe Market/Uganda Cares  AHF',12,35,41,'0704220598/078928808','','RONALD SSEREMBA','','','0000-00-00 00:00:00',''),(678,'0','St Clare Orungo H/C III',6,4,8,'782715724','','','','','0000-00-00 00:00:00',''),(679,'0','St Joseph Hospital  Kitgum ',9,47,56,'0782635422','','ORYEMA DAVID','','','0000-00-00 00:00:00',''),(681,'0','St Pauls H/C IV',7,40,52,'775196986','','','','','0000-00-00 00:00:00',''),(682,'0','St Peter and Paul H/C III',6,53,65,'789012339','','','','','0000-00-00 00:00:00',''),(683,'0','St Pius Kidepo Rupa H/C III',6,65,74,'77290377','','','','','0000-00-00 00:00:00',''),(684,'0','St Stephens Disp & Maternity Center (Luzira)',12,35,41,'701245886','','','','','0000-00-00 00:00:00',''),(685,'0','TASO Gulu ',12,23,27,'783210962','','','','','0000-00-00 00:00:00',''),(686,'0','TASO Jinja',12,28,31,'704530620','','','','','0000-00-00 00:00:00',''),(687,'0','TASO Masaka',12,59,68,'772933800','','','','','0000-00-00 00:00:00',''),(688,'0','TASO Masindi ',12,60,69,'774713910','','','','','0000-00-00 00:00:00',''),(689,'0','TASO Mbale',12,62,70,'704312235','','','','','0000-00-00 00:00:00',''),(690,'0','TASO Mbarara',12,63,71,'782361466','','','','','0000-00-00 00:00:00',''),(691,'0','TASO Mulago ',12,35,41,'782602176','','','','','0000-00-00 00:00:00',''),(692,'0','TASO Rukungiri',12,81,81,'772893531','','','','','0000-00-00 00:00:00',''),(693,'0','TASO Soroti',12,84,92,'706918133','','','','','0000-00-00 00:00:00',''),(694,'0','TASO Tororo',12,85,95,'702965377','','','','','0000-00-00 00:00:00',''),(695,'0','Teboke H/C III',6,6,104,'','','','','','0000-00-00 00:00:00',''),(696,'0','Tokora H/C IV',7,70,94,'774073626','','','','','0000-00-00 00:00:00',''),(697,'0','Toro  Kahuna H/C III',6,31,25,'779500352','','','','','0000-00-00 00:00:00',''),(698,'0','Tororo District Hospital ',9,85,95,'774560551','','','','','0000-00-00 00:00:00',''),(699,'0','Tubur H/C III',6,84,92,'782732576','','','','','0000-00-00 00:00:00',''),(700,'0','Umor H/C III',6,23,27,'','','','','','0000-00-00 00:00:00',''),(701,'0','Unyama H/C II',5,23,27,'772437255','','','','','0000-00-00 00:00:00',''),(702,'0','Villa Maria Hospital',9,90,100,'783978800','','','','','0000-00-00 00:00:00',''),(703,'0','Virika Hospital',9,31,25,'783766916','','','','','0000-00-00 00:00:00',''),(704,'0','Wabulungu H/C III',6,61,117,'787586608','','','','','0000-00-00 00:00:00',''),(705,'0','Wakiso H/C IV',7,86,116,'774549827','','','','','0000-00-00 00:00:00',''),(706,'0','Walukuba H/C IV ',7,28,31,'782815424','','','','','0000-00-00 00:00:00',''),(707,'0','Western Division H/C III',6,84,92,'773712033','','','','','0000-00-00 00:00:00',''),(708,'0','Wino H/C II',5,23,27,'','','','','','0000-00-00 00:00:00',''),(709,'0','Wol H/C III',6,101,39,'777223186','','','','','0000-00-00 00:00:00',''),(711,'0','Yerya H/C III',6,122,25,'777742888','','','','','0000-00-00 00:00:00',''),(712,'0','Yumbe Hospital',9,87,96,'752101452','','','','','0000-00-00 00:00:00',''),(713,'0','Kitaasa H/C III',6,93,93,'772366861','','','','','0000-00-00 00:00:00',''),(714,'0','Luyitaayita H/C III (NGO)',6,93,93,'772820376','','','','','0000-00-00 00:00:00',''),(715,'0','Bigasa H/C III',6,93,93,'7828503605','','','','','0000-00-00 00:00:00',''),(716,'0','Kabigi H/C III',6,93,93,'753703374','','','','','0000-00-00 00:00:00',''),(717,'0','Nampunge Church of God H/C III',6,86,116,'774532736','','','','','0000-00-00 00:00:00',''),(720,'0','Kyeizooba H/C III',6,16,19,'779664167','','','','','0000-00-00 00:00:00',''),(721,'0','St Marys MNH Bukomansimbi',12,93,93,'773068022','','','','','0000-00-00 00:00:00',''),(722,'0','Mpunge H/C III (Mukono)',6,69,132,'782683345','','','','','0000-00-00 00:00:00',''),(723,'0','Koome H/C III',6,69,132,'772039195','','','','','0000-00-00 00:00:00',''),(724,'0','Kitabaazi H/C II',5,59,68,'77243334','','','','','0000-00-00 00:00:00',''),(725,'0','Akilok H/C II',5,47,56,'753522022','','','','','0000-00-00 00:00:00',''),(726,'0','Naama H/C III',6,64,73,'702182998','','','','','0000-00-00 00:00:00',''),(727,'0','St Luke KMD-Kiyinda  H/C III (Mityana)',6,64,73,'779112037','','','','','0000-00-00 00:00:00',''),(728,'0','Rengen H/C III',6,49,57,'0777442444','','CANDIRU CHRISTINE','','','0000-00-00 00:00:00',''),(729,'0','Nagojje H/C III',6,69,132,'773414353','','','','','0000-00-00 00:00:00',''),(730,'0','Nabweru H/C III',6,86,116,'782560764','','','','','0000-00-00 00:00:00',''),(731,'0','Epi Centre H/C II (Wakiso)',6,86,116,'0772484488','','NANSAMBA ROSE','','','0000-00-00 00:00:00',''),(732,'0','Nabutiti H/C III',6,86,116,'','','','','','0000-00-00 00:00:00',''),(733,'0','Nakawuka H/C III',6,86,24,'772407852','','','','','0000-00-00 00:00:00',''),(734,'0','Kasanje H/C III',6,86,24,'','','','','','0000-00-00 00:00:00',''),(735,'0','Nsangi H/C III',6,86,116,'783195419','','','','','0000-00-00 00:00:00',''),(736,'0','Namulonge H/C III',6,86,116,'772552703','','','','','0000-00-00 00:00:00',''),(738,'0','Kawanda H/C III',6,86,116,'712934537','','','','','0000-00-00 00:00:00',''),(739,'0','Koboko Mission H/C III',6,48,118,'774246529','','','','','0000-00-00 00:00:00',''),(740,'0','',1,0,1,'','','','','','0000-00-00 00:00:00',''),(741,'0','Ludara H/C III',6,48,118,'783757722','','','','','0000-00-00 00:00:00',''),(742,'0','St Gabriel Mirembe Maria H/C III',6,68,76,'781013509','','','','','0000-00-00 00:00:00',''),(743,'0','Buwama H/C III',6,67,131,'702121442','','','','','0000-00-00 00:00:00',''),(744,'0','Kabushaho H/C III',6,16,19,'773562236','','','','','0000-00-00 00:00:00',''),(745,'0','Jinja Central H/C III',6,28,31,'785207777','','','','','0000-00-00 00:00:00',''),(746,'0','Gweng-coo H/C II',5,47,56,'782635594','','','','','0000-00-00 00:00:00',''),(747,'0','Mjap (Iss Clinic) Mulago',12,35,41,'703628445','','','','','0000-00-00 00:00:00',''),(748,'0','Ssekanyonyi H/C IV',7,64,73,'775289350','','','','','0000-00-00 00:00:00',''),(749,'0','Nabalanga H/C III',6,69,132,'772557616','','','','','0000-00-00 00:00:00',''),(752,'0','International Hospital Kampala',9,35,41,'785194134','','','','','0000-00-00 00:00:00',''),(753,'0','Kitenga H/C III (Mubende)',6,68,76,'750800141','','','','','0000-00-00 00:00:00',''),(754,'0','Goli H/C III (Nebbi)',7,74,78,'774274219','','','','','0000-00-00 00:00:00',''),(755,'0','Namuganga H/C III',6,69,132,'782863847','','','','','0000-00-00 00:00:00',''),(756,'0','St Luke Namaliga H/C III',6,55,63,'772188398','','','','','0000-00-00 00:00:00',''),(757,'0','Kyabazaala H/C III',6,69,132,'752580986','','','','','0000-00-00 00:00:00',''),(758,'0','Mpumudde H/C III (Lyantonde)',6,56,64,'757380166','','','','','0000-00-00 00:00:00',''),(759,'0','Takajjunge H/C II',5,69,132,'781314021','','','','','0000-00-00 00:00:00',''),(761,'0','Kijomoro H/C III',6,58,11,'777443805','','','','','0000-00-00 00:00:00',''),(762,'0','Nakasongola H/C IV',7,72,77,'772664388','','','','','0000-00-00 00:00:00',''),(763,'0','Ngom-oromo H/C II',5,53,65,'783774860','','','','','0000-00-00 00:00:00',''),(764,'0','Nazigo H/C III',6,42,49,'776269130','','','','','0000-00-00 00:00:00',''),(765,'0','Lyantonde Muslim H/C III',6,56,64,'774674746','','','','','0000-00-00 00:00:00',''),(766,'0','Katoogo H/C III',6,69,132,'772572333','','','','','0000-00-00 00:00:00',''),(767,'0','Pakwach H/C IV',7,119,78,'772877585','','','','','0000-00-00 00:00:00',''),(768,'0','Iganga Islamic HC III',6,26,29,'782705365','','','','','0000-00-00 00:00:00',''),(769,'0','Nyendo H/C II',5,59,68,'754848432','','','','','0000-00-00 00:00:00',''),(770,'0','Mpenja H/C III',6,89,121,'782700305','','','','','0000-00-00 00:00:00',''),(771,'0','Dwoli H/C III',6,24,28,'773398844','','','','','0000-00-00 00:00:00',''),(772,'0','Komamboga H/C III',6,35,41,'0701387607/ 07024966','','','','','0000-00-00 00:00:00',''),(773,'0','Kisugu H/C III',6,35,41,'783215551','','','','','0000-00-00 00:00:00',''),(774,'0','Masaka Municipal Council H/C II',7,59,68,'777832111','','','','','0000-00-00 00:00:00',''),(775,'0','Butagaya H/C III',6,28,31,'75293710','','','','','0000-00-00 00:00:00',''),(776,'0','Busedde H/C III',6,28,31,'753312049/0758538899','','Waiswa Emmanuel','','','0000-00-00 00:00:00',''),(777,'0','Kaliro H/C III (Lyantonde)',6,56,64,'782030841','','','','','0000-00-00 00:00:00',''),(778,'0','Kisiita H/C III',6,117,38,'784290690','','','','','0000-00-00 00:00:00',''),(779,'0','Busembatia H/C III',6,26,29,'772065683','','','','','0000-00-00 00:00:00',''),(780,'0','Panyimur H/C III',6,119,78,'753772872','','','','','0000-00-00 00:00:00',''),(781,'0','',1,0,1,'','','','','','0000-00-00 00:00:00',''),(782,'0','Kisenyi H/C IV (Kampala)',7,35,41,'774441466','','','','','0000-00-00 00:00:00',''),(784,'0','Osukuru H/C III',6,85,95,'785269965','','','','','0000-00-00 00:00:00',''),(785,'0','Achol Pii Millitary H/C IV',9,78,107,'783949134','','','','','0000-00-00 00:00:00',''),(786,'0','Njeru T/C H/C III',6,11,48,'773473526','','','','','0000-00-00 00:00:00',''),(787,'0','Mpugwe H/C III',6,59,68,'702929961','','','','','0000-00-00 00:00:00',''),(788,'0','Entebbe Hospital MCH General',9,86,24,'772493489','','','','','0000-00-00 00:00:00',''),(789,'0','Maanyi H/C III',6,64,73,'701959174','','','','','0000-00-00 00:00:00',''),(790,'0','Malangala H/C III',6,64,73,'782895329','','','','','0000-00-00 00:00:00',''),(792,'0','Ikumbya H/C III (Luuka)',6,97,42,'782949756','','','','','0000-00-00 00:00:00',''),(793,'0','Kitokolo H/C II',5,68,46,'775499582','','','','','0000-00-00 00:00:00',''),(794,'0','Paidha H/C III',6,108,119,'782228980','','','','','0000-00-00 00:00:00',''),(795,'0','Zeu H/C III',6,108,119,'772913196','','','','','0000-00-00 00:00:00',''),(796,'0','Lwamata H/C III',6,44,50,'779136350','','','','','0000-00-00 00:00:00',''),(797,'0','St Agatha Lwebitakuli',12,82,93,'783930972','','','','','0000-00-00 00:00:00',''),(798,'0','Lulyambuzi H/C III',6,36,42,'781556754','','','','','0000-00-00 00:00:00',''),(800,'0','Wakisi H/C III',6,11,48,'753718182','','','','','0000-00-00 00:00:00',''),(801,'0','Mifumi H/C III',6,85,95,'775458376','','','','','0000-00-00 00:00:00',''),(802,'0','Budini H/C III',6,34,17,'782322010','','','','','0000-00-00 00:00:00',''),(803,'0','Nkondo H/C III',6,20,51,'754605455','','','','','0000-00-00 00:00:00',''),(804,'0','Namasagali H/C III',6,36,42,'753531227','','','','','0000-00-00 00:00:00',''),(805,'0','Iganga Municipal Council H/C III',6,26,29,'773233235','','','','','0000-00-00 00:00:00',''),(806,'0','Kitayunjwa H/C III',6,36,42,'751674285','','','','','0000-00-00 00:00:00',''),(807,'0','Bukonte H/C III',6,73,17,'781447699','','','','','0000-00-00 00:00:00',''),(808,'0','Banda H/C III (Namayingo)',6,98,21,'773497924','','','','','0000-00-00 00:00:00',''),(809,'0','Buluya H/C II',5,36,42,'758834530','','','','','0000-00-00 00:00:00',''),(810,'0','Bulopa H/C III',6,36,42,'773546040','','','','','0000-00-00 00:00:00',''),(811,'0','Nakalama H/C III',6,26,29,'712812079','','','','','0000-00-00 00:00:00',''),(812,'0','Buluguyi H/C III',6,10,15,'','','','','','0000-00-00 00:00:00',''),(813,'0','Bumooli H/C III',6,98,21,'773861703','','','','','0000-00-00 00:00:00',''),(814,'0','Balawoli H/C III',6,36,42,'754670380','','','','','0000-00-00 00:00:00',''),(816,'0','Muterere H/C III',6,10,15,'774838862','','','','','0000-00-00 00:00:00',''),(817,'0','Mayuge H/C III (Bugiri)',6,10,21,'782279196','','','','','0000-00-00 00:00:00',''),(818,'0','Nabisoigi H/C III',6,73,17,'777265464','','','','','0000-00-00 00:00:00',''),(819,'0','Mbulamuti H/C III',6,36,42,'775816902','','','','','0000-00-00 00:00:00',''),(820,'0','Bulidha H/C III',6,10,15,'781471217','','','','','0000-00-00 00:00:00',''),(821,'0','Bupadhengo H/C III',6,36,42,'782301791','','','','','0000-00-00 00:00:00',''),(822,'0','',1,0,1,'','','','','','0000-00-00 00:00:00',''),(823,'0','Kitongo H/C III (Mityana)',6,64,73,'773825884','','','','','0000-00-00 00:00:00',''),(824,'0','Nabingoola H/C III',6,68,76,'782808427','','','','','0000-00-00 00:00:00',''),(825,'0','Kazinga H/C III',6,51,58,'774163674','','','','','0000-00-00 00:00:00',''),(826,'0','Kasule H/C III',6,51,58,'774445743','','','','','0000-00-00 00:00:00',''),(827,'0','Kabiira H/C III (Bushenyi)',6,16,19,'751422089','','','','','0000-00-00 00:00:00',''),(828,'0','Kapelebyong H/C IV',7,4,8,'783140399','','','','','0000-00-00 00:00:00',''),(829,'0','Kasawo H/C III',6,69,132,'772546203','','','','','0000-00-00 00:00:00',''),(830,'0','Bardege H/C III',6,23,27,'779116765','','','','','0000-00-00 00:00:00',''),(831,'0','Buyende H/C III',6,20,51,'779224881','','','','','0000-00-00 00:00:00',''),(832,'0','Irundu H/C III',6,20,51,'784481556','','','','','0000-00-00 00:00:00',''),(833,'0','Nabukalu H/C III',6,10,15,'773236228','','','','','0000-00-00 00:00:00',''),(834,'0','Gadumire H/C III',6,34,17,'779052792','','','','','0000-00-00 00:00:00',''),(835,'0','Magada H/C III',6,73,17,'756004366','','','','','0000-00-00 00:00:00',''),(836,'0','Makuutu H/C III',6,26,29,'782087299','','','','','0000-00-00 00:00:00',''),(837,'0','Wii Anaka H/C II',5,106,10,'779997003','','','','','0000-00-00 00:00:00',''),(838,'0','KIU Teaching Hospital',9,16,19,'705764883','','','','','0000-00-00 00:00:00',''),(839,'0','Buwaata H/C II',5,68,76,'','','','','','0000-00-00 00:00:00',''),(840,'0','Kinuuka H/C III',6,56,64,'782319989','','','','','0000-00-00 00:00:00',''),(841,'0','Nabirumba H/C III',6,36,42,'776938773','','','','','0000-00-00 00:00:00',''),(842,'0','Sigulu H/C III',6,98,21,'','','','','','0000-00-00 00:00:00',''),(843,'0','Eria H/C III',6,66,75,'772329509','','','','','0000-00-00 00:00:00',''),(844,'0','Bugondo H/C III',6,100,90,'777053637','','','','','0000-00-00 00:00:00',''),(845,'0','Kyampisi H/C III',6,69,132,'752822247','','','','','0000-00-00 00:00:00',''),(846,'0','Asuret H/C III',6,84,92,'782240420','','','','','0000-00-00 00:00:00',''),(847,'0','Kasambya H/C IV (Mubende)',7,68,76,'776747526','','','','','0000-00-00 00:00:00',''),(848,'0','Kimuli H/C III',6,80,83,'754448895','','','','','0000-00-00 00:00:00',''),(849,'0','Oleba H/C III',6,58,11,'775698811','','','','','0000-00-00 00:00:00',''),(850,'0','Ayago H/C III (Lira)',6,54,61,'774093016','','','','','0000-00-00 00:00:00',''),(851,'0','Bussi H/C III',6,86,24,'782589306','','','','','0000-00-00 00:00:00',''),(852,'0','Namwiwa H/C III',6,34,17,'779647294','','','','','0000-00-00 00:00:00',''),(853,'0','Kyaterekera H/C III (Kagadi)',6,116,36,'774080859','','','','','0000-00-00 00:00:00',''),(854,'0','St Janani H/C II',5,101,39,'781404053','','','','','0000-00-00 00:00:00',''),(855,'0','St Ambrose Charity H/C III',6,116,36,'774178100','','','','','0000-00-00 00:00:00',''),(856,'0','Kasagama H/C III',6,56,64,'782392496','','','','','0000-00-00 00:00:00',''),(857,'0','Usuk H/C III',6,41,47,'774160844','','','','','0000-00-00 00:00:00',''),(858,'0','Bulamagi H/C III',6,26,29,'779601010','','','','','0000-00-00 00:00:00',''),(859,'0','Bugaya H/C III (Buvuma)',6,19,49,'776562714','','','','','0000-00-00 00:00:00',''),(860,'0','Katabi H/C III',6,86,24,'772668793','','','','','0000-00-00 00:00:00',''),(861,'0','Kango H/C III',6,108,119,'783752350','','','','','0000-00-00 00:00:00',''),(862,'0','Butaga H/C III',6,28,31,'789602504','','','','','0000-00-00 00:00:00',''),(863,'0','Madudu H/C III',6,68,46,'704701360','','','','','0000-00-00 00:00:00',''),(864,'0','Ndejje H/C IV (Wakiso)',7,86,24,'752613587','','','','','0000-00-00 00:00:00',''),(865,'0','Kabamba H/C III',6,68,76,'702006222','','','','','0000-00-00 00:00:00',''),(866,'0','Lodonga H/C III',6,87,96,'774815291','','','','','0000-00-00 00:00:00',''),(867,'0','Ttikalu H/C III',6,86,116,'782375250','','','','','0000-00-00 00:00:00',''),(868,'0','Kochi H/C III',6,87,96,'784373144','','','','','0000-00-00 00:00:00',''),(869,'0','Ayipe H/C III',6,48,118,'773994110','','','','','0000-00-00 00:00:00',''),(870,'0','Nakasojjo H/C II',5,59,68,'779214576','','','','','0000-00-00 00:00:00',''),(871,'0','Ssunga H/C III',6,59,68,'779516892','','','','','0000-00-00 00:00:00',''),(872,'0','Kyehoro H/C II',5,24,28,'774089364','','','','','0000-00-00 00:00:00',''),(873,'0','Kibanda H/C III (Rakai)',6,80,83,'778271344','','','','','0000-00-00 00:00:00',''),(874,'0','Adumi H/C IV',7,7,11,'772347268','','','','','0000-00-00 00:00:00',''),(875,'0','Kabanga H/C III',6,69,132,'782971648','','','','','0000-00-00 00:00:00',''),(876,'0','Ngogwe H/C III',6,11,48,'751230267','','','','','0000-00-00 00:00:00',''),(877,'0','Bulesa H/C III',6,10,15,'787528852','','','','','0000-00-00 00:00:00',''),(878,'0','Buredo H/C III',6,109,19,'751273991','','','','','0000-00-00 00:00:00',''),(879,'0','Kifamba H/C III (Rakai)',6,80,83,'782272354','','','','','0000-00-00 00:00:00',''),(880,'0','Goma H/C III',6,69,132,'782923738','','','','','0000-00-00 00:00:00',''),(881,'0','Musozi H/C III',6,68,46,'755097869','','','','','0000-00-00 00:00:00',''),(882,'0','Okidi H/C III',6,47,56,'775634031','','','','','0000-00-00 00:00:00',''),(883,'0','Nawandala H/C III',6,26,29,'','','','','','0000-00-00 00:00:00',''),(884,'0','Mutumba H/C III',6,98,21,'776663877','','','','','0000-00-00 00:00:00',''),(885,'0','Buwunga H/C III (Masaka)',6,59,68,'706308207','','','','','0000-00-00 00:00:00',''),(886,'0','Bugulumbya H/C III',6,36,42,'783907440','','','','','0000-00-00 00:00:00',''),(887,'0','Lubira H/C III',6,26,29,'783288553','','','','','0000-00-00 00:00:00',''),(888,'0','St Matia Mulumba H/C III (Namayingo)',6,98,21,'785041846','','','','','0000-00-00 00:00:00',''),(889,'0','Archdicondary H/C II',5,47,56,'776355535','','','','','0000-00-00 00:00:00',''),(890,'0','Bbaale H/C IV',7,42,49,'774868071','','','','','0000-00-00 00:00:00',''),(892,'0','Newlife H/C III',6,47,56,'782171097','','','','','0000-00-00 00:00:00',''),(894,'0','Budima H/C III',6,28,31,'783665019','','','','','0000-00-00 00:00:00',''),(895,'0','Lukolo H/C III',6,28,31,'756358648','','','','','0000-00-00 00:00:00',''),(897,'0','Nsozi H/C III',6,24,28,'773627721','','','','','0000-00-00 00:00:00',''),(898,'0','Kiyuni H/C III (Mubende)',6,68,76,'705068525','','','','','0000-00-00 00:00:00',''),(899,'0','Lwampanga H/C III',6,72,77,'774630725','','','','','0000-00-00 00:00:00',''),(900,'0','Kyanamugera H/C II',5,68,46,'753261909','','','','','0000-00-00 00:00:00',''),(901,'0','Kabule H/C III',6,64,73,'0775337911/077445881','','','','','0000-00-00 00:00:00',''),(902,'0','Paragon Hospital',9,35,41,'772688100','','','','','0000-00-00 00:00:00',''),(903,'0','Kanoni H/C III (Gomba)',6,89,121,'774112997','','','','','0000-00-00 00:00:00',''),(904,'0','Uganda Reproductive Health Bureau',12,34,17,'782671620','','','','','0000-00-00 00:00:00',''),(905,'0','Iwemba H/C III',6,10,15,'','','','','','0000-00-00 00:00:00',''),(906,'0','Kifampa H/C III (Gomba)',6,89,121,'755623835','','','','','0000-00-00 00:00:00',''),(907,'0','Buwagajjo H/C III',6,11,48,'773442061','','','','','0000-00-00 00:00:00',''),(908,'0','Nakayonza H/C III',6,72,77,'775144458','','','','','0000-00-00 00:00:00',''),(909,'0','Busabaga H/C III',6,11,48,'751946283','','','','','0000-00-00 00:00:00',''),(910,'0','Atiriri H/C IV',7,84,92,'774206049','','','','','0000-00-00 00:00:00',''),(911,'0','Yumbe H/C III',6,87,96,'756410530','','','','','0000-00-00 00:00:00',''),(912,'0','Bumwoni H/C III',6,120,95,'784953327','','','','','0000-00-00 00:00:00',''),(913,'0','Kateta H/C III',6,100,90,'0779736173','','AKAIS BENJAMIN','','','0000-00-00 00:00:00',''),(914,'0','Atiira H/C III',6,100,90,'0782892780','','OTEKAT STEPHEN','','','0000-00-00 00:00:00',''),(915,'0','Reproductive Health Uganda (Apac)',12,6,104,'774014164','','','','','0000-00-00 00:00:00',''),(916,'0','Kyamulibwa H/C III',6,90,100,'789641470','','','','','0000-00-00 00:00:00',''),(918,'0','Eastern Division H/C III',6,84,92,'774574117','','','','','0000-00-00 00:00:00',''),(919,'0','Ngora Maternity Unit H/C III',6,99,105,'774610030','','','','','0000-00-00 00:00:00',''),(921,'0','Kigulu H/C II',5,10,15,'712211325','','','','','0000-00-00 00:00:00',''),(922,'0','Kigungu H/C III',6,86,24,'774013068','','','','','0000-00-00 00:00:00',''),(923,'0','Lorengechora H/C III',6,105,103,'773902104','','','','','0000-00-00 00:00:00',''),(924,'0','Mungula H/C IV',7,2,6,'773244301','','','','','0000-00-00 00:00:00',''),(925,'0','Iriiri H/C III',6,105,103,'772506949','','','','','0000-00-00 00:00:00',''),(926,'0','Atoot H/C II',5,99,105,'782983154','','','','','0000-00-00 00:00:00',''),(927,'0','Najjembe H/C III',6,11,48,'7835801413','','','','','0000-00-00 00:00:00',''),(928,'0','Lugasa H/C III',6,42,49,'774485472','','','','','0000-00-00 00:00:00',''),(929,'0','Kacheri H/C III',6,49,57,'0773714808','','OJANGOLE FAUSTINE','','','0000-00-00 00:00:00',''),(930,'0','Princess Diana H/C IV',7,84,92,'784479487','','','','','0000-00-00 00:00:00',''),(931,'0','Odupi H/C III',6,7,11,'774084117','','','','','0000-00-00 00:00:00',''),(932,'0','Buwabwala H/C III',6,120,95,'','','','','','0000-00-00 00:00:00',''),(933,'0','Bubutu H/C III',6,120,95,'752521809','','','','','0000-00-00 00:00:00',''),(934,'0','Jinja Islamic H/C',1,28,31,'712561446','','','','','0000-00-00 00:00:00',''),(935,'0','Bulondo H/C III',6,86,116,'775618386','','','','','0000-00-00 00:00:00',''),(936,'0','Singila H/C II',5,98,21,'782674946','','','','','0000-00-00 00:00:00',''),(937,'0','Banda H/C II (Wakiso)',5,86,116,'782646535','','','','','0000-00-00 00:00:00',''),(938,'0','Irongo H/C III',6,97,29,'713821945','','','','','0000-00-00 00:00:00',''),(939,'0','Kandege H/C II',5,98,21,'784759501','','','','','0000-00-00 00:00:00',''),(940,'0','Butansi H/C III',6,36,42,'','','','','','0000-00-00 00:00:00',''),(941,'0','Nkooko H/C III',6,117,38,'773467769','','','','','0000-00-00 00:00:00',''),(942,'0','Logiri H/C III',6,7,11,'777443762','','','','','0000-00-00 00:00:00',''),(943,'0','Nabitsikiti H/C III',6,120,95,'777262244','','','','','0000-00-00 00:00:00',''),(944,'0','Wadra H/C III',6,58,11,'791866200','','','','','0000-00-00 00:00:00',''),(945,'0','Nagongera H/C IV',7,85,95,'774353014','','','','','0000-00-00 00:00:00',''),(946,'0','Mayirye H/C III',6,64,73,'779109003','','','','','0000-00-00 00:00:00',''),(948,'0','Kalaki H/C III',6,32,34,'778216995','','','','','0000-00-00 00:00:00',''),(949,'0','Bamugolodde H/C III',6,72,77,'775155336','','','','','0000-00-00 00:00:00',''),(950,'0','Abarilela H/C III',6,4,8,'775349900','','','','','0000-00-00 00:00:00',''),(951,'0','Kyamulibwa H/C IV',7,90,100,'787195832','','','','','0000-00-00 00:00:00',''),(954,'0','Bumbo H/C III',6,57,95,'776123889','','','','','0000-00-00 00:00:00',''),(955,'0','',1,0,1,'','','','','','0000-00-00 00:00:00',''),(956,'0','Wadelai H/C III',6,119,78,'773363951','','','','','0000-00-00 00:00:00',''),(957,'0','Tara H/C III',6,58,11,'777455851','','','','','0000-00-00 00:00:00',''),(958,'0','Busamuzi H/C III',6,19,49,'776533001','','','','','0000-00-00 00:00:00',''),(959,'0','Bulo H/C III',6,88,26,'','','','','','0000-00-00 00:00:00',''),(960,'0','Nakitoma H/C III',6,72,77,'775751508','','','','','0000-00-00 00:00:00',''),(961,'0','Nsawo H/C III',6,55,63,'772186149','','','','','0000-00-00 00:00:00',''),(962,'0','Kakaire H/C III',6,28,31,'773009580','','','','','0000-00-00 00:00:00',''),(963,'0','Wakitaka H/C III',6,28,31,'774681260','','','','','0000-00-00 00:00:00',''),(964,'0','Buwenge Hospital',9,28,31,'774174781','','','','','0000-00-00 00:00:00',''),(965,'0','Hukeseho H/C III',6,98,21,'778094200','','','','','0000-00-00 00:00:00',''),(966,'0','Bugiri Town Council H/C II',5,10,15,'782119856','','','','','0000-00-00 00:00:00',''),(967,'0','Tongolo H/C II',5,11,48,'777674963','','','','','0000-00-00 00:00:00',''),(968,'0','Buikwe H/C III',6,11,48,'779313239','','','','','0000-00-00 00:00:00',''),(969,'0','Chawente H/C III',6,6,104,'774164916','','','','','0000-00-00 00:00:00',''),(970,'0','Kadungulu H/C III',6,100,90,'0776602484','','OJUR JACOB','','','0000-00-00 00:00:00',''),(971,'0','Kawaala H/C III',6,35,41,'777425862','','','','','0000-00-00 00:00:00',''),(972,'0','Ggolo H/C III',6,67,131,'779203475','','','','','0000-00-00 00:00:00',''),(973,'0','Dufile H/C III',6,66,75,'785920582','','','','','0000-00-00 00:00:00',''),(974,'0','Makindu H/C III',6,11,48,'','','','','','0000-00-00 00:00:00',''),(975,'0','Bukoova H/C III',6,97,42,'79486623','','','','','0000-00-00 00:00:00',''),(976,'0','Kakooge H/C III(Nakasongola)',6,72,77,'78449090','','','','','0000-00-00 00:00:00',''),(977,'0','Kei H/C III',6,87,96,'773297077','','','','','0000-00-00 00:00:00',''),(978,'0','Oluvu H/C III',6,58,11,'782850030','','','','','0000-00-00 00:00:00',''),(979,'0','Omiito H/C II',5,99,105,'783108793','','','','','0000-00-00 00:00:00',''),(980,'0','Kyalulangira H/C III',6,80,83,'782354936','','','','','0000-00-00 00:00:00',''),(981,'0','Kimengo H/C III',6,60,69,'783450600','','','','','0000-00-00 00:00:00',''),(982,'0','Hapuuyo H/C III',6,51,58,'776062974','','','','','0000-00-00 00:00:00',''),(983,'0','Iyolwa H/C III',6,85,95,'782086004','','','','','0000-00-00 00:00:00',''),(984,'0','Kazwama H/C II',5,72,77,'782585897','','','','','0000-00-00 00:00:00',''),(985,'0','Kyato H/C II',5,68,46,'788055915','','','','','0000-00-00 00:00:00',''),(987,'0','Kabale H/C III (Hoima)',6,24,28,'774968571','','','','','0000-00-00 00:00:00',''),(988,'0','Wera H/C III  ST MICHAEL ',6,4,8,'','','','','','0000-00-00 00:00:00',''),(989,'0','Bubangizi H/C III',6,111,55,'773338112','','','','','0000-00-00 00:00:00',''),(990,'0','Nyakatsiro H/C III',6,111,55,'775209767','','','','','0000-00-00 00:00:00',''),(991,'0','Metha Hospital',9,11,48,'752645220','','','','','0000-00-00 00:00:00',''),(992,'0','Bishop Ceaser Asili Hospital',9,55,63,'788689839','','','','','0000-00-00 00:00:00',''),(993,'0','Lefori H/C III',6,66,75,'782929122','','','','','0000-00-00 00:00:00',''),(994,'0','Bukakata H/C III',6,59,68,'703842081','','','','','0000-00-00 00:00:00',''),(995,'0','Ngora H/C IV',7,99,105,'785668142','','','','','0000-00-00 00:00:00',''),(996,'0','Semuto H/C IV',7,71,79,'787499257','','','','','0000-00-00 00:00:00',''),(997,'0','Nswanjere H/C III (St Joseph)',6,67,131,'783507197','','','','','0000-00-00 00:00:00',''),(998,'0','Magamaga H/C III (Jinja)',6,28,31,'772471072','','','','','0000-00-00 00:00:00',''),(999,'0','Bombo H/C III',6,55,63,'773123529','','','','','0000-00-00 00:00:00',''),(1000,'0','Katikamu H/C III',6,55,63,'775353590','','','','','0000-00-00 00:00:00',''),(1001,'0','Kangole H/C III',6,105,103,'774811955','','','','','0000-00-00 00:00:00',''),(1002,'0','Ndejje University H/C III',6,55,63,'772445682','','','','','0000-00-00 00:00:00',''),(1003,'0','Panyigoro H/C III',6,119,78,'','','','','','0000-00-00 00:00:00',''),(1004,'0','Azaipi H/C III',6,2,6,'782904210','','','','','0000-00-00 00:00:00',''),(1005,'0','Obongi H/C IV',7,66,75,'773890644','','','','','0000-00-00 00:00:00',''),(1006,'0','Our Lady  of Lourdes H/C III (Nakasongola)',6,72,77,'782777430','','','','','0000-00-00 00:00:00',''),(1007,'0','Mpambwe H/C III',6,28,31,'783069403','','','','','0000-00-00 00:00:00',''),(1008,'0','Lotim H/C II',5,29,32,'775287200','','','','','0000-00-00 00:00:00',''),(1009,'0','Katiyi H/C III',6,7,11,'774738058','','','','','0000-00-00 00:00:00',''),(1010,'0','Zirobwe H/C III',6,55,63,'782419115','','','','','0000-00-00 00:00:00',''),(1011,'0','Apwori H/C III',6,6,104,'779633267','','','','','0000-00-00 00:00:00',''),(1012,'0','Laropi H/C III',6,66,75,'782797276','','','','','0000-00-00 00:00:00',''),(1013,'0','Pokwero H/C III',6,119,78,'774564784','','','','','0000-00-00 00:00:00',''),(1014,'0','Kamira H/C III',6,55,63,'773864847','','','','','0000-00-00 00:00:00',''),(1015,'0','Omatenga H/C II',5,50,13,'','','','','','0000-00-00 00:00:00',''),(1016,'0','Nadunget H/C III',6,65,74,'782110280','','','','','0000-00-00 00:00:00',''),(1017,'0','Butuntumula H/C III',6,55,63,'774101036','','','','','0000-00-00 00:00:00',''),(1018,'0','Bugambe H/C III (Hoima)',6,24,28,'775661876','','','','','0000-00-00 00:00:00',''),(1019,'0','Katuugo H/C II',5,55,63,'772531714','','','','','0000-00-00 00:00:00',''),(1020,'0','Kakasi C.O.U H/C III',6,37,101,'781522484','','','','','0000-00-00 00:00:00',''),(1021,'0','Nabwendo H/C III',6,44,50,'785840041','','','','','0000-00-00 00:00:00',''),(1022,'0','Kalangaalo H/C II',5,64,73,'772324196','','','','','0000-00-00 00:00:00',''),(1023,'0','Nindye H/C III',6,67,131,'772893821','','','','','0000-00-00 00:00:00',''),(1024,'0','Bukeeri H/C III',6,59,68,'702930554','','','','','0000-00-00 00:00:00',''),(1025,'0','Bunjako H/C III',6,67,131,'','','','','','0000-00-00 00:00:00',''),(1027,'0','Panyangasi H/C III',6,85,95,'773815556','','','','','0000-00-00 00:00:00',''),(1028,'0','Bululu H/C III',6,32,34,'782146065','','','','','0000-00-00 00:00:00',''),(1029,'0','Panyadoli H/C III',6,110,53,'784305700','','','','','0000-00-00 00:00:00',''),(1030,'0','Kikoma H/C III',6,55,63,'772375997','','','','','0000-00-00 00:00:00',''),(1031,'0','Mukongoro H/C III',6,50,13,'782015270','','','','','0000-00-00 00:00:00',''),(1032,'0','St Jude Thaddeous Karungu H/C',12,110,53,'785406822','','','','','0000-00-00 00:00:00',''),(1033,'0','Kucwiny H/C III',6,74,78,'756243651','','','','','0000-00-00 00:00:00',''),(1034,'0','Masindi Port H/C III',6,110,53,'775172633','','','','','0000-00-00 00:00:00',''),(1036,'0','St Francis Health Care Services',12,11,48,'75455173','','','','','0000-00-00 00:00:00',''),(1037,'0','Potika H/C II',5,53,65,'778466208','','','','','0000-00-00 00:00:00',''),(1038,'0','St Padre Pio H/C III Busunju',6,64,73,'783523378','','','','','0000-00-00 00:00:00',''),(1039,'0','Kakiri H/C III',6,86,116,'772674849','','','','','0000-00-00 00:00:00',''),(1040,'0','Kiziba H/C III (Rakai)',6,80,83,'778658435','','','','','0000-00-00 00:00:00',''),(1041,'0','Sseguku H/C II',5,86,24,'772493521','','','','','0000-00-00 00:00:00',''),(1042,'0','Kyabadaaza H/C III',6,88,26,'782447049','','','','','0000-00-00 00:00:00',''),(1044,'0','Kiragga H/C III',6,90,100,'787419829','','','','','0000-00-00 00:00:00',''),(1045,'0','Anyavu H/C II',5,7,11,'758996063','','','','','0000-00-00 00:00:00',''),(1046,'0','Katikamu-Kisule H/C III',6,55,63,'782059796','','','','','0000-00-00 00:00:00',''),(1047,'0','Mutunda H/C III',6,110,53,'774267099','','','','','0000-00-00 00:00:00',''),(1048,'0','Kigumba H/C III',6,110,53,'772988671','','','','','0000-00-00 00:00:00',''),(1049,'0','Agiermach H/C III',6,108,119,'773169570','','','','','0000-00-00 00:00:00',''),(1050,'0','Busaana H/C III',6,42,49,'772337351','','','','','0000-00-00 00:00:00',''),(1051,'0','Bamunanika H/C III',6,55,63,'','','','','','0000-00-00 00:00:00',''),(1052,'0','Kavule H/C II',5,11,48,'772334648','','','','','0000-00-00 00:00:00',''),(1053,'0','Ovujo H/C III',6,58,11,'774278178','','','','','0000-00-00 00:00:00',''),(1054,'0','St Francis H/C III Ocodri',6,7,11,'777441014','','','','','0000-00-00 00:00:00',''),(1055,'0','Naanywa H/C III',6,92,115,'772575208','','','','','0000-00-00 00:00:00',''),(1056,'0','Vurra H/C III',6,7,11,'782071515','','','','','0000-00-00 00:00:00',''),(1057,'0','Bubukwanga H/C III',6,15,18,'779481319','','','','','0000-00-00 00:00:00',''),(1058,'0','Lukomera Maternity Centre',12,55,63,'783195153','','','','','0000-00-00 00:00:00',''),(1059,'0','Moroto Army H/C IV',7,65,74,'789503034','','','','','0000-00-00 00:00:00',''),(1060,'0','Mukono Hospital C.O.U',9,69,132,'774066387','','','','','0000-00-00 00:00:00',''),(1061,'0','Bukalagi H/C III',6,89,121,'754138335','','','','','0000-00-00 00:00:00',''),(1062,'0','Mende H/C III',6,86,116,'775922302','','','','','0000-00-00 00:00:00',''),(1063,'0','Kayango H/C III',6,10,15,'772317674','','','','','0000-00-00 00:00:00',''),(1064,'0','Nyaravur H/C III',6,74,78,'771035432','','','','','0000-00-00 00:00:00',''),(1065,'0','Kyalugondo H/C III',6,55,63,'702487880','','','','','0000-00-00 00:00:00',''),(1066,'0','Wabusana H/C III',6,55,63,'782852711','','','','','0000-00-00 00:00:00',''),(1067,'0','Ssi H/C III',6,11,48,'0774463756/075126722','','','','','0000-00-00 00:00:00',''),(1068,'0','Panyangara H/C III',6,49,57,'782842756','','MUNYOS JOSEPH','','','0000-00-00 00:00:00',''),(1069,'0','Ajia H/C III',6,7,11,'774684879','','','','','0000-00-00 00:00:00',''),(1072,'0','Kitanda H/C III',6,93,93,'774319402','','','','','0000-00-00 00:00:00',''),(1073,'0','Lwanda H/C III',6,80,83,'774250308','','','','','0000-00-00 00:00:00',''),(1074,'0','Bitooma H/C III',6,16,19,'777407512','','','','','0000-00-00 00:00:00',''),(1075,'0','Parombo H/C III',6,74,78,'774566858','','','','','0000-00-00 00:00:00',''),(1076,'0','Bulera H/C III',6,64,73,'789496775','','','','','0000-00-00 00:00:00',''),(1077,'0','Yivu Abea H/C II',5,58,11,'756067072','','','','','0000-00-00 00:00:00',''),(1078,'0','Toroma H/C IV',7,41,47,'774151227','','','','','0000-00-00 00:00:00',''),(1079,'0','Kimwanyi H/C III',6,92,115,'774989372','','','','','0000-00-00 00:00:00',''),(1080,'0','St Micheal HCF H/C III (Amuria)',6,4,8,'777687013','','','','','0000-00-00 00:00:00',''),(1081,'0','Warr H/C III',6,108,119,'773971339','','','','','0000-00-00 00:00:00',''),(1082,'0','Bukasa H/C IV (Kalangala)',7,33,113,'','','','','','0000-00-00 00:00:00',''),(1083,'0','Bweema H/C III',6,19,49,'771487441','','','','','0000-00-00 00:00:00',''),(1084,'0','Kinyara H/C III',6,60,69,'701582072','','','','','0000-00-00 00:00:00',''),(1085,'0','Kabeywa H/C III',6,39,44,'782235986','','','','','0000-00-00 00:00:00',''),(1086,'0','Awebwa Maternity Centre',12,55,63,'785937453','','','','','0000-00-00 00:00:00',''),(1087,'0','Kabungo H/C III',6,90,100,'774455075','','','','','0000-00-00 00:00:00',''),(1088,'0','Nyantonzi H/C III',6,60,69,'782804742','','','','','0000-00-00 00:00:00',''),(1089,'0','Wamala H/C II',5,86,24,'777550255','','','','','0000-00-00 00:00:00',''),(1090,'0','Bowa H/C III',6,55,63,'774039639','','','','','0000-00-00 00:00:00',''),(1092,'0','Diima H/C III',6,110,53,'772033680','','','','','0000-00-00 00:00:00',''),(1093,'0','Kamaka H/C III',6,58,11,'787542565','','','','','0000-00-00 00:00:00',''),(1094,'0','Ssekamuli H/C III',6,55,63,'782506688','','','','','0000-00-00 00:00:00',''),(1095,'0','Kolir H/C III',6,12,13,'782315702','','','','','0000-00-00 00:00:00',''),(1097,'0','Lacor Opit H/C III (Omoro)',6,118,102,'0777817454','','Roseline','','','0000-00-00 00:00:00',''),(1098,'0','St Kevin H/C III',6,41,47,'789476311','','','','','0000-00-00 00:00:00',''),(1099,'0','Moyo Mission H/C III',6,66,75,'782781619','','','','','0000-00-00 00:00:00',''),(1100,'0','Kalonga H/C III',6,68,76,'774105613','','','','','0000-00-00 00:00:00',''),(1101,'0','Myanzi H/C III (Mubende)',6,68,46,'777597967','','','','','0000-00-00 00:00:00',''),(1102,'0','Kira H/C III',6,86,116,'702210451','','','','','0000-00-00 00:00:00',''),(1103,'0','Nabiswera H/C III',6,72,77,'775967443','','','','','0000-00-00 00:00:00',''),(1104,'0','Wabigalo H/C III',6,72,77,'772510162','','','','','0000-00-00 00:00:00',''),(1105,'0','St Luke H/C III Katiyi',12,7,11,'782240065','','','','','0000-00-00 00:00:00',''),(1106,'0','Tiriri H/C IV',7,84,92,'','','','','','0000-00-00 00:00:00',''),(1107,'0','Ediofe H/C III',6,7,11,'774497489','','','','','0000-00-00 00:00:00',''),(1108,'0','Ogoko H/C II',5,7,120,'774564653','','','','','0000-00-00 00:00:00',''),(1109,'0','Nyamarwa H/C III (Kibaale)',6,43,38,'783984137','','','','','0000-00-00 00:00:00',''),(1110,'0','Isunga H/C III',6,116,36,'703876718','','','','','0000-00-00 00:00:00',''),(1111,'0','Mpeefu H/C III',6,116,36,'782717237','','','','','0000-00-00 00:00:00',''),(1112,'0','Buseruka H/C III',6,24,28,'771603871','','','','','0000-00-00 00:00:00',''),(1113,'0','Kaseeta H/C III',6,24,28,'777101404','','','','','0000-00-00 00:00:00',''),(1114,'0','TASO Kanyanya',12,35,41,'772353599','','','','','0000-00-00 00:00:00',''),(1115,'0','Otuboi H/C III',6,32,34,'78456683','','','','','0000-00-00 00:00:00',''),(1116,'0','Alwa H/C III',6,32,34,'718878117','','','','','0000-00-00 00:00:00',''),(1117,'0','Kiyuni H/C III (Kyankwanzi)',6,91,106,'775913798','','','','','0000-00-00 00:00:00',''),(1118,'0','Waibuga H/C III',6,97,29,'753190506','','','','','0000-00-00 00:00:00',''),(1119,'0','Loroo H/C III',6,103,94,'','','','','','0000-00-00 00:00:00',''),(1120,'0','Cheptapoyo H/C II',5,103,94,'775975201','','','','','0000-00-00 00:00:00',''),(1121,'0','Kyaayi H/C III',6,89,121,'757288810','','','','','0000-00-00 00:00:00',''),(1122,'0','Kakoro H/C III',6,124,82,'782153309','','','','','0000-00-00 00:00:00',''),(1123,'0','Minakulu H/C III (Oyam)',6,77,4,'752994325','','','','','0000-00-00 00:00:00',''),(1124,'0','Lokopo H/C III',6,105,103,'753553216','','','','','0000-00-00 00:00:00',''),(1125,'0','Ober H/C III',6,54,61,'','','','','','0000-00-00 00:00:00',''),(1126,'0','Kibalinga H/C III',6,68,76,'705905158','','','','','0000-00-00 00:00:00',''),(1127,'0','Kyamusisi H/C III',6,64,73,'776954450','','','','','0000-00-00 00:00:00',''),(1128,'0','Asamuk H/C III',6,4,8,'783191692','','','','','0000-00-00 00:00:00',''),(1130,'0','St Marys H/C Kasaala',12,55,63,'775596473','','','','','0000-00-00 00:00:00',''),(1131,'0','Lukaya H/C III',6,90,100,'783406816','','','','','0000-00-00 00:00:00',''),(1133,'0','Kyondo H/C III',6,40,37,'773980505','','','','','0000-00-00 00:00:00',''),(1134,'0','Kanamba H/C III',6,40,52,'773415489','','','','','0000-00-00 00:00:00',''),(1135,'0','Karusandara H/C III',6,40,52,'779457973','','','','','0000-00-00 00:00:00',''),(1136,'0','Mt Riwenzori H/C III',6,40,37,'','','','','','0000-00-00 00:00:00',''),(1137,'0','Maliba H/C III',6,40,52,'753139988','','','','','0000-00-00 00:00:00',''),(1138,'0','Isule H/C III',6,40,52,'783813863','','','','','0000-00-00 00:00:00',''),(1139,'0','Hima Cement Clinic',7,40,52,'702255365','','','','','0000-00-00 00:00:00',''),(1140,'0','Kapedo H/C III',6,29,32,'785075122','','','','','0000-00-00 00:00:00',''),(1141,'0','Nyabubare H/C III',6,16,19,'701195071','','','','','0000-00-00 00:00:00',''),(1142,'0','Kyotera Medical Centre',12,80,83,'709230738','','','','','0000-00-00 00:00:00',''),(1143,'0','Kayogera H/C II',5,10,15,'782428661','','','','','0000-00-00 00:00:00',''),(1144,'0','Tapac H/C III',6,65,74,'775241847','','','','','0000-00-00 00:00:00',''),(1145,'0','Wabwoko H/C III',6,42,49,'','','','','','0000-00-00 00:00:00',''),(1146,'0','Merikit H/C III',6,85,95,'782307894','','','','','0000-00-00 00:00:00',''),(1147,'0','Kikamulo H/C III',6,71,79,'773710558','','','','','0000-00-00 00:00:00',''),(1148,'0','Rwenzori Mountaineering Services',12,40,52,'789568755','','','','','0000-00-00 00:00:00',''),(1149,'0','Wakyato H/C III',6,71,79,'775330824','','','','','0000-00-00 00:00:00',''),(1150,'0','Ngoma H/C IV (Nakaseke)',7,71,79,'777386117','','','','','0000-00-00 00:00:00',''),(1151,'0','Kinyogoga H/C III',6,71,79,'777823384','','','','','0000-00-00 00:00:00',''),(1152,'0','Kasozi H/C III (Luwero)',6,55,63,'773952579','','','','','0000-00-00 00:00:00',''),(1153,'0','Makulubita H/C III',6,55,63,'704593907','','','','','0000-00-00 00:00:00',''),(1154,'0','Nakatonya H/C III',6,55,63,'','','','','','0000-00-00 00:00:00',''),(1155,'0','Nattyole H/C III',6,55,63,'789584455','','','','','0000-00-00 00:00:00',''),(1156,'0','Luteete H/C III (Luwero)',6,55,63,'773462440','','','','','0000-00-00 00:00:00',''),(1157,'0','Holy Cross H/C III (Kikyusa)',6,55,63,'783134283','','','','','0000-00-00 00:00:00',''),(1158,'0','Bukalasa H/C III',6,55,63,'782951541','','','','','0000-00-00 00:00:00',''),(1159,'0','Nawanyago H/C III',6,36,42,'779468841','','','','','0000-00-00 00:00:00',''),(1160,'0','Kaliro H/C IV (Kaliro)',7,34,17,'','','','','','0000-00-00 00:00:00',''),(1161,'0','Wesunire H/C III',6,20,51,'772074771','','','','','0000-00-00 00:00:00',''),(1162,'0','Bubambwe H/C III',6,28,31,'','','','','','0000-00-00 00:00:00',''),(1163,'0','Kireku H/C III',6,86,41,'','','','','','0000-00-00 00:00:00',''),(1164,'0','Aripea H/C III',6,7,11,'774132977','','','','','0000-00-00 00:00:00',''),(1165,'0','Cilio H/C III',6,7,11,'774362299','','','','','0000-00-00 00:00:00',''),(1166,'0','Otombari H/C III',6,7,11,'','','','','','0000-00-00 00:00:00',''),(1167,'0','Inde H/C III',6,7,120,'774134184','','','','','0000-00-00 00:00:00',''),(1168,'0','Oje (Mission) H/C III',6,7,11,'','','','','','0000-00-00 00:00:00',''),(1169,'0','Kyamuhunga H/C III',6,16,19,'704774905','','','','','0000-00-00 00:00:00',''),(1170,'0','Alwi H/C III',6,119,78,'774626457','','','','','0000-00-00 00:00:00',''),(1171,'0','Kalungi H/C III (Nakasongola)',6,72,77,'779510066','','','','','0000-00-00 00:00:00',''),(1172,'0','Nakapelimoru H/C III',6,49,57,'0779067776','','OKIRIA GILBERT','','','0000-00-00 00:00:00',''),(1174,'0','Our Lady Of Maria Assumpta',12,88,26,'778142382','','','','','0000-00-00 00:00:00',''),(1175,'0','Bweyogerere H/C III',6,86,24,'782687070','','','','','0000-00-00 00:00:00',''),(1176,'0','Kirewa Community H/C III',6,85,95,'779112270','','','','','0000-00-00 00:00:00',''),(1177,'0','Kakanju H/C III',6,16,19,'782749848','','','','','0000-00-00 00:00:00',''),(1178,'0','Bugongi H/C III',6,114,55,'','','','','','0000-00-00 00:00:00',''),(1179,'0','Kawongo H/C III',6,42,49,'784074745','','','','','0000-00-00 00:00:00',''),(1180,'0','Lulagala H/C III',6,64,73,'776373051','','','','','0000-00-00 00:00:00',''),(1181,'0','Katakwi Hospital',9,41,47,'7780129142','','','','','0000-00-00 00:00:00',''),(1182,'0','Kabira H/C III (Mitooma)',6,111,55,'751422089','','','','','0000-00-00 00:00:00',''),(1183,'0','Mirambi H/C III',6,93,93,'777510067','','','','','0000-00-00 00:00:00',''),(1184,'0','Ikoba H/C III',6,60,69,'701913230','','','','','0000-00-00 00:00:00',''),(1185,'0','Bushika H/C III',6,9,133,'782152230','','','','','0000-00-00 00:00:00',''),(1186,'0','Nkoko H/C III',6,68,76,'','','','','','0000-00-00 00:00:00',''),(1188,'0','Kyabasaija H/C III',6,117,38,'787139636','','','','','0000-00-00 00:00:00',''),(1190,'0','Bujuni H/C III',6,68,76,'','','','','','0000-00-00 00:00:00',''),(1191,'0','Butawaata H/C III',6,68,76,'788798757','','','','','0000-00-00 00:00:00',''),(1192,'0','Soroti H/C III',6,84,92,'782515470','','','','','0000-00-00 00:00:00',''),(1193,'0','Mazinga H/C III',6,33,113,'752621249','','','','','0000-00-00 00:00:00',''),(1194,'0','Community H/C Plan uganda Lugoba(Kawempe)',12,86,41,'779823668','','','','','0000-00-00 00:00:00',''),(1195,'0','Bulika H/C II',5,69,49,'772026320','','','','','0000-00-00 00:00:00',''),(1196,'0','Oberabic H/C II',5,5,12,'774559828','','','','','0000-00-00 00:00:00',''),(1197,'0','St Matia Mulumba H/C III -Irundu(Buyende)',6,20,51,'751661651','','','','','0000-00-00 00:00:00',''),(1198,'0','Orussi H/C III',6,74,78,'775794960','','','','','0000-00-00 00:00:00',''),(1199,'0','Luna Medical Cetre (Katooke)',12,86,24,'772480242','','','','','0000-00-00 00:00:00',''),(1200,'0','Magala H/C III',6,64,73,'772867322','','','','','0000-00-00 00:00:00',''),(1202,'0','Biharwe H/C III',6,63,71,'772870408','','','','','0000-00-00 00:00:00',''),(1203,'0','Kakoba Division H/C III',6,63,71,'782777708','','','','','0000-00-00 00:00:00',''),(1205,'0','Rubindi H/C III',6,63,71,'773474737','','','','','0000-00-00 00:00:00',''),(1206,'0','Mwizi H/C III',6,63,71,'703009996','','','','','0000-00-00 00:00:00',''),(1207,'0','Mulabana H/C II',5,33,113,'773309388','','','','','0000-00-00 00:00:00',''),(1208,'0','Kiti H/C III',6,90,100,'700484101','','','','','0000-00-00 00:00:00',''),(1209,'0','Openzinzi H/C III',6,2,6,'772545083','','','','','0000-00-00 00:00:00',''),(1210,'0','Kambaala H/C III',6,64,73,'786019262','','','','','0000-00-00 00:00:00',''),(1211,'0','Emesco H/C IV',7,43,38,'779531458','','','','','0000-00-00 00:00:00',''),(1212,'0','Mirembe Maria Gorreti H/C III ',6,68,76,'','','','','','0000-00-00 00:00:00',''),(1213,'0','St Matia Mulumba H/C III (Mubende)',6,68,46,'753908002','','','','','0000-00-00 00:00:00',''),(1214,'0','Lunyo H/C III',6,17,67,'774265872','','','','','0000-00-00 00:00:00',''),(1215,'0','Masindi Army Barracks',12,60,69,'','','','','','0000-00-00 00:00:00',''),(1216,'0','Field Artilary Army Barracks H/C IV',12,60,69,'774777675','','','','','0000-00-00 00:00:00',''),(1217,'0','Katulikire H/C III',6,110,53,'705378343','','','','','0000-00-00 00:00:00',''),(1219,'0','Puranga H/C III',6,78,107,'789736161','','','','','0000-00-00 00:00:00',''),(1220,'0','Ntenjeru H/C III',6,42,49,'782421768','','','','','0000-00-00 00:00:00',''),(1221,'0','Maaji A H/C II',5,2,6,'775990577','','','','','0000-00-00 00:00:00',''),(1222,'0','Epi Centre H/C III (Butambala)',6,88,26,'757895866','','','','','0000-00-00 00:00:00',''),(1223,'0','Engari Community H/C III',12,45,86,'784835251','','','','','0000-00-00 00:00:00',''),(1224,'0','Buteba H/C III',6,17,67,'782014159','','','','','0000-00-00 00:00:00',''),(1225,'0','Katovu H/C III',6,92,115,'784077699','','','','','0000-00-00 00:00:00',''),(1226,'0','Kapujan H/C III',6,41,47,'774578147','','','','','0000-00-00 00:00:00',''),(1227,'0','Okwang H/C III',6,107,61,'','','','','','0000-00-00 00:00:00',''),(1228,'0','Nyarugoote H/C II',5,16,19,'782452313','','','','','0000-00-00 00:00:00',''),(1229,'0','Kashambya H/C III',6,121,33,'771681090','','','','','0000-00-00 00:00:00',''),(1230,'0','Nyakagyeme H/C III',6,81,81,'782668019','','','','','0000-00-00 00:00:00',''),(1231,'0','Kibirizi H/C III',6,81,81,'787061113','','','','','0000-00-00 00:00:00',''),(1232,'0','Kagongi H/C III',6,63,71,'774615891','','','','','0000-00-00 00:00:00',''),(1233,'0','Ndeija H/C III',6,63,71,'773562161','','','','','0000-00-00 00:00:00',''),(1235,'0','Uganda Muslim Supreme Council H/C III',6,64,73,'782030633','','','','','0000-00-00 00:00:00',''),(1236,'0','Kaharo H/C III',6,30,33,'702852095','','','','','0000-00-00 00:00:00',''),(1237,'0','Kabale H/C III (Kalungu)',6,90,100,'704570573','','','','','0000-00-00 00:00:00',''),(1238,'0','Namaggwa Clinic',12,55,63,'782136403','','','','','0000-00-00 00:00:00',''),(1239,'0','Mudakori H/C III',6,85,95,'0772/0702440973','','','','','0000-00-00 00:00:00',''),(1240,'0','Metu H/C III',6,66,75,'782204645','','','','','0000-00-00 00:00:00',''),(1241,'0','Kyenjojo Hospital',9,52,60,'782972895','','','','','0000-00-00 00:00:00',''),(1242,'0','Kaihura Villa Maria H/C II',5,52,60,'785103555','','','','','0000-00-00 00:00:00',''),(1243,'0','St Martin H/C III -Mabira (Kyenjojo)',6,52,60,'771414700','','','','','0000-00-00 00:00:00',''),(1244,'0','Kisozi H/C III',6,89,121,'703270227','','','','','0000-00-00 00:00:00',''),(1245,'0','Mitandi H/C III (NGO)',6,122,25,'777637040','','','','','0000-00-00 00:00:00',''),(1246,'0','Bufunjo H/C III',6,52,60,'703918802','','','','','0000-00-00 00:00:00',''),(1247,'0','Ntonwa H/C II',5,37,101,'772976181','','','','','0000-00-00 00:00:00',''),(1248,'0','Bukanga H/C III',6,97,29,'773549059','','','','','0000-00-00 00:00:00',''),(1249,'0','Nyakishenyi H/C III',6,81,81,'774231659','','','','','0000-00-00 00:00:00',''),(1250,'0','Aakum H/C II',5,41,47,'773010075','','','','','0000-00-00 00:00:00',''),(1251,'0','Akoboi H/C II (katakwi)',5,41,47,'775429485','','','','','0000-00-00 00:00:00',''),(1252,'0','Kobulubulu H/C III ',6,32,34,'753350409','','','','','0000-00-00 00:00:00',''),(1254,'0','Ndama H/C III',6,81,81,'782715894','','','','','0000-00-00 00:00:00',''),(1255,'0','Kibibi Nursing Home H/C III',6,88,26,'782080267','','','','','0000-00-00 00:00:00',''),(1256,'0','Butende H/C III',6,59,68,'775776565','','','','','0000-00-00 00:00:00',''),(1257,'0','Buwunga H/C III (Bugiri)',6,10,15,'784904850','','','','','0000-00-00 00:00:00',''),(1258,'0','Kameke H/C III',6,79,82,'756720664','','','','','0000-00-00 00:00:00',''),(1259,'0','Muramba H/C III',6,46,54,'781557742','','','','','0000-00-00 00:00:00',''),(1260,'0','Kinanira H/C III',6,46,54,'773337826','','','','','0000-00-00 00:00:00',''),(1261,'0','Nyarusiza H/C III',6,46,54,'773258770','','','','','0000-00-00 00:00:00',''),(1262,'0','Kasozi H/C III (Wakiso)',6,86,116,'782740565','','','','','0000-00-00 00:00:00',''),(1263,'0','Busowobi H/C III',6,26,29,'783900263','','','','','0000-00-00 00:00:00',''),(1264,'0','Rugyeyo H/C III',6,38,43,'772950155','','','','','0000-00-00 00:00:00',''),(1265,'0','North Kigezi Diocese M C H/C IV',7,81,81,'776123652','','','','','0000-00-00 00:00:00',''),(1266,'0','Bugangari H/C IV',7,81,81,'782473508','','','','','0000-00-00 00:00:00',''),(1268,'0','Mushanga H/C III',6,114,55,'782793329','','','','','0000-00-00 00:00:00',''),(1269,'0','Rwenjaza H/C II',5,37,101,'777841148','','','','','0000-00-00 00:00:00',''),(1270,'0','Stella Maris H/C II',5,112,18,'781266562','','','','','0000-00-00 00:00:00',''),(1271,'0','Mwenge Estate Clinic',12,52,60,'787365791','','','','','0000-00-00 00:00:00',''),(1273,'0','Buwooya H/C III',6,19,49,'776147873','','','','','0000-00-00 00:00:00',''),(1274,'0','Bison H/C III',6,85,95,'779958793','','','','','0000-00-00 00:00:00',''),(1275,'0','Bufundi H/C III',6,115,33,'','','','','','0000-00-00 00:00:00',''),(1276,'0','Bwambara H/C III',6,81,81,'782741062','','','','','0000-00-00 00:00:00',''),(1277,'0','Butanda H/C III',6,30,33,'782272686','','','','','0000-00-00 00:00:00',''),(1278,'0','Kiyeyi H/C III',6,85,95,'703565790','','','','','0000-00-00 00:00:00',''),(1280,'0','Buwa H/C II',5,104,61,'782190949','','','','','0000-00-00 00:00:00',''),(1281,'0','MJAP-MMC  H/C IV',7,63,71,'755553193','','','','','0000-00-00 00:00:00',''),(1282,'0','Pakadha H/C III',6,108,119,'773953411','','','','','0000-00-00 00:00:00',''),(1283,'0','Offaka H/C III',6,7,11,'772611344','','','','','0000-00-00 00:00:00',''),(1284,'0','Buyanja H/C III (Mpigi)',6,67,131,'772938435','','','','','0000-00-00 00:00:00',''),(1285,'0','Kanyamwirima H/C III',6,15,18,'777364670','','','','','0000-00-00 00:00:00',''),(1286,'0','Mitala Maria H/C III',6,67,131,'784171268','','','','','0000-00-00 00:00:00',''),(1287,'0','Buhanika H/C III',6,24,28,'774304731','','','','','0000-00-00 00:00:00',''),(1288,'0','Namatala H/C IV',7,62,70,'779832509','','','','','0000-00-00 00:00:00',''),(1289,'0','Isibuka H/C III',6,27,87,'785843285','','','','','0000-00-00 00:00:00',''),(1290,'0','Kabugu H/C II',5,27,87,'','','','','','0000-00-00 00:00:00',''),(1291,'0','Kibengo H/C II',5,27,87,'788528932','','','','','0000-00-00 00:00:00',''),(1292,'0','Sanga H/C III',6,45,86,'777086003','','','','','0000-00-00 00:00:00',''),(1293,'0','Kashongi H/C III',6,45,86,'704492278','','NATUKUNDA CLEOPHAS','','','0000-00-00 00:00:00',''),(1294,'0','Ankole Tea H/C II',5,16,19,'705954346','','','','','0000-00-00 00:00:00',''),(1295,'0','Juru H/C II',5,27,87,'773832296','','','','','0000-00-00 00:00:00',''),(1296,'0','Iremera H/C III',6,46,54,'775578333','','','','','0000-00-00 00:00:00',''),(1297,'0','Gasovu H/C III',6,46,54,'783472944','','','','','0000-00-00 00:00:00',''),(1298,'0','Hope Clinic Lukuli',12,35,41,'785037971','','','','','0000-00-00 00:00:00',''),(1299,'0','Nyantabooma H/C III',6,31,25,'775106042','','','','','0000-00-00 00:00:00',''),(1300,'0','Hope Again Medical Centre (Kyenjojo)',12,52,60,'783030068','','','','','0000-00-00 00:00:00',''),(1301,'0','Bujumbura H/C III',6,24,28,'775580123','','','','','0000-00-00 00:00:00',''),(1302,'0','Nyakayojo H/C III',6,63,71,'750405263','','','','','0000-00-00 00:00:00',''),(1303,'0','Nsambya Home Care',12,35,41,'782946608','','','','','0000-00-00 00:00:00',''),(1304,'0','Loputuk H/C III',6,65,74,'774509752','','','','','0000-00-00 00:00:00',''),(1305,'0','Wandi H/C III',6,7,11,'779910186','','','','','0000-00-00 00:00:00',''),(1306,'0','Kuchinjaji H/C III',6,84,92,'717319981','','','','','0000-00-00 00:00:00',''),(1307,'0','Kasambya H/C III (Kalungu)',6,90,100,'753126432','','','','','0000-00-00 00:00:00',''),(1308,'0','Opia H/C III',6,7,11,'777205160','','','','','0000-00-00 00:00:00',''),(1309,'0','Burombe H/C III',6,81,81,'392859470','','','','','0000-00-00 00:00:00',''),(1310,'0','Busaru H/C IV',7,15,18,'777124443','','','','','0000-00-00 00:00:00',''),(1311,'0','Rushoroza H/C III',6,30,33,'788705556','','','','','0000-00-00 00:00:00',''),(1312,'0','Tegeres H/C III',6,39,44,'704079686','','','','','0000-00-00 00:00:00',''),(1313,'0','Mengo Hospital Counselling & HomeCare',12,35,41,'779174935','','','','','0000-00-00 00:00:00',''),(1314,'0','Butemba H/C III(Kyankwanzi)',6,91,106,'782258255','','','','','0000-00-00 00:00:00',''),(1315,'0','Lubya H/C II',5,19,49,'775359981','','','','','0000-00-00 00:00:00',''),(1316,'0','Katwe H/C III (Kiboga)',6,44,50,'784751968','','','','','0000-00-00 00:00:00',''),(1317,'0','Bwikara H/C III',6,116,36,'779037385','','','','','0000-00-00 00:00:00',''),(1318,'0','St Jacinta H/C III',6,64,73,'784784764','','','','','0000-00-00 00:00:00',''),(1319,'0','Ntandi H/C III',6,15,18,'782658738','','','','','0000-00-00 00:00:00',''),(1320,'0','Lolachat H/C III',6,70,94,'779287502','','','','','0000-00-00 00:00:00',''),(1321,'0','Kyanamira H/C III',6,30,33,'777544747','','','','','0000-00-00 00:00:00',''),(1322,'0','AIDS Information Centre (Soroti)',12,84,92,'782568048','','','','','0000-00-00 00:00:00',''),(1323,'0','Rwenshama H/C III',6,81,81,'782663275','','','','','0000-00-00 00:00:00',''),(1324,'0','Aketa H/C III',6,41,47,'774353570','','','','','0000-00-00 00:00:00',''),(1325,'0','Nkokonjeru  H/C III (Kayunga)',6,42,49,'782649498','','','','','0000-00-00 00:00:00',''),(1326,'0','Nakifuma H/C III',6,69,132,'782973510','','','','','0000-00-00 00:00:00',''),(1327,'0','Kimenyedde H/C II',5,69,132,'703914568','','','','','0000-00-00 00:00:00',''),(1328,'0','Ntoroko H/C III (Ntoroko)',6,112,18,'773651028','','','','','0000-00-00 00:00:00',''),(1329,'0','Burere H/C III',6,109,19,'776303135','','','','','0000-00-00 00:00:00',''),(1330,'0','Kamuhunga H/C IV',7,16,19,'706768213','','','','','0000-00-00 00:00:00',''),(1331,'0','Orivu H/C II',5,7,11,'784325737','','','','','0000-00-00 00:00:00',''),(1332,'0','Bileafe H/C III',6,7,11,'773169512','','','','','0000-00-00 00:00:00',''),(1333,'0','CBHA-USAID RHU Project -Kabale',12,30,33,'700390172','','','','','0000-00-00 00:00:00',''),(1334,'0','Mukabara H/C III',6,24,28,'779428429','','','','','0000-00-00 00:00:00',''),(1335,'0','Kamod H/C II',5,100,90,'0789971882','','ACWEO SARAH','','','0000-00-00 00:00:00',''),(1338,'0','St Peters H/C II Awere',5,118,102,'779754582','','','','','0000-00-00 00:00:00',''),(1340,'0','Kanywambogo H/C III',6,25,85,'774437949','','','','','0000-00-00 00:00:00',''),(1341,'0','Magoro H/C III',6,41,47,'781560419','','','','','0000-00-00 00:00:00',''),(1342,'0','Ngariam H/C III',6,41,47,'787454838','','','','','0000-00-00 00:00:00',''),(1344,'0','Nyakashashara H/C III',6,45,86,'777578374','','','','','0000-00-00 00:00:00',''),(1345,'0','Kisiizi  H/C III',6,81,81,'772654749','','','','','0000-00-00 00:00:00',''),(1348,'0','Sanyu Dom Service',12,67,131,'782189824','','','','','0000-00-00 00:00:00',''),(1349,'0','PNC (Baylor-Mulago)',12,35,41,'775135977','','','','','0000-00-00 00:00:00',''),(1350,'0','Kasaali H/C III',6,123,83,'0702962822/077546778','','WALAKIRA JIMMY','','','2017-08-24 11:50:10','admin'),(1351,'0','Mutukula H/C III',6,123,83,'702153292','','','','','0000-00-00 00:00:00',''),(1352,'0','Kichinjaji  H/C  III',6,84,92,'775844853','','','','','0000-00-00 00:00:00',''),(1353,'0','Kagano  H/C   III',6,46,54,'787782378','','','','','0000-00-00 00:00:00',''),(1354,'0','Kidetok Mission H/C III',6,100,90,'7755237160','','','','','0000-00-00 00:00:00',''),(1355,'0','Kaberamaido Catholic H/C III',6,32,34,'779183236','','','','','0000-00-00 00:00:00',''),(1356,'0','Apopong  H/C  III',5,79,82,'777603058','','','','','0000-00-00 00:00:00',''),(1357,'0','Acowa  H/C  III',6,4,8,'773416892','','','','','0000-00-00 00:00:00',''),(1358,'0','Acumet  H/C   III',6,4,8,'','','','','','0000-00-00 00:00:00',''),(1359,'0','Hunter  Foundation  Hospital',9,16,19,'0751977464/070335122','','','','','0000-00-00 00:00:00',''),(1360,'0','Rugarama H/C III',6,75,30,'775445801','','','','','0000-00-00 00:00:00',''),(1361,'0','Anyiribu H/C III  ',6,7,11,'784494108','','','','','0000-00-00 00:00:00',''),(1362,'0','Kikatsi H/C III',6,45,86,'782840099','','','','','0000-00-00 00:00:00',''),(1365,'0','Lopeei H/C III',6,105,103,'784502424','','','','','0000-00-00 00:00:00',''),(1366,'0','Ntungu H/C II',5,27,87,'753540667','','','','','0000-00-00 00:00:00',''),(1367,'0','Rackoko H/C III',6,78,107,'777003811','','','','','0000-00-00 00:00:00',''),(1369,'0','',2,0,1,'','','','','','0000-00-00 00:00:00',''),(1370,'0','Reproductive Health Uganda (Lira)',12,54,61,'788900286','','','','','0000-00-00 00:00:00',''),(1371,'0','Reproductive Health Uganda (Hoima)',12,24,28,'','','','','','0000-00-00 00:00:00',''),(1372,'0','Bondo H/C III',6,7,11,'777627975','','','','','0000-00-00 00:00:00',''),(1373,'0','Kabarwa   H/C  III',6,12,13,'752849976','','','','','0000-00-00 00:00:00',''),(1374,'0','Kikandwa H/C III (Mityana)',6,64,73,'774831073','','','','','0000-00-00 00:00:00',''),(1375,'0','Kikokwa  H/C   III',6,27,87,'702340590','','','','','0000-00-00 00:00:00',''),(1378,'0','Bowagajjo H/C III',6,11,48,'0783289055/075281372','','','','','0000-00-00 00:00:00',''),(1380,'0','Kisule H/C III',6,55,63,'753691775','','','','','0000-00-00 00:00:00',''),(1381,'0','Bwikinda   H/C III',6,30,33,'703832444','','','','','0000-00-00 00:00:00',''),(1382,'0','Karuhembe H/C II',5,81,81,'772469607','','','','','0000-00-00 00:00:00',''),(1383,'0','Buteza H/C III',6,83,114,'777269814','','','','','0000-00-00 00:00:00',''),(1384,'0','Lulamba H/C III',6,33,113,'782318061','','','','','0000-00-00 00:00:00',''),(1385,'0','Mugoye H/C III',6,33,113,'782026552','','','','','0000-00-00 00:00:00',''),(1386,'0','Bubeke H/C III',6,33,113,'706492023','','','','','0000-00-00 00:00:00',''),(1387,'0','Tirinyi H/C III',6,95,82,'782147786','','','','','0000-00-00 00:00:00',''),(1388,'0','Zumbo H/C III',6,108,119,'783794644','','','','','0000-00-00 00:00:00',''),(1390,'0','Kanywamaizi H/C III',6,27,87,'774437949','','','','','0000-00-00 00:00:00',''),(1391,'0','Kyankwanzi H/C III',6,91,106,'782921669','','','','','0000-00-00 00:00:00',''),(1392,'0','Burunga H/C III',6,45,86,'785357186','','','','','0000-00-00 00:00:00',''),(1393,'0','Karambi H/C III (Kabarole)',6,31,25,'779088450','','','','','0000-00-00 00:00:00',''),(1394,'0','Kacheera H/C III',6,80,83,'783782379','','','','','0000-00-00 00:00:00',''),(1395,'0','Hima  Govt H/C III',6,40,52,'774118384','','','','','0000-00-00 00:00:00',''),(1396,'0','St Joseph Hospital (Maracha)',9,58,11,'782495092','','','','','0000-00-00 00:00:00',''),(1397,'0','',1,0,1,'','','','','','0000-00-00 00:00:00',''),(1398,'0','Kashare H/C III',6,63,71,'773147700','','','','','0000-00-00 00:00:00',''),(1399,'0','Kahunde H/c II',5,43,36,'781682059','','','','','0000-00-00 00:00:00',''),(1400,'0','Kiryanga H/C III',6,116,36,'783271188','','','','','0000-00-00 00:00:00',''),(1401,'0','Muhoro H/C III',6,116,36,'','','','','','0000-00-00 00:00:00',''),(1402,'0','Pakanyi H/C III',6,60,69,'773022229','','','','','0000-00-00 00:00:00',''),(1403,'0','Nyarubuye H/C III',6,46,54,'775116345','','','','','0000-00-00 00:00:00',''),(1404,'0','Kolonyi Hospital',9,62,70,'783426583','','','','','0000-00-00 00:00:00',''),(1405,'0','Busitema H/C III',6,17,67,'782416956','','','','','0000-00-00 00:00:00',''),(1407,'0','Buluganya H/C III',6,94,44,'779601907','','','','','0000-00-00 00:00:00',''),(1408,'0','',2,0,1,'','','','','','0000-00-00 00:00:00',''),(1409,'0','Karwenyi H/C II',5,51,58,'775119923','','','','','0000-00-00 00:00:00',''),(1410,'0','Kalamba H/C II',5,88,26,'776192760','','','','','0000-00-00 00:00:00',''),(1411,'0','Chebonet H/C III',6,39,44,'77933588','','','','','0000-00-00 00:00:00',''),(1413,'0','Padwot Midyere H/C III',6,74,78,'783794644','','','','','0000-00-00 00:00:00',''),(1414,'0','CBHA -USAID Project (RHU)- Kanungu',12,38,43,'782571348','','','','','0000-00-00 00:00:00',''),(1415,'0','Alenga H/C III',6,6,104,'752238402','','','','','0000-00-00 00:00:00',''),(1416,'0','Obalanga H/C III',6,4,8,'755986656','','','','','0000-00-00 00:00:00',''),(1419,'0','Bwendero H/C III',6,33,113,'782840049','','','','','0000-00-00 00:00:00',''),(1420,'0','Karita H/C III (Amudat)',6,103,94,'781762787','','','','','0000-00-00 00:00:00',''),(1421,'0','Butare H/C III(Buhweju)',6,109,19,'789392890','','','','','0000-00-00 00:00:00',''),(1422,'0','Chesower H/C III',6,13,44,'777252116','','','','','0000-00-00 00:00:00',''),(1424,'0','Kakomo H/C III',6,30,33,'779010578','','','','','0000-00-00 00:00:00',''),(1425,'0','Buyanja H/C III (Rukungiri)',6,81,81,'','','','','','0000-00-00 00:00:00',''),(1426,'0','JOY Medical Centre',12,35,41,'775348765','','','','','0000-00-00 00:00:00',''),(1427,'0','Dranya H/C III',6,48,118,'782667177','','','','','0000-00-00 00:00:00',''),(1428,'0','Dricile H/C III',6,48,118,'775086109','','','','','0000-00-00 00:00:00',''),(1430,'0','Mariana Maternity Home',12,55,63,'','','','','','0000-00-00 00:00:00',''),(1431,'0','Makondo H/C II',5,92,115,'785833640','','','','','0000-00-00 00:00:00',''),(1432,'0','Kameruka H/C III',6,8,70,'783248396','','','','','0000-00-00 00:00:00',''),(1433,'0','Katunguru H/C III (Kasese)',6,40,37,'779929113','','','','','0000-00-00 00:00:00',''),(1434,'0','Marah H/C III',6,8,70,'782495092','','','','','0000-00-00 00:00:00',''),(1435,'0','Rubondo H/C II',5,27,87,'774845808','','','','','0000-00-00 00:00:00',''),(1436,'0','Angal Hospital (St Luke)',9,74,78,'774943778','','','','','0000-00-00 00:00:00',''),(1437,'0','Kicwamba H/C III',6,113,84,'782763676','','','','','0000-00-00 00:00:00',''),(1438,'0','Ikonia H/C III',6,97,29,'779486179','','','','','0000-00-00 00:00:00',''),(1439,'0','Mbehenyi H/C III',6,17,67,'','','','','','0000-00-00 00:00:00',''),(1440,'0','Kasenda H/C III',6,31,25,'700714323','','','','','0000-00-00 00:00:00',''),(1441,'0','Oraba H/C II',5,48,118,'793996672','','','','','0000-00-00 00:00:00',''),(1442,'0','Buwalasi H/C III',6,83,114,'772453391','','','','','0000-00-00 00:00:00',''),(1443,'0','Mawujjo H/C II',5,68,76,'775477608','','','','','0000-00-00 00:00:00',''),(1444,'0','Kinoni H/C III (Kiruhura)',6,45,86,'784673609','','','','','0000-00-00 00:00:00',''),(1445,'0','Bulangira H/C III',6,95,82,'774206402','','','','','0000-00-00 00:00:00',''),(1446,'0','Kanyaryeru H/C III',6,45,71,'782185442','','','','','0000-00-00 00:00:00',''),(1447,'0','Kikonda H/C III',6,91,106,'773095756','','','','','0000-00-00 00:00:00',''),(1448,'0','Kadama H/C III',6,95,82,'757511949','','','','','0000-00-00 00:00:00',''),(1449,'0','',1,0,1,'','','','','','0000-00-00 00:00:00',''),(1450,'0','Jangokoro H/C III',6,108,119,'784498604','','','','','0000-00-00 00:00:00',''),(1451,'0','Lambu H/C II',5,59,68,'776342034','','','','','0000-00-00 00:00:00',''),(1452,'0','Cheptuya H/C III',6,39,44,'701659969','','','','','0000-00-00 00:00:00',''),(1453,'0','TASO Entebbe',12,86,24,'752812084','','','','','0000-00-00 00:00:00',''),(1454,'0','Omel H/C II',5,23,102,'773957701','','','','','0000-00-00 00:00:00',''),(1455,'0','Bugaya H/C III (Buyende)',6,20,51,'753404721','','','','','0000-00-00 00:00:00',''),(1456,'0','Dino H/C II',5,118,102,'772949356','','','','','0000-00-00 00:00:00',''),(1457,'0','Kyarumba H/C III (Government)',6,40,37,'783653013','','','','','0000-00-00 00:00:00',''),(1458,'0','Naboa H/C III',6,8,70,'782310948','','','','','0000-00-00 00:00:00',''),(1460,'0','Kyakatara H/C III',6,52,60,'775777869','','','','','0000-00-00 00:00:00',''),(1461,'0','Kichwamba H/C III (Rubirizi)',6,113,84,'772831110','','','','','0000-00-00 00:00:00',''),(1462,'0','Health Initiative for Africa- Uganda',12,11,48,'777040536','','','','','0000-00-00 00:00:00',''),(1464,'0','Kyatiri H/C III',6,60,69,'772370508','','','','','0000-00-00 00:00:00',''),(1465,'0','Kabatunda H/C III',6,40,52,'777308162','','','','','0000-00-00 00:00:00',''),(1466,'0','Galimagi H/C III',6,79,82,'788022411','','','','','0000-00-00 00:00:00',''),(1467,'0','Kida Hospital',9,31,25,'779776333','','','','','0000-00-00 00:00:00',''),(1468,'0','Nyakitibwa H/C III',6,60,69,'','','','','','0000-00-00 00:00:00',''),(1469,'','Pakia H/C III',6,119,78,'787148565','','','','','0000-00-00 00:00:00',''),(1470,'0','St Anthony Hospital',9,85,95,'788486600','','','','','0000-00-00 00:00:00',''),(1471,'0','Loyo Ajonga H/C II',5,118,102,'','','','','','0000-00-00 00:00:00',''),(1472,'0','Nurture  Africa H/C III',6,86,41,'777335365','','','','','0000-00-00 00:00:00',''),(1473,'0','Kwapa H/C III',6,85,95,'753663517','','','','','0000-00-00 00:00:00',''),(1474,'0','Kisojo H/C II (Kasese)',5,40,37,'772920134','','','','','0000-00-00 00:00:00',''),(1475,'0','Bukwo General Hospital',9,13,44,'753900412','','','','','0000-00-00 00:00:00',''),(1480,'0','St Andrew H/C II',5,106,10,'755162506','','','','','0000-00-00 00:00:00',''),(1481,'0','Kakatunda H/C III',6,121,33,'783943467','','','','','0000-00-00 00:00:00',''),(1482,'0','Kinyarugunjo H/C III',6,116,36,'78780608','','','','','0000-00-00 00:00:00',''),(1483,'0','Makonzi H/C III',6,64,73,'774220141','','','','','0000-00-00 00:00:00',''),(1484,'0','Biiso H/C III',6,14,16,'788775339','','','','','0000-00-00 00:00:00',''),(1485,'0','FICRD',12,54,61,'787079947','','','','','0000-00-00 00:00:00',''),(1486,'0','Wekomiire H/C III (St Thereza)',6,51,58,'788037431','','','','','0000-00-00 00:00:00',''),(1487,'0','Palorinya H/C III',6,66,75,'753910286','','','','','0000-00-00 00:00:00',''),(1488,'0','St Francis C H/C III (HOSFA)- Mityana',6,64,73,'779492379','','','','','0000-00-00 00:00:00',''),(1489,'0','Kukewa H/C III',6,57,95,'','','','','','0000-00-00 00:00:00',''),(1490,'0','Bukewa H/C III',6,57,95,'788308221','','','','','0000-00-00 00:00:00',''),(1491,'0','Bukhabusi H/C III',6,120,95,'773851384','','','','','0000-00-00 00:00:00',''),(1492,'0','Nakaloke H/C III',6,62,70,'','','','','','0000-00-00 00:00:00',''),(1493,'0','Aroi H/C III',6,7,11,'782500543','','','','','0000-00-00 00:00:00',''),(1494,'0','Lanenober H/C III',6,118,102,'781293554','','','','','0000-00-00 00:00:00',''),(1495,'0','Wagagai H/C IV',7,86,24,'776555092','','','','','0000-00-00 00:00:00',''),(1496,'0','Nassolo Wamala H/C II',6,86,116,'777550235','','','','','0000-00-00 00:00:00',''),(1497,'0','Lugazi Muslim H/C II',5,11,48,'788860511','','','','','0000-00-00 00:00:00',''),(1498,'0','Mujunza H/C II',5,91,106,'781029097','','SSEBYOLE FRANCIS','','','0000-00-00 00:00:00',''),(1499,'0','Aarapoo H/C II',5,100,90,'778553101','','','','','0000-00-00 00:00:00',''),(1500,'0','Ajeluk H/C III',6,99,105,'782961216','','','','','0000-00-00 00:00:00',''),(1501,'0','Agaria H/C II',5,50,13,'784458781','','','','','0000-00-00 00:00:00',''),(1502,'0','Kanyantorogo H/C III',6,38,43,'782440485','','','','','0000-00-00 00:00:00',''),(1503,'0','Buhozi H/C III',6,46,54,'787719517','','','','','0000-00-00 00:00:00',''),(1504,'0','Reachout (  Kinawataka   Site)',12,35,89,'776509554','','','','','0000-00-00 00:00:00',''),(1505,'0','Bukiro H/C III',6,63,71,'782596463','','','','','0000-00-00 00:00:00',''),(1506,'0','Ruharo Mission Hospital',9,63,71,'','','','','','0000-00-00 00:00:00',''),(1507,'0','Kiziba H/C III (Wakiso)',6,86,116,'712880371','','','','','0000-00-00 00:00:00',''),(1508,'0','Mwenge H/C III',6,52,60,'782312850','','','','','0000-00-00 00:00:00',''),(1509,'0','Busawa Manze H/C III',6,86,116,'776189191','','','','','0000-00-00 00:00:00',''),(1510,'0','Katira H/C III (Budaka)',6,8,70,'782982003','','','','','0000-00-00 00:00:00',''),(1511,'0','Bugitimwa H/C III',6,83,114,'','','','','','0000-00-00 00:00:00',''),(1512,'0','Te-Atoo H/C II',5,23,102,'782798268','','','','','0000-00-00 00:00:00',''),(1513,'0','Ddungi H/C II',5,11,48,'75026832','','','','','0000-00-00 00:00:00',''),(1514,'0','AIDS  Information Centre (AMURIA)',12,4,8,'702003008','','','','','0000-00-00 00:00:00',''),(1515,'0','St Sabena H/C II',5,81,81,'787288238','','','','','0000-00-00 00:00:00',''),(1516,'0','Bulumbi H/C III',6,17,67,'787774706','','','','','0000-00-00 00:00:00',''),(1517,'0','Lacor Hospital',9,23,27,'782381045','','','','','0000-00-00 00:00:00',''),(1518,'0','Lalle H/C II',5,84,92,'774303912','','','','','0000-00-00 00:00:00',''),(1519,'0','Bumwambu H/C III',6,94,44,'','','','','','0000-00-00 00:00:00',''),(1520,'0','Nyadri H/C III',6,58,11,'775757293','','','','','0000-00-00 00:00:00',''),(1521,'0','Reachout (Mbuya Site)',12,35,89,'782283023','','','','','0000-00-00 00:00:00',''),(1522,'0','Buyanja H/C (Gomba)',3,89,121,'788068935','','','','','0000-00-00 00:00:00',''),(1523,'0','Lujorongole H/C II',5,118,102,'777646767','','','','','0000-00-00 00:00:00',''),(1524,'0','Kamonkoli H/C III',6,8,70,'','','','','','0000-00-00 00:00:00',''),(1526,'0','Kasensero H/C II',5,123,83,'779417473','','','','','0000-00-00 00:00:00',''),(1527,'0','Sapiri H/C III',6,8,70,'772915124','','','','','0000-00-00 00:00:00',''),(1529,'0','Aukot H/C II',5,84,92,'782344096','','','','','0000-00-00 00:00:00',''),(1531,'0','Nyaruhandagazi H/C IV',7,63,71,'','','','','','0000-00-00 00:00:00',''),(1534,'0','Makonje H/C II St Franciska',5,63,71,'789960508','','','','','0000-00-00 00:00:00',''),(1535,'0','AIDS Information Centre (Mbarara)',12,63,71,'0702/0772-566692','','','','','0000-00-00 00:00:00',''),(1536,'0','Kamukuzi Division H/C II',6,63,71,'0756409117','','Stella','','','0000-00-00 00:00:00',''),(1537,'0','Mbarara Community Hospital',9,63,71,'774654482','','','','','0000-00-00 00:00:00',''),(1538,'0','Muko H/C III (NGO)',6,115,33,'784044472','','','','','0000-00-00 00:00:00',''),(1539,'0','Kaara H/C III',6,30,33,'','','','','','0000-00-00 00:00:00',''),(1540,'0','Kyogo H/C III',6,30,33,'783703691','','','','','0000-00-00 00:00:00',''),(1541,'0','Kitooma H/C III',6,30,33,'','','','','','0000-00-00 00:00:00',''),(1542,'0','Buhara H/C III (NGO)',6,30,33,'784558233','','','','','0000-00-00 00:00:00',''),(1543,'0','Kitanga H/C III (Rukiga)',6,121,33,'7002915661','','','','','0000-00-00 00:00:00',''),(1544,'0','',1,0,1,'','','','','','0000-00-00 00:00:00',''),(1545,'0','Nyarushanje H/C III',6,81,81,'701182237','','','','','0000-00-00 00:00:00',''),(1546,'0','Kirigime Hospital (UMSC)',9,30,33,'','','','','','0000-00-00 00:00:00',''),(1547,'0','Rubanda PHC H/C III',6,115,33,'784124212','','','','','0000-00-00 00:00:00',''),(1548,'0','Luteete H/C III (FortPortal)',6,31,25,'','','','','','0000-00-00 00:00:00',''),(1549,'0','Alokolum H/C II',5,118,102,'774849203','','','','','0000-00-00 00:00:00',''),(1550,'0','Patuda H/C II',5,118,102,'773348588','','','','','0000-00-00 00:00:00',''),(1551,'0','Lelaobaro H/C II',5,118,102,'773469253','','','','','0000-00-00 00:00:00',''),(1552,'0','Tekulu H/C II',6,118,102,'774592555','','','','','0000-00-00 00:00:00',''),(1553,'0','Koro Abili H/C II',5,118,102,'','','','','','0000-00-00 00:00:00',''),(1554,'0','Koro Lapainat H/C II',5,23,27,'','','','','','0000-00-00 00:00:00',''),(1555,'0','Lakwatomer H/C II',5,118,102,'700131086','','','','','0000-00-00 00:00:00',''),(1557,'0','Rwot Obilo H/C II',5,23,27,'777011365','','','','','0000-00-00 00:00:00',''),(1558,'0','GwengDiya H/C II',5,23,27,'715458549','','','','','0000-00-00 00:00:00',''),(1559,'0','Lapeta H/C II',5,23,27,'779025443','','','','','0000-00-00 00:00:00',''),(1560,'0','Pukony H/C II',5,23,27,'782723643','','','','','0000-00-00 00:00:00',''),(1561,'0','Kasonganyanja H/C III',6,31,25,'','','','','','0000-00-00 00:00:00',''),(1562,'0','Arivu H/C III',6,7,11,'','','','','','0000-00-00 00:00:00',''),(1563,'0','Driate H/C III',6,7,11,'','','','','','0000-00-00 00:00:00',''),(1564,'0','Reachout (Banda Site)',12,35,89,'754308311','','','','','0000-00-00 00:00:00',''),(1565,'0','Bufumira H/C III',6,33,113,'773445008','','','','','0000-00-00 00:00:00',''),(1566,'0','407 Brigade H/C III',6,70,94,'789801648','','','','','0000-00-00 00:00:00',''),(1567,'0','Kijunjubwa H/C III',6,60,69,'776335580','','','','','0000-00-00 00:00:00',''),(1568,'0','Katojo H/C III (Prisons)',6,31,25,'704300443','','','','','0000-00-00 00:00:00',''),(1569,'0','Byakabanda H/C III',6,80,83,'775072717','','','','','0000-00-00 00:00:00',''),(1570,'0','Kashenshero H/C III',6,111,55,'782204050','','','','','0000-00-00 00:00:00',''),(1571,'0','Teso Safe Motherhood Project',12,84,92,'779038290','','','','','0000-00-00 00:00:00',''),(1572,'0','Kyankaramata H/C II',5,52,60,'','','','','','0000-00-00 00:00:00',''),(1575,'0','Kirumba H/C III (Rakai)',6,123,83,'7773319300','','','','','0000-00-00 00:00:00',''),(1576,'0','Muwanga H/C III',6,44,50,'0775307477/078260021','','','','','0000-00-00 00:00:00',''),(1577,'0','Holy Innocent Childrens Hospital(Mbarara)',9,63,71,'775967880','','','','','0000-00-00 00:00:00',''),(1578,'0','Bujalya H/C III',6,24,28,'773771916','','','','','0000-00-00 00:00:00',''),(1579,'0','Mugarama H/C III (Mbarara)',6,63,71,'774105065','','','','','0000-00-00 00:00:00',''),(1581,'0','Butiaba H/C II',5,14,16,'782833281','','','','','0000-00-00 00:00:00',''),(1582,'0','Olimai Community H/C III',6,50,13,'778572003','','','','','0000-00-00 00:00:00',''),(1583,'0','Biwihi H/C II',5,98,21,'776189069','','','','','0000-00-00 00:00:00',''),(1584,'0','Mugarama H/C III (Kibaale)',6,43,38,'706263108','','','','','0000-00-00 00:00:00',''),(1585,'0','Namuningi H/C II',5,36,42,'782436123','','','','','0000-00-00 00:00:00',''),(1586,'0','Kawonawo H/C II',5,88,26,'782641959','','','','','0000-00-00 00:00:00',''),(1587,'0','Kyakiddu H/C II',5,68,46,'776841655','','','','','0000-00-00 00:00:00',''),(1588,'0','Amucu H/C III',6,4,8,'787324669','','','','','0000-00-00 00:00:00',''),(1589,'0','Okollo H/C III',5,7,11,'773217752','','','','','0000-00-00 00:00:00',''),(1590,'0','Rugashali H/C III',6,116,36,'775851688','','','','','0000-00-00 00:00:00',''),(1591,'0','St Micheal H/C III (Kibaale)',6,43,36,'774682219','','','','','0000-00-00 00:00:00',''),(1592,'0','Kirima H/C III',6,38,43,'782605075','','','','','0000-00-00 00:00:00',''),(1593,'0','Kireka SDA H/C III',6,86,24,'773433690','','','','','0000-00-00 00:00:00',''),(1594,'0','Nsambya Police H/C IV',7,35,41,'782061513','','','','','0000-00-00 00:00:00',''),(1596,'0','Olwal H/C III',6,5,12,'782593689','','','','','0000-00-00 00:00:00',''),(1597,'0','Beatrice Tierney H/C II',5,9,133,'784626402','','','','','0000-00-00 00:00:00',''),(1598,'0','Kibale H/C III(Palisa)',6,79,82,'777769756','','','','','0000-00-00 00:00:00',''),(1599,'0','Adilang H/C III',6,101,39,'774398895','','','','','0000-00-00 00:00:00',''),(1600,'0','Kalapata H/C III',6,29,32,'775899843','','','','','0000-00-00 00:00:00',''),(1601,'0','Omagoro H/C III',5,100,90,'','','','','','0000-00-00 00:00:00',''),(1602,'0','Bihanga H/C II (Kamwenge)',5,37,101,'779085512','','','','','0000-00-00 00:00:00',''),(1603,'0','FAD Military H/C IV (MMH)',7,60,69,'772383227','','','','','0000-00-00 00:00:00',''),(1604,'0','St Monica H/C III (Katende)',6,67,131,'776232003','','','','','0000-00-00 00:00:00',''),(1605,'0','Nalinya Ndagire H/C III',6,91,106,'775274267','','','','','0000-00-00 00:00:00',''),(1606,'0','Mutundwe H/C II',5,86,24,'782565176','','','','','0000-00-00 00:00:00',''),(1607,'0','Kyabirukwa H/C III',6,27,87,'776744174','','','','','0000-00-00 00:00:00',''),(1608,'0','Jaana H/C II',5,33,113,'778138096','','','','','0000-00-00 00:00:00',''),(1609,'0','Gamatimbei H/C III',6,94,44,'701267208','','','','','0000-00-00 00:00:00',''),(1610,'0','Kabingo H/C II',5,37,101,'774591800','','','','','0000-00-00 00:00:00',''),(1611,'0','Pakele H/C III',6,2,6,'785637443','','','','','0000-00-00 00:00:00',''),(1612,'0','Kigoyera H/C II',5,52,60,'785103555','','','','','0000-00-00 00:00:00',''),(1613,'0','Kyenzaza H/C II',5,113,84,'777842815','','','','','0000-00-00 00:00:00',''),(1614,'0','Bunambale H/C III',6,57,95,'','','','','','0000-00-00 00:00:00',''),(1615,'0','Alim H/C II',5,78,39,'754193865','','','','','0000-00-00 00:00:00',''),(1616,'0','Biguli  H/C III',6,37,101,'783788998','','','','','0000-00-00 00:00:00',''),(1617,'0','Bukimbiri H/C III',6,46,54,'774319327','','','','','0000-00-00 00:00:00',''),(1618,'0','Bubaare H/C III (Kabale)',6,115,33,'772692569','','','','','0000-00-00 00:00:00',''),(1619,'0','Ebenezer SDA Medical H/C III',6,15,18,'773353463','','','','','0000-00-00 00:00:00',''),(1620,'0','Busiro H/C III',6,98,21,'753065298','','','','','0000-00-00 00:00:00',''),(1621,'0','Rutenga H/C III',6,38,43,'774091142','','','','','0000-00-00 00:00:00',''),(1622,'0','St Marys H/C III-Kyeibuza',6,45,86,'785206020','','','','','0000-00-00 00:00:00',''),(1623,'0','Ayivuni H/C',1,7,11,'772347583','','','','','0000-00-00 00:00:00',''),(1624,'0','Rambia H/C III',6,122,25,'778383399','','','','','0000-00-00 00:00:00',''),(1625,'0','Mella H/C III',6,85,95,'774405748','','','','','0000-00-00 00:00:00',''),(1626,'0','Kanyabwanga H/C III',6,111,55,'782347461','','','','','0000-00-00 00:00:00',''),(1627,'0','Mutungo H/C II',5,86,24,'701378090','','','','','0000-00-00 00:00:00',''),(1628,'0','Molo H/C III',6,85,95,'779774381','','','','','0000-00-00 00:00:00',''),(1629,'0','Kyabakuza H/C II',5,59,68,'752628662','','','','','0000-00-00 00:00:00',''),(1630,'0','Myeri H/C II (Kyenjojo)',5,52,60,'702924551','','','','','0000-00-00 00:00:00',''),(1631,'0','Aloi Mission H/C III',6,102,108,'774889493','','','','','0000-00-00 00:00:00',''),(1632,'0','Yoyo H/C III',6,87,96,'773203594','','','','','0000-00-00 00:00:00',''),(1633,'0','Paminya H/C III',6,74,78,'775612173','','','','','0000-00-00 00:00:00',''),(1634,'0','Kimulikidongo H/C II',5,37,101,'777237768','','','','','0000-00-00 00:00:00',''),(1635,'0','Ofua H/C III',6,2,6,'774667160','','','','','0000-00-00 00:00:00',''),(1636,'0','Mundadde H/C III',6,68,46,'704803509','','','','','0000-00-00 00:00:00',''),(1637,'0','Kasenyi H/C II',5,40,37,'772954987','','','','','0000-00-00 00:00:00',''),(1638,'0','Pajimo H/C III',6,47,56,'','','','','','0000-00-00 00:00:00',''),(1639,'0','Poyameri H/C III',6,85,95,'751166853','','','','','0000-00-00 00:00:00',''),(1640,'0','Bumumulo H/C III',6,83,114,'','','','','','0000-00-00 00:00:00',''),(1642,'0','Butaleja H/C III',6,18,20,'772322768','','','','','0000-00-00 00:00:00',''),(1643,'0','Mahango H/C III',6,40,52,'783974758','','','','','0000-00-00 00:00:00',''),(1644,'0','Lotome H/C III',6,105,103,'772506949','','','','','0000-00-00 00:00:00',''),(1645,'0','Kabubbu H/C III',6,86,116,'782637984','','','','','0000-00-00 00:00:00',''),(1646,'0','Siripi H/C III',6,7,120,'774465518','','','','','0000-00-00 00:00:00',''),(1647,'0','Petta H/C III',6,85,95,'784959209','','','','','0000-00-00 00:00:00',''),(1648,'0','Lwajje H/C III',6,19,49,'782762164','','','','','0000-00-00 00:00:00',''),(1649,'0','Bisina H/C II',5,41,47,'777332815','','','','','0000-00-00 00:00:00',''),(1650,'0','Kyere Mission H/C III',6,100,90,'0779642532','','EMANU BASIL','','','0000-00-00 00:00:00',''),(1651,'0','Kyarulangira H/C III',6,80,83,'782587246','','','','','0000-00-00 00:00:00',''),(1652,'0','Robidire H/C III',6,2,6,'783799456','','','','','0000-00-00 00:00:00',''),(1653,'0','Namatale H/C II',5,19,49,'785010733','','','','','0000-00-00 00:00:00',''),(1654,'0','St Francis H/C   III Migyeera',1,72,77,'777859113','','','','','0000-00-00 00:00:00',''),(1655,'0','Paya H/C III',6,85,95,'781336819','','','','','0000-00-00 00:00:00',''),(1656,'0','Ocea H/C II',5,7,120,'773385476','','','','','0000-00-00 00:00:00',''),(1657,'0','Kichwamba H/C II (Kamwenge)',5,37,101,'','','','','','0000-00-00 00:00:00',''),(1658,'0','Bukibokolo H/C III',6,9,133,'','','','','','0000-00-00 00:00:00',''),(1659,'0','St Marys Kigumba H/C III (NGO)',6,110,53,'759412154','','','','','0000-00-00 00:00:00',''),(1660,'0','Lemusuii H/C III',6,70,94,'752381099','','','','','0000-00-00 00:00:00',''),(1661,'0','Kambugu H/C III (Kiboga)',6,44,50,'754013674','','','','','0000-00-00 00:00:00',''),(1662,'0','Mirembe H/C III',6,86,116,'782893593','','','','','0000-00-00 00:00:00',''),(1663,'0','Lokitelebu H/C III',6,49,57,'0788861813','','AUDA CAROLYN','','','0000-00-00 00:00:00',''),(1664,'0','Bujugu H/C III',6,24,28,'773262635','','','','','0000-00-00 00:00:00',''),(1665,'0','Bunambutye H/C III',6,94,44,'784959757','','','','','0000-00-00 00:00:00',''),(1666,'0','Ruhangire H/C II',5,51,58,'784305477','','','','','0000-00-00 00:00:00',''),(1667,'0','Bumangi H/C II',5,33,113,'774058432','','','','','0000-00-00 00:00:00',''),(1668,'0','Kisubba H/C III',6,15,18,'774663311','','','','','0000-00-00 00:00:00',''),(1669,'0','Busunga H/C II',5,15,37,'774204978','','','','','0000-00-00 00:00:00',''),(1670,'0','Opot H/C II',5,99,105,'782589254','','','','','0000-00-00 00:00:00',''),(1671,'0','Potters Villiage',4,46,54,'778280024','','','','','0000-00-00 00:00:00',''),(1672,'0','Bupoto H/c III',6,120,95,'700422756','','','','','0000-00-00 00:00:00',''),(1673,'0','Kalowang H/C III',6,74,78,'773123380','','','','','0000-00-00 00:00:00',''),(1674,'0','Kisoko H/C III (Tororo)',6,85,95,'','','','','','0000-00-00 00:00:00',''),(1675,'0','Agurut H/C II',5,50,13,'782707899','','','','','0000-00-00 00:00:00',''),(1677,'0','Focrev H/C III',6,17,67,'759501297','','','','','0000-00-00 00:00:00',''),(1678,'0','Kyebando H/C III',6,43,38,'783099516','','','','','0000-00-00 00:00:00',''),(1679,'0','Katakwi COU H/C II',5,41,47,'775292699','','','','','0000-00-00 00:00:00',''),(1680,'0','Coorom H/C II(Koch)',5,106,10,'70754849975','','','','','0000-00-00 00:00:00',''),(1681,'0','Bukaya H/C II',5,11,48,'779357602','','','','','0000-00-00 00:00:00',''),(1682,'0','Nabyewanga H/C II',5,67,131,'705886414','','','','','0000-00-00 00:00:00',''),(1683,'0','Kyaali H/C III',6,67,131,'772574390','','','','','0000-00-00 00:00:00',''),(1684,'0','Eremi H/C III',6,66,75,'782847611','','','','','0000-00-00 00:00:00',''),(1685,'0','Atangi H/C III',6,85,95,'777774206','','','','','0000-00-00 00:00:00',''),(1686,'0','Kingdom Life Medical Martenity H/C II',5,11,48,'774875341','','','','','0000-00-00 00:00:00',''),(1687,'0','St Francis Acumet',1,4,8,'784513357','','','','','0000-00-00 00:00:00',''),(1688,'0','Ikumba H/C III (Kabale)',6,115,33,'774615869','','','','','0000-00-00 00:00:00',''),(1689,'0','AIDS Information Centre (Kabale)',12,30,33,'772444687','','','','','0000-00-00 00:00:00',''),(1690,'0','Mityana H/C III (UMSC)',6,64,73,'782733697','','','','','0000-00-00 00:00:00',''),(1691,'0','St Francis Assisi Kitabu (Kasese)',1,40,37,'774171329','','','','','0000-00-00 00:00:00',''),(1692,'0','Mpungu H/C II (kabale)',5,115,33,'757696492','','','','','0000-00-00 00:00:00',''),(1693,'0','Bujuuko H/C III',6,67,131,'702024884','','','','','0000-00-00 00:00:00',''),(1694,'0','Sekiwunga H/C III',6,67,131,'782082334','','','','','0000-00-00 00:00:00',''),(1695,'0','Lusago H/C II',5,90,100,'775430480','','','','','0000-00-00 00:00:00',''),(1696,'0','Kikka Yokana H/C II',5,64,73,'782930214','','','','','0000-00-00 00:00:00',''),(1697,'0','Nabuli H/C III',6,95,82,'782816354','','','','','0000-00-00 00:00:00',''),(1698,'0','Butoolo H/C III',6,67,131,'705440185','','','','','0000-00-00 00:00:00',''),(1700,'0','Lamezia H/C III',6,45,86,'701167475','','','','','0000-00-00 00:00:00',''),(1701,'0','Ocodri H/C III',6,7,11,'','','','','','0000-00-00 00:00:00',''),(1702,'0','Yinga H/C III',6,7,11,'772880181','','','','','0000-00-00 00:00:00',''),(1703,'0','Matanda H/C III',6,38,43,'774462544','','','','','0000-00-00 00:00:00',''),(1704,'0','Kampiringisa H/C III',6,67,131,'772877014','','','','','0000-00-00 00:00:00',''),(1705,'0','Muzizi H/C II',12,116,36,'782411884','','','','','0000-00-00 00:00:00',''),(1706,'0','Mantoroba H/C II',5,15,18,'','','','','','0000-00-00 00:00:00',''),(1708,'0','Kashasha H/C II',5,30,33,'773944620','','','','','0000-00-00 00:00:00',''),(1709,'0','Apodorwa H/C II',5,110,53,'773110848','','','','','0000-00-00 00:00:00',''),(1710,'0','Eliofe H/C III',6,58,11,'773227114','','','','','0000-00-00 00:00:00',''),(1711,'0','Butandiga H/C III',6,83,114,'776060892','','','','','0000-00-00 00:00:00',''),(1712,'0','Malukhu H/C III',6,62,70,'774206095','','','','','0000-00-00 00:00:00',''),(1713,'0','China Uganda Friendship Hospital- Naguru',9,35,41,'0706079185','','SSENYONGA ROBERT','','','0000-00-00 00:00:00',''),(1714,'0','Nyakatare H/C III',6,38,43,'782272867','','','','','0000-00-00 00:00:00',''),(1715,'0','Bunaseke H/C III',6,83,114,'','','','','','0000-00-00 00:00:00',''),(1716,'0','Alangi H/C III',6,108,119,'783463883','','','','','0000-00-00 00:00:00',''),(1717,'0','Mpungu H/C III (Kanungu)',6,38,43,'702660347','','','','','0000-00-00 00:00:00',''),(1718,'0','Labongogali H/C III',5,5,12,'783210962','','','','','0000-00-00 00:00:00',''),(1719,'0','Kagumu H/C III',6,95,82,'755547746','','','','','0000-00-00 00:00:00',''),(1720,'0','Ggoli H/C III (Mpigi)',6,67,131,'0702103042','','Ngobya Ibrahim','','','0000-00-00 00:00:00',''),(1722,'0','Nyamirama H/C III',6,38,43,'774267549','','','','','0000-00-00 00:00:00',''),(1723,'0','Senta Medicare',12,86,41,'703124393','','','','','0000-00-00 00:00:00',''),(1724,'0','Mukongo H/C III',6,30,33,'784044473','','','','','0000-00-00 00:00:00',''),(1725,'0','St Bernards Mannya H/C III',6,80,83,'751849102','','','','','0000-00-00 00:00:00',''),(1726,'0','Rwengiri  H/C III',6,81,81,'777402097','','','','','0000-00-00 00:00:00',''),(1727,'0','Ageteraine Nursing Home',12,31,25,'758712279','','','','','0000-00-00 00:00:00',''),(1728,'0','Bugoigo H/C II',5,14,16,'752386114','','','','','0000-00-00 00:00:00',''),(1729,'0','Ibulanku H/C III',6,26,29,'784464139','','','','','0000-00-00 00:00:00',''),(1732,'0','Ebenezer Clinical Laboratory',12,35,41,'7752324676','','','','','0000-00-00 00:00:00',''),(1733,'0','Wattuba H/C III',6,86,116,'782417949','','','','','0000-00-00 00:00:00',''),(1734,'0','Katete H/C III',6,38,43,'775141825','','','','','0000-00-00 00:00:00',''),(1735,'0','Enganju H/C II',5,109,19,'784835251','','','','','0000-00-00 00:00:00',''),(1736,'0','Rurambiira H/C II',5,45,86,'773832248','','','','','0000-00-00 00:00:00',''),(1737,'0','Kyetume H/C III (Mukono)',6,69,132,'','','','','','0000-00-00 00:00:00',''),(1738,'0','Kyetume H/C III (Lwengo)',6,92,115,'772885521','','','','','0000-00-00 00:00:00',''),(1739,'0','Kijurera H/C II',5,30,33,'777858417','','','','','0000-00-00 00:00:00',''),(1740,'0','Kikolimbo H/C III',6,91,106,'772434967','','','','','0000-00-00 00:00:00',''),(1741,'0','Kureku H/C II',5,2,6,'772994554','','','','','0000-00-00 00:00:00',''),(1742,'0','Kyanya H/C III',6,40,52,'784554057','','','','','0000-00-00 00:00:00',''),(1743,'0','Health Initiatives Association',12,11,48,'775285123','','','','','0000-00-00 00:00:00',''),(1744,'0','Masaka Prision H/C III',6,59,68,'782034476','','','','','0000-00-00 00:00:00',''),(1745,'0','SIAAP Bugoma Clinic',3,33,113,'784869599','','','','','0000-00-00 00:00:00',''),(1746,'0','Kitura H/C III',6,45,86,'753117169','','','','','0000-00-00 00:00:00',''),(1747,'0','Buyambi H/C II- (st Noa) Mityana',5,64,73,'785428891','','','','','0000-00-00 00:00:00',''),(1748,'0','Taqwa H/C III',6,86,116,'772019587','','','','','0000-00-00 00:00:00',''),(1749,'0','Masaka Police Clinic',12,59,68,'752337301','','','','','0000-00-00 00:00:00',''),(1750,'0','Noahs Ark Family Clinic',12,69,132,'773783853','','','','','0000-00-00 00:00:00',''),(1751,'0','Ggwatiro Hospital',9,86,41,'700876045','','','','','0000-00-00 00:00:00',''),(1752,'0','Uganda Martyrs Hospital (Namugongo)',12,86,116,'','','','','','0000-00-00 00:00:00',''),(1753,'0','Kachumbala Mission Dispensary',12,12,13,'','','','','','0000-00-00 00:00:00',''),(1754,'0','St Francis Mbiriizi H/C III',3,92,115,'773837749','','','','','0000-00-00 00:00:00',''),(1755,'0','Katunguru H/C III(Rubirizi)',6,113,84,'772959793','','','','','0000-00-00 00:00:00',''),(1756,'0','Pacilo H/C II',5,5,12,'','','','','','0000-00-00 00:00:00',''),(1757,'0','Mbirizi Moslem H/C III',6,92,115,'772914091','','','','','0000-00-00 00:00:00',''),(1758,'0','Kyeirumba H/C III',6,27,87,'779664167','','','','','0000-00-00 00:00:00',''),(1759,'0','Bweyogerere H/C III Muslim (Hassan Tourabi H/C III)',6,86,116,'782800415','','','','','0000-00-00 00:00:00',''),(1760,'0','St Apollo H/C III-Namasuba',6,86,24,'779299952','','','','','0000-00-00 00:00:00',''),(1761,'0','Kasodo H/C III',6,79,82,'774020719','','','','','0000-00-00 00:00:00',''),(1762,'0','Barakala H/C III',5,87,96,'','','','','','0000-00-00 00:00:00',''),(1763,'0','Nkata H/C II',5,19,49,'774793344','','','','','0000-00-00 00:00:00',''),(1764,'0','Lacor H/C III (Pabbo)',6,5,12,'774210582','','','','','0000-00-00 00:00:00',''),(1765,'0','Lufuka Valley Health Centre III',6,86,24,'783503664','','','','','0000-00-00 00:00:00',''),(1766,'0','Meeting Point Kampala',12,35,41,'774666799','','','','','0000-00-00 00:00:00',''),(1767,'0','Nalugala H/C II',5,86,24,'782728437','','','','','0000-00-00 00:00:00',''),(1768,'0','Mitukula H/C III',6,123,83,'','','','','','0000-00-00 00:00:00',''),(1769,'0','Kyamaganda HCIII',6,92,115,'705341280','','','','','0000-00-00 00:00:00',''),(1770,'0','Kagunga H/C II',5,30,33,'702545987','','','','','0000-00-00 00:00:00',''),(1771,'0','Olujobo H/C III',6,7,120,'774611242','','','','','0000-00-00 00:00:00',''),(1772,'0','Namutamba H/C III  COU  (Mityana)',6,64,73,'774077961','','','','','0000-00-00 00:00:00',''),(1773,'0','Nyamwegabira H/C III',6,38,43,'777470702','','','','','0000-00-00 00:00:00',''),(1774,'0','Kayonza H/C III (Kanungu)',6,38,43,'775148855','','','','','0000-00-00 00:00:00',''),(1775,'0','Kasambiika H/C II',5,26,29,'775444602','','','','','0000-00-00 00:00:00',''),(1776,'0','Morungatuny H/C III',6,4,8,'778767472','','','','','0000-00-00 00:00:00',''),(1777,'0','Lacor H/C III (Amuru)',6,5,12,'774210582','','','','','0000-00-00 00:00:00',''),(1779,'0','Lake Mburo H/C III',6,45,86,'772057442','','','','','0000-00-00 00:00:00',''),(1780,'0','Kishenyi H/C II (Rubirizi)',5,113,84,'','','','','','0000-00-00 00:00:00',''),(1781,'0','Foyer H/C III',6,86,24,'780675172','','','','','0000-00-00 00:00:00',''),(1782,'0','Nkoni Health Center III',6,92,115,'','','','','','0000-00-00 00:00:00',''),(1783,'0','Anaka H/C II (Madi Opei)',5,53,65,'787067014','','','','','0000-00-00 00:00:00',''),(1784,'0','Zzinga H/C II',5,86,24,'703351413','','','','','0000-00-00 00:00:00',''),(1785,'0','Lwakaloolo H/C II',5,80,83,'774880730','','','','','0000-00-00 00:00:00',''),(1786,'0','Kibuuka H/C II',5,80,83,'774880730','','','','','0000-00-00 00:00:00',''),(1787,'0','Butiti H/C II (Rakai)',5,80,83,'774880730','','','','','0000-00-00 00:00:00',''),(1788,'0','Zia Angelina ',3,86,116,'776265920','','','','','0000-00-00 00:00:00',''),(1789,'0','Dzaipi H/C III',6,2,6,'782461487','','','','','0000-00-00 00:00:00',''),(1790,'0','Bigungiro H/C II',5,115,33,'772831913','','','','','0000-00-00 00:00:00',''),(1791,'0','Rusheshe H/C III',6,81,81,'772703519','','','','','0000-00-00 00:00:00',''),(1792,'0','Kihefo H/C III',6,30,33,'777228884','','','','','0000-00-00 00:00:00',''),(1793,'0','Kabbo H/C II',5,68,76,'784797776','','','','','0000-00-00 00:00:00',''),(1794,'0','Gateriteri H/C III',6,46,54,'773035758','','','','','0000-00-00 00:00:00',''),(1795,'0','Aliba H/C III',6,66,75,'775800996','','','','','0000-00-00 00:00:00',''),(1796,'0','Mutara H/C III',6,111,55,'772665593','','','','','0000-00-00 00:00:00',''),(1797,'0','Kituntu H/C III',6,67,131,'782057880','','','','','0000-00-00 00:00:00',''),(1798,'0','Siira H/C III',1,62,70,'','','','','','0000-00-00 00:00:00',''),(1799,'0','Ssanje Domiciliary Clinic',12,80,83,'782407878','','','','','0000-00-00 00:00:00',''),(1800,'0','Kapkoloswo H/C III',6,13,44,'','','','','','0000-00-00 00:00:00',''),(1801,'0','Bugogo H/C III',6,51,58,'774445143','','','','','0000-00-00 00:00:00',''),(1803,'0','Buhandagazi H/C II',5,81,81,'','','','','','0000-00-00 00:00:00',''),(1804,'0','St Stephens Hospital (Mpererwe)',12,35,41,'','','','','','0000-00-00 00:00:00',''),(1805,'0','Kyabi H/C III',6,82,93,'783978800','','','','','0000-00-00 00:00:00',''),(1806,'0','Haama H/C II',5,98,21,'752468355','','','','','0000-00-00 00:00:00',''),(1807,'0','Rwoburunga H/C III',6,111,55,'706219414','','','','','0000-00-00 00:00:00',''),(1808,'0','Kakoma H/C III',6,27,87,'7013262560','','','','','0000-00-00 00:00:00',''),(1809,'0','Buginyanya H/C III (Bulambuli)',6,94,44,'778803541','','','','','0000-00-00 00:00:00',''),(1810,'0','Doctors Hospital Sseguku',12,86,24,'705555117','','','','','0000-00-00 00:00:00',''),(1811,'0','Apo H/C II',5,87,96,'756579825','','','','','0000-00-00 00:00:00',''),(1812,'0','St Martha Maternity Home- Bukedea',12,12,13,'784112232','','','','','0000-00-00 00:00:00',''),(1813,'0','Nalweyo H/C III',6,117,38,'784737753','','','','','0000-00-00 00:00:00',''),(1814,'0','Hope Medical Centre (AMG)(Sheema)',1,114,55,'704143612','','','','','0000-00-00 00:00:00',''),(1815,'0','Mukwano Medical Services Ltd',12,90,100,'774131371','','','','','0000-00-00 00:00:00',''),(1816,'0','Bihanga Army H/C II',5,25,85,'777656664','','','','','0000-00-00 00:00:00',''),(1817,'0','Makiro H/C III',6,38,43,'775018551','','','','','0000-00-00 00:00:00',''),(1818,'0','Igayaza H/C II',6,117,38,'772366801','','','','','0000-00-00 00:00:00',''),(1819,'0','Maziriga H/C II',5,10,15,'783288025','','','','','0000-00-00 00:00:00',''),(1820,'0','Kibanda H/C II (Kabale)',5,121,33,'774481008','','','','','0000-00-00 00:00:00',''),(1821,'0','Nyakinama H/C III',6,46,54,'777787410','','','','','0000-00-00 00:00:00',''),(1822,'0','Burama H/C II',5,81,81,'774435011','','','','','0000-00-00 00:00:00',''),(1823,'0','Busingye Maternity Home',12,45,86,'714404180','','','','','0000-00-00 00:00:00',''),(1824,'0','Mulagi H/C III',6,18,20,'783015770','','','','','0000-00-00 00:00:00',''),(1825,'0','Bukungu H/C II',5,20,51,'779820224','','','','','0000-00-00 00:00:00',''),(1826,'0','Bukalasi H/C III',6,9,133,'785338944','','','','','0000-00-00 00:00:00',''),(1827,'0','Rutaka H/C III',6,46,54,'774215237','','','','','0000-00-00 00:00:00',''),(1828,'0','Kihunda H/C III',6,114,55,'773947343','','','','','0000-00-00 00:00:00',''),(1829,'0','Well Springs Childrens Medical  Center Kamutuuza',3,90,100,'779212047','','','','','0000-00-00 00:00:00',''),(1830,'0','Kitholhu H/C III',6,40,37,'782835901','','','','','0000-00-00 00:00:00',''),(1831,'0','St Lucia Kagamba H/C III',6,75,30,'','','','','','0000-00-00 00:00:00',''),(1832,'0','Kitojo H/C II',5,30,33,'','','','','','0000-00-00 00:00:00',''),(1833,'0','Kasubi H/C III',6,11,48,'772499744','','','','','0000-00-00 00:00:00',''),(1834,'0','Bugaana H/C II',5,98,21,'','','','','','0000-00-00 00:00:00',''),(1835,'0','Aliwa H/C III',6,32,34,'753899895','','','','','0000-00-00 00:00:00',''),(1836,'0','Kandago H/C II',5,30,33,'775492120','','','','','0000-00-00 00:00:00',''),(1837,'0','Buyombo H/C II',5,98,21,'758724496','','','','','0000-00-00 00:00:00',''),(1838,'0','Butare H/C III (Ntungamo )',6,75,30,'782343589','','','','','0000-00-00 00:00:00',''),(1839,'0','Kiguma H/C II',5,31,25,'704416299','','','','','0000-00-00 00:00:00',''),(1840,'0','FortPortal Prisons H/C III',6,31,25,'716162250','','','','','0000-00-00 00:00:00',''),(1841,'0','St Anthony H/C II',5,99,105,'','','','','','0000-00-00 00:00:00',''),(1842,'0','St Francis H/C III (Soroti)',6,84,92,'779950833','','','','','0000-00-00 00:00:00',''),(1843,'0','Nyabihuniko H/C III',6,46,54,'','','','','','0000-00-00 00:00:00',''),(1844,'0','Kigazi H/C II',5,30,33,'','','','','','0000-00-00 00:00:00',''),(1845,'0','Bulujewa H/C III',6,83,114,'','','','','','0000-00-00 00:00:00',''),(1846,'0','Bumulisha H/C III',6,83,114,'772908937','','','','','0000-00-00 00:00:00',''),(1847,'0','Rwanjura H/C II',5,30,33,'773261609','','','','','0000-00-00 00:00:00',''),(1848,'0','Bikurungu H/C III',6,81,81,'774954846','','','','','0000-00-00 00:00:00',''),(1849,'0','Kirumba H/C III (Isingiro)',6,27,87,'','','','','','0000-00-00 00:00:00',''),(1850,'0','Biikira H/C III',6,80,83,'704247985','','','','','0000-00-00 00:00:00',''),(1852,'0','Rubona H/C II',5,122,25,'772912839','','','','','0000-00-00 00:00:00',''),(1853,'0','Mucwa H/C II',5,31,25,'','','','','','0000-00-00 00:00:00',''),(1854,'0','Kiyebe H/C III',6,30,33,'','','','','','0000-00-00 00:00:00',''),(1855,'0','Bulwala H/C III',6,83,114,'783229204','','','','','0000-00-00 00:00:00',''),(1856,'0','Joy Medical Center (Mbale  )',1,62,70,'','','','','','0000-00-00 00:00:00',''),(1857,'0','Riki H/C III',6,7,11,'','','','','','0000-00-00 00:00:00',''),(1858,'0','Gborokolongo H/C III',6,48,118,'794928830','','','','','0000-00-00 00:00:00',''),(1859,'0','Ruti H/C',5,63,71,'785000862','','','','','0000-00-00 00:00:00',''),(1861,'0','Adjumani Mission H/C III',6,2,6,'791919994','','','','','0000-00-00 00:00:00',''),(1863,'0','Mbale Main Prisons H/C III',6,62,70,'782006378','','','','','0000-00-00 00:00:00',''),(1864,'0','Kakure H/C II',5,32,34,'779470907','','','','','0000-00-00 00:00:00',''),(1865,'0','Itula H/C III',6,66,75,'','','','','','0000-00-00 00:00:00',''),(1866,'0','Aliakamer H/C II',5,41,47,'','','','','','0000-00-00 00:00:00',''),(1867,'0','Lwembajjo H/C III',1,80,83,'','','','','','0000-00-00 00:00:00',''),(1868,'0','Kachanga H/C II',5,33,113,'','','','','','0000-00-00 00:00:00',''),(1869,'0','Jaana H/C II',5,33,113,'','','','','','0000-00-00 00:00:00',''),(1870,'0','Kahondo H/C II',5,122,33,'','','','','','0000-00-00 00:00:00',''),(1871,'0','Nyarurambi H/C II',5,30,33,'782368976','','','','','0000-00-00 00:00:00',''),(1872,'0','Kabwangasi H/C III',6,124,82,'777527725','','','','','0000-00-00 00:00:00',''),(1873,'0','ST Andrew H/C III (Nyarushanje)',1,81,81,'','','','','','0000-00-00 00:00:00',''),(1874,'0','Lwanjusi H/C III',6,57,95,'778137347','','','','','0000-00-00 00:00:00',''),(1875,'0','Bukimbi H/C II',5,98,21,'751164212','','','','','0000-00-00 00:00:00',''),(1876,'0','Isinde H/C II',5,98,21,'782904532','','','','','0000-00-00 00:00:00',''),(1877,'0','Bugali H/C II',5,98,21,'755451976','','','','','0000-00-00 00:00:00',''),(1878,'0','Kakore H/C II',5,115,33,'702552506','','','','','0000-00-00 00:00:00',''),(1879,'0','Dohwe H/C II',5,98,21,'782229255','','','','','0000-00-00 00:00:00',''),(1880,'0','Karinga H/CI II',5,70,94,'','','','','','0000-00-00 00:00:00',''),(1881,'0','Tajar H/C II',5,12,13,'','','','','','0000-00-00 00:00:00',''),(1882,'0','Nangara H/C II',5,115,33,'','','','','','0000-00-00 00:00:00',''),(1884,'0','Namugongo Fund For Special Children',3,86,41,'775019662','','','','','0000-00-00 00:00:00',''),(1885,'0','AMG Bugongi- Hope Medical Center',1,114,55,'','','','','','0000-00-00 00:00:00',''),(1886,'0','ST Martins H/C III ( AMAKIO)',6,100,90,'776252599','','','','','0000-00-00 00:00:00',''),(1887,'0','Kisoko H/C III',6,85,95,'','','','','','0000-00-00 00:00:00',''),(1888,'0','St Elizabeth H/C III KIJJUKIZO',6,56,64,'705857074','','','','','0000-00-00 00:00:00',''),(1889,'0','Kirika H/C III',6,95,82,'','','','','','0000-00-00 00:00:00',''),(1890,'0','St Francis Of Assis Naddangira H/C III',6,86,116,'781009076','','','','','0000-00-00 00:00:00',''),(1891,'0','Nabulola CMC H/C III',6,17,67,'779346042','','','','','0000-00-00 00:00:00',''),(1893,'0','Kyanamuyojo H/C III',6,44,50,'772354507','','','','','0000-00-00 00:00:00',''),(1894,'0','Kahokya H/C II',5,40,37,'','','','','','0000-00-00 00:00:00',''),(1895,'0','Community H/C (Kibuku)',1,95,82,'777849590','','','','','0000-00-00 00:00:00',''),(1896,'0','Theresa Ledochow H/C II',5,90,100,'782375510','','','','','0000-00-00 00:00:00',''),(1897,'0','Gamogo H/C III',6,39,44,'','','','','','0000-00-00 00:00:00',''),(1898,'0','Otwee H/C III',6,5,12,'774397446','','','','','0000-00-00 00:00:00',''),(1899,'0','Kagulu H/C II',5,20,51,'750885814','','','','','0000-00-00 00:00:00',''),(1900,'0','Nyakasharara H/C II (Kabale)',5,30,33,'775664930','','','','','0000-00-00 00:00:00',''),(1901,'0','Gadafi H/C III',6,28,31,'782154269','','','','','0000-00-00 00:00:00',''),(1902,'0','Ryeishe H/C III',6,16,19,'','','','','','0000-00-00 00:00:00',''),(1903,'0','Burungira H/C II',5,16,19,'','','','','','0000-00-00 00:00:00',''),(1904,'0','SWAZI H/C III',5,16,19,'','','','','','0000-00-00 00:00:00',''),(1905,'0','Rugazi Mission',1,113,84,'','','','','','0000-00-00 00:00:00',''),(1906,'0','Rutoto SDA H/C II',5,113,84,'703316413','','','','','0000-00-00 00:00:00',''),(1907,'0','Tumu Hospital',3,109,19,'759271751','','','','','0000-00-00 00:00:00',''),(1908,'0','Kibuza ',1,45,86,'','','','','','0000-00-00 00:00:00',''),(1909,'0','Mbaba Community',1,45,86,'','','','','','0000-00-00 00:00:00',''),(1910,'0','Kinaba H/C III',6,38,43,'757225160','','','','','0000-00-00 00:00:00',''),(1911,'0','Nyakinoni H/C',1,38,43,'','','','','','0000-00-00 00:00:00',''),(1912,'0','Nyakashozi H/C',1,38,43,'','','','','','0000-00-00 00:00:00',''),(1913,'0','Kayonza Tea Factory',1,38,43,'','','','','','0000-00-00 00:00:00',''),(1914,'0','Butogota HC',1,38,43,'','','','','','0000-00-00 00:00:00',''),(1915,'0','Kanyantorogo HC',1,38,43,'','','','','','0000-00-00 00:00:00',''),(1916,'0','Nyakisenyi PNFP ',1,81,81,'782856340','','','','','0000-00-00 00:00:00',''),(1917,'0','Nteko H/C III',6,46,54,'','','','','','0000-00-00 00:00:00',''),(1918,'0','Kagezi H/C III',6,46,54,'','','','','','0000-00-00 00:00:00',''),(1919,'0','Nyakabande H/C II',5,46,54,'','','','','','0000-00-00 00:00:00',''),(1920,'0','Bufuma H/C III',6,9,133,'','','','','','0000-00-00 00:00:00',''),(1921,'0','Kemubeizi H/c',1,27,87,'','','','','','0000-00-00 00:00:00',''),(1922,'0','Ruborogota H/C III',6,27,87,'7742880529','','','','','0000-00-00 00:00:00',''),(1923,'0','Bumasobo H/C III',6,94,44,'','','','','','0000-00-00 00:00:00',''),(1924,'0','Nyondo H/C III',6,62,70,'0775522753','','Nicholus','','','0000-00-00 00:00:00',''),(1925,'0','Okocho H/C II',5,41,47,'754782711','','','','','0000-00-00 00:00:00',''),(1926,'0','Jupanziri H/C III',6,74,78,'782692583','','','','','0000-00-00 00:00:00',''),(1927,'0','Kalagala H/C II (Nakaseke)',5,71,79,'','','','','','0000-00-00 00:00:00',''),(1928,'0','Naminya H/C II',5,11,48,'787037823','','','','','0000-00-00 00:00:00',''),(1929,'0','Nile Breweries H/C II',5,11,48,'','','','','','0000-00-00 00:00:00',''),(1930,'0','Buziika H/C II',5,11,48,'','','','','','0000-00-00 00:00:00',''),(1931,'0','Bugungu H/C III',6,11,48,'','','','','','0000-00-00 00:00:00',''),(1932,'0','',1,0,1,'','','','','','0000-00-00 00:00:00',''),(1933,'0','Kazibz H/C II',5,86,48,'','','','','','0000-00-00 00:00:00',''),(1936,'0','',1,0,1,'','','','','','0000-00-00 00:00:00',''),(1937,'0','Kasimba Muslim H/C II',1,86,48,'','','','','','0000-00-00 00:00:00',''),(1938,'0','Kizigo H/C II',5,11,48,'','','','','','0000-00-00 00:00:00',''),(1939,'0','Senyi H/C II',5,11,48,'','','','','','0000-00-00 00:00:00',''),(1940,'0','Namulesa H/C II',5,11,48,'','','','','','0000-00-00 00:00:00',''),(1941,'0','Living Water H/C',5,11,48,'','','','','','0000-00-00 00:00:00',''),(1942,'0','Bubiro H/C II',5,11,48,'','','','','','0000-00-00 00:00:00',''),(1943,'0','St Joseph\'s Buyege H/C III',6,86,24,'','','','','','0000-00-00 00:00:00',''),(1944,'0','Lweza H/C III (NGO)',6,86,24,'','','','','','0000-00-00 00:00:00',''),(1945,'0','',1,0,1,'','','','','','0000-00-00 00:00:00',''),(1946,'0','Nyanama Domicially',1,86,24,'','','','','','0000-00-00 00:00:00',''),(1947,'0','Nabbingo H/C III',6,86,24,'','','','','','0000-00-00 00:00:00',''),(1948,'0','Katende H/C ',1,86,24,'','','','','','0000-00-00 00:00:00',''),(1949,'0','Busesebba H/C III',6,86,24,'','','','','','0000-00-00 00:00:00',''),(1950,'0','Busambala H/C III ',6,86,24,'','','','','','0000-00-00 00:00:00',''),(1951,'0','Emmanuel Medical Centre',1,86,24,'','','','','','0000-00-00 00:00:00',''),(1953,'0','Rapha H/C',3,67,131,'','','','','','0000-00-00 00:00:00',''),(1954,'0','Kilokola H/C II',5,88,26,'','','','','','0000-00-00 00:00:00',''),(1955,'0','Kibanga H/C III (St Elisabeth of thuringen ) ',6,67,131,'','','','','','0000-00-00 00:00:00',''),(1956,'0','Kabasanda H/C II',5,88,26,'','','','','','0000-00-00 00:00:00',''),(1957,'0','Mpigi Police',3,67,131,'','','','','','0000-00-00 00:00:00',''),(1958,'0','Kibigga',1,88,26,'','','','','','0000-00-00 00:00:00',''),(1959,'0','Bugobango H/C',1,88,26,'','','','','','0000-00-00 00:00:00',''),(1960,'0','Kiddawalime ',1,88,26,'','','','','','0000-00-00 00:00:00',''),(1961,'0','Rapha NGO',3,88,121,'','','','','','0000-00-00 00:00:00',''),(1963,'0','Ngelibalya H/C II',1,88,26,'','','','','','0000-00-00 00:00:00',''),(1964,'0','Ngomanene H/C III',5,89,121,'','','','','','0000-00-00 00:00:00',''),(1965,'0','Kanzire H/C III',5,88,121,'','','','','','0000-00-00 00:00:00',''),(1966,'0','Jinja Police H/C III (Maternity)',6,28,31,'701156403','','','','','0000-00-00 00:00:00',''),(1967,'0','Kiyindi Landing Site',3,69,132,'','','','','','0000-00-00 00:00:00',''),(1968,'0','Royal Zan Vanten',5,69,132,'','','','','','0000-00-00 00:00:00',''),(1969,'0','KIgogola H/C II',5,69,132,'','','','','','0000-00-00 00:00:00',''),(1970,'0','Seeta-Kasawo H/C II',5,69,132,'','','','','','0000-00-00 00:00:00',''),(1972,'0','Opopong H/C II',5,1,5,'','','','','','0000-00-00 00:00:00',''),(1973,'0','Oretha H/C II',5,1,5,'','','','','','0000-00-00 00:00:00',''),(1974,'0','Pupukanya H/C II',5,1,5,'','','','','','0000-00-00 00:00:00',''),(1975,'0','Obolokome H/C II',5,1,5,'','','','','','0000-00-00 00:00:00',''),(1976,'0','Katabok H/C II',5,1,5,'','','','','','0000-00-00 00:00:00',''),(1977,'0','Kiru H/C II',5,1,5,'','','','','','0000-00-00 00:00:00',''),(1978,'0','Adea H/C II',5,1,5,'','','','','','0000-00-00 00:00:00',''),(1979,'0','Gangming H/C II',5,1,5,'','','','','','0000-00-00 00:00:00',''),(1980,'0','Awach H/C II',5,1,5,'','','','','','0000-00-00 00:00:00',''),(1981,'0','Anita H/C II',5,1,5,'','','','','','0000-00-00 00:00:00',''),(1983,'0','Atunga H/C II ',5,1,5,'','','','','','0000-00-00 00:00:00',''),(1984,'0','Wilela H/C II',5,1,5,'','','','','','0000-00-00 00:00:00',''),(1985,'0','Koya H/C II',5,1,5,'','','','','','0000-00-00 00:00:00',''),(1987,'0','Masajja H/C III',6,86,24,'','','','','','0000-00-00 00:00:00',''),(1988,'0','Kitooro H/C II (Private)',5,86,24,'','','','','','0000-00-00 00:00:00',''),(1989,'0','',1,0,1,'','','','','','0000-00-00 00:00:00',''),(1990,'0','',1,0,1,'','','','','','0000-00-00 00:00:00',''),(1991,'0','Kibugga H/C III',6,88,26,'','','','','','0000-00-00 00:00:00',''),(1993,'0','Nanyonia Angikalio H/C III',6,70,94,'','','','','','0000-00-00 00:00:00',''),(1994,'0','Moruita H/C III',6,70,94,'','','','','','0000-00-00 00:00:00',''),(1995,'0','Alakas H/C II',5,70,94,'','','','','','0000-00-00 00:00:00',''),(1996,'0','Natirae H/C II',5,70,94,'','','','','','0000-00-00 00:00:00',''),(1997,'0','Nakaale H/C II',5,70,94,'','','','','','0000-00-00 00:00:00',''),(1998,'0','Nabulenger H/C II',5,70,94,'','','','','','0000-00-00 00:00:00',''),(1999,'0','Namalu Prison H/C II',5,70,94,'','','','','','0000-00-00 00:00:00',''),(2000,'0','St Mathias Amaler H/C III',6,70,94,'778926667','','','','','0000-00-00 00:00:00',''),(2001,'0','Apapai H/C II',5,32,34,'','','','','','0000-00-00 00:00:00',''),(2002,'0','Nakibizzi H/C II',5,11,48,'','','','','','0000-00-00 00:00:00',''),(2003,'0','Kisimba H/C II',5,11,48,'','','','','','0000-00-00 00:00:00',''),(2004,'0','Dungi H/C II',5,11,48,'','','','','','0000-00-00 00:00:00',''),(2006,'0','Lookorok H/C II',6,49,57,'','','','','','0000-00-00 00:00:00',''),(2008,'0','Napumpum H/C II',5,49,57,'0789564649','','KALANY TEIMA','','','0000-00-00 00:00:00',''),(2009,'0','Nakwakwa',5,49,57,'','','','','','0000-00-00 00:00:00',''),(2010,'0','Losilang H/C II',5,49,57,'0773878594','','OPIO PATRICK','','','0000-00-00 00:00:00',''),(2011,'0','Lobalangit H/C II',5,29,32,'','','','','','0000-00-00 00:00:00',''),(2012,'0','Morulem H/C II',5,1,5,'','','','','','0000-00-00 00:00:00',''),(2014,'0','Pire H/C II',5,29,32,'','','','','','0000-00-00 00:00:00',''),(2015,'0','Lokori H/C II',5,29,32,'','','','','','0000-00-00 00:00:00',''),(2016,'0','Kopoth H/C II',5,29,32,'','','','','','0000-00-00 00:00:00',''),(2017,'0','Lochom H/C II',5,29,32,'','','','','','0000-00-00 00:00:00',''),(2018,'0','Kakamar H/C II',5,29,32,'','','','','','0000-00-00 00:00:00',''),(2019,'0','Kocholo H/C II',5,29,32,'','','','','','0000-00-00 00:00:00',''),(2020,'0','St Jude (Kidepo) H/C II',5,29,32,'','','','','','0000-00-00 00:00:00',''),(2021,'0','Kamion H/C II',5,29,32,'','','','','','0000-00-00 00:00:00',''),(2022,'0','Lokwakalamoe H/C II',5,29,32,'','','','','','0000-00-00 00:00:00',''),(2023,'0','Loyoro H/C II',5,29,32,'','','','','','0000-00-00 00:00:00',''),(2024,'0','Lokanayona H/C II',5,29,32,'','','','','','0000-00-00 00:00:00',''),(2025,'0','Kidepo H/C II',5,29,32,'','','','','','0000-00-00 00:00:00',''),(2026,'0','Lomeris H/C II',5,29,32,'','','','','','0000-00-00 00:00:00',''),(2027,'0','Lokerui H/C II',5,29,32,'','','','','','0000-00-00 00:00:00',''),(2028,'0','Lokolia H/C II',5,29,32,'','','','','','0000-00-00 00:00:00',''),(2030,'0','Kalimon H/C II',5,29,32,'','','','','','0000-00-00 00:00:00',''),(2031,'0','Lomodoch H/C II',5,29,32,'','','','','','0000-00-00 00:00:00',''),(2032,'0','Kaimese H/C II',5,29,32,'','','','','','0000-00-00 00:00:00',''),(2033,'0','Narengepak H//C II',5,29,32,'','','','','','0000-00-00 00:00:00',''),(2034,'0','Gwere H/C II',5,66,75,'','','','','','0000-00-00 00:00:00',''),(2035,'0','Iboa H/C II',5,66,75,'','','','','','0000-00-00 00:00:00',''),(2036,'0','Indilinga H/C II',5,66,75,'','','','','','0000-00-00 00:00:00',''),(2037,'0','Besia H/C III',6,66,75,'','','','','','0000-00-00 00:00:00',''),(2038,'0','Lama H/C II',5,66,75,'','','','','','0000-00-00 00:00:00',''),(2039,'0','Gbalala H/C II',5,66,75,'','','','','','0000-00-00 00:00:00',''),(2040,'0','Lomunga H/C II',5,66,75,'','','','','','0000-00-00 00:00:00',''),(2041,'0','Goopi H/C II',5,66,75,'','','','','','0000-00-00 00:00:00',''),(2042,'0','Logoba H/C III',6,66,75,'78550430','','','','','0000-00-00 00:00:00',''),(2043,'0','FR.Bilbao H/C III',6,66,75,'','','','','','0000-00-00 00:00:00',''),(2044,'0','Showers H/C ',1,74,78,'','','','','','0000-00-00 00:00:00',''),(2045,'0','Akworo H/C III',6,74,78,'','','','','','0000-00-00 00:00:00',''),(2046,'0','Pakwach Mission H/C ',3,119,78,'','','','','','0000-00-00 00:00:00',''),(2047,'0','Kigo Prisons H/C III',6,86,24,'','','','','','0000-00-00 00:00:00',''),(2048,'0','Nsonzibbirye H/C II',5,88,26,'','','','','','0000-00-00 00:00:00',''),(2049,'0','Ikamiro H/C II',5,30,33,'','','','','','0000-00-00 00:00:00',''),(2050,'0','Kikandwa H/C II (Mubende)',5,68,46,'774192370','','','','','0000-00-00 00:00:00',''),(2051,'0','Kanjobe H/C II',5,30,33,'773096721','','','','','0000-00-00 00:00:00',''),(2052,'0','Buddabugya H/C III',6,71,79,'785732683','','','','','0000-00-00 00:00:00',''),(2053,'0','Kaweweta H/C III',6,71,79,'775108554','','','','','0000-00-00 00:00:00',''),(2054,'0','Kasambya H/C II (Gomba)',5,89,121,'','','','','','0000-00-00 00:00:00',''),(2055,'0','Mamba H/C II',5,89,121,'','','','','','0000-00-00 00:00:00',''),(2056,'0','Namabeya H/C II',5,89,121,'','','','','','0000-00-00 00:00:00',''),(2057,'0','Mawuki H/C II',5,89,121,'','','','','','0000-00-00 00:00:00',''),(2058,'0','Kitwe H/C II (Gomba)',5,89,121,'','','','','','0000-00-00 00:00:00',''),(2059,'0','Luwero Industries',1,72,77,'','','','','','0000-00-00 00:00:00',''),(2060,'0','Franciscan H/C KAKOOGE',1,72,77,'','','','','','0000-00-00 00:00:00',''),(2061,'0','Kyangatto H/C II',5,71,79,'','','','','','0000-00-00 00:00:00',''),(2062,'0','Nakaseeta H/C II (Nakaseke)',5,71,79,'','','','','','0000-00-00 00:00:00',''),(2063,'0','Kakoola H/C III',6,71,79,'772611417','','','','','0000-00-00 00:00:00',''),(2064,'0','Lusangya H/C II',5,71,79,'','','','','','0000-00-00 00:00:00',''),(2065,'0','Namuusale H/C II',5,71,79,'','','','','','0000-00-00 00:00:00',''),(2066,'0','Kabatema H/C II',5,56,64,'','','','','','0000-00-00 00:00:00',''),(2067,'0','Lyakajura H/C III (Nakaseke)',6,71,64,'','','','','','0000-00-00 00:00:00',''),(2068,'0','Lwengenyi H/C III',6,56,64,'','','','','','0000-00-00 00:00:00',''),(2069,'0','Kyazanga Muslim H/C III',6,56,115,'','','','','','0000-00-00 00:00:00',''),(2070,'0','Kabayanda H/C II',5,56,64,'','','','','','0000-00-00 00:00:00',''),(2071,'0','Orient Medical Centre',1,55,63,'','','','','','0000-00-00 00:00:00',''),(2072,'0','ST JOSEPH  H/ C III(Madudu)',6,68,46,'784921517','','','','','0000-00-00 00:00:00',''),(2073,'0','JCRC Lubowa(Wakiso)',12,86,41,'774576204','','','','','0000-00-00 00:00:00',''),(2074,'0','Bubalya H/C III',6,18,20,'755480363','','','','','0000-00-00 00:00:00',''),(2075,'0','Ngenge H/C III',6,96,44,'701755943','','','','','0000-00-00 00:00:00',''),(2076,'0','Nazigo Mission H/C II',5,42,49,'','','','','','0000-00-00 00:00:00',''),(2077,'0','Bukamba H/C II',5,42,49,'','','','','','0000-00-00 00:00:00',''),(2078,'0','Nakatovu H/C II',5,42,49,'','','','','','0000-00-00 00:00:00',''),(2079,'0','Namusaala H/C II',5,42,49,'','','','','','0000-00-00 00:00:00',''),(2080,'0','Namuyenje H/C II',5,69,132,'','','','','','0000-00-00 00:00:00',''),(2081,'0','Kiyoola H/C II',5,69,132,'','','','','','0000-00-00 00:00:00',''),(2082,'0','Diika H/C II',5,110,53,'','','','','','0000-00-00 00:00:00',''),(2083,'0','Kangalaba H/C III',6,18,20,'751622941','','','','','0000-00-00 00:00:00',''),(2084,'0','Kabizzi H/C II',5,11,48,'752813722','','','','','0000-00-00 00:00:00',''),(2085,'0','Budongo H/C II',5,60,69,'','','','','','0000-00-00 00:00:00',''),(2086,'0','Ntooma H/C II',5,60,69,'','','','','','0000-00-00 00:00:00',''),(2087,'0','Masindi Kitara Medical Center',1,60,69,'Kitara H/C III','','','','','0000-00-00 00:00:00',''),(2088,'0','Kitanyata H/C II',5,60,69,'','','','','','0000-00-00 00:00:00',''),(2089,'0','Kugezi H/C II',5,60,69,'','','','','','0000-00-00 00:00:00',''),(2090,'0','Kigenga H/C II',5,60,69,'','','','','','0000-00-00 00:00:00',''),(2091,'0','Karungu H/C III',6,110,53,'','','','','','0000-00-00 00:00:00',''),(2092,'0','Kigwera H/C II',5,14,16,'','','','','','0000-00-00 00:00:00',''),(2093,'0','Avogera H/C II',5,14,16,'777318720','','','','','0000-00-00 00:00:00',''),(2094,'0','Uganda Matyrs H/C II',5,14,16,'','','','','','0000-00-00 00:00:00',''),(2095,'0','Kihungya H/C II',5,14,16,'','','','','','0000-00-00 00:00:00',''),(2096,'0','Sofad H/C II',5,14,16,'','','','','','0000-00-00 00:00:00',''),(2097,'0','Kyakabadiima H/C II',5,43,36,'','','','','','0000-00-00 00:00:00',''),(2098,'0','Galibileka H/C II',5,43,36,'','','','','','0000-00-00 00:00:00',''),(2099,'0','Burora H/C II',5,43,36,'775196657','','','','','0000-00-00 00:00:00',''),(2100,'0','Mugalike H/C III',6,43,36,'','','','','','0000-00-00 00:00:00',''),(2101,'0','Mugalike H/C II',5,43,36,'','','','','','0000-00-00 00:00:00',''),(2102,'0','Kyabasala H/C II',5,43,36,'','','','','','0000-00-00 00:00:00',''),(2104,'0','St Marys H/C III(Kibaale)',6,43,38,'','','','','','0000-00-00 00:00:00',''),(2105,'0','Bathania H/C III',6,43,38,'','','','','','0000-00-00 00:00:00',''),(2106,'0','Kabubwa H/C II',5,43,38,'','','','','','0000-00-00 00:00:00',''),(2107,'0','Mpasaana H/C II',5,43,38,'','','','','','0000-00-00 00:00:00',''),(2108,'0','St Luke Bujuni H/C III (Kibaale)',6,43,38,'','','','','','0000-00-00 00:00:00',''),(2109,'0','',1,0,1,'','','','','','0000-00-00 00:00:00',''),(2110,'0','St Aulistin H/C III',6,43,38,'','','','','','0000-00-00 00:00:00',''),(2111,'0','Seeta H/C II',5,44,50,'','','','','','0000-00-00 00:00:00',''),(2112,'0','Agape H/C III',6,44,50,'','','','','','0000-00-00 00:00:00',''),(2113,'0','Nyamiranga H/C III',6,44,50,'','','','','','0000-00-00 00:00:00',''),(2114,'0','Bamusuta H/C II',5,44,50,'','','','','','0000-00-00 00:00:00',''),(2115,'0','Vumba H/C II',5,91,50,'','','','','','0000-00-00 00:00:00',''),(2116,'0','Bbira H/C II',5,68,46,'','','','','','0000-00-00 00:00:00',''),(2117,'0','Karongo H/C III',6,24,28,'703599289','','','','','0000-00-00 00:00:00',''),(2118,'0','Kasambya H/C III (Kakumiro)',6,117,38,'778103303','','','','','0000-00-00 00:00:00',''),(2119,'0','Kasaana H/C III',6,27,87,'758115686','','','','','0000-00-00 00:00:00',''),(2120,'0','Bucundura H/C II',5,30,33,'','','','','','0000-00-00 00:00:00',''),(2121,'0','Kwanyinyi',6,96,44,'','','','','','0000-00-00 00:00:00',''),(2122,'0','Awaliwal H/C II',5,84,92,'774751438','','','','','0000-00-00 00:00:00',''),(2123,'0','Siita Save Life H/C III',6,8,70,'','','','','','0000-00-00 00:00:00',''),(2124,'0','',1,0,1,'','','','','','0000-00-00 00:00:00',''),(2125,'0','Buhaghura H/C III',6,40,52,'772824124','','','','','0000-00-00 00:00:00',''),(2126,'0','Bumadanda H/C III',6,62,70,'','','','','','0000-00-00 00:00:00',''),(2127,'0','Kyantungo H/C IV',7,64,73,'782492377','','','','','0000-00-00 00:00:00',''),(2128,'0','',1,0,1,'','','','','','0000-00-00 00:00:00',''),(2129,'0','Cardinal Nsubuga H/C III',6,64,73,'','','','','','0000-00-00 00:00:00',''),(2130,'0','',1,0,1,'','','','','','0000-00-00 00:00:00',''),(2131,'0','Manya H/C III',6,80,83,'','','','','','0000-00-00 00:00:00',''),(2132,'0','Kibaale  H/C II( Rakai)',5,80,83,'772324018','','','','','0000-00-00 00:00:00',''),(2133,'0','Nazareth H/C II',5,80,83,'','','','','','0000-00-00 00:00:00',''),(2134,'0','St Gyaviira Domicilliary Cilinic',1,80,83,'','','','','','0000-00-00 00:00:00',''),(2135,'0','St Martin  Clinic (Bukunda)',3,80,83,'703832444','','','','','0000-00-00 00:00:00',''),(2136,'0','Pawor H/C III',6,7,120,'781409007','','','','','0000-00-00 00:00:00',''),(2137,'0','Wanale H/C III',6,62,70,'775407290','','','','','0000-00-00 00:00:00',''),(2138,'0','Sagitu H/C II',5,61,29,'','','','','','0000-00-00 00:00:00',''),(2139,'0','St Francis Of Asiisi Marternity Home (lukaya)',3,90,100,'772571917','','','','','0000-00-00 00:00:00',''),(2140,'0','Bulucheke H/C III',6,9,133,'','','','','','0000-00-00 00:00:00',''),(2141,'0','Ongutoi Health Center',1,4,8,'','','','','','0000-00-00 00:00:00',''),(2142,'0','Nyamityobora H/C III',6,63,71,'','','','','','0000-00-00 00:00:00',''),(2143,'0','Bunapongo H/C III',6,62,70,'775028600','','','','','0000-00-00 00:00:00',''),(2144,'0','Kawoko muslim H/C III',6,93,93,'751075596','','','','','0000-00-00 00:00:00',''),(2145,'0','Teguzibirwa Dom Clinic',3,90,68,'701483245','','','','','0000-00-00 00:00:00',''),(2146,'0','Pajulu H/C III (Arua)',6,7,11,'774084117','','','','','0000-00-00 00:00:00',''),(2147,'0','Buke Nursing Home',1,93,93,'','','','','','0000-00-00 00:00:00',''),(2148,'0','Kasasira H/C III',6,95,82,'782147786','','','','','0000-00-00 00:00:00',''),(2149,'0','Kitooro H/C III',6,86,24,'','','','','','0000-00-00 00:00:00',''),(2150,'0','Koch Lii H/C II',5,106,10,'793767878','','','','','0000-00-00 00:00:00',''),(2151,'0','Touch Namuwongo (IHK)',9,35,41,'Immaculate Mbabazi','','','','','0000-00-00 00:00:00',''),(2152,'0','Marine Military H/C II',5,14,16,'700404143','','','','','0000-00-00 00:00:00',''),(2154,'0','Muzito Cilinic',12,80,83,'781554717','','','','','0000-00-00 00:00:00',''),(2155,'0','Atari H/C II',5,39,44,'','','','','','0000-00-00 00:00:00',''),(2156,'0','Chepsukunya H/C II',5,39,44,'','','','','','0000-00-00 00:00:00',''),(2157,'0','Sundet H/C II',5,39,44,'','','','','','0000-00-00 00:00:00',''),(2158,'0','Kiriki H/C II',5,96,44,'','','','','','0000-00-00 00:00:00',''),(2159,'0','Kapteror H/C II',5,39,44,'','','','','','0000-00-00 00:00:00',''),(2160,'0','Chemwon H/C III',6,96,44,'','','','','','0000-00-00 00:00:00',''),(2161,'0','Tukumo H/C II',5,39,44,'','','','','','0000-00-00 00:00:00',''),(2162,'0','Mengya H/C II',5,39,44,'','','','','','0000-00-00 00:00:00',''),(2163,'0','Terenboy H/C II',5,39,44,'','','','','','0000-00-00 00:00:00',''),(2164,'0','Konta H/C II',5,39,44,'','','','','','0000-00-00 00:00:00',''),(2165,'0','Nsanvu H/C II',5,55,63,'782775162','','','','','0000-00-00 00:00:00',''),(2166,'0','Ukusijoni H/C III',6,2,6,'779200342','','','','','0000-00-00 00:00:00',''),(2167,'0','Kabelyo H/C II',5,39,44,'','','','','','0000-00-00 00:00:00',''),(2168,'0','Kwarus H/C II',5,39,44,'','','','','','0000-00-00 00:00:00',''),(2169,'0','Kaserem Christian H/C II',5,39,44,'','','','','','0000-00-00 00:00:00',''),(2170,'0','',1,0,1,'','','','','','0000-00-00 00:00:00',''),(2171,'0','Bukhalu H/C III',6,94,44,'','','','','','0000-00-00 00:00:00',''),(2172,'0','Bumugusha H/C III',6,39,44,'','','','','','0000-00-00 00:00:00',''),(2173,'0','Kwoti H/C II',5,39,44,'','','','','','0000-00-00 00:00:00',''),(2174,'0','Kapkwomurya H/C II',5,39,44,'','','','','','0000-00-00 00:00:00',''),(2175,'0','Tumboboi H/C II',5,39,44,'','','','','','0000-00-00 00:00:00',''),(2176,'0','Kaplelko H/C II',5,39,44,'','','','','','0000-00-00 00:00:00',''),(2177,'0','Reproductive Health Medical Center II',5,39,44,'','','','','','0000-00-00 00:00:00',''),(2178,'0','Gamatui H/C II',6,39,44,'','','','','','0000-00-00 00:00:00',''),(2179,'0','Lumino Catholic',1,17,67,'','','','','','0000-00-00 00:00:00',''),(2180,'0','Namungodi H/C II',5,17,67,'','','','','','0000-00-00 00:00:00',''),(2181,'0','Buwembe H/C II',5,17,67,'','','','','','0000-00-00 00:00:00',''),(2182,'0','Buwumba H/C III',6,17,67,'','','','','','0000-00-00 00:00:00',''),(2183,'0','Busia Police',1,17,67,'','','','','','0000-00-00 00:00:00',''),(2184,'0','Nabuule H/C III',6,79,82,'','','','','','0000-00-00 00:00:00',''),(2185,'0','Mpongi H/C III',6,79,82,'','','','','','0000-00-00 00:00:00',''),(2186,'0','Limoto H/C III',6,79,82,'','','','','','0000-00-00 00:00:00',''),(2188,'0','Kabweri H/C II',5,79,82,'','','','','','0000-00-00 00:00:00',''),(2189,'0','Oloko H/C III',6,79,82,'','','','','','0000-00-00 00:00:00',''),(2190,'0','Kacarura H/C II',5,62,70,'','','','','','0000-00-00 00:00:00',''),(2191,'0','Pallisa Mission Kaucho H/CIII',6,79,82,'','','','','','0000-00-00 00:00:00',''),(2192,'0','Kaboloi H/C III',6,79,82,'','','','','','0000-00-00 00:00:00',''),(2193,'0','Kapawai Pacodat H/C III',6,79,82,'','','','','','0000-00-00 00:00:00',''),(2194,'0','Obutete H/C II',5,79,82,'','','','','','0000-00-00 00:00:00',''),(2195,'0','Oladot H/C III',6,79,82,'','','','','','0000-00-00 00:00:00',''),(2196,'0','Kapwai H/C III',6,79,82,'','','','','','0000-00-00 00:00:00',''),(2197,'0','Mary Land H/C III',6,2,6,'777450165','','','','','0000-00-00 00:00:00',''),(2198,'0','Kagwara H/C II',5,100,90,'750723809','','','','','0000-00-00 00:00:00',''),(2199,'0','Kabamba Military Hospital',9,68,76,'773774770','','','','','0000-00-00 00:00:00',''),(2200,'0','Pakegido H/C III',6,32,34,'779360008','','','','','0000-00-00 00:00:00',''),(2201,'0','Kampala West Medical Clinic',1,35,41,'775051525','','','','','0000-00-00 00:00:00',''),(2202,'0','St Magdalene H/c II',5,86,24,'779326094','','','','','0000-00-00 00:00:00',''),(2203,'0','Todora H/C II',5,106,10,'782040746','','','','','0000-00-00 00:00:00',''),(2204,'0','Community H/C (Kaliro)',1,34,41,'754341786','','','','','0000-00-00 00:00:00',''),(2205,'0','Makhonje H/C III',6,62,70,'','','','','','0000-00-00 00:00:00',''),(2206,'0','Mulago National Hospital-PMTCT CLINIC',3,35,41,'0782650537 or 078265','','Imelda Bangisibano','','','0000-00-00 00:00:00',''),(2207,'0','Ogako H/C II',5,53,65,'','','','','','0000-00-00 00:00:00',''),(2208,'0','Kortek H/C III',6,13,44,'','','','','','0000-00-00 00:00:00',''),(2209,'0','Aparanga H/C II',5,106,10,'712654165','','','','','0000-00-00 00:00:00',''),(2210,'0','Soroti Medical Associate Nursing Home',1,84,92,'777193932','','','','','0000-00-00 00:00:00',''),(2212,'0','Kaliro Medical Center',1,34,17,'750566434','','','','','0000-00-00 00:00:00',''),(2213,'0','Lugala H/C II',5,98,21,'','','','','','0000-00-00 00:00:00',''),(2215,'0','Qudrah Medical Center',3,86,41,'','','','','','0000-00-00 00:00:00',''),(2216,'0','Kikwayi H/C II',5,11,48,'','','','','','0000-00-00 00:00:00',''),(2217,'0','Bukomansimbi Medical Centre',1,93,93,'753331341','','','','','0000-00-00 00:00:00',''),(2218,'0','Hakishenyi H/C II',5,30,33,'','','','','','0000-00-00 00:00:00',''),(2219,'0','Angaya H/C III',6,23,27,'774351121','','','','','0000-00-00 00:00:00',''),(2220,'0','SAREC Medicare Center',3,35,41,'700665522','','','','','0000-00-00 00:00:00',''),(2221,'0','Dr Ambrosolic Clinic (Kaliro)',12,34,17,'','','','','','0000-00-00 00:00:00',''),(2222,'0','Kitala H/C II',5,86,24,'775361737','','','','','0000-00-00 00:00:00',''),(2223,'0','Alemere H/C II',5,3,7,'783479888','','','','','0000-00-00 00:00:00',''),(2224,'0','Kapeta H/C II',5,53,65,'7743392119','','','','','0000-00-00 00:00:00',''),(2225,'0','Aliwang H/C III',5,107,108,'775064649','','','','','0000-00-00 00:00:00',''),(2226,'0','Kamulegu H/C III',6,59,68,'702112742','','','','','0000-00-00 00:00:00',''),(2227,'0','Kyamwinula H/C III',6,85,95,'772440973','','','','','0000-00-00 00:00:00',''),(2228,'0','Lugazi  H/C II',5,11,48,'753474238','','','','','0000-00-00 00:00:00',''),(2229,'0','Haama H/C II',5,98,21,'752468355','','','','','0000-00-00 00:00:00',''),(2230,'0','Lolwe H/C III',6,98,21,'','','','','','0000-00-00 00:00:00',''),(2231,'0','Bwindi H/C III',6,115,33,'','','','','','0000-00-00 00:00:00',''),(2232,'0','Kafunjo H/C II',5,30,33,'','','','','','0000-00-00 00:00:00',''),(2233,'0','Kitunga H/C II',5,59,68,'777841057','','','','','0000-00-00 00:00:00',''),(2234,'0','Kalibu H/C III',6,40,52,'','','','','','0000-00-00 00:00:00',''),(2235,'0','Kashagazi H/C II',5,51,58,'','','','','','0000-00-00 00:00:00',''),(2236,'0','Burondo H/C II',5,15,18,'','','','','','0000-00-00 00:00:00',''),(2237,'0','Rwengara H/C II',5,15,18,'','','','','','0000-00-00 00:00:00',''),(2238,'0','Butama H/C III',6,15,18,'','','','','','0000-00-00 00:00:00',''),(2239,'0','Bulyambwa H/C II',5,15,18,'','','','','','0000-00-00 00:00:00',''),(2240,'0','Buhanda H/C II',5,37,101,'0775246087','','Agnes','','','0000-00-00 00:00:00',''),(2241,'0','Busoru H/C II',5,15,18,'','','','','','0000-00-00 00:00:00',''),(2242,'0','Kasulenga H/C II',5,15,18,'','','','','','0000-00-00 00:00:00',''),(2243,'0','Bundingoma HC II',6,15,18,'','','','','','0000-00-00 00:00:00',''),(2244,'0','Musandama H/C II',5,15,18,'','','','','','0000-00-00 00:00:00',''),(2245,'0','Bupompoli H/C II',5,15,18,'','','','','','0000-00-00 00:00:00',''),(2246,'0','Bundimulangya H/C II',5,15,18,'','','','','','0000-00-00 00:00:00',''),(2247,'0','Kayenje H/C II',5,15,18,'','','','','','0000-00-00 00:00:00',''),(2248,'0','Bujwanga H/C II',5,98,21,'771428391','','','','','0000-00-00 00:00:00',''),(2249,'0','Abalang H/C II (Kaberamaido)',5,32,34,'','','','','','0000-00-00 00:00:00',''),(2250,'0','Wera H/C III',6,4,8,'','','','','','0000-00-00 00:00:00',''),(2251,'0','Ongongoja H/C II',5,41,47,'','','','','','0000-00-00 00:00:00',''),(2252,'0','Akurao H/C II',5,41,47,'','','','','','0000-00-00 00:00:00',''),(2253,'0','Okoritok H/C II',5,41,47,'','','','','','0000-00-00 00:00:00',''),(2254,'0','Opeta H/C II',5,41,47,'','','','','','0000-00-00 00:00:00',''),(2255,'0','Olilim H/C II (Katakwi)',5,41,47,'','','','','','0000-00-00 00:00:00',''),(2256,'0','Palam H/C II',5,41,47,'','','','','','0000-00-00 00:00:00',''),(2257,'0','Kaliro T C H/CII',3,34,17,'775246303','','','','','0000-00-00 00:00:00',''),(2258,'0','Rurongo H/C II',5,27,87,'777306703','','','','','0000-00-00 00:00:00',''),(2259,'0','Posta Uganda',1,26,39,'','','','','','0000-00-00 00:00:00',''),(2260,'0','Bukunga H/C III',6,26,29,'782907272','','','','','0000-00-00 00:00:00',''),(2261,'0','Bulunagi H/C III',6,26,29,'','','','','','0000-00-00 00:00:00',''),(2262,'0','Rwemigina H/C II',5,63,71,'','','','','','0000-00-00 00:00:00',''),(2263,'0','Bira HC III',6,2,6,'779700550','','','','','0000-00-00 00:00:00',''),(2264,'0','Kyengera H/C II',5,86,116,'','','','','','0000-00-00 00:00:00',''),(2265,'0','Bugema University H/C III',6,55,63,'','','','','','0000-00-00 00:00:00',''),(2266,'0','Lujjabwa H/C II',5,33,113,'751947144','','','','','0000-00-00 00:00:00',''),(2267,'0','Buyambo H/C II',5,98,21,'','','','','','0000-00-00 00:00:00',''),(2268,'0','Buchumba H/C II',5,98,21,'776409201','','','','','0000-00-00 00:00:00',''),(2269,'0','Apyeta H/C II',5,53,65,'775129930','','','','','0000-00-00 00:00:00',''),(2270,'0','Lyama H/C III',6,8,70,'701558464','','','','','0000-00-00 00:00:00',''),(2271,'0','Anyacoto H/C II',5,22,23,'777786876','','','','','0000-00-00 00:00:00',''),(2272,'0','Syanyonja H/C II',5,98,21,'755607128','','','','','0000-00-00 00:00:00',''),(2273,'0','St Jude UCEPPI H/C III',6,7,11,'','','','','','0000-00-00 00:00:00',''),(2274,'0','Amwoma H/C III',6,22,23,'','','','','','0000-00-00 00:00:00',''),(2275,'0','Biko H/C II',5,3,7,'','','','','','0000-00-00 00:00:00',''),(2276,'0','Mt Elgon Hospital (Mbale)',9,62,70,'','','','','','0000-00-00 00:00:00',''),(2277,'0','Bwondha HC II',5,61,117,'755757657','','','','','0000-00-00 00:00:00',''),(2278,'0','Sirimula H/C III',6,91,106,'782200434','','','','','0000-00-00 00:00:00',''),(2279,'0','Buyaga H/C III (Masaka)',5,59,68,'759024150','','','','','0000-00-00 00:00:00',''),(2280,'0','Dibolyec H/C II',5,53,65,'772388741','','','','','0000-00-00 00:00:00',''),(2281,'0','Kasekulo H/C II',5,33,113,'785026432','','','','','0000-00-00 00:00:00',''),(2283,'0','Kachung H/C II',5,22,23,'782723162','','','','','0000-00-00 00:00:00',''),(2284,'0','Wanyange (St Benedict)',1,11,48,'752832172','','','','','0000-00-00 00:00:00',''),(2285,'0','Kyampangara H/C II',5,45,86,'787508850','','','','','0000-00-00 00:00:00',''),(2286,'0','Lukaya Health Care Centre',3,90,100,'','','','','','0000-00-00 00:00:00',''),(2287,'0','Awiri H/C II',5,22,23,'777112388','','','','','0000-00-00 00:00:00',''),(2288,'0','Muwumba H/C III',6,28,31,'783710004','','','','','0000-00-00 00:00:00',''),(2289,'0','Wakawaka H/C II',5,10,15,'','','','','','0000-00-00 00:00:00',''),(2291,'0','Katum H/C II',5,53,65,'','','','','','0000-00-00 00:00:00',''),(2292,'0','Te-Got H/C II',5,23,27,'','','','','','0000-00-00 00:00:00',''),(2293,'0','Mbale Police H/C III',6,62,70,'','','','','','0000-00-00 00:00:00',''),(2294,'0','Bumugusha H/C III (Bulambuli)',6,94,44,'','','','','','0000-00-00 00:00:00',''),(2295,'0','Bwama H/C III',6,30,33,'775930279','','','','','0000-00-00 00:00:00',''),(2296,'0','Kyobugombe H/C II',5,30,33,'782377141','','','','','0000-00-00 00:00:00',''),(2297,'0','St Francis H/C II',5,106,10,'779202094','','','','','0000-00-00 00:00:00',''),(2298,'0','Oburin H/C II',5,100,90,'775027440','','','','','0000-00-00 00:00:00',''),(2299,'0','Alango H/C II',5,107,61,'782556798','','','','','0000-00-00 00:00:00',''),(2300,'0','Atangwata H/C III',6,107,108,'757165056','','','','','0000-00-00 00:00:00',''),(2301,'0','All Saints H/C II',5,78,107,'777371190','','','','','0000-00-00 00:00:00',''),(2302,'0','Pawel Angany  H/C II',5,23,27,'774848926','','','','','0000-00-00 00:00:00',''),(2303,'0','Lagot H/C II',5,47,56,'','','','','','0000-00-00 00:00:00',''),(2304,'0','Good Health for Women Project Clinic (MRC/UVRI)',3,35,41,'0772646017','','DR.GERTRUDE NAMALE','','','0000-00-00 00:00:00',''),(2305,'0','Zaam Medical Center',1,35,41,'771845789','','','','','0000-00-00 00:00:00',''),(2306,'0','Oitino HCII',5,23,27,'','','','','','0000-00-00 00:00:00',''),(2307,'0','Masiyompo H/C III',6,83,114,'772394032','','','','','0000-00-00 00:00:00',''),(2308,'0','Bukedea Mission Dispensary',1,12,70,'7025051972','','','','','0000-00-00 00:00:00',''),(2309,'0','Wentz Medical Center',1,35,41,'772655045','','','','','0000-00-00 00:00:00',''),(2310,'0','Namiti H/C II',5,19,49,'779348652','','','','','0000-00-00 00:00:00',''),(2312,'0','Multicare Medical Centre',12,79,82,'','','','','','0000-00-00 00:00:00',''),(2313,'0','St Austin H/C II(Mbale)',5,62,70,'','','','','','0000-00-00 00:00:00',''),(2314,'0','Masolya H/C II',5,61,29,'756742331','','','','','0000-00-00 00:00:00',''),(2315,'0','Lokales H/C II',5,103,94,'','','','','','0000-00-00 00:00:00',''),(2316,'0','Allustin H/C III',6,43,36,'','','','','','0000-00-00 00:00:00',''),(2317,'0','Ruhomuro H/C III',6,16,19,'','','','','','0000-00-00 00:00:00',''),(2318,'0','Kanu H/C II',5,1,5,'','','','','','0000-00-00 00:00:00',''),(2319,'0','405 Brigade HC III',6,49,57,'0784083246','','EBIOT J','','','0000-00-00 00:00:00',''),(2320,'0','Kakira H/C III (Jinja)',6,28,31,'','','','','','0000-00-00 00:00:00',''),(2321,'0','Kidubuli HCIII',6,31,25,'773984355','','','','','0000-00-00 00:00:00',''),(2322,'0','Barjobi HCIII',6,107,61,'772025255','','','','','0000-00-00 00:00:00',''),(2323,'0','Masindi Military Hospital',9,60,69,'783945484','','','','','0000-00-00 00:00:00',''),(2324,'0','IDI Mulago',3,35,41,'772352116','','','','','0000-00-00 00:00:00',''),(2325,'0','Fastline Medical Centre',10,10,15,'753213130','','','','','0000-00-00 00:00:00',''),(2326,'0','Kitovu Mobile',1,59,68,'774396177','','','','','0000-00-00 00:00:00',''),(2327,'0','Rwangara H/C II',6,112,18,'774117518','','','','','0000-00-00 00:00:00',''),(2328,'0','Rwenyangye H/C II',5,30,33,'774487962','','','','','0000-00-00 00:00:00',''),(2329,'0','Mulombi Health Centre II',5,98,21,'753027938','','','','','0000-00-00 00:00:00',''),(2330,'0','Faith Mulira Health Care Center',8,86,41,'775556356','','','','','0000-00-00 00:00:00',''),(2331,'0','Barocok H/C II',5,107,61,'712239917','','','','','0000-00-00 00:00:00',''),(2332,'0','Hope Medical Centre',10,62,70,'779374806','','','','','0000-00-00 00:00:00',''),(2333,'0','Royal Health Care',8,35,41,'774545265','','','','','0000-00-00 00:00:00',''),(2334,'0','Padibe West H/C III',6,53,65,'706052468','','','','','0000-00-00 00:00:00',''),(2335,'0','Agirigiroi H/C II',5,84,92,'783242081','','','','','0000-00-00 00:00:00',''),(2336,'0','Kakooge H/C II (Kidera)',5,20,51,'756928794','','','','','0000-00-00 00:00:00',''),(2337,'0','Eseri Domiciliary Clinic',3,69,132,'784935470','','','','','0000-00-00 00:00:00',''),(2338,'0','Equator Health Services',1,35,41,'774905909','','','','','0000-00-00 00:00:00',''),(2339,'0','Muhoti Military H/C III',6,31,25,'784434850','','','','','0000-00-00 00:00:00',''),(2340,'0','Munobwa Clinic',3,52,60,'7002299429','','','','','0000-00-00 00:00:00',''),(2341,'0','Kayanja H/C II',5,80,83,'782952313','','','','','0000-00-00 00:00:00',''),(2342,'0','Kamubeizi H/C II',5,27,87,'771418206','','','','','0000-00-00 00:00:00',''),(2343,'0','Butiru Chrisco Hospital',9,57,95,'787727809','','','','','0000-00-00 00:00:00',''),(2344,'0','Alanyi H/C III',6,102,108,'784775900','','','','','0000-00-00 00:00:00',''),(2345,'0','Ruhumuro H/C III',6,16,19,'','','','','','0000-00-00 00:00:00',''),(2346,'0','Aganga H/C II',5,6,104,'777038324','','','','','0000-00-00 00:00:00',''),(2347,'0','Midas Touch Medical Services',3,52,60,'','','','','','0000-00-00 00:00:00',''),(2348,'0','Nyabuswa H/C III',6,31,25,'706942454','','','','','0000-00-00 00:00:00',''),(2349,'0','Arua Police H/C III',6,7,11,'776031982','','','','','0000-00-00 00:00:00',''),(2350,'0','Akoboi H/C II (Serere)',5,100,90,'772194595','','','','','0000-00-00 00:00:00',''),(2351,'0','Medik Hospital Kawempe',9,35,41,'773630335','','','','','0000-00-00 00:00:00',''),(2352,'0','Kaabong Mission H/C III',6,29,32,'787633765','','','','','0000-00-00 00:00:00',''),(2353,'0','Anep Moroto H/C II',5,107,108,'782434589','','','','','0000-00-00 00:00:00',''),(2354,'0','Amusus H/C II',5,4,8,'783900525','','','','','0000-00-00 00:00:00',''),(2355,'0','Ogwete H/C II',5,107,108,'773116855','','','','','0000-00-00 00:00:00',''),(2356,'0','Naweyo H/C III',6,18,20,'759410502','','','','','0000-00-00 00:00:00',''),(2357,'0','Double Cure Medical Centre',6,67,131,'772016917','','Mutebi Sumaya','','','0000-00-00 00:00:00','system'),(2358,'0','Pangira H/C II',5,53,65,'784805819','','Akello Santa','','','0000-00-00 00:00:00','system'),(2359,'0','Kibuzigye H/C II',5,30,33,'788353787','','NAKURE BERINA','KIBUZIGYE H/C II P.O.BOX KABALE','','0000-00-00 00:00:00','system'),(2360,'0','Nakwasi H/C III',6,18,20,'757142666','','Namunyana Samali','','','0000-00-00 00:00:00','system'),(2361,'0','District Medical Officer\'s Clinic H/C II',5,65,74,'782151782','','AUILENG FRANCIS','','','0000-00-00 00:00:00','system'),(2362,'0','Abalang H/C II (Dokolo)',5,22,23,'782734502','','AKOCH JOSEPHINE','','','0000-00-00 00:00:00','system'),(2363,'0','Kristina H/C II',5,107,108,'775077735','','BUA DAVID','','','0000-00-00 00:00:00','system'),(2364,'0','Apeitolim H/C II',5,105,103,'783477077','','LOPADE ERICK','C/O MAKATHI H/C II','','0000-00-00 00:00:00','system'),(2366,'0','Busabi H/C III',6,18,20,'779345296','','NYAMWENGE BEZA','','','0000-00-00 00:00:00','system'),(2367,'0','Akide H/C II',5,50,13,'783237827','','Aguti Harriet','','','0000-00-00 00:00:00','system'),(2368,'0','Nansana H/C II',5,86,116,'782834773','','KASOGA LOY','','','0000-00-00 00:00:00','system'),(2369,'0','Uganda Cares (Soroti)',13,84,92,'782555940','','AMUGE CATHY','','','0000-00-00 00:00:00','system'),(2370,'0','Diocese Of Kitgum H/C II',5,47,56,'775013893','','Aparo Sunday','','','0000-00-00 00:00:00','system'),(2371,'0','Soft Power Health Clinic',0,28,31,'776973082','','MENYA HARUNA','','','0000-00-00 00:00:00','system'),(2372,'0','St Benedict Health Center',8,28,31,'788153464','','AKUJO SUSAN','','','0000-00-00 00:00:00','system'),(2373,'0','Kaboloi H/C III',6,79,82,'','','','','','0000-00-00 00:00:00','system'),(2374,'0','Jinja Remand H/C II',5,28,31,'787431000','','','','','0000-00-00 00:00:00','system'),(2375,'0','Jinja Main Prison H/C III',6,28,31,'772432358','','','','','0000-00-00 00:00:00','system'),(2376,'0','Awaca H/C IV',7,23,27,'','','','','','0000-00-00 00:00:00','system'),(2377,'0','St Jacob Health Center(Lwamaggwa)',8,80,83,'776487439','','SSEMYALO PHILIP','','','0000-00-00 00:00:00','system'),(2378,'0','Naiku Health Centre III',6,62,70,'779444875','','ALOKA GEORGE','','','0000-00-00 00:00:00','system'),(2379,'0','St Monica Birongo H/C III (Kalungu)',6,90,100,'700302855','','SR. SARAH NANGONZI','','','0000-00-00 00:00:00','system'),(2380,'0','Rabachi H/C II',5,98,21,'783145980','','Nandera Lilian','','','0000-00-00 00:00:00','system'),(2381,'0','Kishagazi H/C II',5,51,58,'782293716','','ABOKI GODFREY','','','0000-00-00 00:00:00','system'),(2382,'0','SCSC+AC0-Kimaka H/C II',5,28,31,'781475259','','MORO ANDREW','','','0000-00-00 00:00:00','system'),(2383,'0','Jjanda H/C III',6,86,24,'782194608','','AMENU TOM','','','0000-00-00 00:00:00','system'),(2385,'0','Nkungu H/C III',6,45,86,'772090041','','TWIKIRIZE CHRISTINE','','','0000-00-00 00:00:00','system'),(2387,'0','Kerekerene H/C III',6,8,70,'776099234','','ZIWU JULIUS','','','0000-00-00 00:00:00','system'),(2388,'0','Awelo H/C II',5,22,23,'774827612','','ACAI SUSAN','','','0000-00-00 00:00:00','system'),(2390,'0','Abia H/C II',3,102,108,'7509972267','','CAROLINE','','','0000-00-00 00:00:00','system'),(2391,'0','Lapul H/C III',6,78,39,'756149876','','OJOK JOHN','','','0000-00-00 00:00:00','system'),(2392,'0','OMBIDRI ONDREA H/C III',6,7,11,'','','AFAYOA CHARLES','','','0000-00-00 00:00:00','system'),(2393,'0','Kitunga H/C II (Kabale)',5,30,33,'779211721','','Nahabwe Gloria','','','0000-00-00 00:00:00','system'),(2394,'0','Alnoor H/C II',5,87,96,'779818555','','ACIDRINGA HAKIM','','','0000-00-00 00:00:00','system'),(2395,'0','Rapha Medical Centre(Wakiso)',12,86,24,'0772853398','','Kizanda','','','2015-09-23 09:17:17','admin'),(2396,'','Aids Information Centre (Arua)',12,7,11,'0776248007','','Nyiiro Herbert','','Arua Regional Referal Hospital','2015-09-28 08:06:29','admin'),(2397,'','Outreach (URA)',12,35,41,'0753808181','','Raymon CPHL','Kampala','','2015-09-28 08:17:47','admin'),(2398,'','Abako Elim H/C II',5,102,108,'0778898887','','Omara Tonny','','','2015-09-28 10:04:58','admin'),(2399,'','Jaguzi H/C II',5,61,117,'0752980122','','Tiberimbwako Teddy','Mayuge','','2015-09-29 05:13:05','admin'),(2400,'','Alapata H/C II (Dokolo)',5,22,23,'0783415873','','Abalo Agnes','','','2015-09-29 09:19:25','admin'),(2401,'','Donna Carnevale Medical Centre',10,67,131,'0703650657','','Mubarak','','','2015-09-30 11:22:06','admin'),(2402,'','Outreach Makerere',12,35,41,'0753808181','','Raymon CPHL','','','2015-10-05 06:48:37','admin'),(2403,'','Mukwaya General Hospital',9,35,41,'0772902696','','Sr Wanyenze Rita','','','2015-10-06 12:00:37','admin'),(2404,'','Outreach Tororo',12,85,95,'0753808181','','Raymon CPHL','','','2015-10-12 09:57:11','admin'),(2406,'','CPHL',13,35,41,'','','Aeko Stephen','','','2015-10-15 13:15:27','admin'),(2407,'','Outreach Lugogo Grounds',12,35,41,'0774347122','','Steven CPHL','','','2015-10-27 04:54:13','admin'),(2408,'','Outreach Uganda Meseum',12,35,41,'0774347122','','Aeko Stephen','CPHL','','2015-11-03 07:23:35','admin'),(2409,'','Kalege H/C II',5,71,79,'0771889800','','Namatta Janet','','','2015-11-03 07:38:19','admin'),(2410,'','Dramba H/C II',5,87,96,'0784340895','','Acema Michael','yumbe','Yumbe HUB','2015-11-03 09:02:55','admin'),(2411,'','Busunju H/C III',6,64,73,'0784756534','','NABBOSA HELLEN','','','2015-11-11 10:39:10','admin'),(2412,'','St Balikuddembe H/C III',6,91,106,'0786228002','','Nabaweesi Sarah','','','2015-11-12 10:13:20','admin'),(2413,'','Akura II',5,102,108,'0772635911','','Ayoo Stella Grace','','','2015-11-16 11:57:33','admin'),(2414,'','Aids Information Center(Mbale)',10,62,70,'','','ACHOM','Mbale','','2015-11-18 12:22:17','admin'),(2415,'','Kagarama H/C II',5,30,33,'0773553369','','Musinguzi Agatha','','','2015-11-18 12:32:41','admin'),(2416,'','Kampala Medical Chambers',10,35,41,'','','','Kampala','','2015-11-19 09:27:11','admin'),(2417,'','Outreach Wakiso',12,86,41,'0774347122','','Steven CPHL','','','2015-11-24 12:38:15','admin'),(2418,'','Buziirasagama H/C II',5,31,25,'0756497019','','Tumusiime Lameka','','','2015-12-09 11:36:33','admin'),(2419,'','Outreach Parliament',12,35,41,'0774347122','','Aeko Stephen','','','2015-12-10 13:01:07','admin'),(2420,'','Kyadondo Medical Centre',12,35,41,'0701062885','','Akram','','','2015-12-10 13:06:14','admin'),(2421,'','Kirumba H/C II',5,59,68,'0787608422','','Nanyonga Mirembe Milly','','','2015-12-10 13:39:58','admin'),(2422,'','Charis H/C III',6,54,61,'0777113777,772738880','','Ongom Bonny/Owera Tonny','','','2015-12-14 14:26:54','admin'),(2423,'','Kibengo H/C III (Luweero)',6,55,63,'','','','','','2015-12-29 09:59:09','admin'),(2424,'','Holy Innocents H/C III (Bukedea)',6,12,13,'0786947000','','Eworo Julius','','Atutur Hub ','2016-01-04 11:45:09','admin'),(2425,'','Military Police H/C III (Makindye)',6,35,41,'0777394045','','Harriet N','Makindye','','2016-01-06 08:29:05','admin'),(2426,'','St Charles Kabuwoko H/C III',6,80,83,'0759955030','','Marie','','','2016-01-14 10:25:16','admin'),(2427,'','Case Hospital',9,35,41,'0772033552','','NINGO GEOFFREY','KAMPALA','','2016-01-15 12:01:59','admin'),(2428,'','Buyaga H/C III',6,94,44,'0752614638','','Miram Mutonyi','Bulambuli','','2016-01-18 14:30:33','admin'),(2429,'','Kalungi H/C III (Kalungu)',6,90,100,'0785012625','','Andrew','','','2016-01-27 10:22:00','admin'),(2430,'','Ogom H/C III',6,78,107,'0775077735','','BUA DAVID','','','2016-01-28 16:44:51','admin'),(2431,'','Henrob Medical Centre',10,86,41,'0776239291','','Namuwanga Hellen','','','2016-02-01 16:53:10','admin'),(2433,'','Nsale H/C II',5,26,29,'0755751157','','Isabirye Mawazi','','','2016-02-02 08:55:26','admin'),(2434,'','Outreach Ndeeba',12,35,41,'0774347122','','Aeko Stephen','','','2016-02-03 07:28:16','admin'),(2435,'','Kasobi H/C III',6,11,48,'0777822688','','Namusisi Ritah','','','2016-02-03 10:38:54','admin'),(2436,'','Oluko Solidale H/C III',6,7,11,'','','','','','2016-03-07 14:56:08','admin'),(2437,'','St Assumpta H/C III',6,7,11,'','','','','','2016-03-09 11:48:15','admin'),(2438,'','Benedict Medical Centre',10,35,41,'0788336378','','Owere Gerald','','','2016-03-10 13:58:14','admin'),(2439,'','Kigasa H/C II',5,90,100,'0776111333','','Nalwadda Jane','','','2016-03-10 14:02:50','admin'),(2440,'','Family Care Hospital',9,86,116,'0786514531','','Nyamgoma Gladys','','','2016-03-18 11:22:52','admin'),(2442,'','Angagura H/C III',6,78,107,'0777368930','','KOMAKECH MOSES','','','2016-03-29 10:14:00','admin'),(2443,'','Migamba H/C II',5,51,58,'0789877177','','Jackline Nuwahereza','','','2016-03-31 11:14:12','admin'),(2444,'','Patika H/C II',5,53,65,'0782532787','','Arach Alice Nyeko','','','2016-04-01 13:23:29','admin'),(2445,'','Chandaria Medical Centre',10,35,41,'0773146462','','Lubangakene Israel','','','2016-04-04 12:43:23','admin'),(2446,'','Nagwere H/C III',6,79,82,'0776008574','','','','','2016-04-05 12:07:53','admin'),(2447,'','Nkabbani H/C III',6,37,101,'0789222206','','Twesiime Wyclife','','','2016-04-05 12:10:29','admin'),(2448,'','309 Brigade Kavera H/C III',6,40,52,'0775187626','','Herbert','','','2016-04-11 15:06:45','admin'),(2449,'','St Philips H/C II',5,23,102,'0775333316','','','','','2016-04-20 10:15:45','admin'),(2450,'','Emergency Operations Centre',12,35,41,'0753808181','','','','','2016-04-20 10:35:27','admin'),(2451,'','Aids Information Centre (Kampala)',12,35,41,'0776248007','','Herbert','','','2016-04-20 10:53:01','admin'),(2452,'','Karwensanga H/C II',5,63,71,'0775296080','','Byanyima F','','','2016-04-20 11:40:55','admin'),(2453,'','Rwenzori Medical Centre',12,37,101,'0773277846','','Ategeka Andrew','','','2016-04-25 14:04:50','admin'),(2454,'','Bushenyi H/C III',6,9,70,'0782787148','','Kalyetsi Rogers','','','2016-04-29 11:19:58','admin'),(2455,'','St Luke H/C II (Gulu)',5,118,102,'0785547921','','Goretty Nancy','','','2016-05-02 12:18:13','admin'),(2456,'','Bulwadda H/C II',5,89,121,'0755874093','','Nakaweesi Eunice','','','2016-05-06 12:49:52','admin'),(2457,'','Kabambiro H/C III',6,37,101,'','','','','','2016-05-09 13:03:32','admin'),(2458,'','Morulinga H/C II',5,105,74,'','','','','','2016-05-09 13:05:37','admin'),(2459,'','Abwoch H/C II',5,118,102,'0779755726','','Arach Filda','','','2016-05-11 10:28:26','admin'),(2460,'','Buwangwa H/C III',6,62,70,'','','Kabuya Salama','','','2016-05-13 12:31:33','admin'),(2461,'','Span Medicare Kisaasi',12,35,41,'0785200809','','Awino Mariam','','','2016-05-23 13:26:08','admin'),(2462,'','Kansambwe H/C II',5,69,132,'0774310376','','Bulyaba Esther','','','2016-05-23 13:34:43','admin'),(2463,'','Masira H/C III',6,94,44,'0703487426','','Seela Damali','','','2016-05-23 16:12:33','admin'),(2464,'','Rulongo H/C II',5,27,87,'0700349175','','Niwarinda Simon','','','2016-05-23 16:24:26','admin'),(2465,'','Outreach Mulago',12,35,41,'','','Raymon','','','2016-05-23 16:27:36','admin'),(2466,'','Otumbari H/C III',6,7,11,'0780710075','','Vincent','','','2016-05-23 16:31:09','admin'),(2467,'','Dream Centre Uganda',12,118,102,'0783742459','','Anena Vicky','','','2016-05-30 16:54:12','admin'),(2468,'','Apire H/C III',6,6,104,'0773577763','','Olung Tom','','','2016-05-31 13:34:21','admin'),(2469,'','Rwabarata H/C II',5,45,86,'0787978075','','MUHWEZI MOSES','','','2016-06-01 15:19:50','admin'),(2471,'','Pakinach H/C IV',7,74,78,'0772900764','','AMA MANANO IMMACULATE','','','2016-06-01 15:26:42','admin'),(2472,'','Shared Blessings H/C III',6,83,114,'0751544198','','','','','2016-06-02 11:51:44','admin'),(2473,'','St Kizito H/C III',6,55,63,'','','','','','2016-06-06 11:56:18','admin'),(2474,'','Mayanja Memorial Hospital',9,63,71,'0773944259','','Julian','','','2016-06-08 12:40:56','admin'),(2475,'','Kanziira H/C II',5,89,121,'0772452238','','Nabatanzi Harriet','','','2016-06-13 12:08:23','admin'),(2476,'','Rift Valley Medical Centre',10,35,41,'0772685456','','Dr. John Ariganyira','','','2016-06-13 13:21:19','admin'),(2477,'','Budwale H/C III',6,62,70,'0779733968','','Malinga Samuel','','','2016-06-13 13:59:05','admin'),(2478,'','Lulyango H/C II',5,106,10,'','','','','','2016-06-15 12:07:39','admin'),(2479,'','Bugoto H/C II',5,61,117,'0780561378','','','','','2016-06-17 10:50:16','admin'),(2480,'','Hassan Tourabi',3,86,116,'0759528258','justinokiring@gmail.com','','','','2016-06-17 14:45:02','admin'),(2481,'','Obim H/C',4,102,108,'','','','','','2016-06-20 11:32:18','admin'),(2482,'','Kyayi H/C III',6,89,121,'0751862494','','Nalwoga Ruth','','','2016-06-20 11:49:10','admin'),(2483,'','Rukoki H/C III',6,40,52,'','','','','','2016-06-22 15:50:30','admin'),(2484,'','Kamuli District Govt Hospital',9,36,42,'','','','','','2016-06-23 11:18:18','admin'),(2485,'','Outreach Bundibugyo',12,15,18,'','','Raymon','','','2016-06-23 11:19:00','admin'),(2486,'','Kiige H/C II',5,36,42,'','','','','','2016-06-23 12:38:53','admin'),(2487,'','Tegot H/CII',5,118,102,'0782841055','','Okee Betty','','','2016-06-27 11:34:24','admin'),(2488,'','Kabonero H/C III',6,122,25,'0783851005','','Tukwasiibwe C','','','2016-06-27 11:48:39','admin'),(2489,'','Mulago National Hospital-MUJHU CLINIC',11,35,41,'0702331403','','KYALIMPA MEDIUS','','','2016-06-28 12:15:32','admin'),(2491,'','St Mauritz H/C II',5,23,27,'0782848660','','Onyach George','','','2016-07-08 12:54:16','admin'),(2492,'','ST Marys H/C II Katoosa',5,52,60,'0772364806','','Sr. Jacinta','','','2016-07-14 11:34:27','admin'),(2493,'','Outreach Excell',12,55,63,'0774347122','','Aeko Stephen','','','2016-07-15 10:41:56','admin'),(2494,'','Mbaya H/C III',6,83,70,'','','Natega Derick','','','2016-07-21 14:07:03','admin'),(2495,'','Outreach Burambagira PS',3,15,18,'','','','','','2016-07-25 09:51:55','admin'),(2496,'','St Francis H/C III (Njeru-Buikwe)',6,11,48,'','','','','','2016-07-28 10:59:26','admin'),(2497,'','Kosiroi H/C II',5,65,74,'0783984922','','Lomongin S','','','2016-08-02 14:22:10','admin'),(2498,'','Orungo H/C III',6,4,8,'0775540409','','Ademere Mary Caroline','','','2016-08-05 08:52:29','admin'),(2499,'','Kyakuterekera H/C III (Kakumiro)',6,117,38,'0703648030','','Jekke Derrick','','','2016-08-15 14:27:07','admin'),(2500,'','Lira Military Barracks H/C III',6,54,61,'0772587248','','0772587248','','','2016-08-15 15:39:18','admin'),(2501,'','Nakiloro H/C II',5,65,74,'0774563939','','0774563939','','','2016-08-15 15:50:21','admin'),(2502,'','Bukasa H/C II (Mpigi)',5,67,131,'0773787356','','Namulindwa H','','','2016-08-22 15:34:59','admin'),(2503,'','Butambala outreach',12,88,26,'','','','','','2016-08-26 09:39:38','admin'),(2504,'','Ayira Health Services',12,54,61,'0773121133','','Otim Peter','','','2016-08-29 13:06:29','admin'),(2505,'','Mola Medical Centre',10,23,27,'0774000003','','Samuel Okee M','','','2016-08-29 13:38:07','admin'),(2506,'','Kiyagara H/C II',5,37,101,'0789225277/075437515','','Natukunda Meron','','','2016-08-29 14:22:34','admin'),(2508,'','Olivu H/C III',6,7,120,'078289037/0784646542','','OPIMA JOHN BOSCO','','','2016-08-31 14:26:03','admin'),(2509,'','Odoubu H/C III',6,7,120,'0782890357/078465427','','OPIMA JOHN BOSCO','','','2016-08-31 14:35:49','admin'),(2510,'','Imvepi H/C III',6,7,120,'0782890357/078465427','','OPIMA JOHN BOSCO','','','2016-08-31 14:38:10','admin'),(2511,'','Ntabuswa h/c iii',6,31,25,'0781085460','','Nalubona jane','','','2016-09-01 13:40:10','admin'),(2512,'','Bethany Women & Fertility Hospital',9,35,41,'0704964963','','David Zzimbe','','','2016-09-01 14:43:51','admin'),(2513,'','Kisojjo H/C II (Bukomansimbi)',5,93,93,'0774727679','','Nalujja Jesca','','','2016-09-06 08:24:51','admin'),(2514,'','Ocan Agenne H/C III',6,102,108,'0779472121','','Angoo Richard','','','2016-09-06 13:46:37','admin'),(2515,'','Ocokican H/C II',5,84,92,'0774303912/070432263','','Nakyanzi Christine','','','2016-09-22 13:21:23','admin'),(2516,'','Old Kampala Hospital',9,35,41,'0702780158','','DAVID','','','2016-09-29 13:53:56','admin'),(2517,'','Outreach Africana',12,35,41,'0753808181','','Raymond','','','2016-10-06 13:11:32','admin'),(2518,'0','Outreach Luuka',12,97,29,'','','','','','2016-10-10 16:10:16','admin'),(2519,'',' OutReach Kitwe Town School',3,75,30,'','','','','','2016-10-17 13:25:08','admin'),(2520,'',' Outreach Mother Care Primary School',3,75,30,'','','','','','2016-10-17 13:30:51','admin'),(2521,'','Maranatha H/C II',5,31,25,'0774512264','','Joshua','','','2016-10-18 09:20:30','admin'),(2522,'','Gulu Police H/C III',6,23,27,'0784822899','','Akello Scovia','','','2016-10-31 16:12:10','admin'),(2523,'','St Monica H/C II (Gulu)',5,23,27,'','','Nowel','','','2016-11-01 13:43:58','admin'),(2524,'','Kasenyi ART Site',3,86,24,'0757853398','','Kiganda','','','2016-11-03 09:40:00','admin'),(2525,'','Buyanja H/C II (Bushenyi)',5,16,19,'0705764855','','Kemirembe Eustance','','','2016-11-18 15:38:29','admin'),(2526,'','Ministry of Defence Clinic(Mbuya)',3,35,41,'0774127036','','Emor Benjamin','','','2016-11-24 14:55:52','admin'),(2527,'','Bunagami H/C III',6,83,114,'0777269814','','KIDIYA MARTIN','','','2016-11-25 17:21:12','admin'),(2528,'','Namengo H/C III',6,8,70,'0774514129','','Kakai Judith','','','2016-11-30 12:42:51','admin'),(2529,'','Ddamba H/C III',5,69,132,'0776158783','','Bagudde A','','','2016-12-02 12:14:26','admin'),(2530,'','Kwayiy H/C III',6,96,44,'0773772624','','Betty','','','2016-12-02 16:20:49','admin'),(2531,'','St Catherine Hospital',9,35,41,'0775113105','','Augustine','','','2016-12-12 13:53:03','admin'),(2532,'','Bregma Medical Centre',10,47,56,'0771623076','','Amon Gloria','','','2016-12-12 16:18:56','admin'),(2533,'0','Ojom H/C II',5,84,92,'0782169971','','BILLY OUYEKE','','','2016-12-20 10:36:52','admin'),(2534,'','Rushasha H/C III',6,27,87,'0782798813','','SETH AMPURIRA','','','2017-01-06 14:50:07','admin'),(2535,'','Nyumanzi H/C II',5,2,6,'0778829990','','Awuku John','','','2017-01-09 15:05:47','admin'),(2536,'','Buyiga H/C III',6,67,131,'0771662935/075875405','','MULINDWA PONSIANO','','','2017-01-11 14:54:46','admin'),(2537,'','Latoro H/C II (Nwoya)',5,106,10,'0754362696','','','','','2017-01-17 14:14:30','admin'),(2538,'','Kitante Medical Centre',3,35,41,'0701388333','','Emmanuel','','','2017-01-18 15:24:13','admin'),(2539,'','Nabutongwa H/C II',5,90,68,'0783243677','','Mukankudiye Sarah','','','2017-01-20 12:13:30','admin'),(2540,'','Elema H/C II',5,2,6,'0777911094','','MADILE PATRICK','','','2017-01-24 13:56:21','admin'),(2541,'','Galilee Hospital',9,35,41,'0772056613','','HANIFAH NANOZI','','','2017-01-25 15:11:40','admin'),(2542,'','Kisagazi H/C II',5,51,58,'0789286939','','KYAMPAIRE PROVIA','','','2017-01-30 16:23:44','admin'),(2543,'','St Richard Medicare Centre',10,79,82,'0782474238','','OPOLOT RICHARD','','','2017-02-07 09:09:24','admin'),(2544,'','Ahmadiyya H/C III',6,62,70,'0756566250','','Nsadha Matia','','','2017-02-07 15:21:12','admin'),(2545,'','Aids Information Center(Jinja)',12,28,31,'07540765330','','Nkoba Vianne','','','2017-02-14 09:42:52','admin'),(2546,'','Nalufenya Children\'s Hospital',9,28,31,'0772996164','','Dr.Opoka','','','2017-02-14 10:43:27','admin'),(2547,'','Crane Health Services',3,86,116,'0773248172','','Faizal Kashiling','','','2017-02-14 11:44:21','admin'),(2548,'','Charisma Medical Health Services',3,86,41,'0753017110','','Fred Wakoli','','','2017-02-23 12:30:03','admin'),(2549,'','Ogonyo H/C III',6,78,107,'0779272894','','OBWONA JOSEPH','','','2017-02-27 17:26:05','admin'),(2550,'','Butemba H/C III(Kiruhura)',6,45,86,'0778930856','','Asabar','','','2017-03-03 10:45:49','admin'),(2551,'','Santa Maria Medicare',6,64,73,'0774420721','','Nankya Milly','','','2017-03-09 13:51:24','admin'),(2552,'','Opeta H/C III (Kole)',6,104,4,'0782479672','','Aceng Anna Grace','','','2017-03-13 16:52:13','admin'),(2553,'','Kairos H/C IV',7,69,132,'0781595556','','Aketch Temy','','','2017-03-14 10:58:56','admin'),(2554,'','Butoloogo H/C II (C/o Madudu H/C III)',5,68,46,'0702583443','','Nambassa Joan','','','2017-03-15 09:44:37','admin'),(2555,'','Mbarara Police H/C III',6,63,71,'0789276600','mbarara@example.com','AKATWIJUKA ABEL','','','2017-03-27 17:54:23','admin'),(2556,'','Kalagala H/C II(Buikwe)',5,11,48,'+256700000000','kalagala@example.com','','','','2017-04-03 14:38:39','admin'),(2557,'','Kabyuma H/C II',5,68,76,'0783081566','','Nakimbugwe Harriet','','','2017-04-10 16:25:13','admin'),(2558,'','St Joseph\'s Hospital Wakiso',9,86,116,'0779835001','','WAMBOI MILKA','WAKISO','','2017-04-18 14:19:14','admin'),(2559,'','Bumalenge H/C II',5,98,21,'0777802115','','NABWIRE CHRISTINE','','','2017-04-18 16:55:37','admin'),(2560,'',' Arabaka H/C II',5,84,92,'0777575015','','ATYANGA REBECCA','','','2017-04-21 13:46:49','admin'),(2561,'','Kako H/CIII',6,59,68,'0700169307','','Mukasa John','','','2017-04-25 13:41:29','admin'),(2562,'','Cherish H/C III',6,86,24,'0777800682','','AUMA DORCAS','','','2017-05-02 14:20:10','admin'),(2563,'','Buliisa  General Hospital',9,14,16,'0788396527','','Mpairwe Anna','','','2017-05-05 12:33:58','admin'),(2564,'','Nakapelimen H/C II',5,65,74,'0782841738','','SR.AMODING SOLOME','','','2017-05-08 16:44:52','admin'),(2565,'','Anyangatir H/C III',6,54,61,'0773726131','','AYER FRANCISCA','','','2017-05-15 16:18:28','admin'),(2566,'','Busabala Road Nursing Home',3,86,41,'0753420900','','Othieno Daniel','','','2017-05-24 11:57:28','admin'),(2567,'','Ayilo H/C III',6,2,6,'0779772846','','Ayiga Zachary','','','2017-05-31 13:16:50','admin'),(2568,'','Muhanga COU H/CII',5,121,33,'0783730735','','MIGISHA ERASMUS','','','2017-05-31 13:53:51','admin'),(2569,'','Kashaka H/C II',5,113,84,'0784837010/070268749','','Tadeo Baluku','','','2017-06-16 13:06:48','admin'),(2570,'','Mukondo H/C II',5,51,58,'0775509397','','Kisembo Peter','','','2017-06-20 09:24:23','admin'),(2571,'','Kabalega Medical Centre',10,24,28,'0752875113','','Sayveru','','','2017-06-20 09:30:41','admin'),(2572,'','Buhugu H/C III',6,83,114,'0704523899','','Benard','','','2017-06-20 09:46:50','admin'),(2573,'','Ofua MSF H/C III',6,7,120,'0779168464','','Tiko Evelyn Obiga','','','2017-06-23 12:57:09','admin'),(2574,'','Outreach Kamuli Hospital',9,36,42,'','','','','','2017-06-23 14:56:44','admin'),(2575,'','Zombo H/C III',6,108,119,'0782107565','','Ronald R','','','2017-06-28 14:34:16','admin'),(2576,'','Mabale(Kyenjojo) H/C II',5,52,60,'0701120707','','Kaahwa Roseline','','','2017-07-05 12:09:07','admin'),(2577,'','Rutooma H/C II',5,30,33,'0772449411','','Kyomuhendo Annah','','','2017-07-10 11:23:17','admin'),(2578,'','Sebigoro H/C III',6,24,28,'0789885210','hoima@example.com','KYAKUHAIRE MARGRET','','','2017-07-10 15:53:06','admin'),(2579,'','Lyakajula H/C II (Lyantode)',5,56,64,'0705141248','','John Kaddu','','','2017-07-12 11:17:27','admin'),(2580,'','Tonya H/C II',5,24,28,'0785459344','','Tugume Viola','','','2017-07-12 11:20:02','admin'),(2581,'','Panyadoli Hills H/C II',5,110,53,'0781976997','','Mbabazi Juliet','','','2017-07-12 14:17:53','admin'),(2582,'','Nama Wellness Centre',8,69,132,'0774425734','','SEMUGABI DAVID','','','2017-07-19 15:55:48','admin'),(2583,'0','Kigangazi H/C II',5,93,100,'0757559667','','Kyenenya Frank','','','2017-07-21 13:53:09','admin'),(2584,'','Ogonyo H/C III',6,78,107,'0777369270','','Opira Margaret','','','2017-07-21 16:53:56','admin'),(2585,'','Latanya H/C III',6,78,107,'0773535429','','OKELLO GODFREY/OKIDI RAY ONGOM','','','2017-07-24 16:47:33','admin'),(2586,'','Rukungiri Police H/C III',6,81,81,'0753011925','','MONGUSHO BENJAMIN','','','2017-07-24 16:49:09','admin'),(2587,'','Adagmon H/C II',5,22,23,'0777112377','','ECECH EDWARD','','','2017-07-24 17:40:27','admin'),(2588,'','All Saints Buchanagandi H/C III',6,95,82,'0788196411/070491699','','SWAMA DENIS','','','2017-07-24 17:43:40','admin'),(2589,'','Ewanga H/C III',6,7,11,'0774738058','','Amalia','','','2017-08-10 09:17:56','admin'),(2590,'','Bugolobi Medical Centre',10,35,41,'0781489413','','HERBERT WAMONO','','','2017-08-18 13:04:49','admin'),(2591,'','Nkokongeru H/C II (Buikwe)',5,11,48,'0782872284','','NAMBALIRWA T DAISY','','','2017-08-22 10:27:29','admin'),(2592,'','Omodoi H/C II',5,41,47,'0777383783','','NAMUTABA MARY GORRET','','','2017-08-24 11:31:38','admin'),(2594,'','Kangulumira Intergrated',8,42,49,'','','','','','2017-08-24 18:35:25','admin'),(2595,'','Magamaga Army H/C III (Mayuge)',6,61,117,'0784232461','','ELUNGAT SIMON PETER','','','2017-08-29 09:28:09','admin'),(2596,'','Uganda Martyrs\' Hospital (Mbalala)',9,69,132,'0704423729','','Kasagga Ismael','','','2017-08-30 13:14:33','admin'),(2597,'','Bukatube H/C II',5,61,117,'0751622325/077462232','','NDAGIRE TEDDY','','','2017-09-25 14:40:13','admin'),(2598,'','Kabasa Memorial Hospital',9,18,20,'0757101200','','Levy','','','2017-09-25 15:18:20','admin'),(2599,'','Igombe H/C III',6,26,29,'0785340315','','KYAKUWAIRE MARIYA','','','2017-09-26 10:03:55','admin'),(2600,'','Bazadde Clinic',3,35,41,'0702085405','','NATUKUNDA CAROLINE','','','2017-10-04 14:27:41','admin'),(2601,'','Good Hope Medical Centre',10,55,63,'0789084362','','Bonny Joshua','','','2017-10-11 13:04:26','admin'),(2602,'','Pakor H/C II',5,101,39,'0785411220','','KITENYA SUM','','','2017-10-16 12:49:43','admin'),(2603,'','Gombe H/C II',5,86,116,'0755849180','','Sherinah','','','2017-10-19 15:35:27','admin'),(2604,'','Mbaliga H/C II',5,69,132,'0757773751','','Roy','','','2017-10-19 15:36:32','admin'),(2605,'','Mpogo H/C II',5,64,73,'0703600739','','rOGERS','','','2017-10-19 15:44:37','admin'),(2606,'','Mpongo H/C II',5,64,73,'0703600739','','Rogers','','','2017-10-20 10:17:12','admin'),(2607,'','Abunga H/C II',5,54,61,'0775896612','','','','','2017-10-20 10:18:40','admin'),(2608,'','Kateete H/C II',5,69,132,'0704514999','','Rita','','','2017-10-20 10:21:14','admin'),(2609,'','Inuula H/C II',5,97,42,'0704466970','','LAIRA MPOYENDA','','','2017-10-24 08:55:13','admin'),(2610,'','Atipe H/C II',5,77,4,'0788105588','','AWIO DENISH','','','2017-10-24 08:57:45','admin'),(2611,'','Busaale H/C II',5,42,49,'0782939279','','NAKAZZI CLAIRE','','','2017-10-24 08:59:17','admin'),(2612,'','Katwe Martyrs Clinic',3,35,41,'0757762928','','NAMAGERO PHIONAH','','','2017-10-24 09:02:31','admin'),(2613,'','Kagorogoro H/C II',5,52,60,'0784072156','','MAATE DOREEN','','','2017-10-24 09:04:34','admin'),(2614,'','Kayonza H/C II (Rakai)',5,80,83,'0785638370','','GODFREY','','','2017-10-24 09:14:30','admin'),(2615,'','Muzinda Katereke H/C II',5,86,116,'0752099522','','NAJJEMBA OLIVER','','','2017-10-24 09:16:43','admin'),(2616,'','Butove H/C II',5,8,70,'0778318813','','Nafuna Fatuma','','','2017-10-24 11:03:50','admin'),(2617,'','Namaitsu H/C II',5,9,133,'0789387851','','Nabifo Rebecca','','','2017-10-24 11:07:47','admin'),(2618,'','Kasolwe H/C II',5,36,42,'0752681185','','MUSOWANIRE VERONICA','','','2017-10-25 14:05:37','admin'),(2619,'','Kibuye H/C II',5,36,42,'0778460895','','GUSONGOIRYE JANAN','','','2017-10-25 14:07:01','admin'),(2620,'','Ngandho H/C II',5,20,51,'0753710333','','NABUZI MOSES','','','2017-10-25 14:15:33','admin'),(2621,'','Bugeywa H/C II',5,36,42,'0704639559/078294156','','NANGOBI AGNES','','','2017-10-25 14:19:17','admin'),(2622,'','Namungo H/C II',5,64,73,'07888019454','','Resty','','','2017-10-26 14:12:53','admin'),(2623,'','Kashekye H/C II',5,121,33,'0784743823','','Kyomugisha','','','2017-10-26 14:14:17','admin'),(2624,'','Naluvule Medical Centre',10,86,116,'0788711716','','NANNYONJO EDITH','','','2017-10-26 19:44:19','admin'),(2625,'','Kansambya H/C II',5,68,76,'0782393285','','NANJU MARY','','','2017-10-26 19:46:07','admin'),(2626,'','Mitete H/C II',5,82,93,'0752440141','','NAMYALO ANNETTE','','','2017-10-26 19:47:07','admin'),(2627,'','Kagamba H/C II',5,80,83,'0759112010','','IRENE NAKYANZI','','','2017-10-26 20:02:40','admin'),(2628,'','Kagoggo H/C II',5,93,93,'0751407485','','NAMBUUSI BETTY','','','2017-10-26 20:06:27','admin'),(2629,'','St Aloysious Ngobya Dom.Clinic',3,92,115,'0778927890','','TIMOTHY MATOVU','','','2017-10-27 15:52:59','admin'),(2630,'','Nakitembe H/C II',5,91,106,'0750821865','','LUHERE GERALD','','','2017-10-30 12:44:31','admin'),(2631,'','Kyengando H/C II',5,45,86,'0774388697','','Byakusiima Smith','','','2017-10-30 14:44:18','admin'),(2632,'','Kanyatsi H/C II',5,40,37,'0778001666','','ATHOLEVE FAITH','','','2017-10-31 09:10:48','admin'),(2633,'','Kisansala H/C II',5,92,115,'07021621782','','NAKATEREGGA RUTH JOHN','','','2017-10-31 09:11:51','admin'),(2634,'','Kenkebu H/C II',5,95,82,'0782961843','','Amoit Miriam','','','2017-10-31 09:38:35','admin'),(2636,'','Masya H/C II',5,81,81,'0782711975','','Turyomurugyendo Shine','','','2017-11-01 09:08:48','admin'),(2637,'','Ayago H/C II (Apac)',5,6,104,'0787566070','','Cila Edward','','','2017-11-02 14:20:47','admin'),(2638,'','Atura H/C II',5,77,4,'0773190439','','Ekwang Edwin','','','2017-11-02 14:25:06','admin'),(2639,'','Kanyumu H/C II (Pallisa)',5,79,82,'0781518298','','AKOROMIT BETTY','','','2017-11-03 12:14:56','admin'),(2640,'','Parabongo H/C II',5,5,12,'0779941128','','Sanyu Peace','','','2017-11-06 16:58:24','admin'),(2641,'','Okinga H/C II',5,78,107,'0785454720','','Olana Jackline','','','2017-11-06 17:00:35','admin'),(2642,'','Busuyi H/C II',5,61,117,'0775386421','','Dorothy','','','2017-11-07 12:23:01','admin'),(2643,'','Kamusala H/C II',5,100,90,'0787780700','','Akaso Naume','','','2017-11-07 12:25:03','admin'),(2644,'','Atyenda H/C II',5,108,119,'0771812564','','','','','2017-11-07 12:27:14','admin'),(2645,'','Bugiri H/C II (Kanungu)',5,38,43,'0775948501','','Natumanya Gift','','','2017-11-09 12:23:53','admin'),(2646,'','Alere H/C II',5,4,8,'0779707236','','AEMO LYDIA','','','2017-11-09 16:20:14','admin'),(2647,'','Kanseera H/C II',5,68,76,'0702100117','','Naluyiga Hanifah','','','2017-11-14 10:06:18','admin'),(2648,'','Bweyongedde H/C II',5,68,46,'0784604723','','Nanono Ritah','','','2017-11-14 10:09:45','admin'),(2649,'','Dr Panagiotis H/C III',6,55,63,'0782614599','','Namwera Rosette','','','2017-11-14 10:46:29','admin'),(2650,'','Tuku H/C II',5,7,120,'0775802961','','Oyoku Mathew','','','2017-11-14 14:43:08','admin'),(2651,'','Alop H/C II',5,101,39,'0788417719','','Abalo Agnes','','','2017-11-14 14:44:32','admin'),(2652,'','Mutushet H/C II',5,13,44,'0783378121/077142343','','CHEBIJIRA SHARON','','','2017-11-15 11:35:13','admin'),(2653,'','Wandago H/C II',5,20,51,'0756108732','','Makumbi Benard','','','2017-11-21 10:16:24','admin'),(2654,'','Lamiyo H/C II',5,101,39,'0771213757','','AMONGI J','','','2017-11-21 10:26:39','admin'),(2655,'','Bugambo H/C II',5,97,42,'0773253205/075271639','','BABIRYE SUSAN','','','2017-11-21 10:38:16','admin'),(2656,'','Kihembo SDA H/C II',5,31,25,'0772046228','','KAHYANA MAURICE','','','2017-11-21 10:47:56','admin'),(2657,'','Nakaseeta H/C II (Mityana)',5,64,73,'0704406147','','Namawejje Catherine','','','2017-11-21 11:33:28','admin'),(2658,'','Rwene H/C II',5,30,33,'0759656121','','Tumusiime Orivious','','','2017-11-23 09:46:21','admin'),(2659,'','Kibinga H/C II',5,97,42,'0781992203','','KIPAALU JULIET','','','2017-11-23 10:47:02','admin'),(2660,'','Kiwalazi H/C II',5,97,29,'0781992203','','KIPAALU JULIET','','','2017-11-23 11:31:18','admin'),(2661,'','Pamya H/C III',6,74,78,'','','Florence O','','','2017-11-27 14:49:48','admin'),(2662,'','Guruguru H/C II',5,5,12,'0789321251','','Aromorach Kevin','','','2017-11-28 10:04:55','admin'),(2663,'','Osia H/C II',5,85,95,'0785007861','','ECHOGEYA SHAMA JOY','','','2017-11-28 10:50:14','admin'),(2664,'','Rurama H/C II',5,111,55,'078545972','','Sangando(to provide contact for lab person)','','','2017-11-29 15:26:53','admin'),(2665,'','Masaka Armoured Brigade H/C III (A/BDE)',6,59,68,'0772339118','','Capt. CM MUGASA','','','2017-12-04 10:07:20','admin'),(2666,'','Pope John\'s Hospital',9,77,4,'0779758912','','OPIO JOHN BAPTIST','','','2017-12-04 10:09:49','admin'),(2667,'','Ambelechu H/C II',5,87,96,'0779478927','','Dan Aamale','','','2017-12-05 11:03:15','admin'),(2668,'','Uganda Sickle cell Rescue Foundation',12,35,41,'0755101310','','Nagawa Tracy','','','2017-12-05 11:26:52','admin'),(2669,'','Najirae H/C II',5,70,94,'0775950177','','Aloysius','','','2017-12-07 12:03:10','admin'),(2671,'','Kikamba H/C II',5,109,19,'0774218712','','Katusiime Rovinah','','','2017-12-07 15:21:58','admin'),(2672,'','Rupa H/C II',5,65,74,'0777410345','','Lomongin P','','','2017-12-07 16:21:20','admin'),(2673,'','Apuce H/C II',5,54,61,'0777363380','','Odongo Peter','','','2017-12-11 13:21:41','admin'),(2674,'','Ngeribalya H/C II',5,89,121,'0778728017','','Gloria','','','2017-12-11 13:26:12','admin'),(2675,'','Kiwumu outreach',12,69,132,'0752822247','','Florence','','','2017-12-14 13:26:45','admin'),(2676,'','Aoet H/C III',6,28,31,'0773572748','','Nakamume Josephine','','','2017-12-14 13:52:44','admin'),(2677,'','Pagirinya H/C III',6,2,6,'0785292584','','0785292584','','','2017-12-18 16:40:44','admin'),(2678,'','Lwebabule H/CIII',6,82,93,'0702966204','','MUDDATH THIR M','','','2017-12-20 16:47:25','admin'),(2679,'','Ngomba H/C II',5,45,86,'0779804016','','BOONABANA FLORENCE','','','2017-12-28 15:26:05','admin'),(2680,'','Ariba H/C II',5,77,4,'0775348843','','ACAN SUZAN','','','2018-01-02 14:06:40','admin'),(2681,'','Ayiri H/C III',6,2,6,'077186993','','MAWADRI ROBERT','','','2018-01-06 16:56:19','admin'),(2682,'','St Francis H/C II-Akia',5,54,61,'0775767148','','OKELLO JAMES','','','2018-01-08 08:04:02','admin'),(2683,'','Adwir H/C II',5,102,108,'','','','','','2018-01-08 08:15:46','admin'),(2684,'','Mugiti H/C III',6,8,70,'0782514516','','Muzaki Constance','','','2018-01-17 14:06:30','admin'),(2685,'','Kabigi Muslim H/C II',5,93,93,'0703331772','','Matovu Wahabu','','','2018-01-22 15:24:02','admin'),(2686,'','Bugona H/C II',5,80,83,'0789787401','','MUWONGE C','','','2018-01-22 18:04:58','admin'),(2687,'','Hamukungu H/C II',5,40,37,'0775196818','','Jockus','','','2018-01-23 11:49:23','admin'),(2688,'','Omarari H/C II',5,102,108,'0777779399','','Agot Caroline','','','2018-01-29 13:13:32','admin'),(2689,'','Angetta H/C II',5,102,108,'0773334805','','Omara Emmy','','','2018-01-29 14:03:22','admin'),(2690,'','Kasozo H/C II',5,86,116,'0774647879','','NANYOZI JUSTINE','','','2018-02-02 09:48:50','admin'),(2691,'','Murisa Nursing Home',8,35,41,'0705373402','','IRERA ISAAC','','','2018-02-06 12:25:25','admin'),(2692,'','Mukisa Nursing Home',12,35,41,'0705373402','','IRERA ISAAC','','','2018-02-07 10:55:46','admin'),(2693,'','Nakasero Hospital',9,35,41,'0774596061','','FLORENCE','','','2018-02-14 12:14:22','admin'),(2694,'','Uriama H/C II',5,7,120,'0788209047','','ODHIAMBO DICKENS','','','2018-02-19 11:25:19','admin'),(2695,'','Lukwir H/C II',5,118,102,'0787405402','','Theresa','','','2018-03-05 12:26:04','admin'),(2696,'','Makoole',5,82,93,'0775621498','','Musoke Mayi','','','2018-03-05 12:29:52','admin'),(2697,'','IRC H/C II ZONE V',5,53,102,'0782158410','','Ronald O','','','2018-03-05 12:35:45','admin'),(2698,'','Awei H/C II',5,102,108,'0780964143','','LOGIEL REBECCA','','','2018-03-07 13:09:44','admin'),(2699,'','Buyamba H/C III (Rakai)',6,80,83,'0775568796','','NAIRUBA JUDITH','','','2018-03-13 11:38:48','admin'),(2700,'','Le Memorial Medical Sevices',10,86,116,'0705354896','','','','','2018-03-29 14:48:28','admin'),(2701,'','Rwetango H/C II',5,27,87,'0784091611','','ATUHAIRE BLESSING','','','2018-04-05 12:31:39','admin'),(2702,'','Yangani H/C III',6,87,96,'0786597878','','Angudeyo Jennifer','','','2018-04-11 08:30:29','admin'),(2703,'','Oteno H/C II',5,102,108,'0774579695','','Ekwal Christine','','','2018-04-14 17:26:12','admin'),(2704,'','Hoima Police H/C III',6,24,28,'0774853633','','Wacha Mackdonald','','','2018-04-19 12:16:58','admin'),(2705,'','Christ The King Health Centre And Maternity',8,11,48,'0772869519','','Muzaale Julius Paul','','','2018-04-23 12:33:24','admin'),(2706,'','Kapkoros H/C II',5,13,44,'0782273959/075527395','','CHEROP ALFRED','','','2018-04-23 13:47:30','admin'),(2707,'','Triam Medical Centre',10,86,24,'0789552411','','Lydia','','','2018-04-27 13:57:36','admin'),(2708,'','SDA H/C III (Mbale)',6,62,70,'0786800905','example@example.com','KUZUBO PHILIPO','','','2018-04-27 17:15:33','admin'),(2709,'','St Thereza H/C II Kabogwe',5,71,79,'0786641527','example@example.com','','','','2018-04-28 01:36:44','admin'),(2710,'','Vine Medicare Clinic',3,35,41,'0704546693','','Maria','','','2018-05-04 09:38:52','admin'),(2711,'','Mother Angioletta H/C II',5,118,102,'0782980731','','OCAN GALDINO LABANYA','','','2018-05-09 10:00:32','admin'),(2712,'','Ikan Medical Centre',10,35,41,'0778722372','','MUBIDA VICENT','','','2018-05-11 11:55:56','admin'),(2713,'','Prime Care Medical Center',10,35,41,'0777996783','','Dr.Wamimbi David','','','2018-05-28 10:43:58','admin'),(2714,'','St Ann H/C III',6,41,47,'0788850008','','TITIN THAMALI','','','2018-05-30 11:28:37','admin'),(2715,'','Epi Centre H/C II (Mpigi)',5,67,131,'757895866','','','','','2018-06-05 14:20:22','admin'),(2716,'','Bidibidi H/C III',6,87,96,'0782224462','','ECONI ESTHER','','','2018-06-09 06:15:40','admin'),(2717,'','St Elizabeth Ntuusi H/C III (NGO)',6,82,93,'0773643176','','MWINE RICHARD','','','2018-06-11 14:27:03','admin'),(2718,'0','Kasawo Mission H/C II',5,69,132,'0781836393','','OKOT FRANCIS','','','2018-06-21 13:50:36','admin'),(2719,'','Masindi Police H/C II',5,60,69,'0776423929','','MUGULE YAVAN','','','2018-06-28 14:01:23','admin'),(2720,'','Alleluyah Maternity Joint Clinic',3,102,108,'0789666826','','OGWAL DENIS','','','2018-07-12 13:26:28','admin'),(2721,'','Adventist Medical Centre',10,35,41,'0779696707','','MUKIIBI NESTILI','','','2018-07-24 13:40:11','admin'),(2722,'','Kiziiko H/C II',5,88,26,'0753661160','','NALWANGA MARY','','','2018-07-25 16:44:46','admin'),(2724,'','Nyamirami H/C IV (Kasese)',7,40,52,'0774552460','','B.DIDAS','','','2018-07-30 16:08:57','admin'),(2725,'','Munathamat Health Centre',8,92,115,'0753346746','','NAHABWE SAMEX','','','2018-07-30 16:12:42','admin'),(2726,'','Mjap (STD/MARPI Clinic) Mulago',12,35,41,'0757519064','','MUTEBI FREDRICK','','','2018-07-30 16:43:42','admin'),(2727,'','Agule Community H/C III (NGO)',6,79,82,'','','','','','2018-07-31 12:46:25','admin'),(2728,'','St Luke H/C III Kkonge',6,67,131,'0757798762','','Ivan Njuba','','','2018-08-13 16:39:13','admin'),(2729,'','St Charles Medical Centre',10,68,76,'0777388897/070138257','','Atukunda Hilary','','','2018-08-14 10:40:07','admin'),(2730,'','Comboni Samaritans of Gulu H/C II',5,23,27,'0773685513','','Opira Fred','','','2018-08-14 10:42:12','admin'),(2731,'','Kyabakara H/C II',5,113,84,'0701915647/077461494','','Kansiime Julius','','','2018-08-15 15:00:49','admin');
