(2171,362,'15',10,'','Immaculate Orishaba',3,NULL,'2018-12-18 10:20:10','2019-01-03 11:55:19','anthkiyimba@gmail.com','6553','2',NULL,'orishabai@yahoo.com','Yeko Beliza','Ivan Kitone Odich',27,NULL,15,NULL,NULL),(2172,165,'8',1,'','Aidah Namakula',3,NULL,'2018-12-19 08:06:17','2018-12-19 08:23:30','lunyolosarah@gmail.com','3218','2',NULL,'naidarayaan@gmail.com','Yeko Beliza','Monica Nannyomo',82,NULL,1,NULL,NULL),(2173,140,'6',15,'','Iga Tadeo',3,NULL,'2018-12-20 06:25:41','2019-01-03 11:52:02','namaalwagloria@gmail.com','1519','8',NULL,'igatadeo@yahoo.com','Yeko Beliza','Monica Nannyomo',33,NULL,20,NULL,NULL),(2174,63,'6',10,'','Iga Tadeo',3,NULL,'2018-12-20 06:25:41','2019-01-03 11:53:11','namaalwagloria@gmail.com','1519','8',NULL,'igatadeo@yahoo.com','Yeko Beliza','Monica Nannyomo',33,NULL,20,NULL,NULL),(2175,64,'6',10,'','Iga Tadeo',3,NULL,'2018-12-20 06:25:41','2019-01-03 11:52:09','namaalwagloria@gmail.com','1519','8',NULL,'igatadeo@yahoo.com','Yeko Beliza','Monica Nannyomo',33,NULL,20,NULL,NULL),(2176,61,'6',15,'','Iga Tadeo',3,NULL,'2018-12-20 06:25:41','2019-01-03 11:52:17','namaalwagloria@gmail.com','1519','8',NULL,'igatadeo@yahoo.com','Yeko Beliza','Monica Nannyomo',33,NULL,20,NULL,NULL),(2177,352,'6',15,'','Iga Tadeo',3,NULL,'2018-12-20 06:25:41','2019-01-03 11:53:18','namaalwagloria@gmail.com','1519','7',NULL,'igatadeo@yahoo.com','Yeko Beliza','Monica Nannyomo',33,NULL,20,NULL,NULL),(2178,69,'6',10,'','Iga Tadeo',3,NULL,'2018-12-20 06:25:41','2019-01-03 11:54:05','namaalwagloria@gmail.com','1519','8',NULL,'igatadeo@yahoo.com','Yeko Beliza','Monica Nannyomo',33,NULL,20,NULL,NULL),(2179,74,'5',2,'Ramlah Kataraga','Admin',3,NULL,'2018-12-20 06:52:19','2019-01-03 11:15:56',NULL,'5419','9',NULL,'orishabai@yahoo.com','Yeko Beliza','Ivan Kitone Odich',81,NULL,5,NULL,NULL),(2180,48,'5',2,'Ramlah Kataraga','Immaculate Orishaba',3,NULL,'2018-12-20 06:52:19','2019-01-03 11:17:14',NULL,'5419','14',NULL,'orishabai@yahoo.com','Yeko Beliza','Ivan Kitone Odich',81,NULL,5,NULL,NULL),(2181,14,'5',40,'Ramlah Kataraga','Immaculate Orishaba',3,NULL,'2018-12-20 06:52:19','2019-01-03 11:17:43','ramkataraga27@gmail.com','5419','8',NULL,'orishabai@yahoo.com','Yeko Beliza','Ivan Kitone Odich',81,NULL,5,NULL,NULL),(2182,140,'5',20,'Ramlah Kataraga','Immaculate Orishaba',3,NULL,'2018-12-20 06:52:19','2019-01-03 11:17:52','ramkataraga27@gmail.com','5419','8',NULL,'orishabai@yahoo.com','Yeko Beliza','Ivan Kitone Odich',81,NULL,5,NULL,NULL),(2183,361,'5',2,'Ramlah Kataraga','Immaculate Orishaba',3,NULL,'2018-12-20 06:52:19','2019-01-03 11:48:01','ramkataraga27@gmail.com','5419','10',NULL,'orishabai@yahoo.com','Yeko Beliza','Ivan Kitone Odich',81,NULL,5,NULL,NULL),(2184,64,'5',20,'Ramlah Kataraga','Immaculate Orishaba',3,NULL,'2018-12-20 06:52:19','2019-01-03 11:48:27',NULL,'5419','8',NULL,'orishabai@yahoo.com','Yeko Beliza','Ivan Kitone Odich',81,NULL,5,NULL,NULL),(2185,76,'5',2,'Ramlah Kataraga','Immaculate Orishaba',3,NULL,'2018-12-20 06:52:19','2019-01-03 11:48:34','ramkataraga27@gmail.com','5419','11',NULL,'orishabai@yahoo.com','Yeko Beliza','Monica Nannyomo',81,NULL,5,NULL,NULL),(2186,63,'5',20,'Ramlah Kataraga','Immaculate Orishaba',3,NULL,'2018-12-20 06:52:19','2019-01-03 11:49:38',NULL,'5419','8',NULL,'orishabai@yahoo.com','Yeko Beliza','Monica Nannyomo',81,NULL,5,NULL,NULL),(2187,47,'5',4,'Ramlah Kataraga','Immaculate Orishaba',3,NULL,'2018-12-20 06:52:19','2019-01-03 11:50:37','ramkataraga27@gmail.com','5419','8',NULL,'orishabai@yahoo.com','Yeko Beliza','Monica Nannyomo',81,NULL,5,NULL,NULL),(2188,61,'5',20,'Ramlah Kataraga','Immaculate Orishaba',3,NULL,'2018-12-20 06:52:19','2019-01-03 11:50:45','ramkataraga27@gmail.com','5419','8',NULL,'orishabai@yahoo.com','Yeko Beliza','Monica Nannyomo',81,NULL,5,NULL,NULL),(2189,73,'5',15,'Ramlah Kataraga','Immaculate Orishaba',3,NULL,'2018-12-20 06:52:19','2019-01-03 11:51:09','ramkataraga27@gmail.com','5419','8',NULL,'orishabai@yahoo.com','Yeko Beliza','Monica Nannyomo',81,NULL,5,NULL,NULL),(2190,69,'5',25,'Ramlah Kataraga','Immaculate Orishaba',3,NULL,'2018-12-20 06:52:19','2019-01-03 11:51:55','ramkataraga27@gmail.com','5419','8',NULL,'orishabai@yahoo.com','Yeko Beliza','Monica Nannyomo',81,NULL,5,NULL,NULL),(2191,108,'0',80,'','Diana Kamusiime',3,NULL,'2018-12-20 12:21:22','2018-12-21 09:18:30','gerald.iradukunda@ug.knightfra','8219','9',NULL,'kamusiimediana@yahoo.com','Monica Nannyomo','Monica Nannyomo',55,NULL,19,NULL,NULL),(2192,55,'0',7,'','Diana Kamusiime',3,NULL,'2018-12-20 12:21:22','2019-01-03 11:15:03','gerald.iradukunda@ug.knightfra','8219','8',NULL,'kamusiimediana@yahoo.com','Yeko Beliza','Monica Nannyomo',55,NULL,19,NULL,NULL),(2193,116,'0',3,'','Diana Kamusiime',3,NULL,'2018-12-20 12:21:22','2019-01-03 11:15:24','gerald.iradukunda@ug.knightfra','8219','10',NULL,'kamusiimediana@yahoo.com','Yeko Beliza','Monica Nannyomo',55,NULL,19,NULL,NULL),(2194,322,'6',70,'',NULL,0,NULL,'2018-12-21 07:50:02','2018-12-21 07:50:02','igatadeo@yahoo.com','5515','7',NULL,'igatadeo@yahoo.com',NULL,NULL,20,NULL,20,NULL,NULL),(2195,22,'6',10,'',NULL,0,NULL,'2018-12-21 07:50:02','2018-12-21 07:50:02','igatadeo@yahoo.com','5515','8',NULL,'igatadeo@yahoo.com',NULL,NULL,20,NULL,20,NULL,NULL),(2196,20,'6',10,'',NULL,0,NULL,'2018-12-21 07:50:02','2018-12-21 07:50:02','igatadeo@yahoo.com','5515','8',NULL,'igatadeo@yahoo.com',NULL,NULL,20,NULL,20,NULL,NULL),(2197,21,'6',20,'',NULL,0,NULL,'2018-12-21 07:50:02','2018-12-21 07:50:02','igatadeo@yahoo.com','5515','8',NULL,'igatadeo@yahoo.com',NULL,NULL,20,NULL,20,NULL,NULL),(2198,24,'6',20,'',NULL,0,NULL,'2018-12-21 07:50:02','2018-12-21 07:50:02','igatadeo@yahoo.com','5515','7',NULL,'igatadeo@yahoo.com',NULL,NULL,20,NULL,20,NULL,NULL),(2199,25,'6',20,'',NULL,0,NULL,'2018-12-21 07:50:02','2018-12-21 07:50:02','igatadeo@yahoo.com','5515','8',NULL,'igatadeo@yahoo.com',NULL,NULL,20,NULL,20,NULL,NULL),(2200,19,'6',5,'',NULL,0,NULL,'2018-12-21 07:50:02','2018-12-21 07:50:02','igatadeo@yahoo.com','5515','8',NULL,'igatadeo@yahoo.com',NULL,NULL,20,NULL,20,NULL,NULL),(2201,316,'6',40,'',NULL,0,NULL,'2018-12-21 07:50:02','2018-12-21 07:50:02','igatadeo@yahoo.com','5515','8',NULL,'igatadeo@yahoo.com',NULL,NULL,20,NULL,20,NULL,NULL),(2202,14,'5',60,'',NULL,0,NULL,'2018-12-27 10:25:05','2018-12-27 10:25:05','leabnally@gmail.com','2471','8',NULL,'orishabai@yahoo.com',NULL,NULL,83,NULL,15,NULL,NULL),(2203,198,'7',1,'','Ritah Namusoosa',3,NULL,'2018-12-28 09:57:58','2019-01-03 11:14:07','bkanamwanji@gmail.com','6065','8',NULL,'namusoosaritah@gmail.com','Yeko Beliza','Monica Nannyomo',65,NULL,14,NULL,NULL),(2204,368,'7',1,'','Ritah Namusoosa',3,NULL,'2018-12-28 09:57:58','2019-01-03 11:14:48','bkanamwanji@gmail.com','6065','10',NULL,'namusoosaritah@gmail.com','Yeko Beliza','Monica Nannyomo',65,NULL,14,NULL,NULL),(2205,19,'6',10,'',NULL,0,NULL,'2019-01-02 07:31:57','2019-01-02 07:31:57','semwangaderrick@yahoo.com','3363','8',NULL,'igatadeo@yahoo.com',NULL,NULL,11,NULL,20,NULL,NULL),(2206,26,'6',10,'',NULL,0,NULL,'2019-01-02 07:31:57','2019-01-02 07:31:57','semwangaderrick@yahoo.com','3363','8',NULL,'igatadeo@yahoo.com',NULL,NULL,11,NULL,20,NULL,NULL),(2207,25,'6',30,'',NULL,0,NULL,'2019-01-02 07:31:57','2019-01-02 07:31:57','semwangaderrick@yahoo.com','3363','7',NULL,'igatadeo@yahoo.com',NULL,NULL,11,NULL,20,NULL,NULL),(2208,20,'6',10,'',NULL,0,NULL,'2019-01-02 07:31:57','2019-01-02 07:31:57','semwangaderrick@yahoo.com','3363','8',NULL,'igatadeo@yahoo.com',NULL,NULL,11,NULL,20,NULL,NULL),(2209,322,'6',200,'',NULL,0,NULL,'2019-01-02 07:31:57','2019-01-02 07:31:57','semwangaderrick@yahoo.com','3363','7',NULL,'igatadeo@yahoo.com',NULL,NULL,11,NULL,20,NULL,NULL),(2210,22,'6',25,'',NULL,0,NULL,'2019-01-02 07:31:57','2019-01-02 07:31:57','semwangaderrick@yahoo.com','3363','8',NULL,'igatadeo@yahoo.com',NULL,NULL,11,NULL,20,NULL,NULL),(2211,23,'6',10,'',NULL,0,NULL,'2019-01-02 07:31:57','2019-01-02 07:31:57','semwangaderrick@yahoo.com','3363','8',NULL,'igatadeo@yahoo.com',NULL,NULL,11,NULL,20,NULL,NULL),(2212,21,'6',25,'',NULL,0,NULL,'2019-01-02 07:31:57','2019-01-02 07:31:57','semwangaderrick@yahoo.com','3363','8',NULL,'igatadeo@yahoo.com',NULL,NULL,11,NULL,20,NULL,NULL),(2213,24,'6',10,'',NULL,0,NULL,'2019-01-02 07:31:58','2019-01-02 07:31:58','semwangaderrick@yahoo.com','3363','7',NULL,'igatadeo@yahoo.com',NULL,NULL,11,NULL,20,NULL,NULL),(2214,365,'6',1,'',NULL,0,NULL,'2019-01-02 07:31:58','2019-01-02 07:31:58','semwangaderrick@yahoo.com','3363','8',NULL,'igatadeo@yahoo.com',NULL,NULL,11,NULL,20,NULL,NULL),(2215,316,'6',10,'',NULL,0,NULL,'2019-01-02 07:31:58','2019-01-02 07:31:58','semwangaderrick@yahoo.com','3363','7',NULL,'igatadeo@yahoo.com',NULL,NULL,11,NULL,20,NULL,NULL),(2216,361,'6',10,'',NULL,0,NULL,'2019-01-02 07:31:58','2019-01-02 07:31:58','semwangaderrick@yahoo.com','3363','10',NULL,'igatadeo@yahoo.com',NULL,NULL,11,NULL,20,NULL,NULL),(2217,55,'6',10,'',NULL,0,NULL,'2019-01-02 07:31:58','2019-01-02 07:31:58','semwangaderrick@yahoo.com','3363','14',NULL,'igatadeo@yahoo.com',NULL,NULL,11,NULL,20,NULL,NULL),(2218,33,'6',30,'Semwanga Derrick','Samuel Mukuru',1,NULL,'2019-01-02 07:45:10','2019-01-07 13:30:00','semwangaderrick@yahoo.com','3260','7',NULL,'samuelmukuru5@gmail.com',NULL,NULL,11,NULL,20,NULL,NULL),(2219,32,'6',200,'',NULL,0,NULL,'2019-01-02 07:45:10','2019-01-02 07:45:10','semwangaderrick@yahoo.com','3260','7',NULL,'igatadeo@yahoo.com',NULL,NULL,11,NULL,20,NULL,NULL),(2220,35,'6',30,'',NULL,0,NULL,'2019-01-02 07:45:10','2019-01-02 07:45:10','semwangaderrick@yahoo.com','3260','7',NULL,'igatadeo@yahoo.com',NULL,NULL,11,NULL,20,NULL,NULL),(2221,40,'6',20,'',NULL,0,NULL,'2019-01-02 07:45:10','2019-01-02 07:45:10','semwangaderrick@yahoo.com','3260','8',NULL,'igatadeo@yahoo.com',NULL,NULL,11,NULL,20,NULL,NULL),(2222,39,'6',10,'',NULL,0,NULL,'2019-01-02 07:45:10','2019-01-02 07:45:10','semwangaderrick@yahoo.com','3260','8',NULL,'igatadeo@yahoo.com',NULL,NULL,11,NULL,20,NULL,NULL),(2223,37,'6',20,'',NULL,0,NULL,'2019-01-02 07:45:10','2019-01-02 07:45:10','semwangaderrick@yahoo.com','3260','8',NULL,'igatadeo@yahoo.com',NULL,NULL,11,NULL,20,NULL,NULL),(2224,43,'6',50,'',NULL,0,NULL,'2019-01-02 07:45:10','2019-01-02 07:45:10','semwangaderrick@yahoo.com','3260','8',NULL,'igatadeo@yahoo.com',NULL,NULL,11,NULL,20,NULL,NULL),(2225,44,'6',20,'',NULL,0,NULL,'2019-01-02 07:45:10','2019-01-02 07:45:10','semwangaderrick@yahoo.com','3260','8',NULL,'igatadeo@yahoo.com',NULL,NULL,11,NULL,20,NULL,NULL),(2226,29,'6',10,'',NULL,0,NULL,'2019-01-02 07:45:10','2019-01-02 07:45:10','semwangaderrick@yahoo.com','3260','10',NULL,'igatadeo@yahoo.com',NULL,NULL,11,NULL,20,NULL,NULL),(2227,76,'5',4,'','Ramlah Kataraga',3,NULL,'2019-01-02 09:51:42','2019-01-03 11:12:26','leabnally@gmail.com','6791','11',NULL,'ramkataraga27@gmail.com','Yeko Beliza','Monica Nannyomo',83,NULL,5,NULL,NULL),(2228,14,'5',30,'','Ramlah Kataraga',3,NULL,'2019-01-02 09:51:42','2019-01-03 11:13:06','leabnally@gmail.com','6791','8',NULL,'ramkataraga27@gmail.com','Yeko Beliza','Monica Nannyomo',83,NULL,5,NULL,NULL),(2229,54,'5',10,'Leah Baliluno Naluwaga','Ramlah Kataraga',3,NULL,'2019-01-02 09:51:42','2019-01-03 11:13:56','leabnally@gmail.com','6791','2',NULL,'ramkataraga27@gmail.com','Yeko Beliza','Monica Nannyomo',83,NULL,5,NULL,NULL),(2230,76,'5',4,'',NULL,0,NULL,'2019-01-02 10:04:03','2019-01-02 10:04:03','leabnally@gmail.com','1950','11',NULL,'hakram4@yahoo.com',NULL,NULL,83,NULL,5,NULL,NULL),(2231,54,'5',10,'',NULL,0,NULL,'2019-01-02 10:04:03','2019-01-02 10:04:03','leabnally@gmail.com','1950','2',NULL,'hakram4@yahoo.com',NULL,NULL,83,NULL,5,NULL,NULL),(2232,319,'5',30,'',NULL,0,NULL,'2019-01-02 10:04:03','2019-01-02 10:04:03','leabnally@gmail.com','1950','8',NULL,'hakram4@yahoo.com',NULL,NULL,83,NULL,5,NULL,NULL),(2233,34,'6',3,'Samuel Mukuru',NULL,0,'2019-01-02 11:27:00','2019-01-02 11:21:55','2019-01-02 11:27:00','samuelmukuru5@gmail.com','2848','14',NULL,'itadeo@yahoo.com',NULL,NULL,34,NULL,21,NULL,NULL),(2234,34,'6',3,'',NULL,0,NULL,'2019-01-02 11:26:20','2019-01-02 11:26:20','samuelmukuru5@gmail.com','1055','14',NULL,'hakram4@yahoo.com',NULL,NULL,34,NULL,18,NULL,NULL),(2235,40,'6',10,'',NULL,0,NULL,'2019-01-04 09:13:57','2019-01-04 09:13:57','nabunnyamercy@gmail.com','1879','14',NULL,'igatadeo@yahoo.com',NULL,NULL,72,NULL,21,NULL,NULL),(2236,32,'6',100,'',NULL,0,NULL,'2019-01-04 09:13:57','2019-01-04 09:13:57','nabunnyamercy@gmail.com','1879','7',NULL,'igatadeo@yahoo.com',NULL,NULL,72,NULL,21,NULL,NULL),(2237,33,'6',50,'',NULL,0,NULL,'2019-01-04 09:13:57','2019-01-04 09:13:57','nabunnyamercy@gmail.com','1879','7',NULL,'igatadeo@yahoo.com',NULL,NULL,72,NULL,21,NULL,NULL),(2238,66,'0',2,'','Diana Kamusiime',1,NULL,'2019-01-04 09:54:25','2019-01-04 09:59:43','muyindadanny@gmail.com','5640','14',NULL,'kamusiimediana@yahoo.com',NULL,NULL,46,NULL,4,NULL,NULL),(2239,111,'0',40,'','Diana Kamusiime',1,NULL,'2019-01-04 09:54:25','2019-01-04 09:59:45','muyindadanny@gmail.com','5640','5',NULL,'kamusiimediana@yahoo.com',NULL,NULL,46,NULL,4,NULL,NULL),(2240,110,'0',2,'','Diana Kamusiime',1,NULL,'2019-01-04 09:54:25','2019-01-04 09:59:50','muyindadanny@gmail.com','5640','2',NULL,'kamusiimediana@yahoo.com',NULL,NULL,46,NULL,4,NULL,NULL),(2241,108,'0',10,'','Diana Kamusiime',1,NULL,'2019-01-04 09:54:25','2019-01-04 10:00:19','muyindadanny@gmail.com','5640','9',NULL,'kamusiimediana@yahoo.com',NULL,NULL,46,NULL,4,NULL,NULL),(2242,302,'0',1,'','Diana Kamusiime',1,NULL,'2019-01-04 09:54:25','2019-01-04 10:00:43','muyindadanny@gmail.com','5640','10',NULL,'kamusiimediana@yahoo.com',NULL,NULL,46,NULL,4,NULL,NULL),(2243,181,'0',4,'','Diana Kamusiime',1,NULL,'2019-01-04 09:54:25','2019-01-04 10:00:47','muyindadanny@gmail.com','5640','2',NULL,'kamusiimediana@yahoo.com',NULL,NULL,46,NULL,4,NULL,NULL),(2244,115,'0',1,'','Diana Kamusiime',1,NULL,'2019-01-04 09:54:25','2019-01-04 10:00:48','muyindadanny@gmail.com','5640','2',NULL,'kamusiimediana@yahoo.com',NULL,NULL,46,NULL,4,NULL,NULL),(2245,20,'6',10,'',NULL,0,NULL,'2019-01-04 10:15:36','2019-01-04 10:15:36','semwangaderrick@yahoo.com','7781','8',NULL,'igatadeo@yahoo.com',NULL,NULL,11,NULL,21,NULL,NULL),(2246,21,'6',10,'',NULL,0,NULL,'2019-01-04 10:15:36','2019-01-04 10:15:36','semwangaderrick@yahoo.com','7781','8',NULL,'igatadeo@yahoo.com',NULL,NULL,11,NULL,21,NULL,NULL),(2247,77,'12',6,'','Nabunnya Mercy',1,NULL,'2019-01-07 08:18:44','2019-01-07 08:20:11','pkhainza@gmail.com','1656','1',NULL,'nabunnyamercy@gmail.com',NULL,NULL,73,NULL,13,NULL,NULL),(2248,311,'12',2,'','Nabunnya Mercy',1,NULL,'2019-01-07 08:18:44','2019-01-07 08:20:20','pkhainza@gmail.com','1656','8',NULL,'nabunnyamercy@gmail.com',NULL,NULL,73,NULL,13,NULL,NULL),(2249,182,'5',1,'',NULL,0,NULL,'2019-01-07 09:00:09','2019-01-07 09:00:09','leabnally@gmail.com','7033','8',NULL,'ramkataraga27@gmail.com',NULL,NULL,83,NULL,18,NULL,NULL),(2250,74,'5',1,'',NULL,0,NULL,'2019-01-07 09:00:09','2019-01-07 09:00:09','leabnally@gmail.com','7033','9',NULL,'ramkataraga27@gmail.com',NULL,NULL,83,NULL,18,NULL,NULL),(2251,14,'5',55,'',NULL,0,NULL,'2019-01-07 09:00:09','2019-01-07 09:00:09','leabnally@gmail.com','7033','8',NULL,'ramkataraga27@gmail.com',NULL,NULL,83,NULL,18,NULL,NULL),(2252,73,'5',15,'',NULL,0,NULL,'2019-01-07 09:00:09','2019-01-07 09:00:09','leabnally@gmail.com','7033','8',NULL,'ramkataraga27@gmail.com',NULL,NULL,83,NULL,18,NULL,NULL),(2253,361,'5',2,'',NULL,0,NULL,'2019-01-07 09:00:09','2019-01-07 09:00:09','leabnally@gmail.com','7033','10',NULL,'ramkataraga27@gmail.com',NULL,NULL,83,NULL,18,NULL,NULL),(2254,64,'5',10,'',NULL,0,NULL,'2019-01-07 09:00:09','2019-01-07 09:00:09','leabnally@gmail.com','7033','14',NULL,'ramkataraga27@gmail.com',NULL,NULL,83,NULL,18,NULL,NULL),(2255,149,'5',1,'',NULL,0,NULL,'2019-01-07 09:00:09','2019-01-07 09:00:09','leabnally@gmail.com','7033','8',NULL,'ramkataraga27@gmail.com',NULL,NULL,83,NULL,18,NULL,NULL),(2256,69,'5',30,'',NULL,0,NULL,'2019-01-07 09:00:09','2019-01-07 09:00:09','leabnally@gmail.com','7033','8',NULL,'ramkataraga27@gmail.com',NULL,NULL,83,NULL,18,NULL,NULL),(2257,47,'5',1,'',NULL,0,NULL,'2019-01-07 09:00:09','2019-01-07 09:00:09','leabnally@gmail.com','7033','8',NULL,'ramkataraga27@gmail.com',NULL,NULL,83,NULL,18,NULL,NULL),(2258,58,'6',50,'Semwanga Derrick','Samuel Mukuru',1,NULL,'2019-01-07 13:07:24','2019-01-07 13:29:52','semwangaderrick@yahoo.com','9861','8',NULL,'samuelmukuru5@gmail.com',NULL,NULL,11,NULL,21,NULL,NULL),(2259,74,'6',4,'Semwanga Derrick','Samuel Mukuru',1,NULL,'2019-01-07 13:07:24','2019-01-07 13:29:53','semwangaderrick@yahoo.com','9861','9',NULL,'samuelmukuru5@gmail.com',NULL,NULL,11,NULL,21,NULL,NULL),(2260,34,'6',4,'Semwanga Derrick','Samuel Mukuru',1,NULL,'2019-01-07 13:07:24','2019-01-07 13:29:53','semwangaderrick@yahoo.com','9861','14',NULL,'samuelmukuru5@gmail.com',NULL,NULL,11,NULL,21,NULL,NULL),(2261,39,'6',20,'Semwanga Derrick','Samuel Mukuru',1,NULL,'2019-01-07 13:07:24','2019-01-07 13:29:54','semwangaderrick@yahoo.com','9861','8',NULL,'samuelmukuru5@gmail.com',NULL,NULL,11,NULL,21,NULL,NULL),(2262,35,'6',40,'Semwanga Derrick','Samuel Mukuru',1,NULL,'2019-01-07 13:07:24','2019-01-07 13:29:55','semwangaderrick@yahoo.com','9861','8',NULL,'samuelmukuru5@gmail.com',NULL,NULL,11,NULL,21,NULL,NULL),(2263,350,'6',10,'Semwanga Derrick','Samuel Mukuru',1,NULL,'2019-01-07 13:07:24','2019-01-07 13:29:57','semwangaderrick@yahoo.com','9861','14',NULL,'samuelmukuru5@gmail.com',NULL,NULL,11,NULL,21,NULL,NULL),(2264,43,'6',40,'Semwanga Derrick','Samuel Mukuru',1,NULL,'2019-01-07 13:07:24','2019-01-07 13:29:59','semwangaderrick@yahoo.com','9861','14',NULL,'samuelmukuru5@gmail.com',NULL,NULL,11,NULL,21,NULL,NULL),(2265,108,'0',80,'','Diana Kamusiime',3,NULL,'2019-01-08 06:42:47','2019-05-07 10:58:01','gerald.iradukunda@ug.knightfra','4329','9',NULL,'kamusiimediana@yahoo.com','Susan Gathoni','Monica Nannyomo',55,NULL,21,NULL,NULL),(2266,55,'0',7,'','Diana Kamusiime',3,NULL,'2019-01-08 06:42:47','2019-05-17 10:51:16','gerald.iradukunda@ug.knightfra','4329','10',NULL,'kamusiimediana@yahoo.com','Susan Gathoni','Monica Nannyomo',55,NULL,21,NULL,NULL),(2267,116,'0',4,'','Diana Kamusiime',3,NULL,'2019-01-08 06:42:47','2019-05-27 11:34:00','gerald.iradukunda@ug.knightfra','4329','10',NULL,'kamusiimediana@yahoo.com','Susan Gathoni','Monica Nannyomo',55,NULL,21,NULL,NULL),(2268,108,'0',80,'',NULL,0,'2019-01-08 14:50:31','2019-01-08 12:36:14','2019-01-08 14:50:31','gerald.iradukunda@ug.knightfra','4452','9',NULL,'	kamusiimediana@yahoo.com',NULL,NULL,55,NULL,21,NULL,NULL),(2269,116,'0',3,'',NULL,0,'2019-01-08 14:53:36','2019-01-08 12:36:14','2019-01-08 14:53:36','gerald.iradukunda@ug.knightfra','4452','10',NULL,'	kamusiimediana@yahoo.com',NULL,NULL,55,NULL,21,NULL,NULL),(2270,55,'0',7,'',NULL,0,NULL,'2019-01-08 12:36:14','2019-01-08 12:36:14','gerald.iradukunda@ug.knightfra','4452','10',NULL,'	kamusiimediana@yahoo.com',NULL,NULL,55,NULL,21,NULL,NULL),(2271,19,'6',5,'','Susan Gathoni',1,NULL,'2019-01-09 07:37:44','2019-02-20 21:15:02','semwangaderrick@yahoo.com','7747','8',NULL,'igatadeo@yahoo.com',NULL,NULL,11,NULL,22,NULL,NULL),(2272,21,'6',25,'',NULL,0,NULL,'2019-01-09 07:37:44','2019-01-09 07:37:44','semwangaderrick@yahoo.com','7747','8',NULL,'igatadeo@yahoo.com',NULL,NULL,11,NULL,22,NULL,NULL),(2273,23,'6',5,'',NULL,0,NULL,'2019-01-09 07:37:44','2019-01-09 07:37:44','semwangaderrick@yahoo.com','7747','8',NULL,'igatadeo@yahoo.com',NULL,NULL,11,NULL,22,NULL,NULL),(2274,22,'6',10,'',NULL,0,NULL,'2019-01-09 07:37:44','2019-01-09 07:37:44','semwangaderrick@yahoo.com','7747','8',NULL,'igatadeo@yahoo.com',NULL,NULL,11,NULL,22,NULL,NULL),(2275,322,'6',50,'',NULL,0,NULL,'2019-01-09 07:37:44','2019-01-09 07:37:44','semwangaderrick@yahoo.com','7747','7',NULL,'igatadeo@yahoo.com',NULL,NULL,11,NULL,22,NULL,NULL),(2276,20,'6',5,'',NULL,0,NULL,'2019-01-09 07:37:44','2019-01-09 07:37:44','semwangaderrick@yahoo.com','7747','8',NULL,'igatadeo@yahoo.com',NULL,NULL,11,NULL,22,NULL,NULL),(2277,25,'6',20,'',NULL,0,NULL,'2019-01-09 07:37:44','2019-01-09 07:37:44','semwangaderrick@yahoo.com','7747','7',NULL,'igatadeo@yahoo.com',NULL,NULL,11,NULL,22,NULL,NULL),(2278,361,'6',3,'',NULL,0,NULL,'2019-01-09 07:37:44','2019-01-09 07:37:44','semwangaderrick@yahoo.com','7747','10',NULL,'igatadeo@yahoo.com',NULL,NULL,11,NULL,22,NULL,NULL),(2279,317,'6',5,'',NULL,0,NULL,'2019-01-09 07:37:44','2019-01-09 07:37:44','semwangaderrick@yahoo.com','7747','2',NULL,'igatadeo@yahoo.com',NULL,NULL,11,NULL,22,NULL,NULL),(2280,229,'4',10,'','Prossy N. Mbabazi',1,NULL,'2019-02-18 09:38:21','2019-02-18 09:52:50','suegaths@gmail.com','9860','8',NULL,'pronam2000@gmail.com',NULL,NULL,2,NULL,17,NULL,NULL),(2281,44,'4',5,'','Prossy N. Mbabazi',1,NULL,'2019-02-18 09:38:21','2019-02-18 09:53:44','suegaths@gmail.com','9860','6',NULL,'pronam2000@gmail.com',NULL,NULL,2,NULL,17,NULL,NULL),(2282,235,'4',90,'','Prossy N. Mbabazi',1,NULL,'2019-02-18 09:38:21','2019-02-18 09:53:50','suegaths@gmail.com','9860','12',NULL,'pronam2000@gmail.com',NULL,NULL,2,NULL,17,NULL,NULL),(2283,53,'1',50,'',NULL,0,'2019-07-26 06:31:03','2019-02-21 15:52:31','2019-07-26 06:31:03','suegaths@gmail.com','8364','14',NULL,'benbyron24@gmail.com',NULL,NULL,2,NULL,2,NULL,NULL),(2284,335,'8',100,'','Susan Gathoni',1,NULL,'2019-03-13 07:23:11','2019-05-08 10:42:50','suegaths@gmail.com','7335','6',NULL,'benbyron24@gmail.com',NULL,NULL,2,NULL,1,NULL,NULL),(2285,353,'0',15,'',NULL,0,'2019-07-26 06:45:17','2019-06-16 08:57:52','2019-07-26 06:45:17','suegaths@gmail.com','9340','14',NULL,'benbyron24@gmail.com',NULL,NULL,2,NULL,0,NULL,NULL),(2286,77,'0',3,'',NULL,0,'2019-07-26 06:45:22','2019-07-05 08:36:27','2019-07-26 06:45:22','suegaths@gmail.com','3751','14',NULL,'benbyron24@gmail.com',NULL,NULL,2,NULL,2,NULL,NULL),(2287,231,'0',123,'',NULL,0,'2019-07-26 06:31:34','2019-07-10 13:09:29','2019-07-26 06:31:34','suegaths@gmail.com','5876','14',NULL,'benbyron23@gmail.com',NULL,NULL,2,NULL,0,NULL,NULL),(2288,231,'0',123,'',NULL,0,'2019-07-26 06:31:07','2019-07-10 13:09:40','2019-07-26 06:31:07','suegaths@gmail.com','5876','14',NULL,'benbyron23@gmail.com',NULL,NULL,2,NULL,0,NULL,NULL),(2299,298,'1',90,'',NULL,0,'2019-07-26 06:30:56','2019-07-16 11:09:04','2019-07-26 06:30:56','suegaths@gmail.com','2703','12',NULL,'benbyron24@gmail.com',NULL,NULL,2,NULL,1,NULL,NULL),(2300,353,'1',80,'','Susan Gathoni',1,NULL,'2019-07-19 09:50:23','2019-07-19 09:50:43','benbyron24@gmail.com','7920','3',NULL,'suegaths@gmail.com',NULL,NULL,85,NULL,4,NULL,'2019-07-19');

--
-- Table structure for table `instruments`
--

CREATE TABLE `instruments` (
  `id` int(10) unsigned NOT NULL AUTO_INCREMENT,
  `name` varchar(100) COLLATE utf8_unicode_ci NOT NULL,
  `ip` varchar(15) COLLATE utf8_unicode_ci DEFAULT NULL,
  `hostname` varchar(100) COLLATE utf8_unicode_ci DEFAULT NULL,
  `description` varchar(100) COLLATE utf8_unicode_ci DEFAULT NULL,
  `driver_name` varchar(100) COLLATE utf8_unicode_ci DEFAULT NULL,
  `created_at` timestamp NULL DEFAULT NULL,
  `updated_at` timestamp NULL DEFAULT NULL,
  PRIMARY KEY (`id`)
) ENGINE=InnoDB DEFAULT CHARSET=utf8 COLLATE=utf8_unicode_ci;

--
-- Dumping data for table `instruments`
--


--
-- Table structure for table `invoice`
--

CREATE TABLE `invoice` (
  `id` int(10) unsigned NOT NULL AUTO_INCREMENT,
  `invoice_number` varchar(255) COLLATE utf8_unicode_ci NOT NULL,
  `supplier_id` int(10) unsigned NOT NULL,
  `purchase_form` varchar(255) COLLATE utf8_unicode_ci NOT NULL,
  `quantity` int(11) NOT NULL,
  `delivery_date` varchar(255) COLLATE utf8_unicode_ci NOT NULL,
  `delivery_time` varchar(255) COLLATE utf8_unicode_ci NOT NULL,
  `item_id` int(10) unsigned NOT NULL,
  `items_delivered` varchar(255) COLLATE utf8_unicode_ci NOT NULL,
  `created_at` timestamp NOT NULL DEFAULT '0000-00-00 00:00:00',
  `updated_at` timestamp NOT NULL DEFAULT '0000-00-00 00:00:00',
  PRIMARY KEY (`id`),
  KEY `invoice_supplier_id_foreign` (`supplier_id`),
  CONSTRAINT `invoice_supplier_id_foreign` FOREIGN KEY (`supplier_id`) REFERENCES `suppliers` (`id`)
) ENGINE=InnoDB DEFAULT CHARSET=utf8 COLLATE=utf8_unicode_ci;

--
-- Dumping data for table `invoice`
--


--
-- Table structure for table `ips`
--

CREATE TABLE `ips` (
  `id` mediumint(8) unsigned NOT NULL AUTO_INCREMENT,
  `ip` varchar(250) NOT NULL,
  `classification` varchar(5) NOT NULL,
  `full_name` varchar(125) NOT NULL,
  `address` varchar(125) NOT NULL,
  `focal_person` varchar(100) NOT NULL,
  `focal_person_contact` varchar(100) NOT NULL,
  `description` varchar(150) NOT NULL,
  `funding_source` varchar(150) NOT NULL,
  `created` datetime NOT NULL,
  `createdby` varchar(250) NOT NULL,
  PRIMARY KEY (`id`),
  KEY `uniqueIndex` (`ip`)
) ENGINE=InnoDB AUTO_INCREMENT=65 DEFAULT CHARSET=utf8;

--
-- Dumping data for table `ips`
--

INSERT INTO `ips` VALUES (4,'IDI','A','','','','','','','0000-00-00 00:00:00','system'),(5,'AIC','A','','','','','','','0000-00-00 00:00:00','system'),(6,'Baylor','A','','','','','','','0000-00-00 00:00:00','system'),(7,'CAFU','A','','','','','','','0000-00-00 00:00:00','system'),(8,'DOD','A','','','','','','','0000-00-00 00:00:00','system'),(9,'HIPS','A','','','','','','','0000-00-00 00:00:00','system'),(10,'IRCU','A','','','','','','','0000-00-00 00:00:00','system'),(11,'Islamic Medical Bureau','A','','','','','','','0000-00-00 00:00:00','system'),(12,'JCRC','A','','','','','','','0000-00-00 00:00:00','system'),(13,'KCBHC','A','','','','','','','0000-00-00 00:00:00','system'),(14,'Mildmay','A','','','','','','','0000-00-00 00:00:00','system'),(15,'MJAP','A','','','','','','','0000-00-00 00:00:00','system'),(16,'MJHU','A','','','','','','','0000-00-00 00:00:00','system'),(17,'MRC','A','','','','','','','0000-00-00 00:00:00','system'),(18,'MSF','A','','','','','','','0000-00-00 00:00:00','system'),(19,'MUSPH','A','','','','','','','0000-00-00 00:00:00','system'),(20,'NUHITES','A','','','','','','','0000-00-00 00:00:00','system'),(21,'PACE','A','','','','','','','0000-00-00 00:00:00','system'),(22,'PART/HIPS','A','','','','','','','0000-00-00 00:00:00','system'),(23,'PREFA','A','','','','','','','0000-00-00 00:00:00','system'),(24,'Rakai Health Services','A','','','','','','','0000-00-00 00:00:00','system'),(25,'Reach Out','A','','','','','','','0000-00-00 00:00:00','system'),(26,'Reach Out Mbuya','A','','','','','','','0000-00-00 00:00:00','system'),(27,'RHSP','A','','','','','','','0000-00-00 00:00:00','system'),(28,'RTI','A','','','','','','','0000-00-00 00:00:00','system'),(29,'SPEAR','A','','','','','','','0000-00-00 00:00:00','system'),(30,'Star E','A','','','','','','','0000-00-00 00:00:00','system'),(31,'Star SW','A','','','','','','','0000-00-00 00:00:00','system'),(32,'SUSTAIN','A','','','','','','','0000-00-00 00:00:00','system'),(33,'TASO','A','','','','','','','0000-00-00 00:00:00','system'),(34,'THALAS','A','','','','','','','0000-00-00 00:00:00','system'),(35,'UCMB','A','','','','','','','0000-00-00 00:00:00','system'),(36,'Uganda Cares','A','','','','','','','0000-00-00 00:00:00','system'),(37,'UHMG','A','','','','','','','0000-00-00 00:00:00','system'),(38,'UNICEF','A','','','','','','','0000-00-00 00:00:00','system'),(39,'UPMB','A','','','','','','','0000-00-00 00:00:00','system'),(40,'UVRI','A','','','','','','','0000-00-00 00:00:00','system'),(41,'Walter Reed','A','','','','','','','0000-00-00 00:00:00','system'),(42,'IPH','B','','','','','','','0000-00-00 00:00:00','system'),(43,'MJAP','B','','','','','','','0000-00-00 00:00:00','system'),(44,'SUSTAIN','B','','','','','','','0000-00-00 00:00:00','system'),(45,'Baylor','B','','','','','','','0000-00-00 00:00:00','system'),(46,'IDI','B','','','','','','','0000-00-00 00:00:00','system'),(47,'KOICA','B','','','','','','','0000-00-00 00:00:00','system'),(48,'MRC','B','','','','','','','0000-00-00 00:00:00','system'),(49,'PREFA','B','','','','','','','0000-00-00 00:00:00','system'),(50,'RTI','B','','','','','','','0000-00-00 00:00:00','system'),(51,'SDA','B','','','','','','','0000-00-00 00:00:00','system'),(52,'SPEAR','B','','','','','','','0000-00-00 00:00:00','system'),(53,'UCMB','B','','','','','','','0000-00-00 00:00:00','system'),(54,'UHMG','B','','','','','','','0000-00-00 00:00:00','system'),(55,'UNICEF','B','','','','','','','0000-00-00 00:00:00','system'),(56,'UPDF','B','','','','','','','0000-00-00 00:00:00','system'),(57,'UPMB','B','','','','','','','0000-00-00 00:00:00','system'),(59,'Uganda Cares','B','','','','','','','0000-00-00 00:00:00','system'),(60,'Star EC','A','','','','','','','0000-00-00 00:00:00','system'),(61,'PHS','A','','','','','','','0000-00-00 00:00:00','system'),(62,'UMMB','B','','','','','','','0000-00-00 00:00:00','system'),(63,'PHS','B','','','','','','','0000-00-00 00:00:00','system'),(64,'M','A','','','','','','','0000-00-00 00:00:00','system');

--
-- Table structure for table `ips_facilities`
--

CREATE TABLE `ips_facilities` (
  `id` mediumint(8) unsigned NOT NULL AUTO_INCREMENT,
  `ipID` mediumint(8) unsigned NOT NULL,
  `facilityID` mediumint(8) unsigned NOT NULL,
  `start_date` date NOT NULL,
  `stopped` smallint(1) unsigned NOT NULL,
  `stop_date` date DEFAULT NULL,
  `created` datetime NOT NULL,
  `createdby` varchar(250) NOT NULL,
  PRIMARY KEY (`id`)
) ENGINE=InnoDB AUTO_INCREMENT=2631 DEFAULT CHARSET=utf8;

--
-- Dumping data for table `ips_facilities`
--

INSERT INTO `ips_facilities` VALUES (310,8,299,'0000-00-00',0,'0000-00-00','0000-00-00 00:00:00','system'),(311,8,509,'0000-00-00',0,'0000-00-00','0000-00-00 00:00:00','system'),(312,8,635,'0000-00-00',0,'0000-00-00','0000-00-00 00:00:00','system'),(313,9,1593,'2017-01-01',0,'0000-00-00','0000-00-00 00:00:00','system'),(314,10,122,'0000-00-00',0,'0000-00-00','0000-00-00 00:00:00','system'),(315,10,352,'0000-00-00',0,'0000-00-00','0000-00-00 00:00:00','system'),(316,10,370,'0000-00-00',0,'0000-00-00','0000-00-00 00:00:00','system'),(317,10,383,'0000-00-00',0,'0000-00-00','0000-00-00 00:00:00','system'),(318,10,385,'2016-01-01',0,'0000-00-00','0000-00-00 00:00:00','system'),(319,10,465,'0000-00-00',0,'0000-00-00','0000-00-00 00:00:00','system'),(320,10,760,'2015-01-01',0,'0000-00-00','0000-00-00 00:00:00','system'),(321,10,768,'0000-00-00',0,'0000-00-00','0000-00-00 00:00:00','system'),(322,13,253,'2015-01-01',0,'0000-00-00','0000-00-00 00:00:00','system'),(439,15,84,'0000-00-00',0,'0000-00-00','0000-00-00 00:00:00','system'),(440,15,94,'0000-00-00',0,'0000-00-00','0000-00-00 00:00:00','system'),(441,15,166,'0000-00-00',0,'0000-00-00','0000-00-00 00:00:00','system'),(442,15,342,'2016-01-01',0,'0000-00-00','0000-00-00 00:00:00','system'),(443,15,471,'0000-00-00',0,'0000-00-00','0000-00-00 00:00:00','system'),(444,15,564,'0000-00-00',0,'0000-00-00','0000-00-00 00:00:00','system'),(445,15,1202,'0000-00-00',0,'0000-00-00','0000-00-00 00:00:00','system'),(446,15,1205,'0000-00-00',0,'0000-00-00','0000-00-00 00:00:00','system'),(447,15,1206,'0000-00-00',0,'0000-00-00','0000-00-00 00:00:00','system'),(448,15,1302,'0000-00-00',0,'0000-00-00','0000-00-00 00:00:00','system'),(449,15,1398,'0000-00-00',0,'0000-00-00','0000-00-00 00:00:00','system'),(450,15,1505,'0000-00-00',0,'0000-00-00','0000-00-00 00:00:00','system'),(451,15,1537,'0000-00-00',0,'0000-00-00','0000-00-00 00:00:00','system'),(452,18,361,'0000-00-00',0,'0000-00-00','0000-00-00 00:00:00','system'),(453,18,419,'0000-00-00',0,'0000-00-00','0000-00-00 00:00:00','system'),(454,18,439,'0000-00-00',0,'0000-00-00','0000-00-00 00:00:00','system'),(455,18,482,'0000-00-00',0,'0000-00-00','0000-00-00 00:00:00','system'),(456,20,2,'2016-01-01',0,'0000-00-00','0000-00-00 00:00:00','system'),(457,20,5,'0000-00-00',0,'0000-00-00','0000-00-00 00:00:00','system'),(458,20,6,'2016-01-01',0,'0000-00-00','0000-00-00 00:00:00','system'),(459,20,13,'2016-01-01',0,'0000-00-00','0000-00-00 00:00:00','system'),(460,20,14,'0000-00-00',0,'0000-00-00','0000-00-00 00:00:00','system'),(461,20,15,'0000-00-00',0,'0000-00-00','0000-00-00 00:00:00','system'),(462,20,18,'0000-00-00',0,'0000-00-00','0000-00-00 00:00:00','system'),(463,20,19,'0000-00-00',0,'0000-00-00','0000-00-00 00:00:00','system'),(464,20,20,'0000-00-00',0,'0000-00-00','0000-00-00 00:00:00','system'),(465,20,21,'2016-01-01',0,'0000-00-00','0000-00-00 00:00:00','system'),(466,20,23,'2016-01-01',0,'0000-00-00','0000-00-00 00:00:00','system'),(467,20,25,'0000-00-00',0,'0000-00-00','0000-00-00 00:00:00','system'),(468,20,26,'0000-00-00',0,'0000-00-00','0000-00-00 00:00:00','system'),(469,20,29,'0000-00-00',0,'0000-00-00','0000-00-00 00:00:00','system'),(470,20,31,'0000-00-00',0,'0000-00-00','0000-00-00 00:00:00','system'),(471,20,37,'0000-00-00',0,'0000-00-00','0000-00-00 00:00:00','system'),(472,20,38,'0000-00-00',0,'0000-00-00','0000-00-00 00:00:00','system'),(473,20,41,'0000-00-00',0,'0000-00-00','0000-00-00 00:00:00','system'),(474,20,42,'2016-01-01',0,'0000-00-00','0000-00-00 00:00:00','system'),(475,20,44,'2016-01-01',0,'0000-00-00','0000-00-00 00:00:00','system'),(476,20,46,'2016-01-01',0,'0000-00-00','0000-00-00 00:00:00','system'),(477,20,47,'0000-00-00',0,'0000-00-00','0000-00-00 00:00:00','system'),(478,20,49,'0000-00-00',0,'0000-00-00','0000-00-00 00:00:00','system'),(479,20,52,'2016-01-01',0,'0000-00-00','0000-00-00 00:00:00','system'),(480,20,53,'0000-00-00',0,'0000-00-00','0000-00-00 00:00:00','system'),(481,20,57,'0000-00-00',0,'0000-00-00','0000-00-00 00:00:00','system'),(482,20,59,'2016-01-01',0,'0000-00-00','0000-00-00 00:00:00','system'),(483,20,62,'0000-00-00',0,'0000-00-00','0000-00-00 00:00:00','system'),(484,20,65,'0000-00-00',0,'0000-00-00','0000-00-00 00:00:00','system'),(485,20,66,'0000-00-00',0,'0000-00-00','0000-00-00 00:00:00','system'),(486,20,69,'0000-00-00',0,'0000-00-00','0000-00-00 00:00:00','system'),(487,20,71,'0000-00-00',0,'0000-00-00','0000-00-00 00:00:00','system'),(488,20,81,'2016-01-01',0,'0000-00-00','0000-00-00 00:00:00','system'),(489,20,176,'0000-00-00',0,'0000-00-00','0000-00-00 00:00:00','system'),(490,20,179,'0000-00-00',0,'0000-00-00','0000-00-00 00:00:00','system'),(491,20,182,'0000-00-00',0,'0000-00-00','0000-00-00 00:00:00','system'),(492,20,190,'0000-00-00',0,'0000-00-00','0000-00-00 00:00:00','system'),(493,20,192,'0000-00-00',0,'0000-00-00','0000-00-00 00:00:00','system'),(494,20,202,'2016-01-01',0,'0000-00-00','0000-00-00 00:00:00','system'),(495,20,207,'2016-01-01',0,'0000-00-00','0000-00-00 00:00:00','system'),(496,20,272,'0000-00-00',0,'0000-00-00','0000-00-00 00:00:00','system'),(497,20,272,'0000-00-00',0,'0000-00-00','0000-00-00 00:00:00','system'),(498,20,340,'2017-01-01',0,'0000-00-00','0000-00-00 00:00:00','system'),(499,20,354,'0000-00-00',0,'0000-00-00','0000-00-00 00:00:00','system'),(500,20,376,'0000-00-00',0,'0000-00-00','0000-00-00 00:00:00','system'),(501,20,377,'0000-00-00',0,'0000-00-00','0000-00-00 00:00:00','system'),(502,20,386,'0000-00-00',0,'0000-00-00','0000-00-00 00:00:00','system'),(503,20,403,'0000-00-00',0,'0000-00-00','0000-00-00 00:00:00','system'),(504,20,405,'2017-01-01',0,'0000-00-00','0000-00-00 00:00:00','system'),(505,20,407,'0000-00-00',0,'0000-00-00','0000-00-00 00:00:00','system'),(506,20,409,'2016-01-01',0,'0000-00-00','0000-00-00 00:00:00','system'),(507,20,410,'0000-00-00',0,'0000-00-00','0000-00-00 00:00:00','system'),(508,20,412,'0000-00-00',0,'0000-00-00','0000-00-00 00:00:00','system'),(509,20,423,'0000-00-00',0,'0000-00-00','0000-00-00 00:00:00','system'),(510,20,515,'0000-00-00',0,'0000-00-00','0000-00-00 00:00:00','system'),(511,20,519,'2016-01-01',0,'0000-00-00','0000-00-00 00:00:00','system'),(512,20,520,'0000-00-00',0,'0000-00-00','0000-00-00 00:00:00','system'),(513,20,573,'2016-01-01',0,'0000-00-00','0000-00-00 00:00:00','system'),(514,20,574,'0000-00-00',0,'0000-00-00','0000-00-00 00:00:00','system'),(515,20,575,'0000-00-00',0,'0000-00-00','0000-00-00 00:00:00','system'),(516,20,577,'2016-01-01',0,'0000-00-00','0000-00-00 00:00:00','system'),(517,20,579,'2016-01-01',0,'0000-00-00','0000-00-00 00:00:00','system'),(518,20,585,'0000-00-00',0,'0000-00-00','0000-00-00 00:00:00','system'),(519,20,592,'2017-01-01',0,'0000-00-00','0000-00-00 00:00:00','system'),(520,20,595,'0000-00-00',0,'0000-00-00','0000-00-00 00:00:00','system'),(521,20,598,'0000-00-00',0,'0000-00-00','0000-00-00 00:00:00','system'),(522,20,600,'2016-01-01',0,'0000-00-00','0000-00-00 00:00:00','system'),(523,20,601,'0000-00-00',0,'0000-00-00','0000-00-00 00:00:00','system'),(524,20,606,'0000-00-00',0,'0000-00-00','0000-00-00 00:00:00','system'),(525,20,615,'0000-00-00',0,'0000-00-00','0000-00-00 00:00:00','system'),(526,20,617,'0000-00-00',0,'0000-00-00','0000-00-00 00:00:00','system'),(527,20,626,'0000-00-00',0,'0000-00-00','0000-00-00 00:00:00','system'),(528,20,695,'2016-01-01',0,'0000-00-00','0000-00-00 00:00:00','system'),(529,20,709,'0000-00-00',0,'0000-00-00','0000-00-00 00:00:00','system'),(530,20,830,'0000-00-00',0,'0000-00-00','0000-00-00 00:00:00','system'),(531,20,850,'2017-01-01',0,'0000-00-00','0000-00-00 00:00:00','system'),(532,20,969,'2016-01-01',0,'0000-00-00','0000-00-00 00:00:00','system'),(533,20,1011,'2016-01-01',0,'0000-00-00','0000-00-00 00:00:00','system'),(534,20,1123,'0000-00-00',0,'0000-00-00','0000-00-00 00:00:00','system'),(535,20,1219,'2018-01-01',0,'0000-00-00','0000-00-00 00:00:00','system'),(536,20,1227,'0000-00-00',0,'0000-00-00','0000-00-00 00:00:00','system'),(537,20,1367,'2016-01-01',0,'0000-00-00','0000-00-00 00:00:00','system'),(538,20,1415,'2016-01-01',0,'0000-00-00','0000-00-00 00:00:00','system'),(539,20,1494,'2016-01-01',0,'0000-00-00','0000-00-00 00:00:00','system'),(540,20,1596,'0000-00-00',0,'0000-00-00','0000-00-00 00:00:00','system'),(541,20,1599,'0000-00-00',0,'0000-00-00','0000-00-00 00:00:00','system'),(542,20,1718,'0000-00-00',0,'0000-00-00','0000-00-00 00:00:00','system'),(543,20,1898,'0000-00-00',0,'0000-00-00','0000-00-00 00:00:00','system'),(544,23,732,'2015-01-01',0,'0000-00-00','0000-00-00 00:00:00','system'),(545,23,756,'0000-00-00',0,'0000-00-00','0000-00-00 00:00:00','system'),(546,23,783,'0000-00-00',0,'0000-00-00','0000-00-00 00:00:00','system'),(547,23,784,'0000-00-00',0,'0000-00-00','0000-00-00 00:00:00','system'),(548,23,787,'0000-00-00',0,'0000-00-00','0000-00-00 00:00:00','system'),(549,23,899,'0000-00-00',0,'0000-00-00','0000-00-00 00:00:00','system'),(550,23,908,'0000-00-00',0,'0000-00-00','0000-00-00 00:00:00','system'),(551,23,949,'0000-00-00',0,'0000-00-00','0000-00-00 00:00:00','system'),(552,23,960,'0000-00-00',0,'0000-00-00','0000-00-00 00:00:00','system'),(553,23,968,'0000-00-00',0,'0000-00-00','0000-00-00 00:00:00','system'),(554,23,999,'0000-00-00',0,'0000-00-00','0000-00-00 00:00:00','system'),(555,23,1017,'0000-00-00',0,'0000-00-00','0000-00-00 00:00:00','system'),(556,23,1027,'0000-00-00',0,'0000-00-00','0000-00-00 00:00:00','system'),(557,23,1030,'0000-00-00',0,'0000-00-00','0000-00-00 00:00:00','system'),(558,23,1044,'2016-01-01',0,'0000-00-00','0000-00-00 00:00:00','system'),(559,23,1062,'2015-01-01',0,'0000-00-00','0000-00-00 00:00:00','system'),(560,23,1104,'0000-00-00',0,'0000-00-00','0000-00-00 00:00:00','system'),(561,23,1146,'0000-00-00',0,'0000-00-00','0000-00-00 00:00:00','system'),(562,23,1154,'0000-00-00',0,'0000-00-00','0000-00-00 00:00:00','system'),(563,23,1208,'2015-01-01',0,'0000-00-00','0000-00-00 00:00:00','system'),(564,23,1274,'0000-00-00',0,'0000-00-00','0000-00-00 00:00:00','system'),(565,23,1625,'0000-00-00',0,'0000-00-00','0000-00-00 00:00:00','system'),(566,23,1628,'0000-00-00',0,'0000-00-00','0000-00-00 00:00:00','system'),(567,23,1639,'0000-00-00',0,'0000-00-00','0000-00-00 00:00:00','system'),(568,23,1647,'0000-00-00',0,'0000-00-00','0000-00-00 00:00:00','system'),(569,24,159,'2018-01-01',0,'0000-00-00','0000-00-00 00:00:00','system'),(570,24,228,'2017-01-01',0,'0000-00-00','0000-00-00 00:00:00','system'),(571,24,231,'0000-00-00',0,'0000-00-00','0000-00-00 00:00:00','system'),(572,24,291,'2018-01-01',0,'0000-00-00','0000-00-00 00:00:00','system'),(573,24,397,'2017-01-01',0,'0000-00-00','0000-00-00 00:00:00','system'),(574,24,428,'0000-00-00',0,'0000-00-00','0000-00-00 00:00:00','system'),(575,24,430,'0000-00-00',0,'0000-00-00','0000-00-00 00:00:00','system'),(576,24,502,'2017-01-01',0,'0000-00-00','0000-00-00 00:00:00','system'),(577,24,848,'0000-00-00',0,'0000-00-00','0000-00-00 00:00:00','system'),(578,24,873,'0000-00-00',0,'0000-00-00','0000-00-00 00:00:00','system'),(579,24,879,'0000-00-00',0,'0000-00-00','0000-00-00 00:00:00','system'),(580,24,980,'0000-00-00',0,'0000-00-00','0000-00-00 00:00:00','system'),(581,24,1073,'0000-00-00',0,'0000-00-00','0000-00-00 00:00:00','system'),(582,24,1351,'2018-01-01',0,'0000-00-00','0000-00-00 00:00:00','system'),(583,24,1394,'0000-00-00',0,'0000-00-00','0000-00-00 00:00:00','system'),(584,24,1569,'0000-00-00',0,'0000-00-00','0000-00-00 00:00:00','system'),(585,24,1575,'2017-01-01',0,'0000-00-00','0000-00-00 00:00:00','system'),(586,24,1768,'2017-01-01',0,'0000-00-00','0000-00-00 00:00:00','system'),(587,27,249,'2017-01-01',0,'0000-00-00','0000-00-00 00:00:00','system'),(588,27,255,'0000-00-00',0,'0000-00-00','0000-00-00 00:00:00','system'),(589,27,629,'0000-00-00',0,'0000-00-00','0000-00-00 00:00:00','system'),(590,29,4,'0000-00-00',0,'0000-00-00','0000-00-00 00:00:00','system'),(591,29,24,'0000-00-00',0,'0000-00-00','0000-00-00 00:00:00','system'),(592,29,194,'0000-00-00',0,'0000-00-00','0000-00-00 00:00:00','system'),(593,29,270,'2017-01-01',0,'0000-00-00','0000-00-00 00:00:00','system'),(594,29,380,'0000-00-00',0,'0000-00-00','0000-00-00 00:00:00','system'),(595,29,473,'0000-00-00',0,'0000-00-00','0000-00-00 00:00:00','system'),(596,29,560,'0000-00-00',0,'0000-00-00','0000-00-00 00:00:00','system'),(597,29,593,'0000-00-00',0,'0000-00-00','0000-00-00 00:00:00','system'),(598,29,728,'2017-01-01',0,'0000-00-00','0000-00-00 00:00:00','system'),(599,29,929,'2017-01-01',0,'0000-00-00','0000-00-00 00:00:00','system'),(600,29,1068,'2017-01-01',0,'0000-00-00','0000-00-00 00:00:00','system'),(601,29,1172,'2017-01-01',0,'0000-00-00','0000-00-00 00:00:00','system'),(602,29,1594,'0000-00-00',0,'0000-00-00','0000-00-00 00:00:00','system'),(818,32,191,'0000-00-00',0,'0000-00-00','0000-00-00 00:00:00','system'),(819,32,223,'0000-00-00',0,'0000-00-00','0000-00-00 00:00:00','system'),(820,32,474,'2016-01-01',0,'0000-00-00','0000-00-00 00:00:00','system'),(821,32,531,'0000-00-00',0,'0000-00-00','0000-00-00 00:00:00','system'),(822,32,542,'2017-01-01',0,'0000-00-00','0000-00-00 00:00:00','system'),(823,32,1016,'0000-00-00',0,'0000-00-00','0000-00-00 00:00:00','system'),(848,35,3,'0000-00-00',0,'0000-00-00','0000-00-00 00:00:00','system'),(849,35,30,'0000-00-00',0,'0000-00-00','0000-00-00 00:00:00','system'),(850,35,172,'0000-00-00',0,'0000-00-00','0000-00-00 00:00:00','system'),(851,35,256,'0000-00-00',0,'0000-00-00','0000-00-00 00:00:00','system'),(852,35,305,'0000-00-00',0,'0000-00-00','0000-00-00 00:00:00','system'),(853,35,569,'0000-00-00',0,'0000-00-00','0000-00-00 00:00:00','system'),(854,35,633,'2016-01-01',0,'0000-00-00','0000-00-00 00:00:00','system'),(855,35,702,'2016-01-01',0,'0000-00-00','0000-00-00 00:00:00','system'),(856,35,703,'0000-00-00',0,'0000-00-00','0000-00-00 00:00:00','system'),(857,35,997,'2016-01-01',0,'0000-00-00','0000-00-00 00:00:00','system'),(858,35,1256,'0000-00-00',0,'0000-00-00','0000-00-00 00:00:00','system'),(859,35,1588,'0000-00-00',0,'0000-00-00','0000-00-00 00:00:00','system'),(860,36,115,'0000-00-00',0,'0000-00-00','0000-00-00 00:00:00','system'),(861,36,885,'0000-00-00',0,'0000-00-00','0000-00-00 00:00:00','system'),(862,36,994,'0000-00-00',0,'0000-00-00','0000-00-00 00:00:00','system'),(863,36,1024,'0000-00-00',0,'0000-00-00','0000-00-00 00:00:00','system'),(864,37,83,'0000-00-00',0,'0000-00-00','0000-00-00 00:00:00','system'),(865,37,203,'0000-00-00',0,'0000-00-00','0000-00-00 00:00:00','system'),(866,37,1289,'0000-00-00',0,'0000-00-00','0000-00-00 00:00:00','system'),(867,37,1808,'0000-00-00',0,'0000-00-00','0000-00-00 00:00:00','system'),(868,38,34,'0000-00-00',0,'0000-00-00','0000-00-00 00:00:00','system'),(869,38,304,'0000-00-00',0,'0000-00-00','0000-00-00 00:00:00','system'),(870,38,420,'0000-00-00',0,'0000-00-00','0000-00-00 00:00:00','system'),(871,38,503,'0000-00-00',0,'0000-00-00','0000-00-00 00:00:00','system'),(872,38,507,'0000-00-00',0,'0000-00-00','0000-00-00 00:00:00','system'),(873,38,513,'0000-00-00',0,'0000-00-00','0000-00-00 00:00:00','system'),(874,38,696,'0000-00-00',0,'0000-00-00','0000-00-00 00:00:00','system'),(875,38,923,'2016-01-01',0,'0000-00-00','0000-00-00 00:00:00','system'),(876,38,925,'2018-01-01',0,'0000-00-00','0000-00-00 00:00:00','system'),(877,38,1001,'2017-01-01',0,'0000-00-00','0000-00-00 00:00:00','system'),(878,38,1119,'0000-00-00',0,'0000-00-00','0000-00-00 00:00:00','system'),(879,38,1124,'2017-01-01',0,'0000-00-00','0000-00-00 00:00:00','system'),(880,38,1140,'0000-00-00',0,'0000-00-00','0000-00-00 00:00:00','system'),(881,38,1144,'0000-00-00',0,'0000-00-00','0000-00-00 00:00:00','system'),(882,38,1320,'0000-00-00',0,'0000-00-00','0000-00-00 00:00:00','system'),(883,38,1365,'2016-01-01',0,'0000-00-00','0000-00-00 00:00:00','system'),(884,38,1420,'0000-00-00',0,'0000-00-00','0000-00-00 00:00:00','system'),(885,38,1459,'0000-00-00',0,'0000-00-00','0000-00-00 00:00:00','system'),(886,38,1600,'0000-00-00',0,'0000-00-00','0000-00-00 00:00:00','system'),(887,38,1644,'2018-01-01',0,'0000-00-00','0000-00-00 00:00:00','system'),(888,38,1994,'0000-00-00',0,'0000-00-00','0000-00-00 00:00:00','system'),(889,39,717,'2015-01-01',0,'0000-00-00','0000-00-00 00:00:00','system'),(890,39,1021,'0000-00-00',0,'0000-00-00','0000-00-00 00:00:00','system'),(891,39,1180,'0000-00-00',0,'0000-00-00','0000-00-00 00:00:00','system'),(892,41,153,'2015-01-01',0,'0000-00-00','0000-00-00 00:00:00','system'),(893,41,274,'0000-00-00',0,'0000-00-00','0000-00-00 00:00:00','system'),(894,41,311,'0000-00-00',0,'0000-00-00','0000-00-00 00:00:00','system'),(895,41,313,'2016-01-01',0,'0000-00-00','0000-00-00 00:00:00','system'),(896,41,376,'0000-00-00',0,'0000-00-00','0000-00-00 00:00:00','system'),(897,41,378,'2017-01-01',0,'0000-00-00','0000-00-00 00:00:00','system'),(898,41,489,'2017-01-01',0,'0000-00-00','0000-00-00 00:00:00','system'),(899,41,668,'2017-01-01',0,'0000-00-00','0000-00-00 00:00:00','system'),(900,41,668,'2017-01-01',0,'0000-00-00','0000-00-00 00:00:00','system'),(901,41,722,'2017-01-01',0,'0000-00-00','0000-00-00 00:00:00','system'),(902,41,749,'2017-01-01',0,'0000-00-00','0000-00-00 00:00:00','system'),(903,41,755,'2018-01-01',0,'0000-00-00','0000-00-00 00:00:00','system'),(904,41,757,'2018-01-01',0,'0000-00-00','0000-00-00 00:00:00','system'),(905,41,829,'2018-01-01',0,'0000-00-00','0000-00-00 00:00:00','system'),(906,41,875,'2017-01-01',0,'0000-00-00','0000-00-00 00:00:00','system'),(907,41,890,'0000-00-00',0,'0000-00-00','0000-00-00 00:00:00','system'),(908,41,928,'0000-00-00',0,'0000-00-00','0000-00-00 00:00:00','system'),(909,41,958,'2015-01-01',0,'0000-00-00','0000-00-00 00:00:00','system'),(910,41,1050,'0000-00-00',0,'0000-00-00','0000-00-00 00:00:00','system'),(911,41,1083,'2015-01-01',0,'0000-00-00','0000-00-00 00:00:00','system'),(912,41,1145,'0000-00-00',0,'0000-00-00','0000-00-00 00:00:00','system'),(913,41,1179,'0000-00-00',0,'0000-00-00','0000-00-00 00:00:00','system'),(914,41,1220,'0000-00-00',0,'0000-00-00','0000-00-00 00:00:00','system'),(915,41,1273,'2015-01-01',0,'0000-00-00','0000-00-00 00:00:00','system'),(916,41,1315,'2015-01-01',0,'0000-00-00','0000-00-00 00:00:00','system'),(917,41,1326,'2017-01-01',0,'0000-00-00','0000-00-00 00:00:00','system'),(918,55,4,'0000-00-00',0,'0000-00-00','0000-00-00 00:00:00','system'),(919,55,24,'0000-00-00',0,'0000-00-00','0000-00-00 00:00:00','system'),(920,51,32,'0000-00-00',0,'0000-00-00','0000-00-00 00:00:00','system'),(921,52,34,'0000-00-00',0,'0000-00-00','0000-00-00 00:00:00','system'),(922,54,79,'2018-01-01',0,'0000-00-00','0000-00-00 00:00:00','system'),(923,57,83,'0000-00-00',0,'0000-00-00','0000-00-00 00:00:00','system'),(924,53,119,'2015-01-01',0,'0000-00-00','0000-00-00 00:00:00','system'),(925,42,249,'2017-01-01',0,'0000-00-00','0000-00-00 00:00:00','system'),(926,55,270,'2017-01-01',0,'0000-00-00','0000-00-00 00:00:00','system'),(927,50,299,'0000-00-00',0,'0000-00-00','0000-00-00 00:00:00','system'),(928,57,347,'0000-00-00',0,'0000-00-00','0000-00-00 00:00:00','system'),(929,53,365,'0000-00-00',0,'0000-00-00','0000-00-00 00:00:00','system'),(930,55,380,'0000-00-00',0,'0000-00-00','0000-00-00 00:00:00','system'),(931,45,383,'0000-00-00',0,'0000-00-00','0000-00-00 00:00:00','system'),(932,45,385,'2016-01-01',0,'0000-00-00','0000-00-00 00:00:00','system'),(933,47,424,'0000-00-00',0,'0000-00-00','0000-00-00 00:00:00','system'),(934,53,427,'0000-00-00',0,'0000-00-00','0000-00-00 00:00:00','system'),(935,53,429,'0000-00-00',0,'0000-00-00','0000-00-00 00:00:00','system'),(936,57,455,'0000-00-00',0,'0000-00-00','0000-00-00 00:00:00','system'),(937,55,473,'0000-00-00',0,'0000-00-00','0000-00-00 00:00:00','system'),(938,50,509,'0000-00-00',0,'0000-00-00','0000-00-00 00:00:00','system'),(939,53,535,'0000-00-00',0,'0000-00-00','0000-00-00 00:00:00','system'),(940,55,560,'0000-00-00',0,'0000-00-00','0000-00-00 00:00:00','system'),(941,55,593,'0000-00-00',0,'0000-00-00','0000-00-00 00:00:00','system'),(942,50,635,'0000-00-00',0,'0000-00-00','0000-00-00 00:00:00','system'),(943,55,728,'2017-01-01',0,'0000-00-00','0000-00-00 00:00:00','system'),(944,53,802,'0000-00-00',0,'0000-00-00','0000-00-00 00:00:00','system'),(945,53,866,'0000-00-00',0,'0000-00-00','0000-00-00 00:00:00','system'),(946,49,924,'0000-00-00',0,'0000-00-00','0000-00-00 00:00:00','system'),(947,55,929,'2017-01-01',0,'0000-00-00','0000-00-00 00:00:00','system'),(948,57,977,'0000-00-00',0,'0000-00-00','0000-00-00 00:00:00','system'),(949,55,1068,'2017-01-01',0,'0000-00-00','0000-00-00 00:00:00','system'),(950,52,1119,'0000-00-00',0,'0000-00-00','0000-00-00 00:00:00','system'),(951,55,1172,'2017-01-01',0,'0000-00-00','0000-00-00 00:00:00','system'),(952,53,1415,'2016-01-01',0,'0000-00-00','0000-00-00 00:00:00','system'),(953,52,1420,'0000-00-00',0,'0000-00-00','0000-00-00 00:00:00','system'),(954,53,1436,'0000-00-00',0,'0000-00-00','0000-00-00 00:00:00','system'),(955,53,1861,'0000-00-00',0,'0000-00-00','0000-00-00 00:00:00','system'),(956,56,2053,'0000-00-00',0,'0000-00-00','0000-00-00 00:00:00','system'),(957,5,1689,'0000-00-00',0,'0000-00-00','0000-00-00 00:00:00','system'),(958,5,1535,'0000-00-00',0,'0000-00-00','0000-00-00 00:00:00','system'),(1202,8,1435,'0000-00-00',0,'0000-00-00','0000-00-00 00:00:00','system'),(1204,8,1901,'0000-00-00',0,'0000-00-00','0000-00-00 00:00:00','system'),(1205,0,1566,'0000-00-00',0,'0000-00-00','0000-00-00 00:00:00','system'),(1206,0,1250,'0000-00-00',0,'0000-00-00','0000-00-00 00:00:00','system'),(1207,0,1499,'0000-00-00',0,'0000-00-00','0000-00-00 00:00:00','system'),(1208,0,2,'2016-01-01',0,'0000-00-00','0000-00-00 00:00:00','system'),(1209,20,749,'2017-01-01',0,'0000-00-00','0000-00-00 00:00:00','system'),(1210,0,749,'2017-01-01',0,'0000-00-00','0000-00-00 00:00:00','system'),(1211,0,950,'0000-00-00',0,'0000-00-00','0000-00-00 00:00:00','system'),(1212,20,178,'0000-00-00',0,'0000-00-00','0000-00-00 00:00:00','system'),(1213,0,178,'0000-00-00',0,'0000-00-00','0000-00-00 00:00:00','system'),(1214,0,3,'0000-00-00',0,'0000-00-00','0000-00-00 00:00:00','system'),(1215,0,4,'0000-00-00',0,'0000-00-00','0000-00-00 00:00:00','system'),(1216,0,5,'0000-00-00',0,'0000-00-00','0000-00-00 00:00:00','system'),(1217,0,6,'2016-01-01',0,'0000-00-00','0000-00-00 00:00:00','system'),(1218,20,7,'2016-01-01',0,'0000-00-00','0000-00-00 00:00:00','system'),(1219,0,7,'2016-01-01',0,'0000-00-00','0000-00-00 00:00:00','system'),(1220,0,1357,'0000-00-00',0,'0000-00-00','0000-00-00 00:00:00','system'),(1221,0,1358,'0000-00-00',0,'0000-00-00','0000-00-00 00:00:00','system'),(1222,0,1978,'0000-00-00',0,'0000-00-00','0000-00-00 00:00:00','system'),(1223,0,1599,'0000-00-00',0,'0000-00-00','0000-00-00 00:00:00','system'),(1224,0,10,'0000-00-00',0,'0000-00-00','0000-00-00 00:00:00','system'),(1225,0,1861,'0000-00-00',0,'0000-00-00','0000-00-00 00:00:00','system'),(1226,0,11,'0000-00-00',0,'0000-00-00','0000-00-00 00:00:00','system'),(1227,20,12,'2016-01-01',0,'0000-00-00','0000-00-00 00:00:00','system'),(1228,0,12,'2016-01-01',0,'0000-00-00','0000-00-00 00:00:00','system'),(1230,0,834,'0000-00-00',0,'0000-00-00','0000-00-00 00:00:00','system'),(1231,0,14,'0000-00-00',0,'0000-00-00','0000-00-00 00:00:00','system'),(1232,0,1501,'0000-00-00',0,'0000-00-00','0000-00-00 00:00:00','system'),(1233,0,1727,'0000-00-00',0,'0000-00-00','0000-00-00 00:00:00','system'),(1234,0,1049,'2016-01-01',0,'0000-00-00','0000-00-00 00:00:00','system'),(1236,0,16,'2016-01-01',0,'0000-00-00','0000-00-00 00:00:00','system'),(1238,0,17,'0000-00-00',0,'0000-00-00','0000-00-00 00:00:00','system'),(1239,0,18,'0000-00-00',0,'0000-00-00','0000-00-00 00:00:00','system'),(1240,0,1675,'0000-00-00',0,'0000-00-00','0000-00-00 00:00:00','system'),(1241,0,1500,'2016-01-01',0,'0000-00-00','0000-00-00 00:00:00','system'),(1242,0,1069,'0000-00-00',0,'0000-00-00','0000-00-00 00:00:00','system'),(1243,0,20,'0000-00-00',0,'0000-00-00','0000-00-00 00:00:00','system'),(1244,0,1324,'0000-00-00',0,'0000-00-00','0000-00-00 00:00:00','system'),(1245,0,725,'0000-00-00',0,'0000-00-00','0000-00-00 00:00:00','system'),(1246,0,1911,'0000-00-00',0,'0000-00-00','0000-00-00 00:00:00','system'),(1247,0,21,'2016-01-01',0,'0000-00-00','0000-00-00 00:00:00','system'),(1248,0,22,'0000-00-00',0,'0000-00-00','0000-00-00 00:00:00','system'),(1249,0,2252,'0000-00-00',0,'0000-00-00','0000-00-00 00:00:00','system'),(1250,0,2045,'0000-00-00',0,'0000-00-00','0000-00-00 00:00:00','system'),(1251,0,1995,'0000-00-00',0,'0000-00-00','0000-00-00 00:00:00','system'),(1252,0,1716,'2016-01-01',0,'0000-00-00','0000-00-00 00:00:00','system'),(1253,20,2299,'0000-00-00',0,'0000-00-00','0000-00-00 00:00:00','system'),(1254,0,2299,'0000-00-00',0,'0000-00-00','0000-00-00 00:00:00','system'),(1255,0,1600,'0000-00-00',0,'0000-00-00','0000-00-00 00:00:00','system'),(1256,0,23,'2016-01-01',0,'0000-00-00','0000-00-00 00:00:00','system'),(1257,0,2223,'0000-00-00',0,'0000-00-00','0000-00-00 00:00:00','system'),(1258,20,612,'2016-01-01',0,'0000-00-00','0000-00-00 00:00:00','system'),(1259,53,612,'2016-01-01',0,'0000-00-00','0000-00-00 00:00:00','system'),(1260,38,24,'0000-00-00',0,'0000-00-00','0000-00-00 00:00:00','system'),(1261,0,24,'0000-00-00',0,'0000-00-00','0000-00-00 00:00:00','system'),(1262,0,25,'0000-00-00',0,'0000-00-00','0000-00-00 00:00:00','system'),(1263,0,1866,'0000-00-00',0,'0000-00-00','0000-00-00 00:00:00','system'),(1264,0,1137,'0000-00-00',0,'0000-00-00','0000-00-00 00:00:00','system'),(1265,36,677,'2017-01-01',0,'0000-00-00','0000-00-00 00:00:00','system'),(1266,0,677,'2017-01-01',0,'0000-00-00','0000-00-00 00:00:00','system'),(1267,20,1466,'0000-00-00',0,'0000-00-00','0000-00-00 00:00:00','system'),(1268,0,1466,'0000-00-00',0,'0000-00-00','0000-00-00 00:00:00','system'),(1269,0,26,'0000-00-00',0,'0000-00-00','0000-00-00 00:00:00','system'),(1270,7,27,'0000-00-00',0,'0000-00-00','0000-00-00 00:00:00','system'),(1271,0,27,'0000-00-00',0,'0000-00-00','0000-00-00 00:00:00','system'),(1272,20,2225,'2016-01-01',0,'0000-00-00','0000-00-00 00:00:00','system'),(1273,53,2225,'2016-01-01',0,'0000-00-00','0000-00-00 00:00:00','system'),(1275,0,2301,'2016-01-01',0,'0000-00-00','0000-00-00 00:00:00','system'),(1276,20,1549,'2016-01-01',0,'0000-00-00','0000-00-00 00:00:00','system'),(1277,0,1549,'2016-01-01',0,'0000-00-00','0000-00-00 00:00:00','system'),(1278,0,1116,'0000-00-00',0,'0000-00-00','0000-00-00 00:00:00','system'),(1280,0,1170,'2017-01-01',0,'0000-00-00','0000-00-00 00:00:00','system'),(1281,0,29,'0000-00-00',0,'0000-00-00','0000-00-00 00:00:00','system'),(1282,0,30,'0000-00-00',0,'0000-00-00','0000-00-00 00:00:00','system'),(1283,0,1459,'0000-00-00',0,'0000-00-00','0000-00-00 00:00:00','system'),(1284,0,564,'0000-00-00',0,'0000-00-00','0000-00-00 00:00:00','system'),(1285,0,31,'0000-00-00',0,'0000-00-00','0000-00-00 00:00:00','system'),(1286,0,32,'0000-00-00',0,'0000-00-00','0000-00-00 00:00:00','system'),(1288,0,1588,'0000-00-00',0,'0000-00-00','0000-00-00 00:00:00','system'),(1289,39,33,'0000-00-00',0,'0000-00-00','0000-00-00 00:00:00','system'),(1290,55,33,'0000-00-00',0,'0000-00-00','0000-00-00 00:00:00','system'),(1291,39,34,'0000-00-00',0,'0000-00-00','0000-00-00 00:00:00','system'),(1292,55,34,'0000-00-00',0,'0000-00-00','0000-00-00 00:00:00','system'),(1293,0,34,'0000-00-00',0,'0000-00-00','0000-00-00 00:00:00','system'),(1294,0,35,'2016-01-01',0,'0000-00-00','0000-00-00 00:00:00','system'),(1295,57,36,'0000-00-00',0,'0000-00-00','0000-00-00 00:00:00','system'),(1296,35,37,'0000-00-00',0,'0000-00-00','0000-00-00 00:00:00','system'),(1297,0,37,'0000-00-00',0,'0000-00-00','0000-00-00 00:00:00','system'),(1298,0,655,'2015-01-01',0,'0000-00-00','0000-00-00 00:00:00','system'),(1299,0,2274,'0000-00-00',0,'0000-00-00','0000-00-00 00:00:00','system'),(1300,0,38,'0000-00-00',0,'0000-00-00','0000-00-00 00:00:00','system'),(1301,0,271,'2015-01-01',0,'0000-00-00','0000-00-00 00:00:00','system'),(1302,20,2219,'0000-00-00',0,'0000-00-00','0000-00-00 00:00:00','system'),(1303,0,2219,'0000-00-00',0,'0000-00-00','0000-00-00 00:00:00','system'),(1304,0,2271,'0000-00-00',0,'0000-00-00','0000-00-00 00:00:00','system'),(1306,0,1027,'0000-00-00',0,'0000-00-00','0000-00-00 00:00:00','system'),(1307,0,40,'0000-00-00',0,'0000-00-00','0000-00-00 00:00:00','system'),(1308,0,1045,'0000-00-00',0,'0000-00-00','0000-00-00 00:00:00','system'),(1309,0,41,'0000-00-00',0,'0000-00-00','0000-00-00 00:00:00','system'),(1310,0,1361,'0000-00-00',0,'0000-00-00','0000-00-00 00:00:00','system'),(1311,0,42,'2016-01-01',0,'0000-00-00','0000-00-00 00:00:00','system'),(1312,20,43,'0000-00-00',0,'0000-00-00','0000-00-00 00:00:00','system'),(1313,0,43,'0000-00-00',0,'0000-00-00','0000-00-00 00:00:00','system'),(1314,0,45,'0000-00-00',0,'0000-00-00','0000-00-00 00:00:00','system'),(1315,0,2209,'0000-00-00',0,'0000-00-00','0000-00-00 00:00:00','system'),(1316,0,46,'2016-01-01',0,'0000-00-00','0000-00-00 00:00:00','system'),(1317,0,1709,'0000-00-00',0,'0000-00-00','0000-00-00 00:00:00','system'),(1319,0,1356,'0000-00-00',0,'0000-00-00','0000-00-00 00:00:00','system'),(1320,0,47,'0000-00-00',0,'0000-00-00','0000-00-00 00:00:00','system'),(1321,0,1011,'2016-01-01',0,'0000-00-00','0000-00-00 00:00:00','system'),(1322,0,1164,'0000-00-00',0,'0000-00-00','0000-00-00 00:00:00','system'),(1323,0,48,'0000-00-00',0,'0000-00-00','0000-00-00 00:00:00','system'),(1324,0,1493,'0000-00-00',0,'0000-00-00','0000-00-00 00:00:00','system'),(1325,0,49,'0000-00-00',0,'0000-00-00','0000-00-00 00:00:00','system'),(1326,59,1128,'0000-00-00',0,'0000-00-00','0000-00-00 00:00:00','system'),(1327,0,846,'0000-00-00',0,'0000-00-00','0000-00-00 00:00:00','system'),(1328,0,51,'0000-00-00',0,'0000-00-00','0000-00-00 00:00:00','system'),(1329,0,52,'2016-01-01',0,'0000-00-00','0000-00-00 00:00:00','system'),(1330,0,2300,'2016-01-01',0,'0000-00-00','0000-00-00 00:00:00','system'),(1331,0,53,'0000-00-00',0,'0000-00-00','0000-00-00 00:00:00','system'),(1332,0,914,'2017-01-01',0,'0000-00-00','0000-00-00 00:00:00','system'),(1333,0,910,'0000-00-00',0,'0000-00-00','0000-00-00 00:00:00','system'),(1334,0,926,'2016-01-01',0,'0000-00-00','0000-00-00 00:00:00','system'),(1335,38,1983,'0000-00-00',0,'0000-00-00','0000-00-00 00:00:00','system'),(1336,0,1983,'0000-00-00',0,'0000-00-00','0000-00-00 00:00:00','system'),(1337,0,56,'0000-00-00',0,'0000-00-00','0000-00-00 00:00:00','system'),(1339,0,1529,'0000-00-00',0,'0000-00-00','0000-00-00 00:00:00','system'),(1340,0,2093,'0000-00-00',0,'0000-00-00','0000-00-00 00:00:00','system'),(1341,0,57,'0000-00-00',0,'0000-00-00','0000-00-00 00:00:00','system'),(1343,0,2122,'0000-00-00',0,'0000-00-00','0000-00-00 00:00:00','system'),(1344,20,58,'0000-00-00',0,'0000-00-00','0000-00-00 00:00:00','system'),(1345,0,58,'0000-00-00',0,'0000-00-00','0000-00-00 00:00:00','system'),(1346,0,59,'2016-01-01',0,'0000-00-00','0000-00-00 00:00:00','system'),(1347,0,2287,'0000-00-00',0,'0000-00-00','0000-00-00 00:00:00','system'),(1348,20,60,'2016-01-01',0,'0000-00-00','0000-00-00 00:00:00','system'),(1349,0,60,'2016-01-01',0,'0000-00-00','0000-00-00 00:00:00','system'),(1351,0,188,'0000-00-00',0,'0000-00-00','0000-00-00 00:00:00','system'),(1352,0,850,'2017-01-01',0,'0000-00-00','0000-00-00 00:00:00','system'),(1353,0,61,'0000-00-00',0,'0000-00-00','0000-00-00 00:00:00','system'),(1354,0,869,'2016-01-01',0,'0000-00-00','0000-00-00 00:00:00','system'),(1355,0,1623,'0000-00-00',0,'0000-00-00','0000-00-00 00:00:00','system'),(1356,0,62,'0000-00-00',0,'0000-00-00','0000-00-00 00:00:00','system'),(1358,57,63,'0000-00-00',0,'0000-00-00','0000-00-00 00:00:00','system'),(1359,0,65,'0000-00-00',0,'0000-00-00','0000-00-00 00:00:00','system'),(1361,49,949,'0000-00-00',0,'0000-00-00','0000-00-00 00:00:00','system'),(1362,0,1051,'0000-00-00',0,'0000-00-00','0000-00-00 00:00:00','system'),(1364,0,1762,'0000-00-00',0,'0000-00-00','0000-00-00 00:00:00','system'),(1365,0,66,'0000-00-00',0,'0000-00-00','0000-00-00 00:00:00','system'),(1366,20,2322,'0000-00-00',0,'0000-00-00','0000-00-00 00:00:00','system'),(1367,0,2322,'0000-00-00',0,'0000-00-00','0000-00-00 00:00:00','system'),(1369,0,68,'0000-00-00',0,'0000-00-00','0000-00-00 00:00:00','system'),(1370,0,69,'0000-00-00',0,'0000-00-00','0000-00-00 00:00:00','system'),(1371,0,890,'0000-00-00',0,'0000-00-00','0000-00-00 00:00:00','system'),(1372,0,2116,'2016-01-01',0,'0000-00-00','0000-00-00 00:00:00','system'),(1373,0,2037,'0000-00-00',0,'0000-00-00','0000-00-00 00:00:00','system'),(1374,0,71,'0000-00-00',0,'0000-00-00','0000-00-00 00:00:00','system'),(1375,59,502,'2017-01-01',0,'0000-00-00','0000-00-00 00:00:00','system'),(1376,0,73,'2015-01-01',0,'0000-00-00','0000-00-00 00:00:00','system'),(1377,0,1616,'0000-00-00',0,'0000-00-00','0000-00-00 00:00:00','system'),(1378,0,1790,'2017-01-01',0,'0000-00-00','0000-00-00 00:00:00','system'),(1379,0,74,'2018-01-01',0,'0000-00-00','0000-00-00 00:00:00','system'),(1380,0,1484,'0000-00-00',0,'0000-00-00','0000-00-00 00:00:00','system'),(1381,20,2275,'0000-00-00',0,'0000-00-00','0000-00-00 00:00:00','system'),(1382,0,2275,'0000-00-00',0,'0000-00-00','0000-00-00 00:00:00','system'),(1383,0,1848,'0000-00-00',0,'0000-00-00','0000-00-00 00:00:00','system'),(1384,0,1332,'0000-00-00',0,'0000-00-00','0000-00-00 00:00:00','system'),(1385,20,75,'2016-01-01',0,'0000-00-00','0000-00-00 00:00:00','system'),(1386,0,75,'2016-01-01',0,'0000-00-00','0000-00-00 00:00:00','system'),(1388,0,554,'0000-00-00',0,'0000-00-00','0000-00-00 00:00:00','system'),(1389,0,78,'0000-00-00',0,'0000-00-00','0000-00-00 00:00:00','system'),(1390,0,1649,'0000-00-00',0,'0000-00-00','0000-00-00 00:00:00','system'),(1391,0,80,'2018-01-01',0,'0000-00-00','0000-00-00 00:00:00','system'),(1392,0,1074,'0000-00-00',0,'0000-00-00','0000-00-00 00:00:00','system'),(1393,0,81,'2016-01-01',0,'0000-00-00','0000-00-00 00:00:00','system'),(1394,20,2192,'0000-00-00',0,'0000-00-00','0000-00-00 00:00:00','system'),(1395,0,2192,'0000-00-00',0,'0000-00-00','0000-00-00 00:00:00','system'),(1396,0,82,'0000-00-00',0,'0000-00-00','0000-00-00 00:00:00','system'),(1398,0,1435,'0000-00-00',0,'0000-00-00','0000-00-00 00:00:00','system'),(1400,0,83,'0000-00-00',0,'0000-00-00','0000-00-00 00:00:00','system'),(1401,0,1090,'0000-00-00',0,'0000-00-00','0000-00-00 00:00:00','system'),(1402,0,84,'0000-00-00',0,'0000-00-00','0000-00-00 00:00:00','system'),(1403,0,989,'2018-01-01',0,'0000-00-00','0000-00-00 00:00:00','system'),(1404,0,1141,'0000-00-00',0,'0000-00-00','0000-00-00 00:00:00','system'),(1405,0,1386,'2016-01-01',0,'0000-00-00','0000-00-00 00:00:00','system'),(1406,0,1942,'0000-00-00',0,'0000-00-00','0000-00-00 00:00:00','system'),(1407,0,1057,'0000-00-00',0,'0000-00-00','0000-00-00 00:00:00','system'),(1408,0,2120,'0000-00-00',0,'0000-00-00','0000-00-00 00:00:00','system'),(1409,0,2085,'0000-00-00',0,'0000-00-00','0000-00-00 00:00:00','system'),(1410,0,1565,'2016-01-01',0,'0000-00-00','0000-00-00 00:00:00','system'),(1411,0,92,'0000-00-00',0,'0000-00-00','0000-00-00 00:00:00','system'),(1412,0,1275,'2016-01-01',0,'0000-00-00','0000-00-00 00:00:00','system'),(1413,0,1246,'0000-00-00',0,'0000-00-00','0000-00-00 00:00:00','system'),(1415,0,94,'0000-00-00',0,'0000-00-00','0000-00-00 00:00:00','system'),(1417,0,95,'0000-00-00',0,'0000-00-00','0000-00-00 00:00:00','system'),(1418,0,96,'0000-00-00',0,'0000-00-00','0000-00-00 00:00:00','system'),(1419,0,1266,'0000-00-00',0,'0000-00-00','0000-00-00 00:00:00','system'),(1420,0,2265,'0000-00-00',0,'0000-00-00','0000-00-00 00:00:00','system'),(1422,0,99,'0000-00-00',0,'0000-00-00','0000-00-00 00:00:00','system'),(1423,0,1959,'0000-00-00',0,'0000-00-00','0000-00-00 00:00:00','system'),(1424,0,1801,'0000-00-00',0,'0000-00-00','0000-00-00 00:00:00','system'),(1425,0,1728,'0000-00-00',0,'0000-00-00','0000-00-00 00:00:00','system'),(1426,0,844,'0000-00-00',0,'0000-00-00','0000-00-00 00:00:00','system'),(1427,0,1178,'0000-00-00',0,'0000-00-00','0000-00-00 00:00:00','system'),(1428,0,102,'0000-00-00',0,'0000-00-00','0000-00-00 00:00:00','system'),(1429,0,1931,'0000-00-00',0,'0000-00-00','0000-00-00 00:00:00','system'),(1430,0,2125,'0000-00-00',0,'0000-00-00','0000-00-00 00:00:00','system'),(1431,0,1803,'0000-00-00',0,'0000-00-00','0000-00-00 00:00:00','system'),(1432,0,1287,'0000-00-00',0,'0000-00-00','0000-00-00 00:00:00','system'),(1433,0,103,'0000-00-00',0,'0000-00-00','0000-00-00 00:00:00','system'),(1434,0,105,'0000-00-00',0,'0000-00-00','0000-00-00 00:00:00','system'),(1435,0,1503,'0000-00-00',0,'0000-00-00','0000-00-00 00:00:00','system'),(1437,0,106,'0000-00-00',0,'0000-00-00','0000-00-00 00:00:00','system'),(1439,0,107,'0000-00-00',0,'0000-00-00','0000-00-00 00:00:00','system'),(1440,0,1578,'2015-01-01',0,'0000-00-00','0000-00-00 00:00:00','system'),(1441,0,108,'0000-00-00',0,'0000-00-00','0000-00-00 00:00:00','system'),(1442,0,1664,'2015-01-01',0,'0000-00-00','0000-00-00 00:00:00','system'),(1443,53,1301,'0000-00-00',0,'0000-00-00','0000-00-00 00:00:00','system'),(1444,0,1693,'2016-01-01',0,'0000-00-00','0000-00-00 00:00:00','system'),(1445,0,994,'0000-00-00',0,'0000-00-00','0000-00-00 00:00:00','system'),(1446,0,1061,'2016-01-01',0,'0000-00-00','0000-00-00 00:00:00','system'),(1447,0,1158,'0000-00-00',0,'0000-00-00','0000-00-00 00:00:00','system'),(1448,0,2077,'0000-00-00',0,'0000-00-00','0000-00-00 00:00:00','system'),(1449,0,109,'0000-00-00',0,'0000-00-00','0000-00-00 00:00:00','system'),(1450,0,1082,'2016-01-01',0,'0000-00-00','0000-00-00 00:00:00','system'),(1451,0,1681,'0000-00-00',0,'0000-00-00','0000-00-00 00:00:00','system'),(1452,0,1024,'0000-00-00',0,'0000-00-00','0000-00-00 00:00:00','system'),(1453,0,1617,'0000-00-00',0,'0000-00-00','0000-00-00 00:00:00','system'),(1455,0,113,'2017-01-01',0,'0000-00-00','0000-00-00 00:00:00','system'),(1456,0,114,'0000-00-00',0,'0000-00-00','0000-00-00 00:00:00','system'),(1457,0,115,'0000-00-00',0,'0000-00-00','0000-00-00 00:00:00','system'),(1458,59,116,'2016-01-01',0,'0000-00-00','0000-00-00 00:00:00','system'),(1459,0,2260,'0000-00-00',0,'0000-00-00','0000-00-00 00:00:00','system'),(1460,0,118,'0000-00-00',0,'0000-00-00','0000-00-00 00:00:00','system'),(1462,0,1076,'0000-00-00',0,'0000-00-00','0000-00-00 00:00:00','system'),(1463,0,121,'0000-00-00',0,'0000-00-00','0000-00-00 00:00:00','system'),(1464,0,1195,'0000-00-00',0,'0000-00-00','0000-00-00 00:00:00','system'),(1465,0,85,'2016-01-01',0,'0000-00-00','0000-00-00 00:00:00','system'),(1466,0,935,'2016-01-01',0,'0000-00-00','0000-00-00 00:00:00','system'),(1468,0,1026,'0000-00-00',0,'0000-00-00','0000-00-00 00:00:00','system'),(1469,0,2239,'0000-00-00',0,'0000-00-00','0000-00-00 00:00:00','system'),(1470,0,124,'0000-00-00',0,'0000-00-00','0000-00-00 00:00:00','system'),(1471,0,2246,'0000-00-00',0,'0000-00-00','0000-00-00 00:00:00','system'),(1473,0,125,'0000-00-00',0,'0000-00-00','0000-00-00 00:00:00','system'),(1475,0,1025,'2016-01-01',0,'0000-00-00','0000-00-00 00:00:00','system'),(1476,0,127,'2015-01-01',0,'0000-00-00','0000-00-00 00:00:00','system'),(1477,0,1822,'0000-00-00',0,'0000-00-00','0000-00-00 00:00:00','system'),(1478,0,129,'0000-00-00',0,'0000-00-00','0000-00-00 00:00:00','system'),(1479,0,878,'2018-01-01',0,'0000-00-00','0000-00-00 00:00:00','system'),(1480,0,111,'2017-01-01',0,'0000-00-00','0000-00-00 00:00:00','system'),(1481,0,1329,'2018-01-01',0,'0000-00-00','0000-00-00 00:00:00','system'),(1482,0,1309,'0000-00-00',0,'0000-00-00','0000-00-00 00:00:00','system'),(1483,0,2236,'0000-00-00',0,'0000-00-00','0000-00-00 00:00:00','system'),(1484,0,2099,'0000-00-00',0,'0000-00-00','0000-00-00 00:00:00','system'),(1485,0,1392,'0000-00-00',0,'0000-00-00','0000-00-00 00:00:00','system'),(1487,0,1903,'0000-00-00',0,'0000-00-00','0000-00-00 00:00:00','system'),(1488,0,1050,'0000-00-00',0,'0000-00-00','0000-00-00 00:00:00','system'),(1489,0,909,'0000-00-00',0,'0000-00-00','0000-00-00 00:00:00','system'),(1490,0,958,'0000-00-00',0,'0000-00-00','0000-00-00 00:00:00','system'),(1491,0,134,'0000-00-00',0,'0000-00-00','0000-00-00 00:00:00','system'),(1492,53,1310,'0000-00-00',0,'0000-00-00','0000-00-00 00:00:00','system'),(1493,0,1112,'0000-00-00',0,'0000-00-00','0000-00-00 00:00:00','system'),(1494,0,137,'0000-00-00',0,'0000-00-00','0000-00-00 00:00:00','system'),(1495,0,143,'2015-01-01',0,'0000-00-00','0000-00-00 00:00:00','system'),(1496,0,2241,'2016-01-01',0,'0000-00-00','0000-00-00 00:00:00','system'),(1497,0,851,'2015-01-01',0,'0000-00-00','0000-00-00 00:00:00','system'),(1498,0,1669,'2017-01-01',0,'0000-00-00','0000-00-00 00:00:00','system'),(1499,0,1038,'0000-00-00',0,'0000-00-00','0000-00-00 00:00:00','system'),(1500,0,2238,'0000-00-00',0,'0000-00-00','0000-00-00 00:00:00','system'),(1501,0,1277,'0000-00-00',0,'0000-00-00','0000-00-00 00:00:00','system'),(1502,0,1421,'2018-01-01',0,'0000-00-00','0000-00-00 00:00:00','system'),(1503,0,147,'2016-01-01',0,'0000-00-00','0000-00-00 00:00:00','system'),(1504,0,148,'0000-00-00',0,'0000-00-00','0000-00-00 00:00:00','system'),(1505,0,1314,'2016-01-01',0,'0000-00-00','0000-00-00 00:00:00','system'),(1506,0,1256,'0000-00-00',0,'0000-00-00','0000-00-00 00:00:00','system'),(1507,59,149,'2016-01-01',0,'0000-00-00','0000-00-00 00:00:00','system'),(1509,0,1581,'0000-00-00',0,'0000-00-00','0000-00-00 00:00:00','system'),(1510,0,150,'0000-00-00',0,'0000-00-00','0000-00-00 00:00:00','system'),(1512,0,732,'2016-01-01',0,'0000-00-00','0000-00-00 00:00:00','system'),(1513,0,1914,'0000-00-00',0,'0000-00-00','0000-00-00 00:00:00','system'),(1514,0,152,'0000-00-00',0,'0000-00-00','0000-00-00 00:00:00','system'),(1515,0,1017,'0000-00-00',0,'0000-00-00','0000-00-00 00:00:00','system'),(1516,0,153,'2015-01-01',0,'0000-00-00','0000-00-00 00:00:00','system'),(1517,0,907,'0000-00-00',0,'0000-00-00','0000-00-00 00:00:00','system'),(1518,0,743,'2016-01-01',0,'0000-00-00','0000-00-00 00:00:00','system'),(1519,0,155,'2017-01-01',0,'0000-00-00','0000-00-00 00:00:00','system'),(1520,0,1273,'0000-00-00',0,'0000-00-00','0000-00-00 00:00:00','system'),(1521,27,159,'2018-01-01',0,'0000-00-00','0000-00-00 00:00:00','system'),(1522,0,159,'2018-01-01',0,'0000-00-00','0000-00-00 00:00:00','system'),(1523,0,1284,'2016-01-01',0,'0000-00-00','0000-00-00 00:00:00','system'),(1525,0,1943,'2017-01-01',0,'0000-00-00','0000-00-00 00:00:00','system'),(1527,53,161,'0000-00-00',0,'0000-00-00','0000-00-00 00:00:00','system'),(1528,0,1930,'0000-00-00',0,'0000-00-00','0000-00-00 00:00:00','system'),(1529,0,2295,'0000-00-00',0,'0000-00-00','0000-00-00 00:00:00','system'),(1530,0,1276,'0000-00-00',0,'0000-00-00','0000-00-00 00:00:00','system'),(1531,0,1626,'2018-01-01',0,'0000-00-00','0000-00-00 00:00:00','system'),(1532,0,1083,'0000-00-00',0,'0000-00-00','0000-00-00 00:00:00','system'),(1533,0,1419,'2016-01-01',0,'0000-00-00','0000-00-00 00:00:00','system'),(1534,0,162,'0000-00-00',0,'0000-00-00','0000-00-00 00:00:00','system'),(1535,61,1175,'0000-00-00',0,'0000-00-00','0000-00-00 00:00:00','system'),(1536,0,1175,'0000-00-00',0,'0000-00-00','0000-00-00 00:00:00','system'),(1537,0,163,'0000-00-00',0,'0000-00-00','0000-00-00 00:00:00','system'),(1538,0,1317,'2016-01-01',0,'0000-00-00','0000-00-00 00:00:00','system'),(1539,0,164,'0000-00-00',0,'0000-00-00','0000-00-00 00:00:00','system'),(1540,0,165,'2015-01-01',0,'0000-00-00','0000-00-00 00:00:00','system'),(1541,0,166,'0000-00-00',0,'0000-00-00','0000-00-00 00:00:00','system'),(1542,0,167,'0000-00-00',0,'0000-00-00','0000-00-00 00:00:00','system'),(1543,27,1569,'0000-00-00',0,'0000-00-00','0000-00-00 00:00:00','system'),(1544,0,1569,'0000-00-00',0,'0000-00-00','0000-00-00 00:00:00','system'),(1545,0,168,'0000-00-00',0,'0000-00-00','0000-00-00 00:00:00','system'),(1546,20,169,'2016-01-01',0,'0000-00-00','0000-00-00 00:00:00','system'),(1547,0,169,'2016-01-01',0,'0000-00-00','0000-00-00 00:00:00','system'),(1548,20,170,'2016-01-01',0,'0000-00-00','0000-00-00 00:00:00','system'),(1549,0,170,'2016-01-01',0,'0000-00-00','0000-00-00 00:00:00','system'),(1550,20,1120,'0000-00-00',0,'0000-00-00','0000-00-00 00:00:00','system'),(1551,0,1120,'0000-00-00',0,'0000-00-00','0000-00-00 00:00:00','system'),(1553,0,717,'2015-01-01',0,'0000-00-00','0000-00-00 00:00:00','system'),(1554,0,171,'0000-00-00',0,'0000-00-00','0000-00-00 00:00:00','system'),(1555,0,1165,'0000-00-00',0,'0000-00-00','0000-00-00 00:00:00','system'),(1556,0,172,'0000-00-00',0,'0000-00-00','0000-00-00 00:00:00','system'),(1557,0,173,'0000-00-00',0,'0000-00-00','0000-00-00 00:00:00','system'),(1558,0,176,'0000-00-00',0,'0000-00-00','0000-00-00 00:00:00','system'),(1559,0,1513,'0000-00-00',0,'0000-00-00','0000-00-00 00:00:00','system'),(1560,15,1233,'0000-00-00',0,'0000-00-00','0000-00-00 00:00:00','system'),(1561,0,1233,'0000-00-00',0,'0000-00-00','0000-00-00 00:00:00','system'),(1562,0,2280,'0000-00-00',0,'0000-00-00','0000-00-00 00:00:00','system'),(1563,0,2082,'0000-00-00',0,'0000-00-00','0000-00-00 00:00:00','system'),(1564,0,1092,'0000-00-00',0,'0000-00-00','0000-00-00 00:00:00','system'),(1565,20,1456,'2016-01-01',0,'0000-00-00','0000-00-00 00:00:00','system'),(1566,0,1456,'2016-01-01',0,'0000-00-00','0000-00-00 00:00:00','system'),(1567,61,1810,'2016-01-01',0,'0000-00-00','0000-00-00 00:00:00','system'),(1568,0,1810,'2016-01-01',0,'0000-00-00','0000-00-00 00:00:00','system'),(1569,0,179,'0000-00-00',0,'0000-00-00','0000-00-00 00:00:00','system'),(1570,0,1946,'0000-00-00',0,'0000-00-00','0000-00-00 00:00:00','system'),(1571,0,1427,'2016-01-01',0,'0000-00-00','0000-00-00 00:00:00','system'),(1572,0,1428,'2016-01-01',0,'0000-00-00','0000-00-00 00:00:00','system'),(1573,0,973,'0000-00-00',0,'0000-00-00','0000-00-00 00:00:00','system'),(1574,0,1789,'0000-00-00',0,'0000-00-00','0000-00-00 00:00:00','system'),(1575,0,1619,'0000-00-00',0,'0000-00-00','0000-00-00 00:00:00','system'),(1576,0,1107,'0000-00-00',0,'0000-00-00','0000-00-00 00:00:00','system'),(1577,0,1710,'0000-00-00',0,'0000-00-00','0000-00-00 00:00:00','system'),(1578,0,1211,'0000-00-00',0,'0000-00-00','0000-00-00 00:00:00','system'),(1579,61,1951,'0000-00-00',0,'0000-00-00','0000-00-00 00:00:00','system'),(1580,0,1951,'0000-00-00',0,'0000-00-00','0000-00-00 00:00:00','system'),(1582,0,1684,'0000-00-00',0,'0000-00-00','0000-00-00 00:00:00','system'),(1583,0,843,'0000-00-00',0,'0000-00-00','0000-00-00 00:00:00','system'),(1584,0,182,'0000-00-00',0,'0000-00-00','0000-00-00 00:00:00','system'),(1586,0,1682,'2016-01-01',0,'0000-00-00','0000-00-00 00:00:00','system'),(1587,35,2060,'0000-00-00',0,'0000-00-00','0000-00-00 00:00:00','system'),(1588,0,2060,'0000-00-00',0,'0000-00-00','0000-00-00 00:00:00','system'),(1590,0,1297,'0000-00-00',0,'0000-00-00','0000-00-00 00:00:00','system'),(1591,0,1794,'0000-00-00',0,'0000-00-00','0000-00-00 00:00:00','system'),(1592,0,2039,'0000-00-00',0,'0000-00-00','0000-00-00 00:00:00','system'),(1593,0,1883,'2016-01-01',0,'0000-00-00','0000-00-00 00:00:00','system'),(1594,0,972,'2016-01-01',0,'0000-00-00','0000-00-00 00:00:00','system'),(1595,0,190,'0000-00-00',0,'0000-00-00','0000-00-00 00:00:00','system'),(1597,0,376,'0000-00-00',0,'0000-00-00','0000-00-00 00:00:00','system'),(1598,59,191,'0000-00-00',0,'0000-00-00','0000-00-00 00:00:00','system'),(1599,0,191,'0000-00-00',0,'0000-00-00','0000-00-00 00:00:00','system'),(1600,0,2041,'0000-00-00',0,'0000-00-00','0000-00-00 00:00:00','system'),(1601,0,192,'0000-00-00',0,'0000-00-00','0000-00-00 00:00:00','system'),(1602,0,193,'0000-00-00',0,'0000-00-00','0000-00-00 00:00:00','system'),(1603,0,194,'0000-00-00',0,'0000-00-00','0000-00-00 00:00:00','system'),(1604,0,746,'0000-00-00',0,'0000-00-00','0000-00-00 00:00:00','system'),(1605,20,1558,'0000-00-00',0,'0000-00-00','0000-00-00 00:00:00','system'),(1606,0,1558,'0000-00-00',0,'0000-00-00','0000-00-00 00:00:00','system'),(1608,0,2034,'0000-00-00',0,'0000-00-00','0000-00-00 00:00:00','system'),(1609,0,196,'0000-00-00',0,'0000-00-00','0000-00-00 00:00:00','system'),(1610,0,2218,'0000-00-00',0,'0000-00-00','0000-00-00 00:00:00','system'),(1611,0,197,'2016-01-01',0,'0000-00-00','0000-00-00 00:00:00','system'),(1612,0,982,'0000-00-00',0,'0000-00-00','0000-00-00 00:00:00','system'),(1613,61,2286,'2015-01-01',0,'0000-00-00','0000-00-00 00:00:00','system'),(1614,0,2286,'2015-01-01',0,'0000-00-00','0000-00-00 00:00:00','system'),(1615,0,1300,'0000-00-00',0,'0000-00-00','0000-00-00 00:00:00','system'),(1617,57,1298,'0000-00-00',0,'0000-00-00','0000-00-00 00:00:00','system'),(1618,0,1298,'0000-00-00',0,'0000-00-00','0000-00-00 00:00:00','system'),(1619,27,317,'0000-00-00',0,'0000-00-00','0000-00-00 00:00:00','system'),(1620,0,317,'0000-00-00',0,'0000-00-00','0000-00-00 00:00:00','system'),(1621,0,201,'0000-00-00',0,'0000-00-00','0000-00-00 00:00:00','system'),(1622,0,2035,'0000-00-00',0,'0000-00-00','0000-00-00 00:00:00','system'),(1623,0,202,'2016-01-01',0,'0000-00-00','0000-00-00 00:00:00','system'),(1624,0,1818,'2016-01-01',0,'0000-00-00','0000-00-00 00:00:00','system'),(1625,0,205,'0000-00-00',0,'0000-00-00','0000-00-00 00:00:00','system'),(1626,0,2049,'0000-00-00',0,'0000-00-00','0000-00-00 00:00:00','system'),(1627,0,1184,'0000-00-00',0,'0000-00-00','0000-00-00 00:00:00','system'),(1629,0,1688,'2016-01-01',0,'0000-00-00','0000-00-00 00:00:00','system'),(1631,0,207,'2016-01-01',0,'0000-00-00','0000-00-00 00:00:00','system'),(1632,0,1296,'2017-01-01',0,'0000-00-00','0000-00-00 00:00:00','system'),(1633,0,209,'0000-00-00',0,'0000-00-00','0000-00-00 00:00:00','system'),(1634,0,210,'0000-00-00',0,'0000-00-00','0000-00-00 00:00:00','system'),(1636,0,1849,'0000-00-00',0,'0000-00-00','0000-00-00 00:00:00','system'),(1637,0,768,'0000-00-00',0,'0000-00-00','0000-00-00 00:00:00','system'),(1638,0,1046,'0000-00-00',0,'0000-00-00','0000-00-00 00:00:00','system'),(1639,0,1110,'2017-01-01',0,'0000-00-00','0000-00-00 00:00:00','system'),(1640,0,2087,'0000-00-00',0,'0000-00-00','0000-00-00 00:00:00','system'),(1641,0,1462,'2016-01-01',0,'0000-00-00','0000-00-00 00:00:00','system'),(1642,0,212,'0000-00-00',0,'0000-00-00','0000-00-00 00:00:00','system'),(1643,0,1865,'0000-00-00',0,'0000-00-00','0000-00-00 00:00:00','system'),(1644,0,1608,'2016-01-01',0,'0000-00-00','0000-00-00 00:00:00','system'),(1645,0,1450,'2016-01-01',0,'0000-00-00','0000-00-00 00:00:00','system'),(1646,0,1426,'0000-00-00',0,'0000-00-00','0000-00-00 00:00:00','system'),(1648,0,1926,'0000-00-00',0,'0000-00-00','0000-00-00 00:00:00','system'),(1649,0,223,'0000-00-00',0,'0000-00-00','0000-00-00 00:00:00','system'),(1650,0,1539,'0000-00-00',0,'0000-00-00','0000-00-00 00:00:00','system'),(1651,0,875,'2017-01-01',0,'0000-00-00','0000-00-00 00:00:00','system'),(1652,0,225,'0000-00-00',0,'0000-00-00','0000-00-00 00:00:00','system'),(1653,0,1956,'0000-00-00',0,'0000-00-00','0000-00-00 00:00:00','system'),(1654,0,2066,'0000-00-00',0,'0000-00-00','0000-00-00 00:00:00','system'),(1655,0,1465,'0000-00-00',0,'0000-00-00','0000-00-00 00:00:00','system'),(1656,0,2070,'0000-00-00',0,'0000-00-00','0000-00-00 00:00:00','system'),(1657,0,1793,'0000-00-00',0,'0000-00-00','0000-00-00 00:00:00','system'),(1659,0,226,'0000-00-00',0,'0000-00-00','0000-00-00 00:00:00','system'),(1660,0,227,'0000-00-00',0,'0000-00-00','0000-00-00 00:00:00','system'),(1661,0,1610,'2016-01-01',0,'0000-00-00','0000-00-00 00:00:00','system'),(1662,0,1645,'2015-01-01',0,'0000-00-00','0000-00-00 00:00:00','system'),(1663,0,230,'2015-01-01',0,'0000-00-00','0000-00-00 00:00:00','system'),(1665,0,1290,'0000-00-00',0,'0000-00-00','0000-00-00 00:00:00','system'),(1666,0,901,'0000-00-00',0,'0000-00-00','0000-00-00 00:00:00','system'),(1912,6,449,'0000-00-00',0,'0000-00-00','0000-00-00 00:00:00','system'),(1913,6,950,'0000-00-00',0,'0000-00-00','0000-00-00 00:00:00','system'),(1914,6,1357,'0000-00-00',0,'0000-00-00','0000-00-00 00:00:00','system'),(1915,6,1358,'0000-00-00',0,'0000-00-00','0000-00-00 00:00:00','system'),(1916,6,10,'0000-00-00',0,'0000-00-00','0000-00-00 00:00:00','system'),(1917,6,1861,'0000-00-00',0,'0000-00-00','0000-00-00 00:00:00','system'),(1918,6,874,'0000-00-00',0,'0000-00-00','0000-00-00 00:00:00','system'),(1919,6,1049,'2016-01-01',0,'0000-00-00','0000-00-00 00:00:00','system'),(1920,6,16,'2016-01-01',0,'0000-00-00','0000-00-00 00:00:00','system'),(1921,6,1500,'2016-01-01',0,'0000-00-00','0000-00-00 00:00:00','system'),(1922,6,1069,'0000-00-00',0,'0000-00-00','0000-00-00 00:00:00','system'),(1923,6,1324,'0000-00-00',0,'0000-00-00','0000-00-00 00:00:00','system'),(1924,6,2045,'0000-00-00',0,'0000-00-00','0000-00-00 00:00:00','system'),(1925,6,1716,'2016-01-01',0,'0000-00-00','0000-00-00 00:00:00','system'),(1926,6,1116,'0000-00-00',0,'0000-00-00','0000-00-00 00:00:00','system'),(1927,6,1170,'2017-01-01',0,'0000-00-00','0000-00-00 00:00:00','system'),(1928,6,1588,'0000-00-00',0,'0000-00-00','0000-00-00 00:00:00','system'),(1929,6,36,'0000-00-00',0,'0000-00-00','0000-00-00 00:00:00','system'),(1930,6,1436,'0000-00-00',0,'0000-00-00','0000-00-00 00:00:00','system'),(1931,6,40,'0000-00-00',0,'0000-00-00','0000-00-00 00:00:00','system'),(1932,6,1361,'0000-00-00',0,'0000-00-00','0000-00-00 00:00:00','system'),(1933,6,45,'0000-00-00',0,'0000-00-00','0000-00-00 00:00:00','system'),(1934,6,1164,'0000-00-00',0,'0000-00-00','0000-00-00 00:00:00','system'),(1935,6,48,'0000-00-00',0,'0000-00-00','0000-00-00 00:00:00','system'),(1936,6,1493,'0000-00-00',0,'0000-00-00','0000-00-00 00:00:00','system'),(1937,6,1128,'0000-00-00',0,'0000-00-00','0000-00-00 00:00:00','system'),(1938,6,846,'0000-00-00',0,'0000-00-00','0000-00-00 00:00:00','system'),(1939,6,914,'2017-01-01',0,'0000-00-00','0000-00-00 00:00:00','system'),(1940,6,910,'0000-00-00',0,'0000-00-00','0000-00-00 00:00:00','system'),(1941,6,56,'0000-00-00',0,'0000-00-00','0000-00-00 00:00:00','system'),(1942,6,1529,'0000-00-00',0,'0000-00-00','0000-00-00 00:00:00','system'),(1943,6,2122,'0000-00-00',0,'0000-00-00','0000-00-00 00:00:00','system'),(1944,6,869,'2016-01-01',0,'0000-00-00','0000-00-00 00:00:00','system'),(1945,6,1762,'0000-00-00',0,'0000-00-00','0000-00-00 00:00:00','system'),(1946,6,73,'2015-01-01',0,'0000-00-00','0000-00-00 00:00:00','system'),(1947,6,1332,'0000-00-00',0,'0000-00-00','0000-00-00 00:00:00','system'),(1948,6,79,'2018-01-01',0,'0000-00-00','0000-00-00 00:00:00','system'),(1949,6,1372,'0000-00-00',0,'0000-00-00','0000-00-00 00:00:00','system'),(1950,6,1057,'0000-00-00',0,'0000-00-00','0000-00-00 00:00:00','system'),(1951,6,1246,'0000-00-00',0,'0000-00-00','0000-00-00 00:00:00','system'),(1952,6,844,'0000-00-00',0,'0000-00-00','0000-00-00 00:00:00','system'),(1953,6,102,'0000-00-00',0,'0000-00-00','0000-00-00 00:00:00','system'),(1954,6,108,'0000-00-00',0,'0000-00-00','0000-00-00 00:00:00','system'),(1955,6,109,'0000-00-00',0,'0000-00-00','0000-00-00 00:00:00','system'),(1956,6,110,'2015-01-01',0,'0000-00-00','0000-00-00 00:00:00','system'),(1957,6,117,'0000-00-00',0,'0000-00-00','0000-00-00 00:00:00','system'),(1958,6,1026,'0000-00-00',0,'0000-00-00','0000-00-00 00:00:00','system'),(1959,6,1028,'0000-00-00',0,'0000-00-00','0000-00-00 00:00:00','system'),(1960,6,124,'0000-00-00',0,'0000-00-00','0000-00-00 00:00:00','system'),(1961,6,1310,'0000-00-00',0,'0000-00-00','0000-00-00 00:00:00','system'),(1962,6,150,'0000-00-00',0,'0000-00-00','0000-00-00 00:00:00','system'),(1963,6,152,'0000-00-00',0,'0000-00-00','0000-00-00 00:00:00','system'),(1964,6,162,'0000-00-00',0,'0000-00-00','0000-00-00 00:00:00','system'),(1965,6,165,'2015-01-01',0,'0000-00-00','0000-00-00 00:00:00','system'),(1966,6,171,'0000-00-00',0,'0000-00-00','0000-00-00 00:00:00','system'),(1967,6,1165,'0000-00-00',0,'0000-00-00','0000-00-00 00:00:00','system'),(1968,6,1427,'2016-01-01',0,'0000-00-00','0000-00-00 00:00:00','system'),(1969,6,1428,'2016-01-01',0,'0000-00-00','0000-00-00 00:00:00','system'),(1970,6,973,'0000-00-00',0,'0000-00-00','0000-00-00 00:00:00','system'),(1971,6,1789,'0000-00-00',0,'0000-00-00','0000-00-00 00:00:00','system'),(1972,6,918,'0000-00-00',0,'0000-00-00','0000-00-00 00:00:00','system'),(1973,6,1107,'0000-00-00',0,'0000-00-00','0000-00-00 00:00:00','system'),(1974,6,1710,'0000-00-00',0,'0000-00-00','0000-00-00 00:00:00','system'),(1975,6,1684,'0000-00-00',0,'0000-00-00','0000-00-00 00:00:00','system'),(1976,6,843,'0000-00-00',0,'0000-00-00','0000-00-00 00:00:00','system'),(1977,6,1883,'2016-01-01',0,'0000-00-00','0000-00-00 00:00:00','system'),(1978,6,196,'0000-00-00',0,'0000-00-00','0000-00-00 00:00:00','system'),(1979,6,205,'0000-00-00',0,'0000-00-00','0000-00-00 00:00:00','system'),(1980,6,1167,'2016-01-01',0,'0000-00-00','0000-00-00 00:00:00','system'),(1981,6,1865,'0000-00-00',0,'0000-00-00','0000-00-00 00:00:00','system'),(1982,6,1450,'2016-01-01',0,'0000-00-00','0000-00-00 00:00:00','system'),(1983,6,1926,'0000-00-00',0,'0000-00-00','0000-00-00 00:00:00','system'),(1984,6,225,'0000-00-00',0,'0000-00-00','0000-00-00 00:00:00','system'),(1985,6,1465,'0000-00-00',0,'0000-00-00','0000-00-00 00:00:00','system'),(1986,6,226,'0000-00-00',0,'0000-00-00','0000-00-00 00:00:00','system'),(1987,6,1355,'0000-00-00',0,'0000-00-00','0000-00-00 00:00:00','system'),(1988,6,227,'0000-00-00',0,'0000-00-00','0000-00-00 00:00:00','system'),(1989,6,827,'0000-00-00',0,'0000-00-00','0000-00-00 00:00:00','system'),(1990,6,230,'2015-01-01',0,'0000-00-00','0000-00-00 00:00:00','system'),(1991,6,237,'2016-01-01',0,'0000-00-00','0000-00-00 00:00:00','system'),(1992,6,970,'2017-01-01',0,'0000-00-00','0000-00-00 00:00:00','system'),(1993,6,240,'0000-00-00',0,'0000-00-00','0000-00-00 00:00:00','system'),(1994,6,241,'0000-00-00',0,'0000-00-00','0000-00-00 00:00:00','system'),(1995,6,243,'0000-00-00',0,'0000-00-00','0000-00-00 00:00:00','system'),(1996,6,245,'2017-01-01',0,'0000-00-00','0000-00-00 00:00:00','system'),(1997,6,247,'0000-00-00',0,'0000-00-00','0000-00-00 00:00:00','system'),(1998,6,948,'0000-00-00',0,'0000-00-00','0000-00-00 00:00:00','system'),(1999,6,1673,'0000-00-00',0,'0000-00-00','0000-00-00 00:00:00','system'),(2000,6,258,'0000-00-00',0,'0000-00-00','0000-00-00 00:00:00','system'),(2001,6,1093,'0000-00-00',0,'0000-00-00','0000-00-00 00:00:00','system'),(2002,6,261,'0000-00-00',0,'0000-00-00','0000-00-00 00:00:00','system'),(2003,6,267,'2015-01-01',0,'0000-00-00','0000-00-00 00:00:00','system'),(2004,6,1134,'0000-00-00',0,'0000-00-00','0000-00-00 00:00:00','system'),(2005,6,861,'2016-01-01',0,'0000-00-00','0000-00-00 00:00:00','system'),(2006,6,278,'2017-01-01',0,'0000-00-00','0000-00-00 00:00:00','system'),(2007,6,828,'0000-00-00',0,'0000-00-00','0000-00-00 00:00:00','system'),(2008,6,281,'2016-01-01',0,'0000-00-00','0000-00-00 00:00:00','system'),(2009,6,1226,'0000-00-00',0,'0000-00-00','0000-00-00 00:00:00','system'),(2010,6,283,'0000-00-00',0,'0000-00-00','0000-00-00 00:00:00','system'),(2011,6,285,'0000-00-00',0,'0000-00-00','0000-00-00 00:00:00','system'),(2012,6,1135,'0000-00-00',0,'0000-00-00','0000-00-00 00:00:00','system'),(2013,6,293,'2017-01-01',0,'0000-00-00','0000-00-00 00:00:00','system'),(2014,6,826,'0000-00-00',0,'0000-00-00','0000-00-00 00:00:00','system'),(2015,6,296,'0000-00-00',0,'0000-00-00','0000-00-00 00:00:00','system'),(2016,6,297,'0000-00-00',0,'0000-00-00','0000-00-00 00:00:00','system'),(2017,6,298,'0000-00-00',0,'0000-00-00','0000-00-00 00:00:00','system'),(2018,6,300,'0000-00-00',0,'0000-00-00','0000-00-00 00:00:00','system'),(2019,6,301,'0000-00-00',0,'0000-00-00','0000-00-00 00:00:00','system'),(2020,6,302,'0000-00-00',0,'0000-00-00','0000-00-00 00:00:00','system'),(2021,6,913,'2016-01-01',0,'0000-00-00','0000-00-00 00:00:00','system'),(2022,6,1009,'0000-00-00',0,'0000-00-00','0000-00-00 00:00:00','system'),(2023,6,306,'0000-00-00',0,'0000-00-00','0000-00-00 00:00:00','system'),(2024,6,307,'0000-00-00',0,'0000-00-00','0000-00-00 00:00:00','system'),(2025,6,825,'0000-00-00',0,'0000-00-00','0000-00-00 00:00:00','system'),(2026,6,977,'0000-00-00',0,'0000-00-00','0000-00-00 00:00:00','system'),(2027,6,323,'2015-01-01',0,'0000-00-00','0000-00-00 00:00:00','system'),(2028,6,324,'0000-00-00',0,'0000-00-00','0000-00-00 00:00:00','system'),(2029,6,326,'2016-01-01',0,'0000-00-00','0000-00-00 00:00:00','system'),(2030,6,330,'0000-00-00',0,'0000-00-00','0000-00-00 00:00:00','system'),(2031,6,761,'0000-00-00',0,'0000-00-00','0000-00-00 00:00:00','system'),(2032,6,334,'0000-00-00',0,'0000-00-00','0000-00-00 00:00:00','system'),(2033,6,344,'0000-00-00',0,'0000-00-00','0000-00-00 00:00:00','system'),(2034,6,345,'0000-00-00',0,'0000-00-00','0000-00-00 00:00:00','system'),(2035,6,353,'0000-00-00',0,'0000-00-00','0000-00-00 00:00:00','system'),(2036,6,354,'0000-00-00',0,'0000-00-00','0000-00-00 00:00:00','system'),(2037,6,366,'0000-00-00',0,'0000-00-00','0000-00-00 00:00:00','system'),(2038,6,371,'0000-00-00',0,'0000-00-00','0000-00-00 00:00:00','system'),(2039,6,374,'2016-01-01',0,'0000-00-00','0000-00-00 00:00:00','system'),(2040,6,739,'2016-01-01',0,'0000-00-00','0000-00-00 00:00:00','system'),(2041,6,1252,'0000-00-00',0,'0000-00-00','0000-00-00 00:00:00','system'),(2042,6,375,'2016-01-01',0,'0000-00-00','0000-00-00 00:00:00','system'),(2043,6,868,'0000-00-00',0,'0000-00-00','0000-00-00 00:00:00','system'),(2044,6,1095,'2016-01-01',0,'0000-00-00','0000-00-00 00:00:00','system'),(2045,6,382,'0000-00-00',0,'0000-00-00','0000-00-00 00:00:00','system'),(2046,6,386,'0000-00-00',0,'0000-00-00','0000-00-00 00:00:00','system'),(2047,6,387,'2015-01-01',0,'0000-00-00','0000-00-00 00:00:00','system'),(2048,6,1460,'0000-00-00',0,'0000-00-00','0000-00-00 00:00:00','system'),(2049,6,1457,'0000-00-00',0,'0000-00-00','0000-00-00 00:00:00','system'),(2050,6,398,'0000-00-00',0,'0000-00-00','0000-00-00 00:00:00','system'),(2051,6,400,'0000-00-00',0,'0000-00-00','0000-00-00 00:00:00','system'),(2052,6,1241,'0000-00-00',0,'0000-00-00','0000-00-00 00:00:00','system'),(2053,6,402,'2017-01-01',0,'0000-00-00','0000-00-00 00:00:00','system'),(2054,6,1133,'0000-00-00',0,'0000-00-00','0000-00-00 00:00:00','system'),(2055,6,1012,'0000-00-00',0,'0000-00-00','0000-00-00 00:00:00','system'),(2056,6,993,'0000-00-00',0,'0000-00-00','0000-00-00 00:00:00','system'),(2057,6,866,'0000-00-00',0,'0000-00-00','0000-00-00 00:00:00','system'),(2058,6,942,'0000-00-00',0,'0000-00-00','0000-00-00 00:00:00','system'),(2059,6,2042,'0000-00-00',0,'0000-00-00','0000-00-00 00:00:00','system'),(2060,6,741,'2016-01-01',0,'0000-00-00','0000-00-00 00:00:00','system'),(2061,6,427,'0000-00-00',0,'0000-00-00','0000-00-00 00:00:00','system'),(2062,6,1341,'0000-00-00',0,'0000-00-00','0000-00-00 00:00:00','system'),(2063,6,1643,'0000-00-00',0,'0000-00-00','0000-00-00 00:00:00','system'),(2064,6,441,'2015-01-01',0,'0000-00-00','0000-00-00 00:00:00','system'),(2065,6,447,'2016-01-01',0,'0000-00-00','0000-00-00 00:00:00','system'),(2066,6,1137,'0000-00-00',0,'0000-00-00','0000-00-00 00:00:00','system'),(2067,6,455,'0000-00-00',0,'0000-00-00','0000-00-00 00:00:00','system'),(2068,6,1240,'0000-00-00',0,'0000-00-00','0000-00-00 00:00:00','system'),(2069,6,466,'0000-00-00',0,'0000-00-00','0000-00-00 00:00:00','system'),(2070,6,1776,'0000-00-00',0,'0000-00-00','0000-00-00 00:00:00','system'),(2071,6,1099,'0000-00-00',0,'0000-00-00','0000-00-00 00:00:00','system'),(2072,6,475,'0000-00-00',0,'0000-00-00','0000-00-00 00:00:00','system'),(2073,6,484,'0000-00-00',0,'0000-00-00','0000-00-00 00:00:00','system'),(2074,6,485,'0000-00-00',0,'0000-00-00','0000-00-00 00:00:00','system'),(2075,6,487,'0000-00-00',0,'0000-00-00','0000-00-00 00:00:00','system'),(2076,6,1031,'0000-00-00',0,'0000-00-00','0000-00-00 00:00:00','system'),(2077,6,492,'2016-01-01',0,'0000-00-00','0000-00-00 00:00:00','system'),(2078,6,924,'0000-00-00',0,'0000-00-00','0000-00-00 00:00:00','system'),(2079,6,496,'0000-00-00',0,'0000-00-00','0000-00-00 00:00:00','system'),(2080,6,995,'2016-01-01',0,'0000-00-00','0000-00-00 00:00:00','system'),(2081,6,1319,'0000-00-00',0,'0000-00-00','0000-00-00 00:00:00','system'),(2082,6,547,'2015-01-01',0,'0000-00-00','0000-00-00 00:00:00','system'),(2083,6,1328,'0000-00-00',0,'0000-00-00','0000-00-00 00:00:00','system'),(2084,6,553,'2015-01-01',0,'0000-00-00','0000-00-00 00:00:00','system'),(2085,6,554,'0000-00-00',0,'0000-00-00','0000-00-00 00:00:00','system'),(2086,6,555,'0000-00-00',0,'0000-00-00','0000-00-00 00:00:00','system'),(2087,6,1520,'0000-00-00',0,'0000-00-00','0000-00-00 00:00:00','system'),(2088,6,556,'0000-00-00',0,'0000-00-00','0000-00-00 00:00:00','system'),(2089,6,562,'0000-00-00',0,'0000-00-00','0000-00-00 00:00:00','system'),(2090,6,566,'0000-00-00',0,'0000-00-00','0000-00-00 00:00:00','system'),(2091,6,1064,'0000-00-00',0,'0000-00-00','0000-00-00 00:00:00','system'),(2092,6,570,'0000-00-00',0,'0000-00-00','0000-00-00 00:00:00','system'),(2093,6,1416,'0000-00-00',0,'0000-00-00','0000-00-00 00:00:00','system'),(2094,6,1005,'0000-00-00',0,'0000-00-00','0000-00-00 00:00:00','system'),(2095,6,572,'0000-00-00',0,'0000-00-00','0000-00-00 00:00:00','system'),(2096,6,931,'0000-00-00',0,'0000-00-00','0000-00-00 00:00:00','system'),(2097,6,1635,'0000-00-00',0,'0000-00-00','0000-00-00 00:00:00','system'),(2098,6,1589,'0000-00-00',0,'0000-00-00','0000-00-00 00:00:00','system'),(2099,6,849,'0000-00-00',0,'0000-00-00','0000-00-00 00:00:00','system'),(2100,6,578,'0000-00-00',0,'0000-00-00','0000-00-00 00:00:00','system'),(2101,6,1771,'2016-01-01',0,'0000-00-00','0000-00-00 00:00:00','system'),(2102,6,978,'0000-00-00',0,'0000-00-00','0000-00-00 00:00:00','system'),(2103,6,583,'0000-00-00',0,'0000-00-00','0000-00-00 00:00:00','system'),(2104,6,586,'0000-00-00',0,'0000-00-00','0000-00-00 00:00:00','system'),(2105,6,1209,'0000-00-00',0,'0000-00-00','0000-00-00 00:00:00','system'),(2106,6,1308,'0000-00-00',0,'0000-00-00','0000-00-00 00:00:00','system'),(2107,6,1198,'0000-00-00',0,'0000-00-00','0000-00-00 00:00:00','system'),(2108,6,1115,'0000-00-00',0,'0000-00-00','0000-00-00 00:00:00','system'),(2109,6,1053,'0000-00-00',0,'0000-00-00','0000-00-00 00:00:00','system'),(2110,6,602,'2015-01-01',0,'0000-00-00','0000-00-00 00:00:00','system'),(2111,6,1413,'0000-00-00',0,'0000-00-00','0000-00-00 00:00:00','system'),(2112,6,794,'2016-01-01',0,'0000-00-00','0000-00-00 00:00:00','system'),(2113,6,1282,'2016-01-01',0,'0000-00-00','0000-00-00 00:00:00','system'),(2114,6,1611,'0000-00-00',0,'0000-00-00','0000-00-00 00:00:00','system'),(2115,6,1469,'2017-01-01',0,'0000-00-00','0000-00-00 00:00:00','system'),(2116,6,767,'2017-01-01',0,'0000-00-00','0000-00-00 00:00:00','system'),(2117,6,1487,'0000-00-00',0,'0000-00-00','0000-00-00 00:00:00','system'),(2118,6,1003,'2017-01-01',0,'0000-00-00','0000-00-00 00:00:00','system'),(2119,6,780,'2017-01-01',0,'0000-00-00','0000-00-00 00:00:00','system'),(2120,6,1075,'0000-00-00',0,'0000-00-00','0000-00-00 00:00:00','system'),(2121,6,621,'0000-00-00',0,'0000-00-00','0000-00-00 00:00:00','system'),(2122,6,1013,'2017-01-01',0,'0000-00-00','0000-00-00 00:00:00','system'),(2123,6,930,'0000-00-00',0,'0000-00-00','0000-00-00 00:00:00','system'),(2124,6,631,'2016-01-01',0,'0000-00-00','0000-00-00 00:00:00','system'),(2125,6,1857,'0000-00-00',0,'0000-00-00','0000-00-00 00:00:00','system'),(2126,6,1652,'0000-00-00',0,'0000-00-00','0000-00-00 00:00:00','system'),(2127,6,647,'0000-00-00',0,'0000-00-00','0000-00-00 00:00:00','system'),(2128,6,649,'2015-01-01',0,'0000-00-00','0000-00-00 00:00:00','system'),(2129,6,652,'0000-00-00',0,'0000-00-00','0000-00-00 00:00:00','system'),(2130,6,655,'2015-01-01',0,'0000-00-00','0000-00-00 00:00:00','system'),(2131,6,657,'0000-00-00',0,'0000-00-00','0000-00-00 00:00:00','system'),(2132,6,666,'2017-01-01',0,'0000-00-00','0000-00-00 00:00:00','system'),(2133,6,670,'0000-00-00',0,'0000-00-00','0000-00-00 00:00:00','system'),(2134,6,1646,'2016-01-01',0,'0000-00-00','0000-00-00 00:00:00','system'),(2135,6,957,'0000-00-00',0,'0000-00-00','0000-00-00 00:00:00','system'),(2136,6,699,'0000-00-00',0,'0000-00-00','0000-00-00 00:00:00','system'),(2137,6,2166,'0000-00-00',0,'0000-00-00','0000-00-00 00:00:00','system'),(2138,6,857,'0000-00-00',0,'0000-00-00','0000-00-00 00:00:00','system'),(2139,6,1056,'0000-00-00',0,'0000-00-00','0000-00-00 00:00:00','system'),(2140,6,956,'2017-01-01',0,'0000-00-00','0000-00-00 00:00:00','system'),(2141,6,944,'0000-00-00',0,'0000-00-00','0000-00-00 00:00:00','system'),(2142,6,1081,'2016-01-01',0,'0000-00-00','0000-00-00 00:00:00','system'),(2143,6,707,'0000-00-00',0,'0000-00-00','0000-00-00 00:00:00','system'),(2144,6,711,'0000-00-00',0,'0000-00-00','0000-00-00 00:00:00','system'),(2145,6,1702,'0000-00-00',0,'0000-00-00','0000-00-00 00:00:00','system'),(2146,6,1632,'0000-00-00',0,'0000-00-00','0000-00-00 00:00:00','system'),(2147,6,911,'0000-00-00',0,'0000-00-00','0000-00-00 00:00:00','system'),(2148,6,712,'0000-00-00',0,'0000-00-00','0000-00-00 00:00:00','system'),(2149,6,795,'2016-01-01',0,'0000-00-00','0000-00-00 00:00:00','system'),(2150,4,63,'0000-00-00',0,'0000-00-00','0000-00-00 00:00:00','system'),(2151,4,1484,'0000-00-00',0,'0000-00-00','0000-00-00 00:00:00','system'),(2152,4,95,'0000-00-00',0,'0000-00-00','0000-00-00 00:00:00','system'),(2153,4,1018,'0000-00-00',0,'0000-00-00','0000-00-00 00:00:00','system'),(2154,4,1287,'0000-00-00',0,'0000-00-00','0000-00-00 00:00:00','system'),(2155,4,105,'0000-00-00',0,'0000-00-00','0000-00-00 00:00:00','system'),(2156,4,1578,'2015-01-01',0,'0000-00-00','0000-00-00 00:00:00','system'),(2157,4,1664,'2015-01-01',0,'0000-00-00','0000-00-00 00:00:00','system'),(2158,4,1301,'0000-00-00',0,'0000-00-00','0000-00-00 00:00:00','system'),(2159,4,114,'0000-00-00',0,'0000-00-00','0000-00-00 00:00:00','system'),(2160,4,121,'0000-00-00',0,'0000-00-00','0000-00-00 00:00:00','system'),(2161,4,129,'0000-00-00',0,'0000-00-00','0000-00-00 00:00:00','system'),(2162,4,148,'0000-00-00',0,'0000-00-00','0000-00-00 00:00:00','system'),(2163,4,1314,'2016-01-01',0,'0000-00-00','0000-00-00 00:00:00','system'),(2164,4,1581,'0000-00-00',0,'0000-00-00','0000-00-00 00:00:00','system'),(2165,4,163,'0000-00-00',0,'0000-00-00','0000-00-00 00:00:00','system'),(2166,4,1317,'2016-01-01',0,'0000-00-00','0000-00-00 00:00:00','system'),(2167,4,1092,'0000-00-00',0,'0000-00-00','0000-00-00 00:00:00','system'),(2168,4,771,'0000-00-00',0,'0000-00-00','0000-00-00 00:00:00','system'),(2169,4,1298,'0000-00-00',0,'0000-00-00','0000-00-00 00:00:00','system'),(2170,4,1110,'2017-01-01',0,'0000-00-00','0000-00-00 00:00:00','system'),(2171,4,244,'2017-01-01',0,'0000-00-00','0000-00-00 00:00:00','system'),(2172,4,248,'2016-01-01',0,'0000-00-00','0000-00-00 00:00:00','system'),(2173,4,2117,'2015-01-01',0,'0000-00-00','0000-00-00 00:00:00','system'),(2174,4,1113,'2015-01-01',0,'0000-00-00','0000-00-00 00:00:00','system'),(2175,4,1046,'0000-00-00',0,'0000-00-00','0000-00-00 00:00:00','system'),(2176,4,971,'0000-00-00',0,'0000-00-00','0000-00-00 00:00:00','system'),(2177,4,309,'0000-00-00',0,'0000-00-00','0000-00-00 00:00:00','system'),(2178,4,317,'0000-00-00',0,'0000-00-00','0000-00-00 00:00:00','system'),(2179,4,320,'2017-01-01',0,'0000-00-00','0000-00-00 00:00:00','system'),(2180,4,332,'0000-00-00',0,'0000-00-00','0000-00-00 00:00:00','system'),(2181,4,1048,'0000-00-00',0,'0000-00-00','0000-00-00 00:00:00','system'),(2182,4,1740,'2016-01-01',0,'0000-00-00','0000-00-00 00:00:00','system'),(2183,4,1447,'2016-01-01',0,'0000-00-00','0000-00-00 00:00:00','system'),(2184,4,337,'0000-00-00',0,'0000-00-00','0000-00-00 00:00:00','system'),(2185,4,350,'0000-00-00',0,'0000-00-00','0000-00-00 00:00:00','system'),(2186,4,1400,'2017-01-01',0,'0000-00-00','0000-00-00 00:00:00','system'),(2187,4,782,'0000-00-00',0,'0000-00-00','0000-00-00 00:00:00','system'),(2188,4,355,'0000-00-00',0,'0000-00-00','0000-00-00 00:00:00','system'),(2189,4,359,'0000-00-00',0,'0000-00-00','0000-00-00 00:00:00','system'),(2190,4,772,'0000-00-00',0,'0000-00-00','0000-00-00 00:00:00','system'),(2191,4,1188,'2016-01-01',0,'0000-00-00','0000-00-00 00:00:00','system'),(2192,4,853,'2017-01-01',0,'0000-00-00','0000-00-00 00:00:00','system'),(2193,4,1678,'0000-00-00',0,'0000-00-00','0000-00-00 00:00:00','system'),(2194,4,796,'0000-00-00',0,'0000-00-00','0000-00-00 00:00:00','system'),(2195,4,1034,'0000-00-00',0,'0000-00-00','0000-00-00 00:00:00','system'),(2196,4,476,'0000-00-00',0,'0000-00-00','0000-00-00 00:00:00','system'),(2197,4,1111,'2017-01-01',0,'0000-00-00','0000-00-00 00:00:00','system'),(2198,4,1579,'0000-00-00',0,'0000-00-00','0000-00-00 00:00:00','system'),(2199,4,1498,'2016-01-01',0,'0000-00-00','0000-00-00 00:00:00','system'),(2200,4,1334,'0000-00-00',0,'0000-00-00','0000-00-00 00:00:00','system'),(2201,4,1047,'0000-00-00',0,'0000-00-00','0000-00-00 00:00:00','system'),(2202,4,1576,'0000-00-00',0,'0000-00-00','0000-00-00 00:00:00','system'),(2203,4,1682,'2016-01-01',0,'0000-00-00','0000-00-00 00:00:00','system'),(2204,4,1605,'2016-01-01',0,'0000-00-00','0000-00-00 00:00:00','system'),(2205,4,1813,'2016-01-01',0,'0000-00-00','0000-00-00 00:00:00','system'),(2206,4,941,'2017-01-01',0,'0000-00-00','0000-00-00 00:00:00','system'),(2207,4,897,'2015-01-01',0,'0000-00-00','0000-00-00 00:00:00','system'),(2208,4,551,'2016-01-01',0,'0000-00-00','0000-00-00 00:00:00','system'),(2209,4,1109,'0000-00-00',0,'0000-00-00','0000-00-00 00:00:00','system'),(2210,4,1402,'0000-00-00',0,'0000-00-00','0000-00-00 00:00:00','system'),(2211,4,1029,'0000-00-00',0,'0000-00-00','0000-00-00 00:00:00','system'),(2212,4,662,'2015-01-01',0,'0000-00-00','0000-00-00 00:00:00','system'),(2213,14,949,'0000-00-00',0,'0000-00-00','0000-00-00 00:00:00','system'),(2214,14,1850,'2016-01-01',0,'0000-00-00','0000-00-00 00:00:00','system'),(2215,14,107,'0000-00-00',0,'0000-00-00','0000-00-00 00:00:00','system'),(2216,14,1061,'2016-01-01',0,'0000-00-00','0000-00-00 00:00:00','system'),(2217,14,1158,'0000-00-00',0,'0000-00-00','0000-00-00 00:00:00','system'),(2218,14,116,'2016-01-01',0,'0000-00-00','0000-00-00 00:00:00','system'),(2219,14,118,'0000-00-00',0,'0000-00-00','0000-00-00 00:00:00','system'),(2220,14,1076,'0000-00-00',0,'0000-00-00','0000-00-00 00:00:00','system'),(2221,14,959,'0000-00-00',0,'0000-00-00','0000-00-00 00:00:00','system'),(2222,14,935,'2016-01-01',0,'0000-00-00','0000-00-00 00:00:00','system'),(2223,14,1025,'2016-01-01',0,'0000-00-00','0000-00-00 00:00:00','system'),(2224,14,909,'0000-00-00',0,'0000-00-00','0000-00-00 00:00:00','system'),(2225,14,851,'2015-01-01',0,'0000-00-00','0000-00-00 00:00:00','system'),(2226,14,149,'2016-01-01',0,'0000-00-00','0000-00-00 00:00:00','system'),(2227,14,1698,'2016-01-01',0,'0000-00-00','0000-00-00 00:00:00','system'),(2228,14,907,'0000-00-00',0,'0000-00-00','0000-00-00 00:00:00','system'),(2229,14,743,'2016-01-01',0,'0000-00-00','0000-00-00 00:00:00','system'),(2230,14,155,'2017-01-01',0,'0000-00-00','0000-00-00 00:00:00','system'),(2231,14,1943,'2017-01-01',0,'0000-00-00','0000-00-00 00:00:00','system'),(2232,14,161,'0000-00-00',0,'0000-00-00','0000-00-00 00:00:00','system'),(2233,14,972,'2016-01-01',0,'0000-00-00','0000-00-00 00:00:00','system'),(2234,14,865,'0000-00-00',0,'0000-00-00','0000-00-00 00:00:00','system'),(2235,14,901,'0000-00-00',0,'0000-00-00','0000-00-00 00:00:00','system'),(2236,14,1087,'2016-01-01',0,'0000-00-00','0000-00-00 00:00:00','system'),(2237,14,242,'0000-00-00',0,'0000-00-00','0000-00-00 00:00:00','system'),(2238,14,1039,'2017-01-01',0,'0000-00-00','0000-00-00 00:00:00','system'),(2239,14,976,'2017-01-01',0,'0000-00-00','0000-00-00 00:00:00','system'),(2240,14,252,'0000-00-00',0,'0000-00-00','0000-00-00 00:00:00','system'),(2241,14,1100,'2016-01-01',0,'0000-00-00','0000-00-00 00:00:00','system'),(2242,14,1210,'0000-00-00',0,'0000-00-00','0000-00-00 00:00:00','system'),(2243,14,275,'0000-00-00',0,'0000-00-00','0000-00-00 00:00:00','system'),(2244,14,280,'0000-00-00',0,'0000-00-00','0000-00-00 00:00:00','system'),(2245,14,856,'0000-00-00',0,'0000-00-00','0000-00-00 00:00:00','system'),(2246,14,847,'0000-00-00',0,'0000-00-00','0000-00-00 00:00:00','system'),(2247,14,290,'2018-01-01',0,'0000-00-00','0000-00-00 00:00:00','system'),(2248,14,734,'0000-00-00',0,'0000-00-00','0000-00-00 00:00:00','system'),(2249,14,1152,'0000-00-00',0,'0000-00-00','0000-00-00 00:00:00','system'),(2250,14,295,'0000-00-00',0,'0000-00-00','0000-00-00 00:00:00','system'),(2251,14,1000,'0000-00-00',0,'0000-00-00','0000-00-00 00:00:00','system'),(2252,14,1225,'2016-01-01',0,'0000-00-00','0000-00-00 00:00:00','system'),(2253,14,738,'2015-01-01',0,'0000-00-00','0000-00-00 00:00:00','system'),(2254,14,2053,'0000-00-00',0,'0000-00-00','0000-00-00 00:00:00','system'),(2255,14,1126,'0000-00-00',0,'0000-00-00','0000-00-00 00:00:00','system'),(2256,14,1955,'2016-01-01',0,'0000-00-00','0000-00-00 00:00:00','system'),(2257,14,1255,'0000-00-00',0,'0000-00-00','0000-00-00 00:00:00','system'),(2258,14,906,'2016-01-01',0,'0000-00-00','0000-00-00 00:00:00','system'),(2259,14,328,'0000-00-00',0,'0000-00-00','0000-00-00 00:00:00','system'),(2260,14,1147,'0000-00-00',0,'0000-00-00','0000-00-00 00:00:00','system'),(2261,14,342,'2016-01-01',0,'0000-00-00','0000-00-00 00:00:00','system'),(2262,14,840,'0000-00-00',0,'0000-00-00','0000-00-00 00:00:00','system'),(2263,14,1151,'0000-00-00',0,'0000-00-00','0000-00-00 00:00:00','system'),(2264,14,347,'0000-00-00',0,'0000-00-00','0000-00-00 00:00:00','system'),(2265,14,1244,'2016-01-01',0,'0000-00-00','0000-00-00 00:00:00','system'),(2266,14,356,'0000-00-00',0,'0000-00-00','0000-00-00 00:00:00','system'),(2267,14,713,'0000-00-00',0,'0000-00-00','0000-00-00 00:00:00','system'),(2268,14,1072,'0000-00-00',0,'0000-00-00','0000-00-00 00:00:00','system'),(2269,14,753,'2018-01-01',0,'0000-00-00','0000-00-00 00:00:00','system'),(2270,14,362,'0000-00-00',0,'0000-00-00','0000-00-00 00:00:00','system'),(2271,14,823,'2018-01-01',0,'0000-00-00','0000-00-00 00:00:00','system'),(2272,14,365,'0000-00-00',0,'0000-00-00','0000-00-00 00:00:00','system'),(2273,14,369,'2016-01-01',0,'0000-00-00','0000-00-00 00:00:00','system'),(2274,14,372,'0000-00-00',0,'0000-00-00','0000-00-00 00:00:00','system'),(2275,14,898,'0000-00-00',0,'0000-00-00','0000-00-00 00:00:00','system'),(2276,14,1042,'0000-00-00',0,'0000-00-00','0000-00-00 00:00:00','system'),(2277,14,1805,'0000-00-00',0,'0000-00-00','0000-00-00 00:00:00','system'),(2278,14,916,'2016-01-01',0,'0000-00-00','0000-00-00 00:00:00','system'),(2279,14,951,'2016-01-01',0,'0000-00-00','0000-00-00 00:00:00','system'),(2280,14,1127,'0000-00-00',0,'0000-00-00','0000-00-00 00:00:00','system'),(2281,14,389,'0000-00-00',0,'0000-00-00','0000-00-00 00:00:00','system'),(2282,14,2127,'0000-00-00',0,'0000-00-00','0000-00-00 00:00:00','system'),(2283,14,396,'2016-01-01',0,'0000-00-00','0000-00-00 00:00:00','system'),(2284,14,1131,'2015-01-01',0,'0000-00-00','0000-00-00 00:00:00','system'),(2285,14,431,'0000-00-00',0,'0000-00-00','0000-00-00 00:00:00','system'),(2286,14,432,'0000-00-00',0,'0000-00-00','0000-00-00 00:00:00','system'),(2287,14,433,'2016-01-01',0,'0000-00-00','0000-00-00 00:00:00','system'),(2288,14,434,'0000-00-00',0,'0000-00-00','0000-00-00 00:00:00','system'),(2289,14,789,'0000-00-00',0,'0000-00-00','0000-00-00 00:00:00','system'),(2290,14,438,'2016-01-01',0,'0000-00-00','0000-00-00 00:00:00','system'),(2291,14,863,'0000-00-00',0,'0000-00-00','0000-00-00 00:00:00','system'),(2292,14,974,'0000-00-00',0,'0000-00-00','0000-00-00 00:00:00','system'),(2293,14,444,'0000-00-00',0,'0000-00-00','0000-00-00 00:00:00','system'),(2294,14,445,'0000-00-00',0,'0000-00-00','0000-00-00 00:00:00','system'),(2295,14,790,'0000-00-00',0,'0000-00-00','0000-00-00 00:00:00','system'),(2296,14,1183,'0000-00-00',0,'0000-00-00','0000-00-00 00:00:00','system'),(2297,14,1286,'2016-01-01',0,'0000-00-00','0000-00-00 00:00:00','system'),(2298,14,470,'0000-00-00',0,'0000-00-00','0000-00-00 00:00:00','system'),(2299,14,770,'2016-01-01',0,'0000-00-00','0000-00-00 00:00:00','system'),(2300,14,478,'2016-01-01',0,'0000-00-00','0000-00-00 00:00:00','system'),(2301,14,758,'0000-00-00',0,'0000-00-00','0000-00-00 00:00:00','system'),(2302,14,479,'0000-00-00',0,'0000-00-00','0000-00-00 00:00:00','system'),(2303,14,483,'2016-01-01',0,'0000-00-00','0000-00-00 00:00:00','system'),(2304,14,881,'0000-00-00',0,'0000-00-00','0000-00-00 00:00:00','system'),(2305,14,499,'0000-00-00',0,'0000-00-00','0000-00-00 00:00:00','system'),(2306,14,502,'2017-01-01',0,'0000-00-00','0000-00-00 00:00:00','system'),(2307,14,732,'2016-01-01',0,'0000-00-00','0000-00-00 00:00:00','system'),(2308,14,730,'2015-01-01',0,'0000-00-00','0000-00-00 00:00:00','system'),(2309,14,927,'0000-00-00',0,'0000-00-00','0000-00-00 00:00:00','system'),(2310,14,762,'0000-00-00',0,'0000-00-00','0000-00-00 00:00:00','system'),(2311,14,733,'0000-00-00',0,'0000-00-00','0000-00-00 00:00:00','system'),(2312,14,517,'2015-01-01',0,'0000-00-00','0000-00-00 00:00:00','system'),(2313,14,736,'2015-01-01',0,'0000-00-00','0000-00-00 00:00:00','system'),(2314,14,1772,'0000-00-00',0,'0000-00-00','0000-00-00 00:00:00','system'),(2315,14,864,'0000-00-00',0,'0000-00-00','0000-00-00 00:00:00','system'),(2316,14,533,'0000-00-00',0,'0000-00-00','0000-00-00 00:00:00','system'),(2317,14,876,'0000-00-00',0,'0000-00-00','0000-00-00 00:00:00','system'),(2318,14,1150,'0000-00-00',0,'0000-00-00','0000-00-00 00:00:00','system'),(2319,14,1023,'2017-01-01',0,'0000-00-00','0000-00-00 00:00:00','system'),(2320,14,786,'2016-01-01',0,'0000-00-00','0000-00-00 00:00:00','system'),(2321,14,540,'2016-01-01',0,'0000-00-00','0000-00-00 00:00:00','system'),(2322,14,735,'2017-01-01',0,'0000-00-00','0000-00-00 00:00:00','system'),(2323,14,550,'0000-00-00',0,'0000-00-00','0000-00-00 00:00:00','system'),(2324,14,554,'0000-00-00',0,'0000-00-00','0000-00-00 00:00:00','system'),(2325,14,571,'0000-00-00',0,'0000-00-00','0000-00-00 00:00:00','system'),(2326,14,996,'0000-00-00',0,'0000-00-00','0000-00-00 00:00:00','system'),(2327,14,748,'0000-00-00',0,'0000-00-00','0000-00-00 00:00:00','system'),(2328,14,1173,'0000-00-00',0,'0000-00-00','0000-00-00 00:00:00','system'),(2329,14,669,'0000-00-00',0,'0000-00-00','0000-00-00 00:00:00','system'),(2330,14,742,'0000-00-00',0,'0000-00-00','0000-00-00 00:00:00','system'),(2331,14,867,'2015-01-01',0,'0000-00-00','0000-00-00 00:00:00','system'),(2332,14,800,'0000-00-00',0,'0000-00-00','0000-00-00 00:00:00','system'),(2333,14,705,'2015-01-01',0,'0000-00-00','0000-00-00 00:00:00','system'),(2334,14,1010,'0000-00-00',0,'0000-00-00','0000-00-00 00:00:00','system'),(2335,30,17,'0000-00-00',0,'0000-00-00','0000-00-00 00:00:00','system'),(2336,30,1356,'0000-00-00',0,'0000-00-00','0000-00-00 00:00:00','system'),(2337,30,2074,'0000-00-00',0,'0000-00-00','0000-00-00 00:00:00','system'),(2339,30,86,'2016-01-01',0,'0000-00-00','0000-00-00 00:00:00','system'),(2340,30,87,'0000-00-00',0,'0000-00-00','0000-00-00 00:00:00','system'),(2341,30,89,'2015-01-01',0,'0000-00-00','0000-00-00 00:00:00','system'),(2342,30,90,'0000-00-00',0,'0000-00-00','0000-00-00 00:00:00','system'),(2343,30,1920,'2016-01-01',0,'0000-00-00','0000-00-00 00:00:00','system'),(2344,30,91,'0000-00-00',0,'0000-00-00','0000-00-00 00:00:00','system'),(2345,30,93,'0000-00-00',0,'0000-00-00','0000-00-00 00:00:00','system'),(2346,30,98,'2015-01-01',0,'0000-00-00','0000-00-00 00:00:00','system'),(2347,30,1511,'2016-01-01',0,'0000-00-00','0000-00-00 00:00:00','system'),(2349,30,104,'0000-00-00',0,'0000-00-00','0000-00-00 00:00:00','system'),(2350,30,1826,'2016-01-01',0,'0000-00-00','0000-00-00 00:00:00','system'),(2351,30,2171,'0000-00-00',0,'0000-00-00','0000-00-00 00:00:00','system'),(2352,30,1658,'2016-01-01',0,'0000-00-00','0000-00-00 00:00:00','system'),(2353,30,112,'2015-01-01',0,'0000-00-00','0000-00-00 00:00:00','system'),(2354,30,119,'2015-01-01',0,'0000-00-00','0000-00-00 00:00:00','system'),(2355,30,1445,'2017-01-01',0,'0000-00-00','0000-00-00 00:00:00','system'),(2356,30,1407,'0000-00-00',0,'0000-00-00','0000-00-00 00:00:00','system'),(2357,30,1845,'2016-01-01',0,'0000-00-00','0000-00-00 00:00:00','system'),(2358,30,1516,'0000-00-00',0,'0000-00-00','0000-00-00 00:00:00','system'),(2359,30,1855,'2016-01-01',0,'0000-00-00','0000-00-00 00:00:00','system'),(2360,30,1923,'2016-01-01',0,'0000-00-00','0000-00-00 00:00:00','system'),(2361,30,1846,'2016-01-01',0,'0000-00-00','0000-00-00 00:00:00','system'),(2362,30,1640,'2016-01-01',0,'0000-00-00','0000-00-00 00:00:00','system'),(2363,30,1519,'0000-00-00',0,'0000-00-00','0000-00-00 00:00:00','system'),(2364,30,1665,'0000-00-00',0,'0000-00-00','0000-00-00 00:00:00','system'),(2365,30,1715,'2016-01-01',0,'0000-00-00','0000-00-00 00:00:00','system'),(2366,30,131,'0000-00-00',0,'0000-00-00','0000-00-00 00:00:00','system'),(2367,30,136,'0000-00-00',0,'0000-00-00','0000-00-00 00:00:00','system'),(2368,30,1185,'2016-01-01',0,'0000-00-00','0000-00-00 00:00:00','system'),(2369,30,139,'0000-00-00',0,'0000-00-00','0000-00-00 00:00:00','system'),(2370,30,140,'2015-01-01',0,'0000-00-00','0000-00-00 00:00:00','system'),(2371,30,142,'0000-00-00',0,'0000-00-00','0000-00-00 00:00:00','system'),(2372,30,145,'0000-00-00',0,'0000-00-00','0000-00-00 00:00:00','system'),(2373,30,144,'0000-00-00',0,'0000-00-00','0000-00-00 00:00:00','system'),(2374,30,1642,'0000-00-00',0,'0000-00-00','0000-00-00 00:00:00','system'),(2375,30,1224,'0000-00-00',0,'0000-00-00','0000-00-00 00:00:00','system'),(2376,30,1442,'2016-01-01',0,'0000-00-00','0000-00-00 00:00:00','system'),(2378,30,1411,'0000-00-00',0,'0000-00-00','0000-00-00 00:00:00','system'),(2379,30,1452,'0000-00-00',0,'0000-00-00','0000-00-00 00:00:00','system'),(2380,30,1422,'2016-01-01',0,'0000-00-00','0000-00-00 00:00:00','system'),(2381,30,1466,'0000-00-00',0,'0000-00-00','0000-00-00 00:00:00','system'),(2382,30,1897,'0000-00-00',0,'0000-00-00','0000-00-00 00:00:00','system'),(2383,30,190,'0000-00-00',0,'0000-00-00','0000-00-00 00:00:00','system'),(2384,30,2034,'0000-00-00',0,'0000-00-00','0000-00-00 00:00:00','system'),(2385,30,1085,'0000-00-00',0,'0000-00-00','0000-00-00 00:00:00','system'),(2386,30,2192,'0000-00-00',0,'0000-00-00','0000-00-00 00:00:00','system'),(2387,30,1872,'2017-01-01',0,'0000-00-00','0000-00-00 00:00:00','system'),(2388,30,236,'0000-00-00',0,'0000-00-00','0000-00-00 00:00:00','system'),(2389,30,1448,'0000-00-00',0,'0000-00-00','0000-00-00 00:00:00','system'),(2390,30,238,'2018-01-01',0,'0000-00-00','0000-00-00 00:00:00','system'),(2391,30,1122,'2018-01-01',0,'0000-00-00','0000-00-00 00:00:00','system'),(2392,30,1258,'0000-00-00',0,'0000-00-00','0000-00-00 00:00:00','system'),(2393,30,1432,'2016-01-01',0,'0000-00-00','0000-00-00 00:00:00','system'),(2394,30,1524,'2015-01-01',0,'0000-00-00','0000-00-00 00:00:00','system'),(2395,30,263,'0000-00-00',0,'0000-00-00','0000-00-00 00:00:00','system'),(2396,30,279,'0000-00-00',0,'0000-00-00','0000-00-00 00:00:00','system'),(2397,30,282,'0000-00-00',0,'0000-00-00','0000-00-00 00:00:00','system'),(2398,30,284,'0000-00-00',0,'0000-00-00','0000-00-00 00:00:00','system'),(2399,30,2148,'0000-00-00',0,'0000-00-00','0000-00-00 00:00:00','system'),(2400,30,1761,'0000-00-00',0,'0000-00-00','0000-00-00 00:00:00','system'),(2401,30,1510,'0000-00-00',0,'0000-00-00','0000-00-00 00:00:00','system'),(2402,30,1598,'0000-00-00',0,'0000-00-00','0000-00-00 00:00:00','system'),(2403,30,321,'0000-00-00',0,'0000-00-00','0000-00-00 00:00:00','system'),(2404,30,1889,'0000-00-00',0,'0000-00-00','0000-00-00 00:00:00','system'),(2406,30,2208,'2016-01-01',0,'0000-00-00','0000-00-00 00:00:00','system'),(2407,30,424,'0000-00-00',0,'0000-00-00','0000-00-00 00:00:00','system'),(2408,30,429,'0000-00-00',0,'0000-00-00','0000-00-00 00:00:00','system'),(2409,30,2270,'2015-01-01',0,'0000-00-00','0000-00-00 00:00:00','system'),(2410,30,2205,'0000-00-00',0,'0000-00-00','0000-00-00 00:00:00','system'),(2412,30,2185,'0000-00-00',0,'0000-00-00','0000-00-00 00:00:00','system'),(2414,30,1824,'0000-00-00',0,'0000-00-00','0000-00-00 00:00:00','system'),(2415,30,501,'0000-00-00',0,'0000-00-00','0000-00-00 00:00:00','system'),(2416,30,1458,'2016-01-01',0,'0000-00-00','0000-00-00 00:00:00','system'),(2417,30,1697,'0000-00-00',0,'0000-00-00','0000-00-00 00:00:00','system'),(2418,30,1492,'0000-00-00',0,'0000-00-00','0000-00-00 00:00:00','system'),(2419,30,514,'0000-00-00',0,'0000-00-00','0000-00-00 00:00:00','system'),(2420,30,516,'0000-00-00',0,'0000-00-00','0000-00-00 00:00:00','system'),(2421,30,1527,'2016-01-01',0,'0000-00-00','0000-00-00 00:00:00','system'),(2422,30,1798,'0000-00-00',0,'0000-00-00','0000-00-00 00:00:00','system'),(2423,30,673,'2016-01-01',0,'0000-00-00','0000-00-00 00:00:00','system'),(2424,30,1312,'0000-00-00',0,'0000-00-00','0000-00-00 00:00:00','system'),(2425,30,1387,'0000-00-00',0,'0000-00-00','0000-00-00 00:00:00','system'),(2427,30,2137,'0000-00-00',0,'0000-00-00','0000-00-00 00:00:00','system'),(2428,60,99,'0000-00-00',0,'0000-00-00','0000-00-00 00:00:00','system'),(2429,60,834,'0000-00-00',0,'0000-00-00','0000-00-00 00:00:00','system'),(2430,60,188,'0000-00-00',0,'0000-00-00','0000-00-00 00:00:00','system'),(2431,60,717,'2015-01-01',0,'0000-00-00','0000-00-00 00:00:00','system'),(2432,31,16,'2016-01-01',0,'0000-00-00','0000-00-00 00:00:00','system'),(2433,31,74,'2018-01-01',0,'0000-00-00','0000-00-00 00:00:00','system'),(2434,31,78,'0000-00-00',0,'0000-00-00','0000-00-00 00:00:00','system'),(2435,31,80,'2018-01-01',0,'0000-00-00','0000-00-00 00:00:00','system'),(2436,31,1074,'0000-00-00',0,'0000-00-00','0000-00-00 00:00:00','system'),(2437,31,83,'0000-00-00',0,'0000-00-00','0000-00-00 00:00:00','system'),(2438,31,989,'2018-01-01',0,'0000-00-00','0000-00-00 00:00:00','system'),(2439,31,92,'0000-00-00',0,'0000-00-00','0000-00-00 00:00:00','system'),(2440,31,1275,'2016-01-01',0,'0000-00-00','0000-00-00 00:00:00','system'),(2441,31,94,'0000-00-00',0,'0000-00-00','0000-00-00 00:00:00','system'),(2442,31,1266,'0000-00-00',0,'0000-00-00','0000-00-00 00:00:00','system'),(2443,31,1178,'0000-00-00',0,'0000-00-00','0000-00-00 00:00:00','system'),(2444,31,103,'0000-00-00',0,'0000-00-00','0000-00-00 00:00:00','system'),(2445,31,106,'0000-00-00',0,'0000-00-00','0000-00-00 00:00:00','system'),(2446,31,1617,'0000-00-00',0,'0000-00-00','0000-00-00 00:00:00','system'),(2447,31,113,'2017-01-01',0,'0000-00-00','0000-00-00 00:00:00','system'),(2448,31,125,'0000-00-00',0,'0000-00-00','0000-00-00 00:00:00','system'),(2449,31,878,'2018-01-01',0,'0000-00-00','0000-00-00 00:00:00','system'),(2450,31,111,'2017-01-01',0,'0000-00-00','0000-00-00 00:00:00','system'),(2451,31,1329,'2018-01-01',0,'0000-00-00','0000-00-00 00:00:00','system'),(2452,31,1309,'0000-00-00',0,'0000-00-00','0000-00-00 00:00:00','system'),(2453,31,1392,'0000-00-00',0,'0000-00-00','0000-00-00 00:00:00','system'),(2454,31,1903,'0000-00-00',0,'0000-00-00','0000-00-00 00:00:00','system'),(2455,31,134,'0000-00-00',0,'0000-00-00','0000-00-00 00:00:00','system'),(2456,31,137,'0000-00-00',0,'0000-00-00','0000-00-00 00:00:00','system'),(2457,31,1277,'0000-00-00',0,'0000-00-00','0000-00-00 00:00:00','system'),(2458,31,1421,'2018-01-01',0,'0000-00-00','0000-00-00 00:00:00','system'),(2459,31,1284,'2016-01-01',0,'0000-00-00','0000-00-00 00:00:00','system'),(2460,31,1276,'0000-00-00',0,'0000-00-00','0000-00-00 00:00:00','system'),(2461,31,167,'0000-00-00',0,'0000-00-00','0000-00-00 00:00:00','system'),(2462,31,168,'0000-00-00',0,'0000-00-00','0000-00-00 00:00:00','system'),(2463,31,1297,'0000-00-00',0,'0000-00-00','0000-00-00 00:00:00','system'),(2464,31,1794,'0000-00-00',0,'0000-00-00','0000-00-00 00:00:00','system'),(2465,31,197,'2016-01-01',0,'0000-00-00','0000-00-00 00:00:00','system'),(2466,31,201,'0000-00-00',0,'0000-00-00','0000-00-00 00:00:00','system'),(2467,31,1688,'2016-01-01',0,'0000-00-00','0000-00-00 00:00:00','system'),(2468,31,1296,'2017-01-01',0,'0000-00-00','0000-00-00 00:00:00','system'),(2469,31,210,'0000-00-00',0,'0000-00-00','0000-00-00 00:00:00','system'),(2470,31,212,'0000-00-00',0,'0000-00-00','0000-00-00 00:00:00','system'),(2471,31,228,'2017-01-01',0,'0000-00-00','0000-00-00 00:00:00','system'),(2472,31,1290,'0000-00-00',0,'0000-00-00','0000-00-00 00:00:00','system'),(2473,31,232,'0000-00-00',0,'0000-00-00','0000-00-00 00:00:00','system'),(2474,31,234,'2016-01-01',0,'0000-00-00','0000-00-00 00:00:00','system'),(2475,31,1918,'0000-00-00',0,'0000-00-00','0000-00-00 00:00:00','system'),(2476,31,1236,'0000-00-00',0,'0000-00-00','0000-00-00 00:00:00','system'),(2477,31,1177,'0000-00-00',0,'0000-00-00','0000-00-00 00:00:00','system'),(2478,31,1481,'2018-01-01',0,'0000-00-00','0000-00-00 00:00:00','system'),(2479,31,1424,'0000-00-00',0,'0000-00-00','0000-00-00 00:00:00','system'),(2480,31,259,'0000-00-00',0,'0000-00-00','0000-00-00 00:00:00','system'),(2481,31,264,'0000-00-00',0,'0000-00-00','0000-00-00 00:00:00','system'),(2482,31,276,'0000-00-00',0,'0000-00-00','0000-00-00 00:00:00','system'),(2483,31,1626,'2018-01-01',0,'0000-00-00','0000-00-00 00:00:00','system'),(2484,31,1502,'0000-00-00',0,'0000-00-00','0000-00-00 00:00:00','system'),(2485,31,1446,'0000-00-00',0,'0000-00-00','0000-00-00 00:00:00','system'),(2486,31,1340,'0000-00-00',0,'0000-00-00','0000-00-00 00:00:00','system'),(2487,31,286,'2018-01-01',0,'0000-00-00','0000-00-00 00:00:00','system'),(2488,31,1570,'2018-01-01',0,'0000-00-00','0000-00-00 00:00:00','system'),(2489,31,1293,'0000-00-00',0,'0000-00-00','0000-00-00 00:00:00','system'),(2490,31,294,'0000-00-00',0,'0000-00-00','0000-00-00 00:00:00','system'),(2491,31,303,'0000-00-00',0,'0000-00-00','0000-00-00 00:00:00','system'),(2492,31,1734,'0000-00-00',0,'0000-00-00','0000-00-00 00:00:00','system'),(2493,31,312,'0000-00-00',0,'0000-00-00','0000-00-00 00:00:00','system'),(2494,31,314,'0000-00-00',0,'0000-00-00','0000-00-00 00:00:00','system'),(2495,31,315,'0000-00-00',0,'0000-00-00','0000-00-00 00:00:00','system'),(2496,31,873,'0000-00-00',0,'0000-00-00','0000-00-00 00:00:00','system'),(2497,31,1231,'0000-00-00',0,'0000-00-00','0000-00-00 00:00:00','system'),(2498,31,1437,'0000-00-00',0,'0000-00-00','0000-00-00 00:00:00','system'),(2499,31,331,'0000-00-00',0,'0000-00-00','0000-00-00 00:00:00','system'),(2500,31,1792,'0000-00-00',0,'0000-00-00','0000-00-00 00:00:00','system'),(2501,31,335,'0000-00-00',0,'0000-00-00','0000-00-00 00:00:00','system'),(2502,31,1362,'0000-00-00',0,'0000-00-00','0000-00-00 00:00:00','system'),(2503,31,338,'0000-00-00',0,'0000-00-00','0000-00-00 00:00:00','system'),(2504,31,1260,'0000-00-00',0,'0000-00-00','0000-00-00 00:00:00','system'),(2505,31,1592,'0000-00-00',0,'0000-00-00','0000-00-00 00:00:00','system'),(2506,31,349,'0000-00-00',0,'0000-00-00','0000-00-00 00:00:00','system'),(2507,31,1849,'0000-00-00',0,'0000-00-00','0000-00-00 00:00:00','system'),(2508,31,363,'0000-00-00',0,'0000-00-00','0000-00-00 00:00:00','system'),(2509,31,367,'2017-01-01',0,'0000-00-00','0000-00-00 00:00:00','system'),(2510,31,1607,'0000-00-00',0,'0000-00-00','0000-00-00 00:00:00','system'),(2511,31,388,'0000-00-00',0,'0000-00-00','0000-00-00 00:00:00','system'),(2512,31,1169,'0000-00-00',0,'0000-00-00','0000-00-00 00:00:00','system'),(2513,31,1321,'0000-00-00',0,'0000-00-00','0000-00-00 00:00:00','system'),(2514,31,720,'0000-00-00',0,'0000-00-00','0000-00-00 00:00:00','system'),(2515,31,1540,'0000-00-00',0,'0000-00-00','0000-00-00 00:00:00','system'),(2516,31,1817,'0000-00-00',0,'0000-00-00','0000-00-00 00:00:00','system'),(2517,31,1703,'0000-00-00',0,'0000-00-00','0000-00-00 00:00:00','system'),(2518,31,457,'0000-00-00',0,'0000-00-00','0000-00-00 00:00:00','system'),(2519,31,458,'0000-00-00',0,'0000-00-00','0000-00-00 00:00:00','system'),(2520,31,469,'2018-01-01',0,'0000-00-00','0000-00-00 00:00:00','system'),(2521,31,477,'2017-01-01',0,'0000-00-00','0000-00-00 00:00:00','system'),(2522,31,1692,'2016-01-01',0,'0000-00-00','0000-00-00 00:00:00','system'),(2523,31,1538,'2017-01-01',0,'0000-00-00','0000-00-00 00:00:00','system'),(2524,31,488,'2016-01-01',0,'0000-00-00','0000-00-00 00:00:00','system'),(2525,31,1259,'0000-00-00',0,'0000-00-00','0000-00-00 00:00:00','system'),(2526,31,1268,'0000-00-00',0,'0000-00-00','0000-00-00 00:00:00','system'),(2527,31,1796,'2018-01-01',0,'0000-00-00','0000-00-00 00:00:00','system'),(2528,31,511,'0000-00-00',0,'0000-00-00','0000-00-00 00:00:00','system'),(2529,31,534,'0000-00-00',0,'0000-00-00','0000-00-00 00:00:00','system'),(2530,31,543,'0000-00-00',0,'0000-00-00','0000-00-00 00:00:00','system'),(2531,31,544,'2018-01-01',0,'0000-00-00','0000-00-00 00:00:00','system'),(2532,31,1843,'0000-00-00',0,'0000-00-00','0000-00-00 00:00:00','system'),(2533,31,1141,'0000-00-00',0,'0000-00-00','0000-00-00 00:00:00','system'),(2534,31,1230,'0000-00-00',0,'0000-00-00','0000-00-00 00:00:00','system'),(2535,31,1344,'0000-00-00',0,'0000-00-00','0000-00-00 00:00:00','system'),(2536,31,990,'2018-01-01',0,'0000-00-00','0000-00-00 00:00:00','system'),(2537,31,558,'0000-00-00',0,'0000-00-00','0000-00-00 00:00:00','system'),(2538,31,1821,'0000-00-00',0,'0000-00-00','0000-00-00 00:00:00','system'),(2539,31,1249,'0000-00-00',0,'0000-00-00','0000-00-00 00:00:00','system'),(2540,31,559,'0000-00-00',0,'0000-00-00','0000-00-00 00:00:00','system'),(2541,31,561,'0000-00-00',0,'0000-00-00','0000-00-00 00:00:00','system'),(2542,31,563,'0000-00-00',0,'0000-00-00','0000-00-00 00:00:00','system'),(2543,31,1722,'0000-00-00',0,'0000-00-00','0000-00-00 00:00:00','system'),(2544,31,565,'0000-00-00',0,'0000-00-00','0000-00-00 00:00:00','system'),(2545,31,1773,'0000-00-00',0,'0000-00-00','0000-00-00 00:00:00','system'),(2546,31,568,'0000-00-00',0,'0000-00-00','0000-00-00 00:00:00','system'),(2547,31,1403,'0000-00-00',0,'0000-00-00','0000-00-00 00:00:00','system'),(2548,31,632,'0000-00-00',0,'0000-00-00','0000-00-00 00:00:00','system'),(2549,31,634,'0000-00-00',0,'0000-00-00','0000-00-00 00:00:00','system'),(2550,31,1435,'0000-00-00',0,'0000-00-00','0000-00-00 00:00:00','system'),(2551,31,636,'0000-00-00',0,'0000-00-00','0000-00-00 00:00:00','system'),(2552,31,1360,'0000-00-00',0,'0000-00-00','0000-00-00 00:00:00','system'),(2553,31,639,'0000-00-00',0,'0000-00-00','0000-00-00 00:00:00','system'),(2554,31,1264,'0000-00-00',0,'0000-00-00','0000-00-00 00:00:00','system'),(2555,31,640,'0000-00-00',0,'0000-00-00','0000-00-00 00:00:00','system'),(2556,31,642,'2016-01-01',0,'0000-00-00','0000-00-00 00:00:00','system'),(2557,31,643,'0000-00-00',0,'0000-00-00','0000-00-00 00:00:00','system'),(2558,31,644,'0000-00-00',0,'0000-00-00','0000-00-00 00:00:00','system'),(2559,31,645,'0000-00-00',0,'0000-00-00','0000-00-00 00:00:00','system'),(2560,31,646,'0000-00-00',0,'0000-00-00','0000-00-00 00:00:00','system'),(2561,31,1311,'0000-00-00',0,'0000-00-00','0000-00-00 00:00:00','system'),(2562,31,1827,'0000-00-00',0,'0000-00-00','0000-00-00 00:00:00','system'),(2563,31,1621,'0000-00-00',0,'0000-00-00','0000-00-00 00:00:00','system'),(2564,31,654,'0000-00-00',0,'0000-00-00','0000-00-00 00:00:00','system'),(2565,31,658,'0000-00-00',0,'0000-00-00','0000-00-00 00:00:00','system'),(2566,31,659,'0000-00-00',0,'0000-00-00','0000-00-00 00:00:00','system'),(2567,31,660,'0000-00-00',0,'0000-00-00','0000-00-00 00:00:00','system'),(2568,31,661,'0000-00-00',0,'0000-00-00','0000-00-00 00:00:00','system'),(2569,31,1323,'0000-00-00',0,'0000-00-00','0000-00-00 00:00:00','system'),(2570,31,1807,'2018-01-01',0,'0000-00-00','0000-00-00 00:00:00','system'),(2571,31,1292,'0000-00-00',0,'0000-00-00','0000-00-00 00:00:00','system'),(2572,31,1904,'0000-00-00',0,'0000-00-00','0000-00-00 00:00:00','system'),(2573,33,2301,'2016-01-01',0,'0000-00-00','0000-00-00 00:00:00','system'),(2574,33,68,'0000-00-00',0,'0000-00-00','0000-00-00 00:00:00','system'),(2590,33,376,'0000-00-00',0,'0000-00-00','0000-00-00 00:00:00','system'),(2594,33,452,'0000-00-00',0,'0000-00-00','0000-00-00 00:00:00','system'),(2595,33,456,'2017-01-01',0,'0000-00-00','0000-00-00 00:00:00','system'),(2601,33,894,'0000-00-00',0,'0000-00-00','0000-00-00 00:00:00','system'),(2602,33,88,'0000-00-00',0,'0000-00-00','0000-00-00 00:00:00','system'),(2603,33,776,'2017-01-01',0,'0000-00-00','0000-00-00 00:00:00','system'),(2604,33,775,'0000-00-00',0,'0000-00-00','0000-00-00 00:00:00','system'),(2605,33,158,'0000-00-00',0,'0000-00-00','0000-00-00 00:00:00','system'),(2606,33,745,'0000-00-00',0,'0000-00-00','0000-00-00 00:00:00','system'),(2607,33,962,'0000-00-00',0,'0000-00-00','0000-00-00 00:00:00','system'),(2608,33,895,'0000-00-00',0,'0000-00-00','0000-00-00 00:00:00','system'),(2609,33,998,'2017-01-01',0,'0000-00-00','0000-00-00 00:00:00','system'),(2610,33,963,'0000-00-00',0,'0000-00-00','0000-00-00 00:00:00','system'),(2611,33,706,'0000-00-00',0,'0000-00-00','0000-00-00 00:00:00','system'),(2612,33,85,'2016-01-01',0,'0000-00-00','0000-00-00 00:00:00','system'),(2613,33,933,'2017-01-01',0,'0000-00-00','0000-00-00 00:00:00','system'),(2614,33,100,'2016-01-01',0,'0000-00-00','0000-00-00 00:00:00','system'),(2615,33,1490,'0000-00-00',0,'0000-00-00','0000-00-00 00:00:00','system'),(2616,33,1491,'2017-01-01',0,'0000-00-00','0000-00-00 00:00:00','system'),(2617,33,954,'0000-00-00',0,'0000-00-00','0000-00-00 00:00:00','system'),(2618,33,912,'2018-01-01',0,'0000-00-00','0000-00-00 00:00:00','system'),(2619,33,1614,'0000-00-00',0,'0000-00-00','0000-00-00 00:00:00','system'),(2620,33,1672,'2017-01-01',0,'0000-00-00','0000-00-00 00:00:00','system'),(2621,33,1874,'0000-00-00',0,'0000-00-00','0000-00-00 00:00:00','system'),(2622,33,983,'0000-00-00',0,'0000-00-00','0000-00-00 00:00:00','system'),(2623,33,1674,'0000-00-00',0,'0000-00-00','0000-00-00 00:00:00','system'),(2624,33,1278,'0000-00-00',0,'0000-00-00','0000-00-00 00:00:00','system'),(2625,33,446,'0000-00-00',0,'0000-00-00','0000-00-00 00:00:00','system'),(2626,33,801,'0000-00-00',0,'0000-00-00','0000-00-00 00:00:00','system'),(2627,33,490,'0000-00-00',0,'0000-00-00','0000-00-00 00:00:00','system'),(2628,33,494,'0000-00-00',0,'0000-00-00','0000-00-00 00:00:00','system'),(2629,33,945,'0000-00-00',0,'0000-00-00','0000-00-00 00:00:00','system'),(2630,33,1027,'0000-00-00',0,'0000-00-00','0000-00-00 00:00:00','system');

--
-- Table structure for table `issues`
--

CREATE TABLE `issues` (
  `id` int(10) unsigned NOT NULL AUTO_INCREMENT,
  `receipt_id` int(10) unsigned NOT NULL,
  `topup_request_id` int(10) unsigned NOT NULL,
  `quantity_issued` int(11) NOT NULL,
  `issued_to` int(10) unsigned NOT NULL,
  `user_id` int(10) unsigned NOT NULL,
  `remarks` varchar(400) COLLATE utf8_unicode_ci DEFAULT NULL,
  `deleted_at` timestamp NULL DEFAULT NULL,
  `created_at` timestamp NOT NULL DEFAULT '0000-00-00 00:00:00',
  `updated_at` timestamp NOT NULL DEFAULT '0000-00-00 00:00:00',
  PRIMARY KEY (`id`),
  KEY `issues_topup_request_id_foreign` (`topup_request_id`),
  KEY `issues_receipt_id_foreign` (`receipt_id`),
  KEY `issues_issued_to_foreign` (`issued_to`),
  KEY `issues_user_id_foreign` (`user_id`),
  CONSTRAINT `issues_issued_to_foreign` FOREIGN KEY (`issued_to`) REFERENCES `users` (`id`),
  CONSTRAINT `issues_receipt_id_foreign` FOREIGN KEY (`receipt_id`) REFERENCES `receipts` (`id`),
  CONSTRAINT `issues_topup_request_id_foreign` FOREIGN KEY (`topup_request_id`) REFERENCES `topup_requests` (`id`),
  CONSTRAINT `issues_user_id_foreign` FOREIGN KEY (`user_id`) REFERENCES `users` (`id`)
) ENGINE=InnoDB DEFAULT CHARSET=utf8 COLLATE=utf8_unicode_ci;

--
-- Dumping data for table `issues`
--


--
-- Table structure for table `items`
--

CREATE TABLE `items` (
  `id` int(10) unsigned NOT NULL AUTO_INCREMENT,
  `title` varchar(255) COLLATE utf8_unicode_ci NOT NULL,
  `description` text COLLATE utf8_unicode_ci NOT NULL,
  `created_at` timestamp NOT NULL DEFAULT '0000-00-00 00:00:00',
  `updated_at` timestamp NOT NULL DEFAULT '0000-00-00 00:00:00',
  PRIMARY KEY (`id`)
) ENGINE=InnoDB DEFAULT CHARSET=utf8 COLLATE=utf8_unicode_ci;

--
-- Dumping data for table `items`
--


--
-- Table structure for table `jeff`
--

CREATE TABLE `jeff` (
  `id` int(10) unsigned NOT NULL AUTO_INCREMENT,
  `amplification_barcode` varchar(255) COLLATE utf8_unicode_ci NOT NULL,
  `amplification_lot_number` varchar(255) COLLATE utf8_unicode_ci NOT NULL,
  `amplification_expiry` date NOT NULL,
  `control_lot_number` varchar(255) COLLATE utf8_unicode_ci NOT NULL,
  `control_expiry` date NOT NULL,
  `calibrator_lot_number` varchar(255) COLLATE utf8_unicode_ci NOT NULL,
  `calibrator_expiry` date NOT NULL,
  `number_of_samples` int(11) NOT NULL,
  `failed_runs` int(11) NOT NULL,
  `passed_runs` int(11) NOT NULL,
  `dummy_runs` int(11) NOT NULL,
  `control_runs` int(11) NOT NULL,
  `created_at` timestamp NOT NULL DEFAULT '0000-00-00 00:00:00',
  `updated_at` timestamp NOT NULL DEFAULT '0000-00-00 00:00:00',
  PRIMARY KEY (`id`)
) ENGINE=InnoDB DEFAULT CHARSET=utf8 COLLATE=utf8_unicode_ci;

--
-- Dumping data for table `jeff`
--


--
-- Table structure for table `kush`
--

CREATE TABLE `kush` (
  `id` int(10) unsigned NOT NULL AUTO_INCREMENT,
  `amplification_barcode` varchar(255) COLLATE utf8_unicode_ci NOT NULL,
  `amplification_lot_number` varchar(255) COLLATE utf8_unicode_ci NOT NULL,
  `amplification_expiry` date NOT NULL,
  `control_lot_number` varchar(255) COLLATE utf8_unicode_ci NOT NULL,
  `control_expiry` date NOT NULL,
  `calibrator_lot_number` varchar(255) COLLATE utf8_unicode_ci NOT NULL,
  `calibrator_expiry` date NOT NULL,
  `number_of_samples` int(11) NOT NULL,
  `failed_runs` int(11) NOT NULL,
  `passed_runs` int(11) NOT NULL,
  `dummy_runs` int(11) NOT NULL,
  `control_runs` int(11) NOT NULL,
  `created_at` timestamp NOT NULL DEFAULT '0000-00-00 00:00:00',
  `updated_at` timestamp NOT NULL DEFAULT '0000-00-00 00:00:00',
  PRIMARY KEY (`id`)
) ENGINE=InnoDB DEFAULT CHARSET=utf8 COLLATE=utf8_unicode_ci;

--
-- Dumping data for table `kush`
--


--
-- Table structure for table `lab_consumables`
--

CREATE TABLE `lab_consumables` (
  `id` int(10) unsigned NOT NULL AUTO_INCREMENT,
  `name` varchar(255) COLLATE utf8_unicode_ci NOT NULL,
  `deleted_at` timestamp NULL DEFAULT NULL,
  `created_at` timestamp NOT NULL DEFAULT '0000-00-00 00:00:00',
  `updated_at` timestamp NOT NULL DEFAULT '0000-00-00 00:00:00',
  PRIMARY KEY (`id`)
) ENGINE=InnoDB DEFAULT CHARSET=utf8 COLLATE=utf8_unicode_ci;

--
-- Dumping data for table `lab_consumables`
--


--
-- Table structure for table `lab_reagents`
--

CREATE TABLE `lab_reagents` (
  `id` int(10) unsigned NOT NULL AUTO_INCREMENT,
  `name` varchar(255) COLLATE utf8_unicode_ci NOT NULL,
  `deleted_at` timestamp NULL DEFAULT NULL,
  `created_at` timestamp NOT NULL DEFAULT '0000-00-00 00:00:00',
  `updated_at` timestamp NOT NULL DEFAULT '0000-00-00 00:00:00',
  PRIMARY KEY (`id`)
) ENGINE=InnoDB DEFAULT CHARSET=utf8 COLLATE=utf8_unicode_ci;

--
-- Dumping data for table `lab_reagents`
--


--
-- Table structure for table `lena`
--

CREATE TABLE `lena` (
  `id` int(10) unsigned NOT NULL AUTO_INCREMENT,
  `amplification_barcode` varchar(255) COLLATE utf8_unicode_ci NOT NULL,
  `amplification_lot_number` varchar(255) COLLATE utf8_unicode_ci NOT NULL,
  `amplification_expiry` date NOT NULL,
  `control_lot_number` varchar(255) COLLATE utf8_unicode_ci NOT NULL,
  `control_expiry` date NOT NULL,
  `calibrator_lot_number` varchar(255) COLLATE utf8_unicode_ci NOT NULL,
  `calibrator_expiry` date NOT NULL,
  `number_of_samples` int(11) NOT NULL,
  `failed_runs` int(11) NOT NULL,
  `passed_runs` int(11) NOT NULL,
  `dummy_runs` int(11) NOT NULL,
  `control_runs` int(11) NOT NULL,
  `created_at` timestamp NOT NULL DEFAULT '0000-00-00 00:00:00',
  `updated_at` timestamp NOT NULL DEFAULT '0000-00-00 00:00:00',
  PRIMARY KEY (`id`)
) ENGINE=InnoDB DEFAULT CHARSET=utf8 COLLATE=utf8_unicode_ci;

--
-- Dumping data for table `lena`
--


--
-- Table structure for table `local_purchase_order`
--

CREATE TABLE `local_purchase_order` (
  `id` int(10) unsigned NOT NULL AUTO_INCREMENT,
  `name` varchar(255) COLLATE utf8_unicode_ci NOT NULL,
  `created_at` timestamp NOT NULL DEFAULT '0000-00-00 00:00:00',
  `updated_at` timestamp NOT NULL DEFAULT '0000-00-00 00:00:00',
  PRIMARY KEY (`id`)
) ENGINE=InnoDB DEFAULT CHARSET=utf8 COLLATE=utf8_unicode_ci;

--
-- Dumping data for table `local_purchase_order`
--


--
-- Table structure for table `m3`
--

CREATE TABLE `m3` (
  `id` int(10) unsigned NOT NULL AUTO_INCREMENT,
  `amplification_barcode` varchar(255) COLLATE utf8_unicode_ci NOT NULL,
  `amplification_lot_number` varchar(255) COLLATE utf8_unicode_ci NOT NULL,
  `amplification_expiry` date NOT NULL,
  `control_lot_number` varchar(255) COLLATE utf8_unicode_ci NOT NULL,
  `control_expiry` date NOT NULL,
  `calibrator_lot_number` varchar(255) COLLATE utf8_unicode_ci NOT NULL,
  `calibrator_expiry` date NOT NULL,
  `number_of_samples` int(11) NOT NULL,
  `failed_runs` int(11) NOT NULL,
  `passed_runs` int(11) NOT NULL,
  `dummy_runs` int(11) NOT NULL,
  `control_runs` int(11) NOT NULL,
  `created_at` timestamp NOT NULL DEFAULT '0000-00-00 00:00:00',
  `updated_at` timestamp NOT NULL DEFAULT '0000-00-00 00:00:00',
  PRIMARY KEY (`id`)
) ENGINE=InnoDB DEFAULT CHARSET=utf8 COLLATE=utf8_unicode_ci;

--
-- Dumping data for table `m3`
--


--
-- Table structure for table `measure_types`
--

CREATE TABLE `measure_types` (
  `id` int(10) unsigned NOT NULL,
  `name` varchar(100) COLLATE utf8_unicode_ci NOT NULL,
  `deleted_at` timestamp NULL DEFAULT NULL,
  `created_at` timestamp NOT NULL DEFAULT '0000-00-00 00:00:00',
  `updated_at` timestamp NOT NULL DEFAULT '0000-00-00 00:00:00',
  PRIMARY KEY (`id`),
  UNIQUE KEY `measure_types_name_unique` (`name`)
) ENGINE=InnoDB DEFAULT CHARSET=utf8 COLLATE=utf8_unicode_ci;

--
-- Dumping data for table `measure_types`
--


--
-- Table structure for table `measures`
--

CREATE TABLE `measures` (
  `id` int(10) unsigned NOT NULL AUTO_INCREMENT,
  `measure_type_id` int(10) unsigned NOT NULL,
  `name` varchar(100) COLLATE utf8_unicode_ci NOT NULL,
  `unit` varchar(30) COLLATE utf8_unicode_ci DEFAULT NULL,
  `description` varchar(150) COLLATE utf8_unicode_ci DEFAULT NULL,
  `created_at` timestamp NOT NULL DEFAULT '0000-00-00 00:00:00',
  `updated_at` timestamp NOT NULL DEFAULT '0000-00-00 00:00:00',
  `deleted_at` timestamp NULL DEFAULT NULL,
  PRIMARY KEY (`id`),
  KEY `measures_measure_type_id_foreign` (`measure_type_id`),
  CONSTRAINT `measures_measure_type_id_foreign` FOREIGN KEY (`measure_type_id`) REFERENCES `measure_types` (`id`)
) ENGINE=InnoDB DEFAULT CHARSET=utf8 COLLATE=utf8_unicode_ci;

--
-- Dumping data for table `measures`
--


--
-- Table structure for table `mechanical_breakdown`
--

CREATE TABLE `mechanical_breakdown` (
  `breakdown_type` int(11) NOT NULL,
  `reported_by` varchar(255) COLLATE utf8_unicode_ci DEFAULT NULL,
  `breakdown_date` datetime DEFAULT NULL
) ENGINE=InnoDB DEFAULT CHARSET=utf8 COLLATE=utf8_unicode_ci;

--
-- Dumping data for table `mechanical_breakdown`
--


--
-- Table structure for table `mechanical_inventory`
--

CREATE TABLE `mechanical_inventory` (
  `id` int(10) unsigned NOT NULL AUTO_INCREMENT,
  `name` varchar(255) COLLATE utf8_unicode_ci NOT NULL,
  `model` varchar(255) COLLATE utf8_unicode_ci NOT NULL,
  `serial_number` varchar(255) COLLATE utf8_unicode_ci NOT NULL,
  `supplier_id` int(10) unsigned NOT NULL,
  `location` int(11) NOT NULL,
  `procurement_type` varchar(255) COLLATE utf8_unicode_ci NOT NULL,
  `equipment_id` varchar(255) COLLATE utf8_unicode_ci NOT NULL,
  `equipment_status` varchar(255) COLLATE utf8_unicode_ci NOT NULL,
  `country_id` int(10) unsigned NOT NULL,
  `quantity` varchar(255) COLLATE utf8_unicode_ci NOT NULL,
  `manufacture_date` date NOT NULL,
  `comment` varchar(255) COLLATE utf8_unicode_ci NOT NULL,
  `purchase_date` datetime NOT NULL,
  `delivery_date` datetime NOT NULL,
  `verification_date` datetime NOT NULL,
  `installation_date` datetime NOT NULL,
  `spare_parts` tinyint(1) NOT NULL,
  `warranty` int(11) NOT NULL,
  `life_span` int(11) NOT NULL,
  `service_frequency` tinyint(1) NOT NULL,
  `service_contract` tinyint(1) NOT NULL,
  `created_at` timestamp NOT NULL DEFAULT '0000-00-00 00:00:00',
  `updated_at` timestamp NOT NULL DEFAULT '0000-00-00 00:00:00',
  PRIMARY KEY (`id`)
) ENGINE=InnoDB DEFAULT CHARSET=utf8 COLLATE=utf8_unicode_ci;

--
-- Dumping data for table `mechanical_inventory`
--


--
-- Table structure for table `mechanical_maintenace`
--

CREATE TABLE `mechanical_maintenace` (
  `id` int(10) unsigned NOT NULL AUTO_INCREMENT,
  `mechanical_equipment_id` int(10) unsigned NOT NULL,
  `last_service_date` datetime NOT NULL,
  `next_service_date` datetime NOT NULL,
  `serviced_by_name` text COLLATE utf8_unicode_ci NOT NULL,
  `serviced_by_contact` text COLLATE utf8_unicode_ci NOT NULL,
  `supplier_id` int(11) NOT NULL,
  `comment` text COLLATE utf8_unicode_ci NOT NULL,
  `created_at` timestamp NOT NULL DEFAULT '0000-00-00 00:00:00',
  `updated_at` timestamp NOT NULL DEFAULT '0000-00-00 00:00:00',
  PRIMARY KEY (`id`),
  KEY `mechanical_maintenace_mechanical_equipment_id_foreign` (`mechanical_equipment_id`),
  CONSTRAINT `mechanical_maintenace_mechanical_equipment_id_foreign` FOREIGN KEY (`mechanical_equipment_id`) REFERENCES `mechanical_inventory` (`id`)
) ENGINE=InnoDB DEFAULT CHARSET=utf8 COLLATE=utf8_unicode_ci;

--
-- Dumping data for table `mechanical_maintenace`
--


--
-- Table structure for table `mechanical_supplier`
--

CREATE TABLE `mechanical_supplier` (
  `id` int(10) unsigned NOT NULL AUTO_INCREMENT,
  `name` varchar(255) COLLATE utf8_unicode_ci NOT NULL,
  `phone` varchar(255) COLLATE utf8_unicode_ci NOT NULL,
  `email` varchar(255) COLLATE utf8_unicode_ci NOT NULL,
  `address` varchar(255) COLLATE utf8_unicode_ci NOT NULL,
  `created_at` timestamp NOT NULL DEFAULT '0000-00-00 00:00:00',
  `updated_at` timestamp NOT NULL DEFAULT '0000-00-00 00:00:00',
  PRIMARY KEY (`id`)
) ENGINE=InnoDB AUTO_INCREMENT=2 DEFAULT CHARSET=utf8 COLLATE=utf8_unicode_ci;

--
-- Dumping data for table `mechanical_supplier`
--

INSERT INTO `mechanical_supplier` VALUES (1,'Dell','0785262623','benbyron24@gmail.com','Butabika','2019-05-16 12:01:53','2019-05-16 12:01:53');

--
-- Table structure for table `meghan`
--

CREATE TABLE `meghan` (
  `id` int(10) unsigned NOT NULL AUTO_INCREMENT,
  `amplification_barcode` varchar(255) COLLATE utf8_unicode_ci NOT NULL,
  `amplification_lot_number` varchar(255) COLLATE utf8_unicode_ci NOT NULL,
  `amplification_expiry` date NOT NULL,
  `control_lot_number` varchar(255) COLLATE utf8_unicode_ci NOT NULL,
  `control_expiry` date NOT NULL,
  `calibrator_lot_number` varchar(255) COLLATE utf8_unicode_ci NOT NULL,
  `calibrator_expiry` date NOT NULL,
  `number_of_samples` int(11) NOT NULL,
  `failed_runs` int(11) NOT NULL,
  `passed_runs` int(11) NOT NULL,
  `dummy_runs` int(11) NOT NULL,
  `control_runs` int(11) NOT NULL,
  `created_at` timestamp NOT NULL DEFAULT '0000-00-00 00:00:00',
  `updated_at` timestamp NOT NULL DEFAULT '0000-00-00 00:00:00',
  PRIMARY KEY (`id`)
) ENGINE=InnoDB DEFAULT CHARSET=utf8 COLLATE=utf8_unicode_ci;

--
-- Dumping data for table `meghan`
--


--
-- Table structure for table `metrics`
--

CREATE TABLE `metrics` (
  `id` int(10) unsigned NOT NULL AUTO_INCREMENT,
  `name` varchar(100) COLLATE utf8_unicode_ci NOT NULL,
  `description` varchar(100) COLLATE utf8_unicode_ci NOT NULL,
  `deleted_at` timestamp NULL DEFAULT NULL,
  `created_at` timestamp NOT NULL DEFAULT '0000-00-00 00:00:00',
  `updated_at` timestamp NOT NULL DEFAULT '0000-00-00 00:00:00',
  PRIMARY KEY (`id`)
) ENGINE=InnoDB AUTO_INCREMENT=16 DEFAULT CHARSET=utf8 COLLATE=utf8_unicode_ci;

--
-- Dumping data for table `metrics`
--

INSERT INTO `metrics` VALUES (1,'BUNDLE','Issued in Bundle',NULL,'2018-01-06 11:34:56','2019-07-05 08:31:23'),(2,'PCS','',NULL,'2018-01-06 13:42:56','2018-01-06 13:42:56'),(3,'TEST','',NULL,'2018-01-06 13:43:03','2018-01-06 13:43:03'),(4,'ML','',NULL,'2018-01-06 13:43:08','2018-01-06 13:43:08'),(5,'Ltr','',NULL,'2018-01-06 13:43:16','2018-01-06 13:43:16'),(6,'RUNS','',NULL,'2018-01-06 13:43:22','2018-01-06 13:43:22'),(7,'kit','',NULL,'2018-03-12 12:40:43','2018-03-12 12:40:43'),(8,'Boxes','Issued as box',NULL,'2018-03-12 12:40:57','2019-07-05 08:31:14'),(9,'Rolls','',NULL,'2018-03-12 12:41:07','2018-03-12 12:41:07'),(10,'Packs','',NULL,'2018-03-12 12:41:28','2018-03-12 12:41:28'),(11,'REAMS','REAMS',NULL,'2018-03-28 09:04:39','2018-03-28 09:04:39'),(12,'SET','',NULL,'2018-04-04 11:30:24','2018-04-04 11:30:24'),(13,'CAN','Issued as a Can',NULL,'2018-04-05 08:35:33','2019-07-05 08:31:39'),(14,'Bottle','Issued in bottles',NULL,'2018-04-09 08:46:55','2019-07-05 08:31:05'),(15,'VIALS/CARTRIDGES','',NULL,'2018-07-23 10:59:48','2018-07-23 10:59:48');

--
-- Table structure for table `migrations`
--

CREATE TABLE `migrations` (
  `migration` varchar(255) COLLATE utf8_unicode_ci NOT NULL,
  `batch` int(11) NOT NULL
) ENGINE=InnoDB DEFAULT CHARSET=utf8 COLLATE=utf8_unicode_ci;

--
-- Dumping data for table `migrations`
--

INSERT INTO `migrations` VALUES ('2014_07_24_082711_CreatekBLIStables',1),('2014_09_02_114206_entrust_setup_tables',1),('2014_10_09_162222_externaldumptable',1),('2015_02_27_084341_createInventoryTables',1),('2016_07_26_095319_create_unhls_financial_years_table',1),('2016_08_31_135348_create_unhls_stockcard',1),('2016_08_31_135420_create_unhls_stockrequisition',1),('2016_09_28_091952_create_unhls_warehouse',1),('2016_09_28_095327_create_unhls_staff',1),('2016_10_13_170615_create_unhls_equipment_suppliers_table',1),('2017_01_16_103507_create_equipment_inventory_table',1),('2017_01_16_103533_create_equipment_maintenance_table',1),('2017_01_16_103546_create_equipment_breakdown_table',1),('2017_05_21_174153_create_goods_recieveds_table',1),('2017_05_22_091824_create_requistions_table',1),('2017_05_25_131728_updateUNHLSBreakdown',1),('2017_06_15_182541_create_asset_mgts_table',1),('2017_06_16_063134_create_supplychainmgts_table',1),('2017_06_19_094902_update_equipment_inventory_table',1),('2017_06_19_111831_update_equipment_breakdown_table',1),('2017_06_19_115028_update_unhls_stockcard_table',1),('2017_06_20_043838_alter_stockcard_table',1),('2017_06_27_155020_items',1),('2017_09_17_192003_create_transport',1),('2017_09_17_192003_create_transportandfleets',1),('2017_10_04_122912_create_order_tables',1),('2017_10_11_174805_create_requisitions',1),('2017_10_11_174857_create_commodity_categories',1),('2017_10_14_172614_create_dept_requisition',1),('2017_10_27_121731_create_lab_consumables',1),('2017_10_27_121737_create_office_supplies',1),('2017_10_27_121953_create_lab_reagents',1),('2017_11_08_212313_create_store_section',1),('2017_11_15_145717_create_documents',1),('2017_11_22_120746_create_asset_mgt_tables',1),('2017_12_18_110812_create_biomedical',1),('2017_12_19_184019_create_countries',1),('2018_01_08_082351_create_district',2),('2018_01_08_172241_create_facility_request',2),('2018_01_09_083731_create_hubs',2),('2018_02_09_084504_create_abbott_tables',3),('2018_02_21_132315_create_unhls_departments',4),('2017_10_15_122554_adhoc_configs_table',5),('2018_05_08_171914_create_department_heads',6),('2018_10_04_094324_create_approved_facility_requests',7),('2018_11_24_120329_create_pipeline',8),('2018_11_26_164021_update_unhls_stockcard',8),('2018_12_13_191458_create_dispatch',9),('2019_02_14_140030_update_unhls_stockcard',10),('2019_02_17_122710_update_unhls_stockcard',11),('2019_02_21_102927_create_daily_activity_summary',12),('2019_02_23_031620_create_orders',13),('2019_04_24_124940_create_warehouse',14),('2019_04_24_184155_create_warehouse',15),('2019_04_28_160832_create_warehouse_stock_summary',16),('2019_07_24_133340_add_facility_request',17),('2019_08_06_104921_add_facility_request',18),('2019_08_06_105140_add_facility_request',19),('2019_08_06_105411_add_facility_request',20),('2019_08_06_105834_add_facility_request',21),('2019_08_06_112845_add_facility_request',22),('2019_08_08_150423_add_facility_request',23),('2019_08_09_160611_create_facility_levels',24),('2019_08_09_161409_create_facilitys',25),('2019_08_09_165043_create_ips',26),('2019_08_09_165408_create_organization_types',26),('2019_08_09_170909_create_regions',27),('2019_08_09_171100_create_organizations',27),('2019_08_09_175500_add_facilities',28),('2019_08_13_142410_add_facility_request',29),('2019_08_13_142810_add_facility_request',30);

--
-- Table structure for table `office_supplies`
--

CREATE TABLE `office_supplies` (
  `id` int(10) unsigned NOT NULL AUTO_INCREMENT,
  `name` varchar(255) COLLATE utf8_unicode_ci NOT NULL,
  `deleted_at` timestamp NULL DEFAULT NULL,
  `created_at` timestamp NOT NULL DEFAULT '0000-00-00 00:00:00',
  `updated_at` timestamp NOT NULL DEFAULT '0000-00-00 00:00:00',
  PRIMARY KEY (`id`)
) ENGINE=InnoDB DEFAULT CHARSET=utf8 COLLATE=utf8_unicode_ci;

--
-- Dumping data for table `office_supplies`
--


--
-- Table structure for table `orders`
--

CREATE TABLE `orders` (
  `id` int(10) unsigned NOT NULL AUTO_INCREMENT,
  `order_number` int(11) NOT NULL,
  `store_name` varchar(255) COLLATE utf8_unicode_ci NOT NULL,
  `district` varchar(255) COLLATE utf8_unicode_ci NOT NULL,
  `start_date` date NOT NULL,
  `end_date` date NOT NULL,
  `prepared_by` int(10) unsigned NOT NULL,
  `commodity_id` int(10) unsigned NOT NULL,
  `designation` varchar(255) COLLATE utf8_unicode_ci NOT NULL,
  `date_prepared` date NOT NULL,
  `required_date` date NOT NULL,
  `expected_date` date NOT NULL,
  `opening_balance` int(11) NOT NULL,
  `qty_received` int(11) NOT NULL,
  `consumption` int(11) NOT NULL,
  `losses_adjustments` int(11) NOT NULL,
  `qty_required` int(11) NOT NULL,
  `closing_balance` int(11) NOT NULL,
  `pack_size` varchar(255) COLLATE utf8_unicode_ci NOT NULL,
  `comment` varchar(255) COLLATE utf8_unicode_ci NOT NULL,
  `deleted_at` timestamp NULL DEFAULT NULL,
  `created_at` timestamp NOT NULL DEFAULT '0000-00-00 00:00:00',
  `updated_at` timestamp NOT NULL DEFAULT '0000-00-00 00:00:00',
  `order_status_id` int(11) DEFAULT NULL,
  `user_email` varchar(255) COLLATE utf8_unicode_ci DEFAULT NULL,
  `incharge_mail` varchar(255) COLLATE utf8_unicode_ci DEFAULT NULL,
  `rejected_by` varchar(255) COLLATE utf8_unicode_ci DEFAULT NULL,
  `approved_by` varchar(255) COLLATE utf8_unicode_ci DEFAULT NULL,
  `received_by` varchar(255) COLLATE utf8_unicode_ci DEFAULT NULL,
  PRIMARY KEY (`id`)
) ENGINE=InnoDB AUTO_INCREMENT=164 DEFAULT CHARSET=utf8 COLLATE=utf8_unicode_ci;

--
-- Dumping data for table `orders`
--

INSERT INTO `orders` VALUES (1,1372,'UNHLS/CPHL Main Stores','Kampala','0000-00-00','0000-00-00',2,25,'Logistics Assistant','0000-00-00','0000-00-00','0000-00-00',0,1,13,9,-4,9,'Catridge','',NULL,'2019-02-23 21:21:08','2019-02-23 21:21:08',NULL,NULL,NULL,NULL,NULL,NULL),(2,1372,'UNHLS/CPHL Main Stores','Kampala','0000-00-00','0000-00-00',2,25,'Logistics Assistant','0000-00-00','0000-00-00','0000-00-00',0,1,13,9,-4,9,'Catridge','',NULL,'2019-02-23 21:22:27','2019-02-23 21:22:27',NULL,NULL,NULL,NULL,NULL,NULL),(3,1372,'UNHLS/CPHL Main Stores','Kampala','0000-00-00','0000-00-00',2,25,'Logistics Assistant','0000-00-00','0000-00-00','0000-00-00',0,2,33,0,-30,3,'50 cards','',NULL,'2019-02-23 21:24:52','2019-02-23 21:24:52',NULL,NULL,NULL,NULL,NULL,NULL),(4,5183,'UNHLS/CPHL Main Stores','Kampala','0000-00-00','0000-00-00',2,20,'Logistics Assistant','0000-00-00','0000-00-00','0000-00-00',0,5,5,0,5,10,'Catridge','',NULL,'2019-02-23 21:38:58','2019-02-23 21:38:58',NULL,NULL,NULL,NULL,NULL,NULL),(5,2821,'UNHLS/CPHL Main Stores','Kampala','0000-00-00','0000-00-00',2,59,'Logistics Assistant','0000-00-00','0000-00-00','0000-00-00',0,250,15200,0,-15150,50,'Test','it is urgent. do the needful',NULL,'2019-02-24 08:43:32','2019-02-24 08:43:32',NULL,NULL,NULL,NULL,NULL,NULL),(6,8116,'UNHLS/CPHL Main Stores','Kampala','0000-00-00','0000-00-00',2,36,'Logistics Assistant','0000-00-00','0000-00-00','0000-00-00',0,12,12,0,0,12,'Test','',NULL,'2019-02-24 08:49:11','2019-02-24 08:49:11',NULL,NULL,NULL,NULL,NULL,NULL),(7,8116,'UNHLS/CPHL Main Stores','Kampala','0000-00-00','0000-00-00',2,36,'Logistics Assistant','0000-00-00','0000-00-00','0000-00-00',0,12,12,0,0,12,'Test','bingo',NULL,'2019-02-24 08:50:10','2019-02-24 08:50:10',NULL,NULL,NULL,NULL,NULL,NULL),(8,8116,'UNHLS/CPHL Main Stores','Kampala','0000-00-00','0000-00-00',2,36,'Logistics Assistant','0000-00-00','0000-00-00','0000-00-00',0,12,12,0,0,12,'Test','bingo',NULL,'2019-02-24 08:51:27','2019-02-24 08:51:27',NULL,NULL,NULL,NULL,NULL,NULL),(9,5626,'UNHLS/CPHL Main Stores','Kampala','0000-00-00','0000-00-00',2,14,'Logistics Assistant','0000-00-00','0000-00-00','0000-00-00',0,9,90,9,-72,18,'50 cards','',NULL,'2019-02-24 08:51:45','2019-02-24 08:51:45',NULL,NULL,NULL,NULL,NULL,NULL),(10,2943,'UNHLS/CPHL Main Stores','Kampala','0000-00-00','0000-00-00',10,39,'Logistics Head','0000-00-00','0000-00-00','0000-00-00',0,100,170,0,-160,10,'50 cards','',NULL,'2019-02-24 09:04:35','2019-02-24 09:04:35',NULL,NULL,NULL,NULL,NULL,NULL),(11,2943,'UNHLS/CPHL Main Stores','Kampala','0000-00-00','0000-00-00',10,39,'Logistics Head','0000-00-00','0000-00-00','0000-00-00',80,100,170,0,-160,10,'50 cards','',NULL,'2019-02-24 09:05:32','2019-02-24 09:05:32',NULL,NULL,NULL,NULL,NULL,NULL),(12,2943,'UNHLS/CPHL Main Stores','Kampala','0000-00-00','0000-00-00',10,39,'Logistics Head','0000-00-00','0000-00-00','0000-00-00',80,100,170,0,-160,10,'50 cards','',NULL,'2019-02-24 09:13:41','2019-02-24 09:13:41',NULL,NULL,NULL,NULL,NULL,NULL),(13,2943,'UNHLS/CPHL Main Stores','Kampala','0000-00-00','0000-00-00',10,39,'Logistics Head','0000-00-00','0000-00-00','0000-00-00',80,100,170,0,-160,10,'50 cards','',NULL,'2019-02-24 09:13:57','2019-02-24 09:13:57',NULL,NULL,NULL,NULL,NULL,NULL),(14,2943,'UNHLS/CPHL Main Stores','Kampala','0000-00-00','0000-00-00',10,39,'Logistics Head','0000-00-00','0000-00-00','0000-00-00',80,100,170,0,-160,10,'50 cards','',NULL,'2019-02-24 09:14:54','2019-02-24 09:14:54',NULL,NULL,NULL,NULL,NULL,NULL),(15,2943,'UNHLS/CPHL Main Stores','Kampala','0000-00-00','0000-00-00',10,39,'Logistics Head','0000-00-00','0000-00-00','0000-00-00',80,100,170,0,-160,10,'50 cards','',NULL,'2019-02-24 09:15:17','2019-02-24 09:15:17',NULL,NULL,NULL,NULL,NULL,NULL),(16,2943,'UNHLS/CPHL Main Stores','Kampala','0000-00-00','0000-00-00',10,39,'Logistics Head','0000-00-00','0000-00-00','0000-00-00',80,100,170,0,-160,10,'50 cards','',NULL,'2019-02-24 09:15:30','2019-02-24 09:15:30',NULL,NULL,NULL,NULL,NULL,NULL),(17,2943,'UNHLS/CPHL Main Stores','Kampala','0000-00-00','0000-00-00',10,39,'Logistics Head','0000-00-00','0000-00-00','0000-00-00',80,100,170,0,-160,10,'50 cards','',NULL,'2019-02-24 09:15:46','2019-02-24 09:15:46',NULL,NULL,NULL,NULL,NULL,NULL),(18,2943,'UNHLS/CPHL Main Stores','Kampala','0000-00-00','0000-00-00',10,39,'Logistics Head','0000-00-00','0000-00-00','0000-00-00',80,100,170,0,-160,10,'50 cards','',NULL,'2019-02-24 09:16:05','2019-02-24 09:16:05',NULL,NULL,NULL,NULL,NULL,NULL),(19,7461,'UNHLS/CPHL Main Stores','Kampala','0000-00-00','0000-00-00',26,68,'ICT Manager','0000-00-00','0000-00-00','0000-00-00',122,11,111,0,-89,22,'Test','take your time',NULL,'2019-02-24 10:10:20','2019-02-24 10:10:20',NULL,NULL,NULL,NULL,NULL,NULL),(20,7461,'UNHLS/CPHL Main Stores','Kampala','0000-00-00','0000-00-00',26,73,'ICT Manager','0000-00-00','0000-00-00','0000-00-00',400,12,0,-412,0,0,'Test','',NULL,'2019-02-24 10:10:20','2019-02-24 10:10:20',NULL,NULL,NULL,NULL,NULL,NULL),(21,7461,'UNHLS/CPHL Main Stores','Kampala','0000-00-00','0000-00-00',26,322,'ICT Manager','0000-00-00','0000-00-00','0000-00-00',122,123123,12333,-100000,-1421,10912,'50 cards','',NULL,'2019-02-24 10:10:20','2019-02-24 10:10:20',NULL,NULL,NULL,NULL,NULL,NULL),(22,2198,'UNHLS/CPHL Main Stores','Kampala','0000-00-00','0000-00-00',41,322,'Lab Tech','0000-00-00','0000-00-00','0000-00-00',244,23,22,3,226,248,'50 cards','',NULL,'2019-02-24 19:33:59','2019-02-24 19:33:59',NULL,NULL,NULL,NULL,NULL,NULL),(23,6326,'UNHLS/CPHL Main Stores','Kampala','0000-00-00','0000-00-00',29,36,'Bio-Medical Engineer','0000-00-00','0000-00-00','0000-00-00',90,90,90,0,0,90,'50 cards','',NULL,'2019-02-24 20:36:46','2019-02-24 20:36:46',NULL,NULL,NULL,NULL,NULL,NULL),(24,6326,'UNHLS/CPHL Main Stores','Kampala','0000-00-00','0000-00-00',29,36,'Bio-Medical Engineer','0000-00-00','0000-00-00','0000-00-00',90,90,90,0,0,90,'50 cards','',NULL,'2019-02-24 20:36:46','2019-02-24 20:36:46',NULL,NULL,NULL,NULL,NULL,NULL),(25,6326,'UNHLS/CPHL Main Stores','Kampala','0000-00-00','0000-00-00',29,36,'Bio-Medical Engineer','0000-00-00','0000-00-00','0000-00-00',90,90,90,0,0,90,'50 cards','',NULL,'2019-02-24 20:37:21','2019-02-24 20:37:21',NULL,NULL,NULL,NULL,NULL,NULL),(26,6326,'UNHLS/CPHL Main Stores','Kampala','0000-00-00','0000-00-00',29,36,'Bio-Medical Engineer','0000-00-00','0000-00-00','0000-00-00',90,90,90,0,0,90,'50 cards','',NULL,'2019-02-24 20:37:21','2019-02-24 20:37:21',NULL,NULL,NULL,NULL,NULL,NULL),(27,6326,'UNHLS/CPHL Main Stores','Kampala','0000-00-00','0000-00-00',29,36,'Bio-Medical Engineer','0000-00-00','0000-00-00','0000-00-00',90,90,90,0,0,90,'50 cards','',NULL,'2019-02-24 20:38:36','2019-02-24 20:38:36',NULL,NULL,NULL,NULL,NULL,NULL),(28,6326,'UNHLS/CPHL Main Stores','Kampala','0000-00-00','0000-00-00',29,36,'Bio-Medical Engineer','0000-00-00','0000-00-00','0000-00-00',90,90,90,0,0,90,'50 cards','',NULL,'2019-02-24 20:38:36','2019-02-24 20:38:36',NULL,NULL,NULL,NULL,NULL,NULL),(29,6326,'UNHLS/CPHL Main Stores','Kampala','0000-00-00','0000-00-00',29,36,'Bio-Medical Engineer','0000-00-00','0000-00-00','0000-00-00',90,90,90,0,0,90,'50 cards','',NULL,'2019-02-24 20:38:49','2019-02-24 20:38:49',NULL,NULL,NULL,NULL,NULL,NULL),(30,6326,'UNHLS/CPHL Main Stores','Kampala','0000-00-00','0000-00-00',29,36,'Bio-Medical Engineer','0000-00-00','0000-00-00','0000-00-00',90,90,90,0,0,90,'50 cards','',NULL,'2019-02-24 20:38:49','2019-02-24 20:38:49',NULL,NULL,NULL,NULL,NULL,NULL),(31,6326,'UNHLS/CPHL Main Stores','Kampala','0000-00-00','0000-00-00',29,36,'Bio-Medical Engineer','0000-00-00','0000-00-00','0000-00-00',90,90,90,0,0,90,'50 cards','',NULL,'2019-02-24 20:39:41','2019-02-24 20:39:41',NULL,NULL,NULL,NULL,NULL,NULL),(32,6326,'UNHLS/CPHL Main Stores','Kampala','0000-00-00','0000-00-00',29,36,'Bio-Medical Engineer','0000-00-00','0000-00-00','0000-00-00',90,90,90,0,0,90,'50 cards','',NULL,'2019-02-24 20:39:41','2019-02-24 20:39:41',NULL,NULL,NULL,NULL,NULL,NULL),(33,6326,'UNHLS/CPHL Main Stores','Kampala','0000-00-00','0000-00-00',29,36,'Bio-Medical Engineer','0000-00-00','0000-00-00','0000-00-00',90,90,90,0,0,90,'50 cards','',NULL,'2019-02-24 20:40:04','2019-02-24 20:40:04',NULL,NULL,NULL,NULL,NULL,NULL),(34,6326,'UNHLS/CPHL Main Stores','Kampala','0000-00-00','0000-00-00',29,36,'Bio-Medical Engineer','0000-00-00','0000-00-00','0000-00-00',90,90,90,0,0,90,'50 cards','',NULL,'2019-02-24 20:40:04','2019-02-24 20:40:04',NULL,NULL,NULL,NULL,NULL,NULL),(35,6326,'UNHLS/CPHL Main Stores','Kampala','0000-00-00','0000-00-00',29,36,'Bio-Medical Engineer','0000-00-00','0000-00-00','0000-00-00',90,90,90,0,0,90,'50 cards','',NULL,'2019-02-24 20:40:36','2019-02-24 20:40:36',NULL,NULL,NULL,NULL,NULL,NULL),(36,6326,'UNHLS/CPHL Main Stores','Kampala','0000-00-00','0000-00-00',29,36,'Bio-Medical Engineer','0000-00-00','0000-00-00','0000-00-00',90,90,90,0,0,90,'50 cards','',NULL,'2019-02-24 20:40:36','2019-02-24 20:40:36',NULL,NULL,NULL,NULL,NULL,NULL),(37,6326,'UNHLS/CPHL Main Stores','Kampala','0000-00-00','0000-00-00',29,36,'Bio-Medical Engineer','0000-00-00','0000-00-00','0000-00-00',90,90,90,0,0,90,'50 cards','',NULL,'2019-02-24 20:41:30','2019-02-24 20:41:30',NULL,NULL,NULL,NULL,NULL,NULL),(38,6326,'UNHLS/CPHL Main Stores','Kampala','0000-00-00','0000-00-00',29,36,'Bio-Medical Engineer','0000-00-00','0000-00-00','0000-00-00',90,90,90,0,0,90,'50 cards','',NULL,'2019-02-24 20:41:30','2019-02-24 20:41:30',NULL,NULL,NULL,NULL,NULL,NULL),(39,6326,'UNHLS/CPHL Main Stores','Kampala','0000-00-00','0000-00-00',29,36,'Bio-Medical Engineer','0000-00-00','0000-00-00','0000-00-00',90,90,90,0,0,90,'50 cards','',NULL,'2019-02-24 20:41:56','2019-02-24 20:41:56',NULL,NULL,NULL,NULL,NULL,NULL),(40,6326,'UNHLS/CPHL Main Stores','Kampala','0000-00-00','0000-00-00',29,36,'Bio-Medical Engineer','0000-00-00','0000-00-00','0000-00-00',90,90,90,0,0,90,'50 cards','',NULL,'2019-02-24 20:41:56','2019-02-24 20:41:56',NULL,NULL,NULL,NULL,NULL,NULL),(41,6326,'UNHLS/CPHL Main Stores','Kampala','0000-00-00','0000-00-00',29,36,'Bio-Medical Engineer','0000-00-00','0000-00-00','0000-00-00',90,90,90,0,0,90,'50 cards','',NULL,'2019-02-24 20:43:17','2019-02-24 20:43:17',NULL,NULL,NULL,NULL,NULL,NULL),(42,6326,'UNHLS/CPHL Main Stores','Kampala','0000-00-00','0000-00-00',29,36,'Bio-Medical Engineer','0000-00-00','0000-00-00','0000-00-00',90,90,90,0,0,90,'50 cards','',NULL,'2019-02-24 20:43:17','2019-02-24 20:43:17',NULL,NULL,NULL,NULL,NULL,NULL),(43,5618,'UNHLS/CPHL Main Stores','Kampala','0000-00-00','0000-00-00',29,322,'Bio-Medical Engineer','0000-00-00','0000-00-00','0000-00-00',12,12,12,1,1,13,'50 cards','',NULL,'2019-02-24 20:43:44','2019-02-24 20:43:44',NULL,NULL,NULL,NULL,NULL,NULL),(44,5618,'UNHLS/CPHL Main Stores','Kampala','0000-00-00','0000-00-00',29,322,'Bio-Medical Engineer','0000-00-00','0000-00-00','0000-00-00',12,12,12,1,1,13,'50 cards','',NULL,'2019-02-24 20:43:44','2019-02-24 20:43:44',NULL,NULL,NULL,NULL,NULL,NULL),(45,9571,'UNHLS/CPHL Main Stores','Kampala','2018-08-01','2018-12-31',2,19,'Logistics Assistant','2019-02-25','2019-03-01','2019-02-28',1000,100,900,0,-700,200,'50 cards','jal waca',NULL,'2019-02-25 14:47:31','2019-02-25 14:47:31',NULL,NULL,NULL,NULL,NULL,NULL),(46,9571,'UNHLS/CPHL Main Stores','Kampala','0000-00-00','0000-00-00',2,19,'Logistics Assistant','0000-00-00','0000-00-00','0000-00-00',1000,100,900,0,-700,200,'50 cards','jal waca',NULL,'2019-02-25 14:47:31','2019-02-25 14:47:31',NULL,NULL,NULL,NULL,NULL,NULL),(47,9571,'UNHLS/CPHL Main Stores','Kampala','2018-08-01','2018-12-31',2,19,'Logistics Assistant','2019-02-25','2019-03-01','2019-02-28',1000,100,900,0,-700,200,'50 cards','jal waca',NULL,'2019-02-25 14:48:41','2019-02-25 14:48:41',NULL,NULL,NULL,NULL,NULL,NULL),(48,9571,'UNHLS/CPHL Main Stores','Kampala','0000-00-00','0000-00-00',2,19,'Logistics Assistant','0000-00-00','0000-00-00','0000-00-00',1000,100,900,0,-700,200,'50 cards','jal waca',NULL,'2019-02-25 14:48:41','2019-02-25 14:48:41',NULL,NULL,NULL,NULL,NULL,NULL),(49,9571,'UNHLS/CPHL Main Stores','Kampala','2018-08-01','2018-12-31',2,19,'Logistics Assistant','2019-02-25','2019-03-01','2019-02-28',1000,100,900,0,-700,200,'50 cards','jal waca',NULL,'2019-02-25 14:50:09','2019-02-25 14:50:09',NULL,NULL,NULL,NULL,NULL,NULL),(50,9571,'UNHLS/CPHL Main Stores','Kampala','0000-00-00','0000-00-00',2,19,'Logistics Assistant','0000-00-00','0000-00-00','0000-00-00',1000,100,900,0,-700,200,'50 cards','jal waca',NULL,'2019-02-25 14:50:09','2019-02-25 14:50:09',NULL,NULL,NULL,NULL,NULL,NULL),(51,9571,'UNHLS/CPHL Main Stores','Kampala','2018-08-01','2018-12-31',2,19,'Logistics Assistant','2019-02-25','2019-03-01','2019-02-28',1000,100,900,0,-700,200,'50 cards','jal waca',NULL,'2019-02-25 14:50:18','2019-02-25 14:50:18',NULL,NULL,NULL,NULL,NULL,NULL),(52,9571,'UNHLS/CPHL Main Stores','Kampala','0000-00-00','0000-00-00',2,19,'Logistics Assistant','0000-00-00','0000-00-00','0000-00-00',1000,100,900,0,-700,200,'50 cards','jal waca',NULL,'2019-02-25 14:50:18','2019-02-25 14:50:18',NULL,NULL,NULL,NULL,NULL,NULL),(53,6981,'UNHLS/CPHL Main Stores','Kampala','2019-02-01','2019-02-25',2,31,'Logistics Assistant','2019-02-23','2019-02-01','2019-02-25',900,0,23,23,877,900,'Test','',NULL,'2019-02-25 15:05:13','2019-02-25 15:05:13',NULL,NULL,NULL,NULL,NULL,NULL),(54,6981,'UNHLS/CPHL Main Stores','Kampala','2019-02-01','2019-02-25',2,73,'Logistics Assistant','2019-02-23','2019-02-01','2019-02-25',8171,12,1122,0,5939,7061,' 1 Book','',NULL,'2019-02-25 15:05:13','2019-02-25 15:05:13',NULL,NULL,NULL,NULL,NULL,NULL),(55,6981,'UNHLS/CPHL Main Stores','Kampala','0000-00-00','0000-00-00',2,31,'Logistics Assistant','0000-00-00','0000-00-00','0000-00-00',900,0,23,23,877,900,'Test','',NULL,'2019-02-25 15:05:13','2019-02-25 15:05:13',NULL,NULL,NULL,NULL,NULL,NULL),(56,6981,'UNHLS/CPHL Main Stores','Kampala','0000-00-00','0000-00-00',2,73,'Logistics Assistant','0000-00-00','0000-00-00','0000-00-00',8171,12,1122,0,5939,7061,' 1 Book','',NULL,'2019-02-25 15:05:13','2019-02-25 15:05:13',NULL,NULL,NULL,NULL,NULL,NULL),(57,3565,'UNHLS/CPHL Main Stores','Kampala','2019-02-25','2019-02-25',2,65,'Logistics Assistant','2019-02-25','2019-02-25','2019-02-25',1,100,90,0,-79,11,'Test','',NULL,'2019-02-25 15:30:18','2019-02-25 15:30:18',NULL,NULL,NULL,NULL,NULL,NULL),(58,3565,'UNHLS/CPHL Main Stores','Kampala','2019-02-25','2019-02-25',2,26,'Logistics Assistant','2019-02-25','2019-02-25','2019-02-25',89,89,89,0,0,89,'50 cards','',NULL,'2019-02-25 15:30:18','2019-02-25 15:30:18',NULL,NULL,NULL,NULL,NULL,NULL),(59,3565,'UNHLS/CPHL Main Stores','Kampala','2019-02-25','2019-02-25',2,48,'Logistics Assistant','2019-02-25','2019-02-25','2019-02-25',100,9,0,0,109,109,' 1 Book','',NULL,'2019-02-25 15:30:19','2019-02-25 15:30:19',NULL,NULL,NULL,NULL,NULL,NULL),(60,3565,'UNHLS/CPHL Main Stores','Kampala','2019-02-25','2019-02-25',2,43,'Logistics Assistant','2019-02-25','2019-02-25','2019-02-25',89,100,89,0,11,100,'Catridge','',NULL,'2019-02-25 15:30:19','2019-02-25 15:30:19',NULL,NULL,NULL,NULL,NULL,NULL),(61,3565,'UNHLS/CPHL Main Stores','Kampala','2019-02-25','2019-02-25',2,44,'Logistics Assistant','2019-02-25','2019-02-25','2019-02-25',7781,1219,12,0,8976,8988,'Test','',NULL,'2019-02-25 15:30:19','2019-02-25 15:30:19',NULL,NULL,NULL,NULL,NULL,NULL),(62,3565,'UNHLS/CPHL Main Stores','Kampala','0000-00-00','0000-00-00',2,65,'Logistics Assistant','0000-00-00','0000-00-00','0000-00-00',1,100,90,0,-79,11,'Test','',NULL,'2019-02-25 15:30:19','2019-02-25 15:30:19',NULL,NULL,NULL,NULL,NULL,NULL),(63,3565,'UNHLS/CPHL Main Stores','Kampala','0000-00-00','0000-00-00',2,26,'Logistics Assistant','0000-00-00','0000-00-00','0000-00-00',89,89,89,0,0,89,'50 cards','',NULL,'2019-02-25 15:30:19','2019-02-25 15:30:19',NULL,NULL,NULL,NULL,NULL,NULL),(64,3565,'UNHLS/CPHL Main Stores','Kampala','0000-00-00','0000-00-00',2,48,'Logistics Assistant','0000-00-00','0000-00-00','0000-00-00',100,9,0,0,109,109,' 1 Book','',NULL,'2019-02-25 15:30:19','2019-02-25 15:30:19',NULL,NULL,NULL,NULL,NULL,NULL),(65,3565,'UNHLS/CPHL Main Stores','Kampala','0000-00-00','0000-00-00',2,43,'Logistics Assistant','0000-00-00','0000-00-00','0000-00-00',89,100,89,0,11,100,'Catridge','',NULL,'2019-02-25 15:30:19','2019-02-25 15:30:19',NULL,NULL,NULL,NULL,NULL,NULL),(66,3565,'UNHLS/CPHL Main Stores','Kampala','0000-00-00','0000-00-00',2,44,'Logistics Assistant','0000-00-00','0000-00-00','0000-00-00',7781,1219,12,0,8976,8988,'Test','',NULL,'2019-02-25 15:30:19','2019-02-25 15:30:19',NULL,NULL,NULL,NULL,NULL,NULL),(67,3566,'UNHLS/CPHL Main Stores','Kampala','2019-01-01','2019-02-01',2,38,'Logistics Assistant','2019-02-25','2019-03-31','2019-03-31',98,9,99,0,-91,8,'Test','',NULL,'2019-02-25 15:48:18','2019-02-25 15:48:18',NULL,NULL,NULL,NULL,NULL,NULL),(68,3566,'UNHLS/CPHL Main Stores','Kampala','2019-01-01','2019-02-01',2,38,'Logistics Assistant','2019-02-25','2019-03-31','2019-03-31',98,9,99,0,-91,8,'Test','',NULL,'2019-02-25 15:49:01','2019-02-25 15:49:01',NULL,NULL,NULL,NULL,NULL,NULL),(69,3566,'UNHLS/CPHL Main Stores','Kampala','2019-01-01','2019-02-01',2,38,'Logistics Assistant','2019-02-25','2019-03-31','2019-03-31',98,9,99,0,-91,8,'Test','',NULL,'2019-02-25 15:50:31','2019-02-25 15:50:31',NULL,NULL,NULL,NULL,NULL,NULL),(70,7911,'UNHLS/CPHL Main Stores','Kampala','2018-12-01','2019-01-31',2,10,'Logistics Assistant','2019-02-25','2019-03-01','2019-02-04',89,89,89,0,0,89,'50 cards','tell me a joke',NULL,'2019-02-25 15:51:55','2019-02-25 15:51:55',NULL,NULL,NULL,NULL,NULL,NULL),(71,8082,'UNHLS/CPHL Main Stores','Kampala','2019-02-25','2019-02-25',2,10,'Logistics Assistant','2019-02-25','2019-02-25','2019-02-25',90,90,90,9,9,99,'50 cards','last one',NULL,'2019-02-25 15:53:56','2019-02-25 15:53:56',NULL,NULL,NULL,NULL,NULL,NULL),(72,8950,'UNHLS/CPHL Main Stores','Kampala','2019-01-01','2019-01-31',2,14,'Logistics Assistant','2019-02-25','2019-02-28','2019-02-26',1000,0,100,0,800,900,'50 cards','kjads',NULL,'2019-02-25 16:13:44','2019-02-25 16:13:44',NULL,NULL,NULL,NULL,NULL,NULL),(73,8950,'UNHLS/CPHL Main Stores','Kampala','2019-01-01','2019-01-31',2,140,'Logistics Assistant','2019-02-25','2019-02-28','2019-02-26',890,90,90,0,800,890,'Test','sda',NULL,'2019-02-25 16:13:45','2019-02-25 16:13:45',NULL,NULL,NULL,NULL,NULL,NULL),(74,8950,'UNHLS/CPHL Main Stores','Kampala','2019-01-01','2019-01-31',2,36,'Logistics Assistant','2019-02-25','2019-02-28','2019-02-26',89990,8990,8912,0,81156,90068,'Catridge','asdas',NULL,'2019-02-25 16:13:45','2019-02-25 16:13:45',NULL,NULL,NULL,NULL,NULL,NULL),(75,8950,'UNHLS/CPHL Main Stores','Kampala','2019-01-01','2019-01-31',2,14,'Logistics Assistant','2019-02-25','2019-02-28','2019-02-26',1000,0,100,0,800,900,'50 cards','kjads',NULL,'2019-02-25 16:14:20','2019-02-25 16:14:20',NULL,NULL,NULL,NULL,NULL,NULL),(76,8950,'UNHLS/CPHL Main Stores','Kampala','2019-01-01','2019-01-31',2,140,'Logistics Assistant','2019-02-25','2019-02-28','2019-02-26',890,90,90,0,800,890,'Test','sda',NULL,'2019-02-25 16:14:20','2019-02-25 16:14:20',NULL,NULL,NULL,NULL,NULL,NULL),(77,8950,'UNHLS/CPHL Main Stores','Kampala','2019-01-01','2019-01-31',2,36,'Logistics Assistant','2019-02-25','2019-02-28','2019-02-26',89990,8990,8912,0,81156,90068,'Catridge','asdas',NULL,'2019-02-25 16:14:20','2019-02-25 16:14:20',NULL,NULL,NULL,NULL,NULL,NULL),(78,8950,'UNHLS/CPHL Main Stores','Kampala','2019-01-01','2019-01-31',2,14,'Logistics Assistant','2019-02-25','2019-02-28','2019-02-26',1000,0,100,0,800,900,'50 cards','kjads',NULL,'2019-02-25 16:15:03','2019-02-25 16:15:03',NULL,NULL,NULL,NULL,NULL,NULL),(79,8950,'UNHLS/CPHL Main Stores','Kampala','2019-01-01','2019-01-31',2,140,'Logistics Assistant','2019-02-25','2019-02-28','2019-02-26',890,90,90,0,800,890,'Test','sda',NULL,'2019-02-25 16:15:03','2019-02-25 16:15:03',NULL,NULL,NULL,NULL,NULL,NULL),(80,8950,'UNHLS/CPHL Main Stores','Kampala','2019-01-01','2019-01-31',2,36,'Logistics Assistant','2019-02-25','2019-02-28','2019-02-26',89990,8990,8912,0,81156,90068,'Catridge','asdas',NULL,'2019-02-25 16:15:03','2019-02-25 16:15:03',NULL,NULL,NULL,NULL,NULL,NULL),(81,8950,'UNHLS/CPHL Main Stores','Kampala','2019-01-01','2019-01-31',2,14,'Logistics Assistant','2019-02-25','2019-02-28','2019-02-26',1000,0,100,0,800,900,'50 cards','kjads',NULL,'2019-02-25 16:15:19','2019-02-25 16:15:19',NULL,NULL,NULL,NULL,NULL,NULL),(82,8950,'UNHLS/CPHL Main Stores','Kampala','2019-01-01','2019-01-31',2,140,'Logistics Assistant','2019-02-25','2019-02-28','2019-02-26',890,90,90,0,800,890,'Test','sda',NULL,'2019-02-25 16:15:19','2019-02-25 16:15:19',NULL,NULL,NULL,NULL,NULL,NULL),(83,8950,'UNHLS/CPHL Main Stores','Kampala','2019-01-01','2019-01-31',2,36,'Logistics Assistant','2019-02-25','2019-02-28','2019-02-26',89990,8990,8912,0,81156,90068,'Catridge','asdas',NULL,'2019-02-25 16:15:19','2019-02-25 16:15:19',NULL,NULL,NULL,NULL,NULL,NULL),(84,8950,'UNHLS/CPHL Main Stores','Kampala','2019-01-01','2019-01-31',2,14,'Logistics Assistant','2019-02-25','2019-02-28','2019-02-26',1000,0,100,0,800,900,'50 cards','kjads',NULL,'2019-02-25 16:15:41','2019-02-25 16:15:41',NULL,NULL,NULL,NULL,NULL,NULL),(85,8950,'UNHLS/CPHL Main Stores','Kampala','2019-01-01','2019-01-31',2,140,'Logistics Assistant','2019-02-25','2019-02-28','2019-02-26',890,90,90,0,800,890,'Test','sda',NULL,'2019-02-25 16:15:41','2019-02-25 16:15:41',NULL,NULL,NULL,NULL,NULL,NULL),(86,8950,'UNHLS/CPHL Main Stores','Kampala','2019-01-01','2019-01-31',2,36,'Logistics Assistant','2019-02-25','2019-02-28','2019-02-26',89990,8990,8912,0,81156,90068,'Catridge','asdas',NULL,'2019-02-25 16:15:41','2019-02-25 16:15:41',NULL,NULL,NULL,NULL,NULL,NULL),(87,8195,'UNHLS/CPHL Main Stores','Kampala','2019-02-01','2019-02-27',2,45,'Logistics Assistant','2019-02-27','2019-02-28','2019-03-31',1000,10,1009,0,1008,1,'Test','PLEASE MAKE IT QUICK',NULL,'2019-02-27 09:04:34','2019-02-27 09:04:34',NULL,NULL,NULL,NULL,NULL,NULL),(88,8195,'UNHLS/CPHL Main Stores','Kampala','2019-02-01','2019-02-27',2,45,'Logistics Assistant','2019-02-27','2019-02-28','2019-03-31',1000,10,1009,0,1008,1,'Test','PLEASE MAKE IT QUICK',NULL,'2019-02-27 09:08:21','2019-02-27 09:08:21',NULL,NULL,NULL,NULL,NULL,NULL),(89,8195,'UNHLS/CPHL Main Stores','Kampala','2019-02-01','2019-02-27',2,45,'Logistics Assistant','2019-02-27','2019-02-28','2019-03-31',1000,10,1009,0,1008,1,'Test','PLEASE MAKE IT QUICK',NULL,'2019-02-27 09:10:28','2019-02-27 09:10:28',NULL,NULL,NULL,NULL,NULL,NULL),(90,8195,'UNHLS/CPHL Main Stores','Kampala','2019-02-01','2019-02-27',2,45,'Logistics Assistant','2019-02-27','2019-02-28','2019-03-31',1000,10,1009,0,1008,1,'Test','PLEASE MAKE IT QUICK',NULL,'2019-02-27 09:10:48','2019-02-27 09:10:48',NULL,NULL,NULL,NULL,NULL,NULL),(91,5173,'UNHLS/CPHL Main Stores','Kampala','2019-02-27','2019-02-27',2,43,'Logistics Assistant','2019-02-27','2019-02-27','2019-02-27',9000,900,9000,0,8100,900,'Catridge','it should be working',NULL,'2019-02-27 09:12:54','2019-02-27 09:12:54',NULL,NULL,NULL,NULL,NULL,NULL),(92,6555,'UNHLS/CPHL Main Stores','Kampala','2019-04-01','2019-04-30',2,38,'Logistics Assistant','2019-04-09','2019-06-30','2019-07-24',1000,100,1100,0,1100,0,'50 cards','not urgent',NULL,'2019-04-09 08:19:43','2019-04-09 08:19:43',NULL,NULL,NULL,NULL,NULL,NULL),(93,9603,'UNHLS/CPHL Main Stores','Kampala','2019-03-01','2019-04-30',2,322,'Logistics Assistant','2019-04-09','2019-04-22','2019-04-30',100,10,95,0,80,15,'Catridge','please hurry',NULL,'2019-04-09 08:34:52','2019-04-09 08:34:52',0,'suegaths@gmail.com',NULL,NULL,NULL,NULL),(94,3912,'UNHLS/CPHL Main Stores','Kampala','2019-04-01','2019-04-30',2,68,'Logistics Assistant','2019-04-18','2019-04-09','2019-04-16',12,1,13,0,13,0,'50 cards','Lol',NULL,'2019-04-18 20:42:04','2019-07-10 12:31:57',1,'suegaths@gmail.com',NULL,NULL,NULL,NULL),(95,4128,'UNHLS/CPHL Main Stores','Kampala','2019-06-03','2019-07-31',2,19,'Logistics Assistant','2019-07-10','2019-08-01','2019-07-30',1000,100,1200,200,1100,100,'50 cards','used all given',NULL,'2019-07-10 12:40:55','2019-07-10 12:40:55',0,'suegaths@gmail.com',NULL,NULL,NULL,NULL),(96,1961,'UNHLS/CPHL Main Stores','Kampala','2019-06-01','2019-07-31',2,19,'Logistics Assistant','2019-07-10','2019-09-01','2019-09-30',10,10,19,0,18,1,'Test','',NULL,'2019-07-10 12:50:33','2019-07-10 12:50:33',0,'suegaths@gmail.com',NULL,NULL,NULL,NULL),(97,1961,'UNHLS/CPHL Main Stores','Kampala','2019-06-01','2019-07-31',2,43,'Logistics Assistant','2019-07-10','2019-09-01','2019-09-30',15,0,10,0,5,5,'Catridge','',NULL,'2019-07-10 12:50:33','2019-07-10 12:50:33',0,'suegaths@gmail.com',NULL,NULL,NULL,NULL),(98,1961,'UNHLS/CPHL Main Stores','Kampala','2019-06-01','2019-07-31',2,19,'Logistics Assistant','2019-07-10','2019-09-01','2019-09-30',10,10,19,0,18,1,'Test','',NULL,'2019-07-10 12:54:05','2019-07-10 12:54:05',0,'suegaths@gmail.com',NULL,NULL,NULL,NULL),(99,1961,'UNHLS/CPHL Main Stores','Kampala','2019-06-01','2019-07-31',2,43,'Logistics Assistant','2019-07-10','2019-09-01','2019-09-30',15,0,10,0,5,5,'Catridge','',NULL,'2019-07-10 12:54:05','2019-07-10 12:54:05',0,'suegaths@gmail.com',NULL,NULL,NULL,NULL),(100,8888,'UNHLS/CPHL Main Stores','Kampala','2019-04-01','2019-07-31',2,73,'Logistics Assistant','2019-07-10','2019-09-16','2019-09-30',1000,10,910,0,810,100,'50 cards','',NULL,'2019-07-10 13:01:48','2019-07-10 13:01:48',0,'suegaths@gmail.com',NULL,NULL,NULL,NULL),(101,8888,'UNHLS/CPHL Main Stores','Kampala','2019-04-01','2019-07-31',2,61,'Logistics Assistant','2019-07-10','2019-09-16','2019-09-30',2000,0,1800,0,1600,200,'Catridge','',NULL,'2019-07-10 13:01:48','2019-07-10 13:01:48',0,'suegaths@gmail.com',NULL,NULL,NULL,NULL),(102,7829,'UNHLS/CPHL Main Stores','Kampala','2019-01-01','2019-06-30',2,65,'Logistics Assistant','2019-07-10','2019-08-21','2019-08-30',1000,100,1050,0,1000,50,'50 cards','',NULL,'2019-07-10 13:04:47','2019-07-10 13:04:47',0,'suegaths@gmail.com',NULL,NULL,NULL,NULL),(103,7829,'UNHLS/CPHL Main Stores','Kampala','2019-01-01','2019-06-30',2,64,'Logistics Assistant','2019-07-10','2019-08-21','2019-08-30',3000,2500,5010,0,4520,490,'Test','',NULL,'2019-07-10 13:04:47','2019-07-10 13:04:47',0,'suegaths@gmail.com',NULL,NULL,NULL,NULL),(104,7829,'UNHLS/CPHL Main Stores','Kampala','2019-01-01','2019-06-30',2,29,'Logistics Assistant','2019-07-10','2019-08-21','2019-08-30',1000,10,990,0,970,20,' 1 Book','',NULL,'2019-07-10 13:04:47','2019-07-10 13:04:47',0,'suegaths@gmail.com',NULL,NULL,NULL,NULL),(105,3569,'UNHLS/CPHL Main Stores','Kampala','2019-07-01','2019-07-17',10,322,'Logistics Head','2019-07-10','2019-07-16','2019-07-25',123,1,123,0,122,1,'50 cards','',NULL,'2019-07-10 16:08:48','2019-07-10 16:08:48',0,'kitoneivanodich@gmail.com',NULL,NULL,NULL,NULL),(106,3569,'UNHLS/CPHL Main Stores','Kampala','2019-07-01','2019-07-17',10,322,'Logistics Head','2019-07-10','2019-07-16','2019-07-25',123,1,123,0,122,1,'50 cards','',NULL,'2019-07-10 16:09:11','2019-07-10 16:09:11',0,'kitoneivanodich@gmail.com',NULL,NULL,NULL,NULL),(107,3569,'UNHLS/CPHL Main Stores','Kampala','2019-07-01','2019-07-17',10,322,'Logistics Head','2019-07-10','2019-07-16','2019-07-25',123,1,123,0,122,1,'50 cards','',NULL,'2019-07-10 16:09:36','2019-07-10 16:09:36',0,'kitoneivanodich@gmail.com',NULL,NULL,NULL,NULL),(108,3569,'UNHLS/CPHL Main Stores','Kampala','2019-07-01','2019-07-17',10,322,'Logistics Head','2019-07-10','2019-07-16','2019-07-25',123,1,123,0,122,1,'50 cards','',NULL,'2019-07-10 16:09:47','2019-07-10 16:09:47',0,'kitoneivanodich@gmail.com',NULL,NULL,NULL,NULL),(109,3569,'UNHLS/CPHL Main Stores','Kampala','2019-07-01','2019-07-17',10,322,'Logistics Head','2019-07-10','2019-07-16','2019-07-25',123,1,123,0,122,1,'50 cards','',NULL,'2019-07-10 16:09:56','2019-07-10 16:09:56',0,'kitoneivanodich@gmail.com',NULL,NULL,NULL,NULL),(110,3569,'UNHLS/CPHL Main Stores','Kampala','2019-07-01','2019-07-17',10,322,'Logistics Head','2019-07-10','2019-07-16','2019-07-25',123,1,123,0,122,1,'50 cards','',NULL,'2019-07-10 16:10:02','2019-07-10 16:10:02',0,'kitoneivanodich@gmail.com',NULL,NULL,NULL,NULL),(111,3569,'UNHLS/CPHL Main Stores','Kampala','2019-07-01','2019-07-17',10,322,'Logistics Head','2019-07-10','2019-07-16','2019-07-25',123,1,123,0,122,1,'50 cards','',NULL,'2019-07-10 16:10:42','2019-07-10 16:10:42',0,'kitoneivanodich@gmail.com',NULL,NULL,NULL,NULL),(112,3569,'UNHLS/CPHL Main Stores','Kampala','2019-07-01','2019-07-17',10,322,'Logistics Head','2019-07-10','2019-07-16','2019-07-25',123,1,123,0,122,1,'50 cards','',NULL,'2019-07-10 16:10:51','2019-07-10 16:10:51',0,'kitoneivanodich@gmail.com',NULL,NULL,NULL,NULL),(113,3569,'UNHLS/CPHL Main Stores','Kampala','2019-07-01','2019-07-17',10,322,'Logistics Head','2019-07-10','2019-07-16','2019-07-25',123,1,123,0,122,1,'50 cards','',NULL,'2019-07-10 16:11:01','2019-07-10 16:11:01',0,'kitoneivanodich@gmail.com',NULL,NULL,NULL,NULL),(114,3569,'UNHLS/CPHL Main Stores','Kampala','2019-07-01','2019-07-17',10,322,'Logistics Head','2019-07-10','2019-07-16','2019-07-25',123,1,123,0,122,1,'50 cards','',NULL,'2019-07-10 16:11:12','2019-07-10 16:11:12',0,'kitoneivanodich@gmail.com',NULL,NULL,NULL,NULL),(115,3569,'UNHLS/CPHL Main Stores','Kampala','2019-07-01','2019-07-17',10,322,'Logistics Head','2019-07-10','2019-07-16','2019-07-25',123,1,123,0,122,1,'50 cards','',NULL,'2019-07-10 16:11:47','2019-07-10 16:11:47',0,'kitoneivanodich@gmail.com',NULL,NULL,NULL,NULL),(116,3569,'UNHLS/CPHL Main Stores','Kampala','2019-07-01','2019-07-17',10,322,'Logistics Head','2019-07-10','2019-07-16','2019-07-25',123,1,123,0,122,1,'50 cards','',NULL,'2019-07-10 16:11:55','2019-07-10 16:11:55',0,'kitoneivanodich@gmail.com',NULL,NULL,NULL,NULL),(117,3569,'UNHLS/CPHL Main Stores','Kampala','2019-07-01','2019-07-17',10,322,'Logistics Head','2019-07-10','2019-07-16','2019-07-25',123,1,123,0,122,1,'50 cards','',NULL,'2019-07-10 16:12:15','2019-07-10 16:12:15',0,'kitoneivanodich@gmail.com',NULL,NULL,NULL,NULL),(118,3569,'UNHLS/CPHL Main Stores','Kampala','2019-07-01','2019-07-17',10,322,'Logistics Head','2019-07-10','2019-07-16','2019-07-25',123,1,123,0,122,1,'50 cards','',NULL,'2019-07-10 16:19:19','2019-07-10 16:19:19',0,'kitoneivanodich@gmail.com',NULL,NULL,NULL,NULL),(119,3569,'UNHLS/CPHL Main Stores','Kampala','2019-07-01','2019-07-17',10,322,'Logistics Head','2019-07-10','2019-07-16','2019-07-25',123,1,123,0,122,1,'50 cards','',NULL,'2019-07-10 16:21:28','2019-07-10 16:21:28',0,'kitoneivanodich@gmail.com',NULL,NULL,NULL,NULL),(120,3569,'UNHLS/CPHL Main Stores','Kampala','2019-07-01','2019-07-17',10,322,'Logistics Head','2019-07-10','2019-07-16','2019-07-25',123,1,123,0,122,1,'50 cards','',NULL,'2019-07-10 16:23:56','2019-07-10 16:23:56',0,'kitoneivanodich@gmail.com',NULL,NULL,NULL,NULL),(121,3569,'UNHLS/CPHL Main Stores','Kampala','2019-07-01','2019-07-17',10,322,'Logistics Head','2019-07-10','2019-07-16','2019-07-25',123,1,123,0,122,1,'50 cards','',NULL,'2019-07-10 16:27:01','2019-07-10 16:27:01',0,'kitoneivanodich@gmail.com',NULL,NULL,NULL,NULL),(122,3569,'UNHLS/CPHL Main Stores','Kampala','2019-07-01','2019-07-17',10,322,'Logistics Head','2019-07-10','2019-07-16','2019-07-25',123,1,123,0,122,1,'50 cards','',NULL,'2019-07-10 16:28:14','2019-07-10 16:28:14',0,'kitoneivanodich@gmail.com',NULL,NULL,NULL,NULL),(123,3569,'UNHLS/CPHL Main Stores','Kampala','2019-07-01','2019-07-17',10,36,'Logistics Head','2019-07-10','2019-07-16','2019-07-25',123,10,100,0,67,33,'Test','',NULL,'2019-07-10 16:30:27','2019-07-10 16:30:27',0,'kitoneivanodich@gmail.com',NULL,NULL,NULL,NULL),(124,3569,'UNHLS/CPHL Main Stores','Kampala','2019-07-01','2019-07-17',10,20,'Logistics Head','2019-07-10','2019-07-16','2019-07-25',100,10,110,0,110,0,'Test','',NULL,'2019-07-10 16:31:18','2019-07-10 16:31:18',0,'kitoneivanodich@gmail.com',NULL,NULL,NULL,NULL),(125,3569,'UNHLS/CPHL Main Stores','Kampala','2019-07-01','2019-07-17',10,20,'Logistics Head','2019-07-10','2019-07-16','2019-07-25',100,10,110,0,110,0,'Test','',NULL,'2019-07-10 16:32:26','2019-07-10 16:32:26',0,'kitoneivanodich@gmail.com',NULL,NULL,NULL,NULL),(126,3569,'UNHLS/CPHL Main Stores','Kampala','2019-07-01','2019-07-17',10,20,'Logistics Head','2019-07-10','2019-07-16','2019-07-25',100,10,110,0,110,0,'Test','',NULL,'2019-07-10 16:33:29','2019-07-10 16:33:29',0,'kitoneivanodich@gmail.com',NULL,NULL,NULL,NULL),(127,3569,'UNHLS/CPHL Main Stores','Kampala','2019-07-01','2019-07-17',10,20,'Logistics Head','2019-07-10','2019-07-16','2019-07-25',100,10,110,0,110,0,'Test','',NULL,'2019-07-10 16:36:01','2019-07-10 16:36:01',0,'kitoneivanodich@gmail.com',NULL,NULL,NULL,NULL),(128,3569,'UNHLS/CPHL Main Stores','Kampala','2019-07-01','2019-07-17',10,20,'Logistics Head','2019-07-10','2019-07-16','2019-07-25',100,10,110,0,110,0,'Test','',NULL,'2019-07-10 16:39:20','2019-07-10 16:39:20',0,'kitoneivanodich@gmail.com',NULL,NULL,NULL,NULL),(129,5251,'UNHLS/CPHL Main Stores','Kampala','2019-07-01','2019-07-02',10,22,'Logistics Head','2019-07-10','2019-07-22','2019-07-31',10,0,9,0,8,1,'Test','',NULL,'2019-07-10 16:44:10','2019-07-10 16:44:10',0,'kitoneivanodich@gmail.com',NULL,NULL,NULL,NULL),(130,5251,'UNHLS/CPHL Main Stores','Kampala','2019-07-01','2019-07-02',10,22,'Logistics Head','2019-07-10','2019-07-22','2019-07-31',10,0,9,0,8,1,'Test','',NULL,'2019-07-10 16:44:17','2019-07-10 16:44:17',0,'kitoneivanodich@gmail.com',NULL,NULL,NULL,NULL),(131,7604,'UNHLS/CPHL Main Stores','Kampala','2019-07-01','2019-07-02',10,48,'Logistics Head','2019-07-10','2019-07-22','2019-07-31',12,1,12,0,11,1,'Test','',NULL,'2019-07-10 16:59:36','2019-07-10 16:59:36',0,'kitoneivanodich@gmail.com',NULL,NULL,NULL,NULL),(132,7604,'UNHLS/CPHL Main Stores','Kampala','2019-07-01','2019-07-02',10,48,'Logistics Head','2019-07-10','2019-07-22','2019-07-31',12,1,12,0,11,1,'Test','',NULL,'2019-07-10 17:00:43','2019-07-10 17:00:43',0,'kitoneivanodich@gmail.com',NULL,NULL,NULL,NULL),(133,7604,'UNHLS/CPHL Main Stores','Kampala','2019-07-01','2019-07-02',10,48,'Logistics Head','2019-07-10','2019-07-22','2019-07-31',12,1,12,0,11,1,'Test','',NULL,'2019-07-10 17:01:25','2019-07-10 17:01:25',0,'kitoneivanodich@gmail.com',NULL,NULL,NULL,NULL),(134,7604,'UNHLS/CPHL Main Stores','Kampala','2019-07-01','2019-07-02',10,48,'Logistics Head','2019-07-10','2019-07-22','2019-07-31',12,1,12,0,11,1,'Test','',NULL,'2019-07-10 17:03:54','2019-07-10 17:03:54',0,'kitoneivanodich@gmail.com',NULL,NULL,NULL,NULL),(135,7604,'UNHLS/CPHL Main Stores','Kampala','2019-07-01','2019-07-02',10,48,'Logistics Head','2019-07-10','2019-07-22','2019-07-31',12,1,12,0,11,1,'Test','',NULL,'2019-07-10 17:04:53','2019-07-10 17:04:53',0,'kitoneivanodich@gmail.com',NULL,NULL,NULL,NULL),(136,7604,'UNHLS/CPHL Main Stores','Kampala','2019-07-01','2019-07-02',10,48,'Logistics Head','2019-07-10','2019-07-22','2019-07-31',12,1,12,0,11,1,'Test','',NULL,'2019-07-10 17:06:30','2019-07-10 17:06:30',0,'kitoneivanodich@gmail.com',NULL,NULL,NULL,NULL),(137,7604,'UNHLS/CPHL Main Stores','Kampala','2019-07-01','2019-07-02',10,48,'Logistics Head','2019-07-10','2019-07-22','2019-07-31',12,1,12,0,11,1,'Test','',NULL,'2019-07-10 17:07:11','2019-07-10 17:07:11',0,'kitoneivanodich@gmail.com',NULL,NULL,NULL,NULL),(138,5458,'UNHLS/CPHL Main Stores','Kampala','2019-07-01','2019-07-15',1,26,'Systems Administrator','2019-07-10','2019-07-30','2019-07-31',90,90,90,0,0,90,'Test','',NULL,'2019-07-10 17:20:37','2019-07-10 17:20:37',0,'',NULL,NULL,NULL,NULL),(139,5458,'UNHLS/CPHL Main Stores','Kampala','2019-07-01','2019-07-15',1,26,'Systems Administrator','2019-07-10','2019-07-30','2019-07-31',90,90,90,0,0,90,'Test','',NULL,'2019-07-10 17:24:10','2019-07-10 17:24:10',0,'',NULL,NULL,NULL,NULL),(140,5458,'UNHLS/CPHL Main Stores','Kampala','2019-07-01','2019-07-15',1,26,'Systems Administrator','2019-07-10','2019-07-30','2019-07-31',90,90,90,0,0,90,'Test','',NULL,'2019-07-10 17:24:59','2019-07-10 17:24:59',0,'',NULL,NULL,NULL,NULL),(141,5458,'UNHLS/CPHL Main Stores','Kampala','2019-07-01','2019-07-15',1,26,'Systems Administrator','2019-07-10','2019-07-30','2019-07-31',90,90,90,0,0,90,'Test','',NULL,'2019-07-10 17:25:48','2019-07-10 17:25:48',0,'',NULL,NULL,NULL,NULL),(142,5458,'UNHLS/CPHL Main Stores','Kampala','2019-07-01','2019-07-15',1,26,'Systems Administrator','2019-07-10','2019-07-30','2019-07-31',90,90,90,0,0,90,'Test','',NULL,'2019-07-10 17:27:27','2019-07-10 17:27:27',0,'',NULL,NULL,NULL,NULL),(143,5458,'UNHLS/CPHL Main Stores','Kampala','2019-07-01','2019-07-15',1,26,'Systems Administrator','2019-07-10','2019-07-30','2019-07-31',90,90,90,0,0,90,'Test','',NULL,'2019-07-10 17:27:57','2019-07-10 17:27:57',0,'',NULL,NULL,NULL,NULL),(144,5458,'UNHLS/CPHL Main Stores','Kampala','2019-07-01','2019-07-15',1,26,'Systems Administrator','2019-07-10','2019-07-30','2019-07-31',90,90,90,0,0,90,'Test','',NULL,'2019-07-10 17:30:11','2019-07-10 17:30:11',0,'',NULL,NULL,NULL,NULL),(145,5458,'UNHLS/CPHL Main Stores','Kampala','2019-07-01','2019-07-15',1,26,'Systems Administrator','2019-07-10','2019-07-30','2019-07-31',90,90,90,0,0,90,'Test','',NULL,'2019-07-10 17:35:54','2019-07-10 17:35:54',0,'',NULL,NULL,NULL,NULL),(146,5458,'UNHLS/CPHL Main Stores','Kampala','2019-07-01','2019-07-15',1,26,'Systems Administrator','2019-07-10','2019-07-30','2019-07-31',90,90,90,0,0,90,'Test','',NULL,'2019-07-10 17:37:19','2019-07-10 17:37:19',0,'',NULL,NULL,NULL,NULL),(147,5458,'UNHLS/CPHL Main Stores','Kampala','2019-07-01','2019-07-15',1,26,'Systems Administrator','2019-07-10','2019-07-30','2019-07-31',90,90,90,0,0,90,'Test','',NULL,'2019-07-10 17:39:33','2019-07-10 17:39:33',0,'',NULL,NULL,NULL,NULL),(148,5458,'UNHLS/CPHL Main Stores','Kampala','2019-07-01','2019-07-15',1,26,'Systems Administrator','2019-07-10','2019-07-30','2019-07-31',90,90,90,0,0,90,'Test','',NULL,'2019-07-10 17:42:26','2019-07-10 17:42:26',0,'',NULL,NULL,NULL,NULL),(149,5458,'UNHLS/CPHL Main Stores','Kampala','2019-07-01','2019-07-15',1,26,'Systems Administrator','2019-07-10','2019-07-30','2019-07-31',90,90,90,0,0,90,'Test','',NULL,'2019-07-10 17:43:44','2019-07-10 17:43:44',0,'',NULL,NULL,NULL,NULL),(150,5458,'UNHLS/CPHL Main Stores','Kampala','2019-07-01','2019-07-15',1,26,'Systems Administrator','2019-07-10','2019-07-30','2019-07-31',90,90,90,0,0,90,'Test','',NULL,'2019-07-10 17:47:47','2019-07-10 17:47:47',0,'',NULL,NULL,NULL,NULL),(151,5458,'UNHLS/CPHL Main Stores','Kampala','2019-07-01','2019-07-15',1,26,'Systems Administrator','2019-07-10','2019-07-30','2019-07-31',90,90,90,0,0,90,'Test','',NULL,'2019-07-10 17:49:11','2019-07-10 17:49:11',0,'',NULL,NULL,NULL,NULL),(152,5458,'UNHLS/CPHL Main Stores','Kampala','2019-07-01','2019-07-15',1,26,'Systems Administrator','2019-07-10','2019-07-30','2019-07-31',90,90,90,0,0,90,'Test','',NULL,'2019-07-10 17:51:13','2019-07-10 17:51:13',0,'',NULL,NULL,NULL,NULL),(153,5458,'UNHLS/CPHL Main Stores','Kampala','2019-07-01','2019-07-15',1,26,'Systems Administrator','2019-07-10','2019-07-30','2019-07-31',90,90,90,0,0,90,'Test','',NULL,'2019-07-10 17:52:22','2019-07-10 17:52:22',0,'',NULL,NULL,NULL,NULL),(154,5458,'UNHLS/CPHL Main Stores','Kampala','2019-07-01','2019-07-15',1,26,'Systems Administrator','2019-07-10','2019-07-30','2019-07-31',90,90,90,0,0,90,'Test','',NULL,'2019-07-10 17:53:01','2019-07-10 17:53:01',0,'',NULL,NULL,NULL,NULL),(155,5458,'UNHLS/CPHL Main Stores','Kampala','2019-07-01','2019-07-15',1,26,'Systems Administrator','2019-07-10','2019-07-30','2019-07-31',90,90,90,0,0,90,'Test','',NULL,'2019-07-10 17:54:50','2019-07-10 17:54:50',0,'',NULL,NULL,NULL,NULL),(156,5458,'UNHLS/CPHL Main Stores','Kampala','2019-07-01','2019-07-15',1,26,'Systems Administrator','2019-07-10','2019-07-30','2019-07-31',90,90,90,0,0,90,'Test','',NULL,'2019-07-10 17:55:56','2019-07-10 17:55:56',0,'',NULL,NULL,NULL,NULL),(157,9235,'UNHLS/CPHL Main Stores','Kampala','2019-07-01','2019-07-07',2,36,'Logistics Assistant','2019-07-10','2019-07-30','2019-07-31',10,1,11,0,11,0,'Test','',NULL,'2019-07-11 08:17:28','2019-07-11 08:17:28',0,'suegaths@gmail.com',NULL,NULL,NULL,NULL),(158,9235,'UNHLS/CPHL Main Stores','Kampala','2019-07-01','2019-07-07',2,36,'Logistics Assistant','2019-07-10','2019-07-30','2019-07-31',10,1,11,0,11,0,'Test','',NULL,'2019-07-11 08:18:26','2019-07-11 08:18:26',0,'suegaths@gmail.com',NULL,NULL,NULL,NULL),(159,9639,'UNHLS/CPHL Main Stores','Kampala','2019-06-01','2019-07-01',2,10,'Logistics Assistant','2019-07-10','2019-07-31','2019-08-31',100,10,110,0,110,0,'Test','',NULL,'2019-07-11 08:41:35','2019-07-11 08:41:35',0,'suegaths@gmail.com',NULL,NULL,NULL,NULL),(160,9424,'UNHLS/CPHL Main Stores','Kampala','2019-06-01','2019-07-31',10,43,'Logistics Head','2019-07-11','2019-08-21','2019-08-31',10,1,9,0,7,2,'Test','',NULL,'2019-07-11 09:50:28','2019-07-21 15:21:23',1,'kitoneivanodich@gmail.com',NULL,NULL,NULL,NULL),(161,9424,'UNHLS/CPHL Main Stores','Kampala','2019-06-01','2019-07-31',10,43,'Logistics Head','2019-07-11','2019-08-21','2019-08-31',10,1,9,0,7,2,'Test','',NULL,'2019-07-11 09:55:28','2019-07-21 15:21:27',1,'kitoneivanodich@gmail.com',NULL,NULL,NULL,NULL),(162,9424,'UNHLS/CPHL Main Stores','Kampala','2019-06-01','2019-07-31',10,43,'Logistics Head','2019-07-11','2019-08-21','2019-08-31',10,1,9,0,7,2,'Test','',NULL,'2019-07-11 09:57:30','2019-07-21 15:21:31',2,'kitoneivanodich@gmail.com',NULL,NULL,NULL,NULL),(163,9424,'UNHLS/CPHL Main Stores','Kampala','2019-06-01','2019-07-31',10,43,'Logistics Head','2019-07-11','2019-08-21','2019-08-31',10,1,9,0,7,2,'Test','',NULL,'2019-07-11 10:01:23','2019-07-11 10:01:23',0,'kitoneivanodich@gmail.com',NULL,NULL,NULL,NULL);

--
-- Table structure for table `organization_types`
--

CREATE TABLE `organization_types` (
  `id` int(10) unsigned NOT NULL AUTO_INCREMENT,
  `name` varchar(255) COLLATE utf8_unicode_ci NOT NULL,
  `descr` varchar(125) COLLATE utf8_unicode_ci NOT NULL,
  PRIMARY KEY (`id`)
) ENGINE=InnoDB DEFAULT CHARSET=utf8 COLLATE=utf8_unicode_ci;

--
-- Dumping data for table `organization_types`
--


--
-- Table structure for table `organizations`
--

CREATE TABLE `organizations` (
  `id` int(10) unsigned NOT NULL AUTO_INCREMENT,
  `name` varchar(50) COLLATE utf8_unicode_ci NOT NULL,
  `type` int(11) NOT NULL,
  `contact_person` int(11) NOT NULL,
  `contact_person2` int(11) NOT NULL,
  `ip_classification` varchar(5) COLLATE utf8_unicode_ci NOT NULL,
  `telephone` varchar(20) COLLATE utf8_unicode_ci NOT NULL,
  `telephone2` varchar(20) COLLATE utf8_unicode_ci NOT NULL,
  `email` varchar(64) COLLATE utf8_unicode_ci NOT NULL,
  `email2` varchar(64) COLLATE utf8_unicode_ci NOT NULL,
  `postal_address` varchar(40) COLLATE utf8_unicode_ci NOT NULL,
  `physical_address` varchar(40) COLLATE utf8_unicode_ci NOT NULL,
  PRIMARY KEY (`id`)
) ENGINE=InnoDB DEFAULT CHARSET=utf8 COLLATE=utf8_unicode_ci;

--
-- Dumping data for table `organizations`
--


--
-- Table structure for table `permission_role`
--

CREATE TABLE `permission_role` (
  `id` int(10) unsigned NOT NULL AUTO_INCREMENT,
  `permission_id` int(10) unsigned NOT NULL,
  `role_id` int(10) unsigned NOT NULL,
  PRIMARY KEY (`id`),
  KEY `permission_role_permission_id_foreign` (`permission_id`),
  KEY `permission_role_role_id_foreign` (`role_id`),
  CONSTRAINT `permission_role_permission_id_foreign` FOREIGN KEY (`permission_id`) REFERENCES `permissions` (`id`),
  CONSTRAINT `permission_role_role_id_foreign` FOREIGN KEY (`role_id`) REFERENCES `roles` (`id`)
) ENGINE=InnoDB AUTO_INCREMENT=2203 DEFAULT CHARSET=utf8 COLLATE=utf8_unicode_ci;

--
-- Dumping data for table `permission_role`
--

INSERT INTO `permission_role` VALUES (1,1,1),(2,2,1),(3,3,1),(4,4,1),(5,5,1),(6,6,1),(7,7,1),(8,8,1),(9,9,1),(10,10,1),(11,11,1),(12,12,1),(13,13,1),(14,14,1),(15,15,1),(16,16,1),(17,17,1),(18,18,1),(19,19,1),(20,20,1),(21,21,1),(22,22,1),(23,23,1),(24,24,1),(25,25,1),(26,26,1),(27,1,1),(28,2,1),(29,3,1),(30,4,1),(31,5,1),(32,6,1),(33,7,1),(34,8,1),(35,9,1),(36,10,1),(37,11,1),(38,11,4),(39,12,1),(40,12,4),(41,13,1),(42,13,4),(43,14,1),(44,15,1),(45,15,4),(46,16,1),(47,17,1),(48,18,1),(49,18,4),(50,19,1),(51,19,4),(52,20,1),(53,20,4),(54,21,1),(55,21,4),(56,22,1),(57,22,4),(58,23,1),(59,24,1),(60,25,1),(61,26,1),(62,1,1),(63,1,4),(64,2,1),(65,3,1),(66,4,1),(67,5,1),(68,6,1),(69,7,1),(70,8,1),(71,9,1),(72,10,1),(73,11,1),(74,11,4),(75,12,1),(76,12,4),(77,13,1),(78,13,4),(79,14,1),(80,15,1),(81,15,4),(82,16,1),(83,17,1),(84,18,1),(85,18,4),(86,19,1),(87,19,4),(88,20,1),(89,20,4),(90,21,1),(91,21,4),(92,22,1),(93,22,4),(94,23,1),(95,24,1),(96,25,1),(97,26,1),(98,1,1),(99,1,4),(100,2,1),(101,3,1),(102,4,1),(103,5,1),(104,6,1),(105,7,1),(106,8,1),(107,9,1),(108,10,1),(109,11,1),(110,11,4),(111,12,1),(112,12,4),(113,13,1),(114,13,4),(115,14,1),(116,15,1),(117,15,4),(118,16,1),(119,17,1),(120,18,1),(121,18,4),(122,19,1),(123,19,4),(124,20,1),(125,20,4),(126,21,1),(127,21,4),(128,22,1),(129,22,4),(130,23,1),(131,24,1),(132,25,1),(133,26,1),(135,1,1),(136,1,4),(137,2,1),(138,3,1),(139,4,1),(140,5,1),(141,6,1),(142,7,1),(143,8,1),(144,9,1),(145,10,1),(146,11,1),(147,11,4),(148,12,1),(149,12,4),(150,13,1),(151,13,4),(152,14,1),(153,15,1),(154,15,4),(155,16,1),(156,17,1),(157,18,1),(158,18,4),(159,19,1),(160,19,4),(161,20,1),(162,20,4),(163,21,1),(164,21,4),(165,22,1),(166,22,4),(167,23,1),(168,24,1),(169,25,1),(170,26,1),(173,1,1),(174,1,4),(175,2,1),(176,3,1),(177,4,1),(178,5,1),(179,6,1),(180,7,1),(181,8,1),(182,9,1),(183,10,1),(184,11,1),(185,11,4),(186,12,1),(187,12,4),(188,13,1),(189,13,4),(190,14,1),(191,14,8),(192,15,1),(193,15,4),(194,16,1),(195,16,8),(196,17,1),(197,18,1),(198,18,4),(199,18,8),(200,19,1),(201,19,4),(202,20,1),(203,20,4),(204,21,1),(205,21,4),(206,22,1),(207,22,4),(208,23,1),(209,23,8),(210,24,1),(211,25,1),(212,26,1),(215,1,1),(216,1,4),(217,1,9),(218,2,1),(219,3,1),(220,4,1),(221,5,1),(222,6,1),(223,7,1),(224,8,1),(225,9,1),(226,10,1),(227,11,1),(228,11,4),(229,12,1),(230,12,4),(231,13,1),(232,13,4),(233,14,1),(234,14,8),(235,15,1),(236,15,4),(237,16,1),(238,16,8),(239,17,1),(240,18,1),(241,18,4),(242,18,8),(243,19,1),(244,19,4),(245,20,1),(246,20,4),(247,21,1),(248,21,4),(249,22,1),(250,22,4),(251,23,1),(252,23,8),(253,24,1),(254,25,1),(255,26,1),(258,27,9),(259,1,1),(260,1,4),(261,1,9),(262,2,1),(263,3,1),(264,4,1),(265,5,1),(266,6,1),(267,7,1),(268,8,1),(269,9,1),(270,10,1),(271,11,1),(272,11,4),(273,12,1),(274,12,4),(275,13,1),(276,13,4),(277,14,1),(278,14,8),(279,14,9),(280,15,1),(281,15,4),(282,16,1),(283,16,8),(284,17,1),(285,18,1),(286,18,4),(287,18,8),(288,19,1),(289,19,4),(290,20,1),(291,20,4),(292,21,1),(293,21,4),(294,22,1),(295,22,4),(296,23,1),(297,23,8),(298,24,1),(299,25,1),(300,26,1),(303,27,9),(304,1,1),(305,1,4),(306,1,9),(307,2,1),(308,3,1),(309,4,1),(310,5,1),(311,6,1),(312,7,1),(313,8,1),(314,9,1),(315,10,1),(316,11,1),(317,11,4),(318,12,1),(319,12,4),(320,13,1),(321,13,4),(322,14,1),(323,14,8),(324,14,9),(325,15,1),(326,15,4),(327,16,1),(328,16,8),(329,17,1),(330,18,1),(331,18,4),(332,18,8),(333,18,10),(334,19,1),(335,19,4),(336,20,1),(337,20,4),(338,21,1),(339,21,4),(340,22,1),(341,22,4),(342,23,1),(343,23,8),(344,24,1),(345,25,1),(346,26,1),(349,27,9),(350,27,10),(351,1,1),(352,1,4),(353,1,9),(354,2,1),(355,3,1),(356,4,1),(357,5,1),(358,6,1),(359,7,1),(360,8,1),(361,9,1),(362,10,1),(363,11,1),(364,11,4),(365,12,1),(366,12,4),(367,13,1),(368,13,4),(369,14,1),(370,14,8),(371,14,9),(372,14,10),(373,15,1),(374,15,4),(375,16,1),(376,16,8),(377,17,1),(378,18,1),(379,18,4),(380,18,8),(381,18,10),(382,19,1),(383,19,4),(384,20,1),(385,20,4),(386,21,1),(387,21,4),(388,22,1),(389,22,4),(390,23,1),(391,23,8),(392,24,1),(393,25,1),(394,26,1),(397,27,9),(398,27,10),(399,1,1),(400,1,3),(401,1,4),(402,1,9),(403,2,1),(404,3,1),(405,4,1),(406,5,1),(407,6,1),(408,7,1),(409,8,1),(410,9,1),(411,10,1),(412,11,1),(413,11,4),(414,12,1),(415,12,4),(416,13,1),(417,13,4),(418,14,1),(419,14,8),(420,14,9),(421,14,10),(422,15,1),(423,15,4),(424,16,1),(425,16,8),(426,17,1),(427,18,1),(428,18,4),(429,18,8),(430,18,10),(431,19,1),(432,19,4),(433,20,1),(434,20,4),(435,21,1),(436,21,4),(437,22,1),(438,22,4),(439,23,1),(440,23,8),(441,24,1),(442,25,1),(443,26,1),(446,27,9),(447,27,10),(448,1,1),(449,1,3),(450,1,4),(451,1,9),(452,2,1),(453,3,1),(454,4,1),(455,5,1),(456,6,1),(457,7,1),(458,8,1),(459,9,1),(460,10,1),(461,11,1),(462,11,4),(463,12,1),(464,12,4),(465,13,1),(466,13,2),(467,13,3),(468,13,4),(469,13,5),(470,13,6),(471,13,7),(472,13,8),(473,13,9),(474,13,10),(475,14,1),(476,14,8),(477,14,9),(478,14,10),(479,15,1),(480,15,4),(481,16,1),(482,16,8),(483,17,1),(484,18,1),(485,18,4),(486,18,8),(487,18,10),(488,19,1),(489,19,4),(490,20,1),(491,20,4),(492,21,1),(493,21,4),(494,22,1),(495,22,4),(496,23,1),(497,23,8),(498,24,1),(499,25,1),(500,26,1),(503,27,9),(504,27,10),(505,1,1),(506,1,3),(507,1,4),(508,1,9),(509,2,1),(510,3,1),(511,4,1),(512,5,1),(513,6,1),(514,6,5),(515,7,1),(516,8,1),(517,9,1),(518,10,1),(519,11,1),(520,11,4),(521,12,1),(522,12,4),(523,13,1),(524,13,2),(525,13,3),(526,13,4),(527,13,5),(528,13,6),(529,13,7),(530,13,8),(531,13,9),(532,13,10),(533,14,1),(534,14,8),(535,14,9),(536,14,10),(537,15,1),(538,15,4),(539,16,1),(540,16,8),(541,17,1),(542,18,1),(543,18,4),(544,18,8),(545,18,10),(546,19,1),(547,19,4),(548,20,1),(549,20,4),(550,21,1),(551,21,4),(552,22,1),(553,22,4),(554,23,1),(555,23,8),(556,24,1),(557,25,1),(558,26,1),(559,27,9),(560,27,10),(561,1,1),(562,1,3),(563,1,4),(564,1,9),(565,2,1),(566,3,1),(567,4,1),(568,5,1),(569,6,1),(570,6,5),(571,7,1),(572,8,1),(573,9,1),(574,10,1),(575,11,1),(576,11,4),(577,12,1),(578,12,4),(579,13,1),(580,13,2),(581,13,3),(582,13,4),(583,13,5),(584,13,6),(585,13,7),(586,13,8),(587,13,9),(588,13,10),(589,13,11),(590,14,1),(591,14,8),(592,14,9),(593,14,10),(594,15,1),(595,15,4),(596,16,1),(597,16,8),(598,17,1),(599,18,1),(600,18,4),(601,18,8),(602,18,10),(603,19,1),(604,19,4),(605,20,1),(606,20,4),(607,21,1),(608,21,4),(609,22,1),(610,22,4),(611,23,1),(612,23,8),(613,24,1),(614,25,1),(615,26,1),(616,27,9),(617,27,10),(618,1,1),(619,1,3),(620,1,4),(621,1,9),(622,2,1),(623,3,1),(624,4,1),(625,5,1),(626,6,1),(627,6,5),(628,7,1),(629,8,1),(630,9,1),(631,10,1),(632,11,1),(633,11,4),(634,12,1),(635,12,4),(636,13,1),(637,13,2),(638,13,3),(639,13,4),(640,13,5),(641,13,6),(642,13,7),(643,13,8),(644,13,9),(645,13,10),(646,13,11),(647,14,1),(648,14,8),(649,14,9),(650,14,10),(651,15,1),(652,15,4),(653,16,1),(654,16,8),(655,17,1),(656,18,1),(657,18,4),(658,18,8),(659,18,10),(660,19,1),(661,19,4),(662,20,1),(663,20,4),(664,21,1),(665,21,4),(666,22,1),(667,22,4),(668,23,1),(669,23,8),(670,24,1),(671,25,1),(672,26,1),(673,27,9),(674,27,10),(675,28,2),(676,28,3),(677,28,4),(678,1,1),(679,1,3),(680,1,4),(681,1,9),(682,2,1),(683,3,1),(684,4,1),(685,5,1),(686,6,1),(687,6,5),(688,7,1),(689,8,1),(690,9,1),(691,10,1),(692,11,1),(693,11,4),(694,12,1),(695,12,4),(696,13,1),(697,13,2),(698,13,3),(699,13,4),(700,13,5),(701,13,6),(702,13,7),(703,13,8),(704,13,9),(705,13,10),(706,13,11),(707,14,1),(708,14,8),(709,14,9),(710,14,10),(711,15,1),(712,15,4),(713,16,1),(714,16,8),(715,17,1),(716,18,1),(717,18,4),(718,18,8),(719,18,10),(720,18,12),(721,19,1),(722,19,4),(723,20,1),(724,20,4),(725,21,1),(726,21,4),(727,22,1),(728,22,4),(729,23,1),(730,23,8),(731,24,1),(732,25,1),(733,26,1),(734,27,9),(735,27,10),(736,28,2),(737,28,3),(738,28,4),(739,1,1),(740,1,3),(741,1,4),(742,1,9),(743,2,1),(744,3,1),(745,4,1),(746,5,1),(747,6,1),(748,6,5),(749,7,1),(750,8,1),(751,9,1),(752,10,1),(753,11,1),(754,11,4),(755,12,1),(756,12,4),(757,13,1),(758,13,2),(759,13,3),(760,13,4),(761,13,5),(762,13,6),(763,13,7),(764,13,8),(765,13,9),(766,13,10),(767,13,11),(768,14,1),(769,14,8),(770,14,9),(771,14,10),(772,15,1),(773,15,4),(774,16,1),(775,16,8),(776,17,1),(777,18,1),(778,18,4),(779,18,8),(780,18,10),(781,18,12),(782,18,13),(783,19,1),(784,19,4),(785,20,1),(786,20,4),(787,21,1),(788,21,4),(789,22,1),(790,22,4),(791,23,1),(792,23,8),(793,24,1),(794,25,1),(795,26,1),(796,27,9),(797,27,10),(798,28,2),(799,28,3),(800,28,4),(801,28,13),(802,1,1),(803,1,3),(804,1,4),(805,1,9),(806,1,13),(807,2,1),(808,3,1),(809,4,1),(810,5,1),(811,6,1),(812,6,5),(813,7,1),(814,8,1),(815,9,1),(816,10,1),(817,11,1),(818,11,4),(819,12,1),(820,12,4),(821,13,1),(822,13,2),(823,13,3),(824,13,4),(825,13,5),(826,13,6),(827,13,7),(828,13,8),(829,13,9),(830,13,10),(831,13,11),(832,14,1),(833,14,8),(834,14,9),(835,14,10),(836,15,1),(837,15,4),(838,16,1),(839,16,8),(840,17,1),(841,18,1),(842,18,4),(843,18,8),(844,18,10),(845,18,12),(846,18,13),(847,19,1),(848,19,4),(849,20,1),(850,20,4),(851,21,1),(852,21,4),(853,22,1),(854,22,4),(855,23,1),(856,23,8),(857,24,1),(858,25,1),(859,26,1),(860,27,9),(861,27,10),(862,27,13),(863,28,2),(864,28,3),(865,28,4),(866,28,13),(867,1,1),(868,1,3),(869,1,4),(870,1,9),(871,1,13),(872,2,1),(873,3,1),(874,4,1),(875,5,1),(876,6,1),(877,6,5),(878,7,1),(879,8,1),(880,9,1),(881,10,1),(882,11,1),(883,11,4),(884,12,1),(885,12,4),(886,13,1),(887,13,2),(888,13,3),(889,13,4),(890,13,5),(891,13,6),(892,13,7),(893,13,8),(894,13,9),(895,13,10),(896,13,11),(897,13,13),(898,14,1),(899,14,8),(900,14,9),(901,14,10),(902,15,1),(903,15,4),(904,16,1),(905,16,8),(906,17,1),(907,18,1),(908,18,4),(909,18,8),(910,18,10),(911,18,12),(912,18,13),(913,19,1),(914,19,4),(915,20,1),(916,20,4),(917,21,1),(918,21,4),(919,22,1),(920,22,4),(921,23,1),(922,23,8),(923,24,1),(924,25,1),(925,26,1),(926,27,9),(927,27,10),(928,27,13),(929,28,2),(930,28,3),(931,28,4),(932,28,13),(933,1,1),(934,1,3),(935,1,4),(936,1,9),(937,1,13),(938,2,1),(939,3,1),(940,4,1),(941,5,1),(942,6,1),(943,6,5),(944,7,1),(945,8,1),(946,9,1),(947,10,1),(948,11,1),(949,11,4),(950,12,1),(951,12,4),(952,13,1),(953,13,2),(954,13,3),(955,13,4),(956,13,5),(957,13,6),(958,13,7),(959,13,8),(960,13,9),(961,13,10),(962,13,11),(963,13,13),(964,13,14),(965,14,1),(966,14,8),(967,14,9),(968,14,10),(969,15,1),(970,15,4),(971,16,1),(972,16,8),(973,17,1),(974,18,1),(975,18,4),(976,18,8),(977,18,10),(978,18,12),(979,18,13),(980,19,1),(981,19,4),(982,20,1),(983,20,4),(984,21,1),(985,21,4),(986,22,1),(987,22,4),(988,23,1),(989,23,8),(990,24,1),(991,25,1),(992,26,1),(993,27,9),(994,27,10),(995,27,13),(996,28,2),(997,28,3),(998,28,4),(999,28,13),(1000,1,1),(1001,1,3),(1002,1,4),(1003,1,9),(1004,1,13),(1005,2,1),(1006,3,1),(1007,4,1),(1008,5,1),(1009,6,1),(1010,6,5),(1011,7,1),(1012,8,1),(1013,9,1),(1014,10,1),(1015,11,1),(1016,11,4),(1017,12,1),(1018,12,4),(1019,13,1),(1020,13,2),(1021,13,3),(1022,13,4),(1023,13,5),(1024,13,6),(1025,13,7),(1026,13,8),(1027,13,9),(1028,13,10),(1029,13,11),(1030,13,13),(1031,13,14),(1032,14,1),(1033,14,8),(1034,14,9),(1035,14,10),(1036,15,1),(1037,15,4),(1038,16,1),(1039,16,8),(1040,17,1),(1041,18,1),(1042,18,4),(1043,18,8),(1044,18,10),(1045,18,12),(1046,18,13),(1047,19,1),(1048,19,4),(1049,20,1),(1050,20,4),(1051,21,1),(1052,21,4),(1053,22,1),(1054,22,4),(1055,23,1),(1056,23,8),(1057,24,1),(1058,25,1),(1059,26,1),(1060,27,9),(1061,27,10),(1062,27,13),(1063,28,2),(1064,28,3),(1065,28,4),(1066,28,13),(1067,29,2),(1068,29,3),(1069,29,4),(1070,1,1),(1071,1,3),(1072,1,4),(1073,1,9),(1074,1,13),(1075,2,1),(1076,3,1),(1077,4,1),(1078,5,1),(1079,6,1),(1080,6,5),(1081,7,1),(1082,8,1),(1083,9,1),(1084,10,1),(1085,11,1),(1086,11,4),(1087,12,1),(1088,12,4),(1089,13,1),(1090,13,2),(1091,13,3),(1092,13,4),(1093,13,5),(1094,13,6),(1095,13,7),(1096,13,8),(1097,13,9),(1098,13,10),(1099,13,11),(1100,13,13),(1101,13,14),(1102,14,1),(1103,14,8),(1104,14,9),(1105,14,10),(1106,15,1),(1107,15,4),(1108,16,1),(1109,16,8),(1110,17,1),(1111,18,1),(1112,18,4),(1113,18,8),(1114,18,10),(1115,18,12),(1116,18,13),(1117,19,1),(1118,19,4),(1119,20,1),(1120,20,4),(1121,21,1),(1122,21,4),(1123,22,1),(1124,22,4),(1125,23,1),(1126,23,8),(1127,24,1),(1128,25,1),(1129,26,1),(1130,27,9),(1131,27,10),(1132,27,13),(1133,28,2),(1134,28,3),(1135,28,4),(1136,28,13),(1137,29,2),(1138,29,3),(1139,29,4),(1140,29,5),(1141,29,6),(1142,29,7),(1143,29,8),(1144,29,9),(1145,29,10),(1146,29,11),(1147,29,12),(1148,29,13),(1149,29,14),(1150,29,15),(1151,1,1),(1152,1,3),(1153,1,4),(1154,1,9),(1155,1,13),(1156,1,16),(1157,2,1),(1158,3,1),(1159,4,1),(1160,5,1),(1161,6,1),(1162,6,5),(1163,7,1),(1164,8,1),(1165,9,1),(1166,10,1),(1167,11,1),(1168,11,4),(1169,12,1),(1170,12,4),(1171,13,1),(1172,13,2),(1173,13,3),(1174,13,4),(1175,13,5),(1176,13,6),(1177,13,7),(1178,13,8),(1179,13,9),(1180,13,10),(1181,13,11),(1182,13,13),(1183,13,14),(1184,13,16),(1185,14,1),(1186,14,8),(1187,14,9),(1188,14,10),(1189,15,1),(1190,15,4),(1191,16,1),(1192,16,8),(1193,17,1),(1194,18,1),(1195,18,4),(1196,18,8),(1197,18,10),(1198,18,12),(1199,18,13),(1200,18,16),(1201,19,1),(1202,19,4),(1203,20,1),(1204,20,4),(1205,21,1),(1206,21,4),(1207,21,16),(1208,22,1),(1209,22,4),(1210,23,1),(1211,23,8),(1212,24,1),(1213,25,1),(1214,26,1),(1215,27,9),(1216,27,10),(1217,27,13),(1218,27,16),(1219,28,2),(1220,28,3),(1221,28,4),(1222,28,13),(1223,28,16),(1224,29,2),(1225,29,3),(1226,29,4),(1227,29,5),(1228,29,6),(1229,29,7),(1230,29,8),(1231,29,9),(1232,29,10),(1233,29,11),(1234,29,12),(1235,29,13),(1236,29,14),(1237,29,15),(1238,1,1),(1239,1,3),(1240,1,4),(1241,1,9),(1242,1,13),(1243,1,16),(1244,1,17),(1245,2,1),(1246,3,1),(1247,4,1),(1248,5,1),(1249,6,1),(1250,6,5),(1251,6,17),(1252,7,1),(1253,8,1),(1254,9,1),(1255,10,1),(1256,11,1),(1257,11,4),(1258,12,1),(1259,12,4),(1260,13,1),(1261,13,2),(1262,13,3),(1263,13,4),(1264,13,5),(1265,13,6),(1266,13,7),(1267,13,8),(1268,13,9),(1269,13,10),(1270,13,11),(1271,13,13),(1272,13,14),(1273,13,16),(1274,14,1),(1275,14,8),(1276,14,9),(1277,14,10),(1278,15,1),(1279,15,4),(1280,16,1),(1281,16,8),(1282,17,1),(1283,18,1),(1284,18,4),(1285,18,8),(1286,18,10),(1287,18,12),(1288,18,13),(1289,18,16),(1290,19,1),(1291,19,4),(1292,20,1),(1293,20,4),(1294,21,1),(1295,21,4),(1296,21,16),(1297,22,1),(1298,22,4),(1299,23,1),(1300,23,8),(1301,24,1),(1302,25,1),(1303,26,1),(1304,27,9),(1305,27,10),(1306,27,13),(1307,27,16),(1308,28,2),(1309,28,3),(1310,28,4),(1311,28,13),(1312,28,16),(1313,29,2),(1314,29,3),(1315,29,4),(1316,29,5),(1317,29,6),(1318,29,7),(1319,29,8),(1320,29,9),(1321,29,10),(1322,29,11),(1323,29,12),(1324,29,13),(1325,29,14),(1326,29,15),(1327,1,1),(1328,1,3),(1329,1,4),(1330,1,9),(1331,1,13),(1332,1,16),(1333,1,17),(1334,2,1),(1335,3,1),(1336,4,1),(1337,5,1),(1338,6,1),(1339,6,5),(1340,6,17),(1341,7,1),(1342,8,1),(1343,9,1),(1344,10,1),(1345,11,1),(1346,11,4),(1347,12,1),(1348,12,4),(1349,13,1),(1350,13,2),(1351,13,3),(1352,13,4),(1353,13,5),(1354,13,6),(1355,13,7),(1356,13,8),(1357,13,9),(1358,13,10),(1359,13,11),(1360,13,13),(1361,13,14),(1362,13,16),(1363,14,1),(1364,14,8),(1365,14,9),(1366,14,10),(1367,15,1),(1368,15,4),(1369,16,1),(1370,16,8),(1371,17,1),(1372,18,1),(1373,18,4),(1374,18,8),(1375,18,10),(1376,18,12),(1377,18,13),(1378,18,16),(1379,19,1),(1380,19,4),(1381,20,1),(1382,20,4),(1383,21,1),(1384,21,4),(1385,21,16),(1386,22,1),(1387,22,4),(1388,23,1),(1389,23,8),(1390,24,1),(1391,25,1),(1392,26,1),(1393,27,9),(1394,27,10),(1395,27,13),(1396,27,16),(1397,28,2),(1398,28,3),(1399,28,4),(1400,28,13),(1401,28,16),(1402,29,2),(1403,29,3),(1404,29,4),(1405,29,5),(1406,29,6),(1407,29,7),(1408,29,8),(1409,29,9),(1410,29,10),(1411,29,11),(1412,29,12),(1413,29,13),(1414,29,14),(1415,29,15),(1416,1,1),(1417,1,3),(1418,1,4),(1419,1,9),(1420,1,13),(1421,1,16),(1422,1,17),(1423,2,1),(1424,3,1),(1425,4,1),(1426,5,1),(1427,6,1),(1428,6,5),(1429,6,17),(1430,7,1),(1431,8,1),(1432,9,1),(1433,10,1),(1434,11,1),(1435,11,4),(1436,12,1),(1437,12,4),(1438,13,1),(1439,13,2),(1440,13,3),(1441,13,4),(1442,13,5),(1443,13,6),(1444,13,7),(1445,13,8),(1446,13,9),(1447,13,10),(1448,13,11),(1449,13,13),(1450,13,14),(1451,13,16),(1452,14,1),(1453,14,8),(1454,14,9),(1455,14,10),(1456,15,1),(1457,15,4),(1458,16,1),(1459,16,8),(1460,17,1),(1461,18,1),(1462,18,4),(1463,18,8),(1464,18,10),(1465,18,12),(1466,18,13),(1467,18,16),(1468,19,1),(1469,19,4),(1470,20,1),(1471,20,4),(1472,21,1),(1473,21,4),(1474,21,16),(1475,21,17),(1476,22,1),(1477,22,4),(1478,23,1),(1479,23,8),(1480,24,1),(1481,25,1),(1482,26,1),(1483,27,9),(1484,27,10),(1485,27,13),(1486,27,16),(1487,27,17),(1488,28,2),(1489,28,3),(1490,28,4),(1491,28,13),(1492,28,16),(1493,28,17),(1494,29,2),(1495,29,3),(1496,29,4),(1497,29,5),(1498,29,6),(1499,29,7),(1500,29,8),(1501,29,9),(1502,29,10),(1503,29,11),(1504,29,12),(1505,29,13),(1506,29,14),(1507,29,15),(1508,1,1),(1509,1,3),(1510,1,4),(1511,1,9),(1512,1,13),(1513,1,16),(1514,1,17),(1515,2,1),(1516,3,1),(1517,4,1),(1518,5,1),(1519,6,1),(1520,6,5),(1521,6,17),(1522,7,1),(1523,8,1),(1524,9,1),(1525,10,1),(1526,11,1),(1527,11,4),(1528,12,1),(1529,12,4),(1530,13,1),(1531,13,2),(1532,13,3),(1533,13,4),(1534,13,5),(1535,13,6),(1536,13,7),(1537,13,8),(1538,13,9),(1539,13,10),(1540,13,11),(1541,13,13),(1542,13,14),(1543,13,16),(1544,14,1),(1545,14,8),(1546,14,9),(1547,14,10),(1548,15,1),(1549,15,4),(1550,16,1),(1551,16,8),(1552,17,1),(1553,18,1),(1554,18,4),(1555,18,8),(1556,18,10),(1557,18,12),(1558,18,13),(1559,18,16),(1560,19,1),(1561,19,4),(1562,20,1),(1563,20,4),(1564,21,1),(1565,21,4),(1566,21,16),(1567,21,17),(1568,21,18),(1569,22,1),(1570,22,4),(1571,23,1),(1572,23,8),(1573,24,1),(1574,25,1),(1575,26,1),(1576,27,9),(1577,27,10),(1578,27,13),(1579,27,16),(1580,27,17),(1581,27,18),(1582,28,2),(1583,28,3),(1584,28,4),(1585,28,13),(1586,28,16),(1587,28,17),(1588,28,18),(1589,29,2),(1590,29,3),(1591,29,4),(1592,29,5),(1593,29,6),(1594,29,7),(1595,29,8),(1596,29,9),(1597,29,10),(1598,29,11),(1599,29,12),(1600,29,13),(1601,29,14),(1602,29,15),(1603,1,1),(1604,1,3),(1605,1,4),(1606,1,9),(1607,1,13),(1608,1,16),(1609,1,17),(1610,2,1),(1611,3,1),(1612,4,1),(1613,5,1),(1614,6,1),(1615,6,5),(1616,6,17),(1617,7,1),(1618,8,1),(1619,9,1),(1620,10,1),(1621,10,19),(1622,11,1),(1623,11,4),(1624,12,1),(1625,12,4),(1626,13,1),(1627,13,2),(1628,13,3),(1629,13,4),(1630,13,5),(1631,13,6),(1632,13,7),(1633,13,8),(1634,13,9),(1635,13,10),(1636,13,11),(1637,13,13),(1638,13,14),(1639,13,16),(1640,14,1),(1641,14,8),(1642,14,9),(1643,14,10),(1644,15,1),(1645,15,4),(1646,16,1),(1647,16,8),(1648,17,1),(1649,18,1),(1650,18,4),(1651,18,8),(1652,18,10),(1653,18,12),(1654,18,13),(1655,18,16),(1656,19,1),(1657,19,4),(1658,20,1),(1659,20,4),(1660,21,1),(1661,21,4),(1662,21,16),(1663,21,17),(1664,21,18),(1665,22,1),(1666,22,4),(1667,23,1),(1668,23,8),(1669,24,1),(1670,25,1),(1671,26,1),(1672,27,9),(1673,27,10),(1674,27,13),(1675,27,16),(1676,27,17),(1677,27,18),(1678,28,2),(1679,28,3),(1680,28,4),(1681,28,13),(1682,28,16),(1683,28,17),(1684,28,18),(1685,29,2),(1686,29,3),(1687,29,4),(1688,29,5),(1689,29,6),(1690,29,7),(1691,29,8),(1692,29,9),(1693,29,10),(1694,29,11),(1695,29,12),(1696,29,13),(1697,29,14),(1698,29,15),(1699,1,1),(1700,1,3),(1701,1,4),(1702,1,9),(1703,1,13),(1704,1,15),(1705,1,16),(1706,1,17),(1707,2,1),(1708,3,1),(1709,4,1),(1710,5,1),(1711,6,1),(1712,6,5),(1713,6,17),(1714,7,1),(1715,8,1),(1716,9,1),(1717,10,1),(1718,10,19),(1719,11,1),(1720,11,4),(1721,12,1),(1722,12,4),(1723,13,1),(1724,13,2),(1725,13,3),(1726,13,4),(1727,13,5),(1728,13,6),(1729,13,7),(1730,13,8),(1731,13,9),(1732,13,10),(1733,13,11),(1734,13,13),(1735,13,14),(1736,13,16),(1737,14,1),(1738,14,8),(1739,14,9),(1740,14,10),(1741,15,1),(1742,15,4),(1743,16,1),(1744,16,8),(1745,17,1),(1746,18,1),(1747,18,4),(1748,18,8),(1749,18,10),(1750,18,12),(1751,18,13),(1752,18,16),(1753,19,1),(1754,19,4),(1755,20,1),(1756,20,4),(1757,21,1),(1758,21,4),(1759,21,16),(1760,21,17),(1761,21,18),(1762,22,1),(1763,22,4),(1764,23,1),(1765,23,8),(1766,24,1),(1767,25,1),(1768,26,1),(1769,27,9),(1770,27,10),(1771,27,13),(1772,27,16),(1773,27,17),(1774,27,18),(1775,28,2),(1776,28,3),(1777,28,4),(1778,28,13),(1779,28,16),(1780,28,17),(1781,28,18),(1782,29,2),(1783,29,3),(1784,29,4),(1785,29,5),(1786,29,6),(1787,29,7),(1788,29,8),(1789,29,9),(1790,29,10),(1791,29,11),(1792,29,12),(1793,29,13),(1794,29,14),(1795,29,15),(1796,1,1),(1797,1,3),(1798,1,4),(1799,1,8),(1800,1,9),(1801,1,13),(1802,1,15),(1803,1,16),(1804,1,17),(1805,2,1),(1806,3,1),(1807,4,1),(1808,5,1),(1809,6,1),(1810,6,5),(1811,6,17),(1812,7,1),(1813,8,1),(1814,9,1),(1815,10,1),(1816,10,19),(1817,11,1),(1818,11,4),(1819,12,1),(1820,12,4),(1821,13,1),(1822,13,2),(1823,13,3),(1824,13,4),(1825,13,5),(1826,13,6),(1827,13,7),(1828,13,8),(1829,13,9),(1830,13,10),(1831,13,11),(1832,13,13),(1833,13,14),(1834,13,16),(1835,14,1),(1836,14,8),(1837,14,9),(1838,14,10),(1839,15,1),(1840,15,4),(1841,16,1),(1842,16,8),(1843,17,1),(1844,18,1),(1845,18,4),(1846,18,8),(1847,18,10),(1848,18,12),(1849,18,13),(1850,18,16),(1851,19,1),(1852,19,4),(1853,20,1),(1854,20,4),(1855,21,1),(1856,21,4),(1857,21,16),(1858,21,17),(1859,21,18),(1860,22,1),(1861,22,4),(1862,23,1),(1863,23,8),(1864,24,1),(1865,25,1),(1866,26,1),(1868,27,9),(1869,27,10),(1870,27,13),(1871,27,16),(1872,27,17),(1873,27,18),(1874,28,2),(1875,28,3),(1876,28,4),(1877,28,8),(1878,28,13),(1879,28,16),(1880,28,17),(1881,28,18),(1882,29,2),(1883,29,3),(1884,29,4),(1885,29,5),(1886,29,6),(1887,29,7),(1888,29,8),(1889,29,9),(1890,29,10),(1891,29,11),(1892,29,12),(1893,29,13),(1894,29,14),(1895,29,15),(1896,1,1),(1897,1,3),(1898,1,4),(1899,1,8),(1900,1,9),(1901,1,13),(1902,1,15),(1903,1,16),(1904,1,17),(1905,2,1),(1906,3,1),(1907,4,1),(1908,5,1),(1909,6,1),(1910,6,5),(1911,6,17),(1912,7,1),(1913,8,1),(1914,9,1),(1915,10,1),(1916,10,19),(1917,11,1),(1918,11,4),(1919,12,1),(1920,12,4),(1921,13,1),(1922,13,2),(1923,13,3),(1924,13,4),(1925,13,5),(1926,13,6),(1927,13,7),(1928,13,8),(1929,13,9),(1930,13,10),(1931,13,11),(1932,13,13),(1933,13,14),(1934,13,16),(1935,14,1),(1936,14,8),(1937,14,9),(1938,14,10),(1939,15,1),(1940,15,4),(1941,16,1),(1942,16,8),(1943,17,1),(1944,18,1),(1945,18,4),(1946,18,8),(1947,18,10),(1948,18,12),(1949,18,13),(1950,18,16),(1951,19,1),(1952,19,4),(1953,20,1),(1954,20,4),(1955,21,1),(1956,21,4),(1957,21,16),(1958,21,17),(1959,21,18),(1960,22,1),(1961,22,4),(1962,23,1),(1963,23,8),(1964,24,1),(1965,25,1),(1966,26,1),(1967,27,9),(1968,27,10),(1969,27,13),(1970,27,16),(1971,27,17),(1972,27,18),(1973,28,2),(1974,28,3),(1975,28,4),(1976,28,8),(1977,28,13),(1978,28,16),(1979,28,17),(1980,28,18),(1981,29,2),(1982,29,3),(1983,29,4),(1984,29,5),(1985,29,6),(1986,29,7),(1987,29,8),(1988,29,9),(1989,29,10),(1990,29,11),(1991,29,12),(1992,29,13),(1993,29,14),(1994,29,15),(1995,1,1),(1996,1,3),(1997,1,4),(1998,1,8),(1999,1,9),(2000,1,13),(2001,1,15),(2002,1,16),(2003,1,17),(2004,2,1),(2005,3,1),(2006,3,13),(2007,4,1),(2008,4,13),(2009,5,1),(2010,5,13),(2011,6,1),(2012,6,5),(2013,6,13),(2014,6,17),(2015,7,1),(2016,7,13),(2017,8,1),(2018,9,1),(2019,10,1),(2020,10,19),(2021,11,1),(2022,11,4),(2023,12,1),(2024,12,4),(2025,13,1),(2026,13,2),(2027,13,3),(2028,13,4),(2029,13,5),(2030,13,6),(2031,13,7),(2032,13,8),(2033,13,9),(2034,13,10),(2035,13,11),(2036,13,13),(2037,13,14),(2038,13,16),(2039,14,1),(2040,14,8),(2041,14,9),(2042,14,10),(2043,15,1),(2044,15,4),(2045,16,1),(2046,16,8),(2047,17,1),(2048,18,1),(2049,18,4),(2050,18,8),(2051,18,10),(2052,18,12),(2053,18,13),(2054,18,16),(2055,19,1),(2056,19,4),(2057,20,1),(2058,20,4),(2059,21,1),(2060,21,4),(2061,21,16),(2062,21,17),(2063,21,18),(2064,22,1),(2065,22,4),(2066,23,1),(2067,23,8),(2068,24,1),(2069,25,1),(2070,26,1),(2071,27,9),(2072,27,10),(2073,27,13),(2074,27,16),(2075,27,17),(2076,27,18),(2077,28,2),(2078,28,3),(2079,28,4),(2080,28,8),(2081,28,13),(2082,28,16),(2083,28,17),(2084,28,18),(2085,29,2),(2086,29,3),(2087,29,4),(2088,29,5),(2089,29,6),(2090,29,7),(2091,29,8),(2092,29,9),(2093,29,10),(2094,29,11),(2095,29,12),(2096,29,13),(2097,29,14),(2098,29,15),(2099,1,1),(2100,1,3),(2101,1,4),(2102,1,8),(2103,1,9),(2104,1,13),(2105,1,15),(2106,1,16),(2107,1,17),(2108,2,1),(2109,3,1),(2110,3,13),(2111,4,1),(2112,4,13),(2113,5,1),(2114,5,13),(2115,6,1),(2116,6,5),(2117,6,13),(2118,6,17),(2119,7,1),(2120,7,13),(2121,8,1),(2122,9,1),(2123,10,1),(2124,10,19),(2125,11,1),(2126,11,4),(2127,12,1),(2128,12,4),(2129,13,1),(2130,13,2),(2131,13,3),(2132,13,4),(2133,13,5),(2134,13,6),(2135,13,7),(2136,13,8),(2137,13,9),(2138,13,10),(2139,13,11),(2140,13,13),(2141,13,14),(2142,13,16),(2143,14,1),(2144,14,8),(2145,14,9),(2146,14,10),(2147,15,1),(2148,15,4),(2149,16,1),(2150,16,8),(2151,17,1),(2152,18,1),(2153,18,4),(2154,18,8),(2155,18,10),(2156,18,12),(2157,18,13),(2158,18,16),(2159,19,1),(2160,19,4),(2161,20,1),(2162,20,4),(2163,21,1),(2164,21,4),(2165,21,16),(2166,21,17),(2167,21,18),(2168,22,1),(2169,22,4),(2170,23,1),(2171,23,8),(2172,24,1),(2173,25,1),(2174,26,1),(2175,27,9),(2176,27,10),(2177,27,13),(2178,27,16),(2179,27,17),(2180,27,18),(2181,28,2),(2182,28,3),(2183,28,4),(2184,28,8),(2185,28,13),(2186,28,16),(2187,28,17),(2188,28,18),(2189,29,2),(2190,29,3),(2191,29,4),(2192,29,5),(2193,29,6),(2194,29,7),(2195,29,8),(2196,29,9),(2197,29,10),(2198,29,11),(2199,29,12),(2200,29,13),(2201,29,14),(2202,29,15);

--
-- Table structure for table `permissions`
--

CREATE TABLE `permissions` (
  `id` int(10) unsigned NOT NULL AUTO_INCREMENT,
  `name` varchar(255) COLLATE utf8_unicode_ci NOT NULL,
  `display_name` varchar(255) COLLATE utf8_unicode_ci NOT NULL,
  `created_at` timestamp NOT NULL DEFAULT '0000-00-00 00:00:00',
  `updated_at` timestamp NOT NULL DEFAULT '0000-00-00 00:00:00',
  PRIMARY KEY (`id`),
  UNIQUE KEY `permissions_name_unique` (`name`)
) ENGINE=InnoDB AUTO_INCREMENT=30 DEFAULT CHARSET=utf8 COLLATE=utf8_unicode_ci;

--
-- Dumping data for table `permissions`
--

INSERT INTO `permissions` VALUES (1,'can_manage_inhouse_requisition','Manage inhouse requisitions','2018-01-06 10:52:38','2018-01-06 10:52:38'),(2,'ict_dept','Heads ICT Dept','2018-01-06 10:52:38','2018-01-06 10:52:38'),(3,'lab_manager','Heads Laboratory','2018-01-06 10:52:38','2018-01-06 10:52:38'),(4,'vl_head','Heads VL lab','2018-01-06 10:52:38','2018-01-06 10:52:38'),(5,'eid_head','Heads EID lab','2018-01-06 10:52:38','2018-01-06 10:52:38'),(6,'Microbiology_head','Heads Microbiology','2018-01-06 10:52:38','2018-01-06 10:52:38'),(7,'sample_reception_head','Heads Sample Reception','2018-01-06 10:52:38','2018-01-06 10:52:38'),(8,'data_head','Heads Data','2018-01-06 10:52:38','2018-01-06 10:52:38'),(9,'stores_head','Heads Stores','2018-01-06 10:52:38','2018-01-06 10:52:38'),(10,'manage_users','Can manage users','2018-01-06 10:52:38','2018-01-06 10:52:38'),(11,'view_reports','Can view reports','2018-01-06 10:52:38','2018-01-06 10:52:38'),(12,'manage_inventory','Can manage inventory','2018-01-06 10:52:38','2018-01-06 10:52:38'),(13,'request_topup','Can request top-up','2018-01-06 10:52:38','2018-01-06 10:52:38'),(14,'assetmgt','Can manage Assets','2018-01-06 10:52:38','2018-01-06 10:52:38'),(15,'handle_invoice','Can manage Documents','2018-01-06 10:52:38','2018-01-06 10:52:38'),(16,'manage_biomed_assets','Can manage Bio-medical assets','2018-01-06 10:52:38','2018-01-06 10:52:38'),(17,'manage_ict_assets','Can manage ICT assets','2018-01-06 10:52:38','2018-01-06 10:52:38'),(18,'handle_dept_requests','Manage Department Requests','2018-01-06 10:52:38','2018-01-06 10:52:38'),(19,'manage_commodities','Manage Store Commodities','2018-01-06 10:52:38','2018-01-06 10:52:38'),(20,'manage_stock_card','Manage Stock Card','2018-01-06 10:52:38','2018-01-06 10:52:38'),(21,'place_unhls_order','Can Place UNHLS Store Orders','2018-01-06 10:52:38','2018-01-06 10:52:38'),(22,'view_stock_reports','View Stock Reports','2018-01-06 10:52:38','2018-01-06 10:52:38'),(23,'log_biomed_breakdown','Can Log Bio-medical breakdown','2018-01-06 10:52:38','2018-01-06 10:52:38'),(24,'manage_facility_request','Manage Facility Request','2018-01-06 10:52:38','2018-01-06 10:52:38'),(25,'manage_fund_managers','Manage Fund Managers','2018-01-06 10:52:38','2018-01-06 10:52:38'),(26,'manage_hubs_and_facilities','Manage Hubs & Facilities','2018-01-06 10:52:38','2018-01-06 10:52:38'),(27,'approve_request','Reject or Approve','2018-01-20 09:37:44','2018-01-20 09:37:44'),(28,'approve_dept_request','Approve or Reject Dept Requests','2018-01-12 09:38:45','2018-01-12 09:38:45'),(29,'request_for_hubs','Can Request For Hubs Supplies','2018-01-12 09:39:45','2018-01-12 09:39:45');

--
-- Table structure for table `pipeline`
--

CREATE TABLE `pipeline` (
  `id` int(10) unsigned NOT NULL AUTO_INCREMENT,
  `commodity_id` int(10) unsigned NOT NULL,
  `pack_size_id` int(10) unsigned NOT NULL,
  `uom_id` int(10) unsigned NOT NULL,
  `cost` int(11) NOT NULL,
  `projected_qty` int(11) NOT NULL,
  `total_cost` int(11) NOT NULL,
  `stock_on_hand` int(11) NOT NULL,
  `chemonics_delivery_date` date NOT NULL,
  `maul_delivery_date` date NOT NULL,
  `maul_qty` int(11) NOT NULL,
  `chemonics_qty` int(11) NOT NULL,
  `total_pipeline` int(11) NOT NULL,
  `required_qty` int(11) NOT NULL,
  `created_at` timestamp NOT NULL DEFAULT '0000-00-00 00:00:00',
  `updated_at` timestamp NOT NULL DEFAULT '0000-00-00 00:00:00',
  `deleted_at` date DEFAULT NULL,
  PRIMARY KEY (`id`),
  KEY `pipeline_commodity_id_foreign` (`commodity_id`),
  KEY `pipeline_uom_id_foreign` (`uom_id`),
  CONSTRAINT `pipeline_commodity_id_foreign` FOREIGN KEY (`commodity_id`) REFERENCES `commodities` (`id`) ON DELETE CASCADE ON UPDATE CASCADE,
  CONSTRAINT `pipeline_uom_id_foreign` FOREIGN KEY (`uom_id`) REFERENCES `metrics` (`id`) ON DELETE CASCADE ON UPDATE CASCADE
) ENGINE=InnoDB AUTO_INCREMENT=2 DEFAULT CHARSET=utf8 COLLATE=utf8_unicode_ci;

--
-- Dumping data for table `pipeline`
--

INSERT INTO `pipeline` VALUES (1,43,43,1,1000,12000,12000000,200,'0000-00-00','0000-00-00',10,1000,1010,10790,'2019-05-07 12:29:31','2019-05-07 12:29:31',NULL);

--
-- Table structure for table `provinces`
--

CREATE TABLE `provinces` (
  `ID` int(14) NOT NULL AUTO_INCREMENT,
  `name` varchar(100) NOT NULL,
  `pprefix` varchar(10) NOT NULL,
  PRIMARY KEY (`ID`)
) ENGINE=InnoDB DEFAULT CHARSET=latin1;

--
-- Dumping data for table `provinces`
--


--
-- Table structure for table `receipts`
--

CREATE TABLE `receipts` (
  `id` int(10) unsigned NOT NULL AUTO_INCREMENT,
  `commodity_id` int(10) unsigned NOT NULL,
  `supplier_id` int(10) unsigned NOT NULL,
  `quantity` int(10) unsigned NOT NULL,
  `batch_no` varchar(12) COLLATE utf8_unicode_ci NOT NULL,
  `expiry_date` date NOT NULL,
  `user_id` int(10) unsigned NOT NULL,
  `deleted_at` timestamp NULL DEFAULT NULL,
  `created_at` timestamp NOT NULL DEFAULT '0000-00-00 00:00:00',
  `updated_at` timestamp NOT NULL DEFAULT '0000-00-00 00:00:00',
  PRIMARY KEY (`id`),
  KEY `receipts_commodity_id_foreign` (`commodity_id`),
  KEY `receipts_supplier_id_foreign` (`supplier_id`),
  KEY `receipts_user_id_foreign` (`user_id`),
  CONSTRAINT `receipts_commodity_id_foreign` FOREIGN KEY (`commodity_id`) REFERENCES `commodities` (`id`),
  CONSTRAINT `receipts_supplier_id_foreign` FOREIGN KEY (`supplier_id`) REFERENCES `suppliers` (`id`),
  CONSTRAINT `receipts_user_id_foreign` FOREIGN KEY (`user_id`) REFERENCES `users` (`id`)
) ENGINE=InnoDB DEFAULT CHARSET=utf8 COLLATE=utf8_unicode_ci;

--
-- Dumping data for table `receipts`
--


--
-- Table structure for table `regions`
--

CREATE TABLE `regions` (
  `id` tinyint(3) unsigned NOT NULL AUTO_INCREMENT,
  `region` varchar(100) NOT NULL,
  `pprefix` varchar(10) NOT NULL,
  `created` datetime NOT NULL,
  `createdby` varchar(250) NOT NULL,
  PRIMARY KEY (`id`),
  UNIQUE KEY `uniqueIndex` (`region`)
) ENGINE=InnoDB AUTO_INCREMENT=15 DEFAULT CHARSET=utf8;

--
-- Dumping data for table `regions`
--

INSERT INTO `regions` VALUES (1,'Central','','0000-00-00 00:00:00',''),(2,'Eastern','','0000-00-00 00:00:00',''),(3,'Western','','0000-00-00 00:00:00',''),(4,'Northern','','0000-00-00 00:00:00',''),(5,'Central 1','','0000-00-00 00:00:00',''),(6,'Central 2','','0000-00-00 00:00:00',''),(7,'East Central','','0000-00-00 00:00:00',''),(8,'Kampala','','0000-00-00 00:00:00',''),(9,'Mid Eastern','','0000-00-00 00:00:00',''),(10,'Mid Northern','','0000-00-00 00:00:00',''),(11,'Mid Western','','0000-00-00 00:00:00',''),(12,'North East','','0000-00-00 00:00:00',''),(13,'South Western','','0000-00-00 00:00:00',''),(14,'West Nile','','0000-00-00 00:00:00','');

--
-- Table structure for table `rejection_reasons`
--

CREATE TABLE `rejection_reasons` (
  `id` int(10) unsigned NOT NULL AUTO_INCREMENT,
  `reason` varchar(100) COLLATE utf8_unicode_ci NOT NULL,
  PRIMARY KEY (`id`)
) ENGINE=InnoDB DEFAULT CHARSET=utf8 COLLATE=utf8_unicode_ci;

--
-- Dumping data for table `rejection_reasons`
--


--
-- Table structure for table `requisitions`
--

CREATE TABLE `requisitions` (
  `id` int(10) unsigned NOT NULL AUTO_INCREMENT,
  `created_at` timestamp NOT NULL DEFAULT '0000-00-00 00:00:00',
  `updated_at` timestamp NOT NULL DEFAULT '0000-00-00 00:00:00',
  PRIMARY KEY (`id`)
) ENGINE=InnoDB DEFAULT CHARSET=utf8 COLLATE=utf8_unicode_ci;

--
-- Dumping data for table `requisitions`
--


--
-- Table structure for table `requistions`
--

CREATE TABLE `requistions` (
  `id` int(10) unsigned NOT NULL AUTO_INCREMENT,
  `voucher_no` int(11) NOT NULL,
  `voucher_date` date NOT NULL,
  `unit` varchar(255) COLLATE utf8_unicode_ci NOT NULL,
  `incharge_name` varchar(255) COLLATE utf8_unicode_ci NOT NULL,
  `folio_number` int(11) NOT NULL,
  `description` varchar(255) COLLATE utf8_unicode_ci NOT NULL,
  `issue_unit` varchar(255) COLLATE utf8_unicode_ci NOT NULL,
  `quantity_required` int(11) NOT NULL,
  `quantity_issued` int(11) NOT NULL,
  `unit_cost` int(11) NOT NULL,
  `total_issued` int(11) NOT NULL,
  `grand_total` int(11) NOT NULL,
  `authorized_by` varchar(255) COLLATE utf8_unicode_ci NOT NULL,
  `received_by` varchar(255) COLLATE utf8_unicode_ci NOT NULL,
  `title` varchar(255) COLLATE utf8_unicode_ci NOT NULL,
  `Signature` varchar(255) COLLATE utf8_unicode_ci NOT NULL,
  `issue_date` date NOT NULL,
  `stock_card_date` date NOT NULL,
  `created_at` timestamp NOT NULL DEFAULT '0000-00-00 00:00:00',
  `updated_at` timestamp NOT NULL DEFAULT '0000-00-00 00:00:00',
  PRIMARY KEY (`id`)
) ENGINE=InnoDB DEFAULT CHARSET=utf8 COLLATE=utf8_unicode_ci;

--
-- Dumping data for table `requistions`
--


--
-- Table structure for table `roles`
--

CREATE TABLE `roles` (
  `id` int(10) unsigned NOT NULL AUTO_INCREMENT,
  `name` varchar(255) COLLATE utf8_unicode_ci NOT NULL,
  `description` varchar(200) COLLATE utf8_unicode_ci DEFAULT NULL,
  `created_at` timestamp NOT NULL DEFAULT '0000-00-00 00:00:00',
  `updated_at` timestamp NOT NULL DEFAULT '0000-00-00 00:00:00',
  PRIMARY KEY (`id`),
  UNIQUE KEY `roles_name_unique` (`name`)
) ENGINE=InnoDB AUTO_INCREMENT=20 DEFAULT CHARSET=utf8 COLLATE=utf8_unicode_ci;

--
-- Dumping data for table `roles`
--

INSERT INTO `roles` VALUES (1,'Superadministrator',NULL,'2018-01-06 10:52:38','2018-01-06 10:52:38'),(2,'Stores Manager',NULL,'2018-01-06 10:52:38','2018-01-06 10:52:38'),(3,'Stores Assistant',NULL,'2018-01-06 10:52:38','2018-01-06 10:52:38'),(4,'Logistics Assistant','','2018-01-11 12:49:57','2018-01-11 12:49:57'),(5,'Lab Tech','','2018-03-13 10:06:44','2018-03-13 10:06:44'),(6,'data officer','','2018-03-19 08:07:48','2018-03-19 08:07:48'),(7,'Records Officer','','2018-04-05 09:17:49','2018-04-05 09:17:49'),(8,'Bio-Medical Engineer','','2018-04-30 08:22:19','2018-04-30 08:22:19'),(9,'BRM Secretary','','2018-07-26 07:21:54','2018-07-26 07:21:54'),(10,'Director Public Health','','2018-07-26 07:37:19','2018-07-26 07:37:19'),(11,'Lab Assistant','','2018-07-30 08:37:55','2018-07-30 08:37:55'),(12,'Records Manager','','2018-07-30 09:51:50','2018-07-30 09:51:50'),(13,'Dept Head/Supervisor','Heads a department','2018-07-30 09:55:59','2018-07-30 09:55:59'),(14,'Custodian','','2018-08-01 14:25:25','2018-08-01 14:25:25'),(15,'PPA-ED','Executive Director\'s Office','2018-09-27 12:55:33','2018-09-27 12:55:33'),(16,'Project Administrator','world bank','2018-10-11 10:53:21','2018-10-11 10:58:23'),(17,'microbiolgy dept supervisor','Microbiology','2018-10-16 12:04:48','2018-10-16 12:04:48'),(18,'Biorepoeistory Manager','Biorepository','2018-10-19 09:05:00','2018-10-19 09:05:00'),(19,'Admin','','2018-11-01 08:02:27','2018-11-01 08:02:27');

--
-- Table structure for table `samuel`
--

CREATE TABLE `samuel` (
  `id` int(10) unsigned NOT NULL AUTO_INCREMENT,
  `amplification_barcode` varchar(255) COLLATE utf8_unicode_ci NOT NULL,
  `amplification_lot_number` varchar(255) COLLATE utf8_unicode_ci NOT NULL,
  `amplification_expiry` date NOT NULL,
  `control_lot_number` varchar(255) COLLATE utf8_unicode_ci NOT NULL,
  `control_expiry` date NOT NULL,
  `calibrator_lot_number` varchar(255) COLLATE utf8_unicode_ci NOT NULL,
  `calibrator_expiry` date NOT NULL,
  `number_of_samples` int(11) NOT NULL,
  `failed_runs` int(11) NOT NULL,
  `passed_runs` int(11) NOT NULL,
  `dummy_runs` int(11) NOT NULL,
  `control_runs` int(11) NOT NULL,
  `created_at` timestamp NOT NULL DEFAULT '0000-00-00 00:00:00',
  `updated_at` timestamp NOT NULL DEFAULT '0000-00-00 00:00:00',
  PRIMARY KEY (`id`)
) ENGINE=InnoDB DEFAULT CHARSET=utf8 COLLATE=utf8_unicode_ci;

--
-- Dumping data for table `samuel`
--


--
-- Table structure for table `store_section`
--

CREATE TABLE `store_section` (
  `id` int(10) unsigned NOT NULL AUTO_INCREMENT,
  `name` varchar(255) COLLATE utf8_unicode_ci NOT NULL,
  `capacity` float(8,2) NOT NULL,
  `width` float(8,2) NOT NULL,
  `height` float(8,2) NOT NULL,
  `length` float(8,2) NOT NULL,
  `min_temp` float(8,2) NOT NULL,
  `max_temp` float(8,2) NOT NULL,
  `created_by` varchar(255) COLLATE utf8_unicode_ci NOT NULL,
  `created_at` timestamp NOT NULL DEFAULT '0000-00-00 00:00:00',
  `updated_at` timestamp NOT NULL DEFAULT '0000-00-00 00:00:00',
  PRIMARY KEY (`id`)
) ENGINE=InnoDB AUTO_INCREMENT=14 DEFAULT CHARSET=utf8 COLLATE=utf8_unicode_ci;

--
-- Dumping data for table `store_section`
--

INSERT INTO `store_section` VALUES (1,'Cold Chain',0.00,0.00,0.00,0.00,4.00,8.00,'Admin','2018-01-06 11:34:38','2018-01-06 11:34:38'),(2,'VL section',0.00,0.00,0.00,0.00,18.00,30.00,'Admin','2018-01-06 13:42:06','2018-01-06 13:42:06'),(3,'EID Section',0.00,0.00,0.00,0.00,18.00,30.00,'Admin','2018-01-06 13:42:17','2018-01-06 13:42:17'),(4,'Stationery',0.00,0.00,0.00,0.00,15.00,30.00,'Yeko Beliza','2018-03-23 08:27:22','2018-03-23 08:27:22'),(5,'logistics dispatch',0.00,0.00,0.00,0.00,30.00,15.00,'Susan Gathoni','2018-04-05 05:55:23','2018-04-05 05:55:23'),(6,'Store Top Floor',0.00,0.00,0.00,0.00,18.00,25.00,'Susan Gathoni','2018-04-05 08:06:19','2018-04-05 08:06:19'),(7,'Logistics stores',0.00,0.00,0.00,0.00,18.00,32.00,'Namulugwe Elizabeth Audrey Baligidde','2018-04-05 14:20:30','2018-04-05 14:20:30'),(8,'Engineering',0.00,0.00,0.00,0.00,8.00,36.00,'Monica Nannyomo','2018-04-11 07:48:48','2018-04-11 07:48:48'),(9,'COLD CHAIN -20',40.00,0.00,0.00,0.00,-20.00,0.00,'Ivan Kitone Odich','2018-07-23 07:21:20','2018-07-23 07:21:20'),(10,'CONTAINER 1',80.00,0.00,0.00,0.00,25.00,18.00,'Ivan Kitone Odich','2018-07-23 07:35:14','2018-07-23 07:35:14'),(11,'Mildmay',0.00,0.00,0.00,0.00,2.00,8.00,'Admin','2018-07-27 08:53:42','2018-07-27 08:53:42'),(12,'Cobas 8800',0.00,0.00,0.00,0.00,0.00,0.00,'Admin','2018-07-31 06:22:13','2018-07-31 06:22:13'),(13,'QC',0.00,0.00,0.00,0.00,0.00,0.00,'Susan Gathoni','2018-09-10 08:23:45','2018-09-10 08:23:45');

--
-- Table structure for table `sula`
--

CREATE TABLE `sula` (
  `id` int(10) unsigned NOT NULL AUTO_INCREMENT,
  `amplification_barcode` varchar(255) COLLATE utf8_unicode_ci NOT NULL,
  `amplification_lot_number` varchar(255) COLLATE utf8_unicode_ci NOT NULL,
  `amplification_expiry` date NOT NULL,
  `control_lot_number` varchar(255) COLLATE utf8_unicode_ci NOT NULL,
  `control_expiry` date NOT NULL,
  `calibrator_lot_number` varchar(255) COLLATE utf8_unicode_ci NOT NULL,
  `calibrator_expiry` date NOT NULL,
  `number_of_samples` int(11) NOT NULL,
  `failed_runs` int(11) NOT NULL,
  `passed_runs` int(11) NOT NULL,
  `dummy_runs` int(11) NOT NULL,
  `control_runs` int(11) NOT NULL,
  `created_at` timestamp NOT NULL DEFAULT '0000-00-00 00:00:00',
  `updated_at` timestamp NOT NULL DEFAULT '0000-00-00 00:00:00',
  PRIMARY KEY (`id`)
) ENGINE=InnoDB DEFAULT CHARSET=utf8 COLLATE=utf8_unicode_ci;

--
-- Dumping data for table `sula`
--


--
-- Table structure for table `supplier_evaluation`
--

CREATE TABLE `supplier_evaluation` (
  `id` int(10) unsigned NOT NULL AUTO_INCREMENT,
  `created_at` timestamp NOT NULL DEFAULT '0000-00-00 00:00:00',
  `updated_at` timestamp NOT NULL DEFAULT '0000-00-00 00:00:00',
  PRIMARY KEY (`id`)
) ENGINE=InnoDB DEFAULT CHARSET=utf8 COLLATE=utf8_unicode_ci;

--
-- Dumping data for table `supplier_evaluation`
--


--
-- Table structure for table `suppliers`
--

CREATE TABLE `suppliers` (
  `id` int(10) unsigned NOT NULL AUTO_INCREMENT,
  `name` varchar(100) COLLATE utf8_unicode_ci NOT NULL,
  `phone_no` varchar(100) COLLATE utf8_unicode_ci NOT NULL,
  `email` varchar(100) COLLATE utf8_unicode_ci NOT NULL,
  `physical_address` varchar(255) COLLATE utf8_unicode_ci NOT NULL,
  `deleted_at` timestamp NULL DEFAULT NULL,
  `created_at` timestamp NOT NULL DEFAULT '0000-00-00 00:00:00',
  `updated_at` timestamp NOT NULL DEFAULT '0000-00-00 00:00:00',
  PRIMARY KEY (`id`)
) ENGINE=InnoDB AUTO_INCREMENT=61 DEFAULT CHARSET=utf8 COLLATE=utf8_unicode_ci;

--
-- Dumping data for table `suppliers`
--

INSERT INTO `suppliers` VALUES (1,'MEDICAL ACCESS UGANDA LIMITED','0414237707','gerald.sebulime@medicalaccess.co.ug','Plot 26 Nakasero Road, P.O Box 23186 Kampala,Uganda.',NULL,'2018-01-06 11:35:31','2018-07-27 12:39:33'),(2,'Mildmay UG','','','',NULL,'2018-01-11 12:59:20','2018-07-25 11:28:29'),(3,'SPEDAG','','','',NULL,'2018-01-11 12:59:38','2018-07-25 11:28:40'),(4,'CHEMONICS/SPEDAG','','','',NULL,'2018-01-11 12:59:50','2018-07-25 11:09:38'),(5,'National Medical Stores','0414 320089','nms@nms.go.ug','Plot 4 - 12 Nsamizi Road,\r\nP.O Box 16 Entebbe, Uganda\r\nwww.nms.go.ug',NULL,'2018-01-11 13:00:11','2018-07-25 11:48:32'),(6,'NMS','','','',NULL,'2018-01-11 13:00:49','2018-07-25 11:28:51'),(7,'SCMS','','','',NULL,'2018-01-11 13:01:02','2018-07-25 11:44:10'),(8,'CROWN HEALTH CARE','','','',NULL,'2018-01-20 08:54:52','2018-07-26 11:33:40'),(9,'FLITLINKS INTERNANTIONAL LIMITED','(256)414 347-572 / (256)794 652-862','-','95,6th STREET, INDUSTRIAL AREA\r\nP.O BOX 10827, KAMPALA-UGANDA ',NULL,'2018-02-05 11:36:20','2018-07-25 10:49:29'),(10,'CHEMONICS/MEDISELL','','','',NULL,'2018-03-06 08:14:52','2018-07-25 11:16:32'),(11,'PHYSCAL COUNT','','','',NULL,'2018-03-12 12:51:11','2018-03-12 12:51:11'),(12,'MEDISELL UGANDA LIMITED (Laboratory Instruments and Supplies-Diagnostic Reagents)','+256 312 311 400','info@medisellug.com','PLOT 560,KYAGGWE BLOCK 120, DEGEYA ESTATE, MUKONO, UGANDA\r\nPOSTAL P.O BOX 29642 ',NULL,'2018-03-21 11:41:23','2018-07-25 12:12:52'),(13,'PC-World ','','','',NULL,'2018-04-05 08:15:08','2018-07-25 11:29:04'),(14,'PRECISE DIAGNOSTIC AND MEDICAL SUPPLIES LTD','+256-414-342073','info@precisediagnostic.co.ug','Plot No. 15, Ntinda II Road, Lower Naguru East\r\nP.O BOX 33326',NULL,'2018-04-05 10:51:27','2018-07-25 10:26:09'),(15,'GRAPHICS SYSTEM LTD','-','-','-',NULL,'2018-04-09 13:37:23','2018-07-25 11:28:11'),(16,'Precise diagnostic medical Supplies','0754900004 /0758900004','info@precisediagnostic.co.ug','Lower Naguru East',NULL,'2018-04-11 07:17:42','2018-07-25 10:27:41'),(17,'Happy life supplies Ltd','0779666653/ 0702304870','sales@happylife.co.ug  / happylife@gmail.com','SIR APOLLO KAGWA ROAD , MAKERERE STUDIO\r\nP.O BOX 1077, KAMPALA UGANDA',NULL,'2018-04-11 08:42:43','2018-07-26 11:40:40'),(18,'Cynibel General Trading Limited','0414-697735/0772774422','-','PLOT 962 ENTEBBE ROAD \r\nP.O BOX 71413\r\n',NULL,'2018-04-11 09:14:54','2018-07-25 10:44:36'),(19,'Dankwa Professionals Ltd','0392-174908','info@dankwa.co.ug','PLOT 1001, SUSIE HOUSE \r\nGGABA  ROAD\r\nP.O BOX 36658 \r\nKAMPALA -UGANDA\r\n',NULL,'2018-04-12 09:20:55','2018-07-27 09:49:08'),(20,'Hass Scientific & Medical Supplies','+256 755 458057','','Plot 15 Golf Course Road Kololo,\r\nKampala, Uganda 1735',NULL,'2018-07-25 10:56:14','2018-07-25 10:56:14'),(21,'TTB INVESTMENTS LTD','+256(0)782 888 888/772310 443','info@ttbinvestments.com','NDA Building ,Plot 59 Nkurumah Road next to Nkurumah-Nasser Link Plaza',NULL,'2018-07-25 10:58:45','2018-07-25 10:58:45'),(22,'Joint Medical Stores','','','Gogonya Road, \r\nP.O Box 4501, Kampala, Uganda',NULL,'2018-07-25 11:02:47','2018-07-25 11:02:47'),(23,'ASTRA PHARMA (U) LIMITED','0414-231947/8','sales@astrapharma.net','Plot 6, Coliville Street ,Airway Building, Kampala Uganda',NULL,'2018-07-25 11:03:27','2018-07-25 11:03:27'),(24,'SPEDAG INTEFREIGHT','0414562000','kampala@spedaginterfreight.com','P.O Box 4555, Kampala, Uganda',NULL,'2018-07-25 11:09:22','2018-07-25 11:09:22'),(25,'GIVAN INNOVATIONS LIMITED','+256(0)312 517 490','givaninnovations@gmail.com','LONDON CHAMBERS, BASEMENT,\r\nPLOT 4 JOHNSTONE STREET ',NULL,'2018-07-25 11:10:23','2018-07-25 11:10:23'),(26,'MID WORLD ENTERPRISES ','+256 782 446622','nsubuamoses12@yahoo.com','Cham Towers Shop No.25 \r\nNkurumah Road P.O BOX 4285 KAMPALA',NULL,'2018-07-25 11:14:17','2018-07-25 11:14:17'),(27,'Flit Links International LTD','0414 347 572','','Plot 95, 6th, Industrial area\r\nP.O Box 10827, Kampala - Uganda',NULL,'2018-07-25 11:16:24','2018-07-25 11:16:24'),(28,'MEDISELL UG LTD','256 312 311 400','info@medisellug.com','Plot 560, Kyaggwe Block 120, Degeya Estate, Mukono, Uganda\r\nP.O Box 29642, Kampala, Uganda',NULL,'2018-07-25 11:20:46','2018-07-25 11:20:46'),(29,'MEDISTORES E.A LTD','+256 392 549 488','info@medistores.net ','Plot 62, Bombo road, Silva Arcade Building, Ground floor, Suite B4, \r\nP.O Box 3382, Kampala - Uganda',NULL,'2018-07-25 12:12:09','2018-07-25 12:12:09'),(30,'PALIN  CORPORATION','+256-414-285078','info@palineurope.com','25 Valley Road Ministers\' Village Ntinda\r\nP.O BOX 37689',NULL,'2018-07-25 13:33:12','2018-07-25 13:33:12'),(31,'GLOBAL SCIENTIFIC SUPPLIES LTD','+256-393-109-658','info@gssl.net','PLOT 1495,ROCHE CLOSE MUYENGA.\r\nP.O BOX 35196',NULL,'2018-07-25 13:39:42','2018-07-25 13:39:42'),(32,'NATIONAL DRUG AUTHORITY','-','-','P.O BOX 23096 KAMPALA \r\nSECRETARIAT OFFICE PLOT 46-48, LUMUMBA AVENUE',NULL,'2018-07-25 13:42:20','2018-07-25 13:42:20'),(33,'BIOMAC SCIENTIFIC LIMITED','+256 414 591147','biomacscientific@gmail.com','KATORANO TOWERS PLOT 27MARTIN ROAD P.O BOX 36237 KAMPALA',NULL,'2018-07-26 09:40:36','2018-07-26 09:40:36'),(34,'AWAITED POWER AND GENERAL SERVICES','+25641660725','awaitedpower@gmail.com','P.O BOX 192,NTINDA,KAMPALA,UGANDA \r\nKIWATULE NAJJERA ROAD',NULL,'2018-07-26 09:50:46','2018-07-26 09:50:46'),(35,'LABORATORY NEEDS SOLUTION LTD','0782854047','labneedssolution@gmail.com','PLOT 212 NSALO ROAD OLD KAMPALA \r\nP.O BOX 10341 KAMPALA',NULL,'2018-07-26 10:01:52','2018-07-26 10:01:52'),(36,'FABRICATION SYSTEMS UGANDA LTD','+256-414504405','info@fabricationsystems.co.ug','PLOT 1457, BANDA KIREKA \r\nP.O BOX 22631 \r\nKAMPALA ,UGANDA',NULL,'2018-07-26 10:07:31','2018-07-26 10:07:31'),(37,'NINA INTERIORS LIMITED','+25641251024','info@ninainteriors.co.ug','P.O BOX 16388,KAMPALA \r\nPLOT 41 JINJA ROAD ',NULL,'2018-07-26 11:12:47','2018-07-26 11:12:47'),(38,'KASAJJA CORPORATE BRAND MANAGEMENT LIMITED','+256 454 660 778','kasajjacbm@gmail.com','EQUATORIAL MALL SUITE A7\r\nP.O BOX 37208,KAMPALA (UGANDA)',NULL,'2018-07-26 11:24:48','2018-07-26 11:24:48'),(39,'TECHNOMED LIMITED','+256-414-346237','mail@technomed.co.ug','PLOT 6 NADIOPE ROAD MBUYA \r\nPO BOX 22045 KAMPALA, UGANDA',NULL,'2018-07-26 11:29:28','2018-07-26 11:29:28'),(40,'SENTA ENTERPRISES LIMITED','+256 (0) 414 237 268','sentaenterpriseseltd@gmail.com','PLOT NO.41A/B\r\nNKURUMAH ROAD \r\nP.O BOX 5903\r\nKAMPALA, UGANDA',NULL,'2018-07-26 11:33:06','2018-07-26 11:33:06'),(41,'SKAILAB SUPPLIES (E.) LTD','+256 704 1344,0785193791/0776 866 134','info@skailabsupplies.com','MENGO LUSAZE,NSIBAMBI ZONE \r\nNEXT TO LAVANDA HOTEL\r\nP.O BOX 6863, KAMPALA-UGANDA',NULL,'2018-07-26 11:44:33','2018-07-26 11:44:33'),(42,'RIMA (E.A) LIMITED','+256 392960266','info@rima.co.ug','RUBAGA ROAD, \r\nPLOT 247\r\nP.O BOX 36482\r\nKAMPALA  UGANDA',NULL,'2018-07-27 07:15:37','2018-07-27 07:15:37'),(43,'STAR PHARMACEUTICALS LIMITED','+256 -414-232863','info@staruganda.com','PLOT NO. 12/20 \r\nSHOP 18/4,\r\nMADHVANI FOUNDATION BUILDING ,\r\nJINJA ROAD \r\nP.O BOX 4391 \r\nKAMPALA, UGANDA',NULL,'2018-07-27 07:28:44','2018-07-27 07:28:44'),(44,'GOODWILL LAB SUPPLIES LTD','+256-414-33056','goodwillabsupplies@gmail.com','NAMANDA PLAZA \r\nSECOND FLOOR ROOM S1\r\nRUSSEL LANE \r\nPLOT NO. 1',NULL,'2018-07-27 09:00:35','2018-07-27 09:00:35'),(45,'GULF AFRICA LIMITED','0414-234017','gulfafri@infocom.co.ug','SHOW ROOM NO. 16/6\r\nMADHVANI FOUNDATION BUILDING\r\nPLOT NO. 12/20 JINJA ROAD\r\nP.O BOX 24742 \r\nKAMPALA , UGANDA',NULL,'2018-07-27 10:20:26','2018-07-27 10:20:26'),(46,'USAID (UGANDA)','-','-','US MISSION COMPOUND-SOUTH WIN\r\nPLOT 1577 GGABA ROAD, \r\nKAMPALA , UGANDA',NULL,'2018-07-27 12:06:15','2018-07-27 12:06:15'),(47,'Shark Media','0774319839','info@sharkmediaug.com','Mirembe arcade,2nd floor ,suite C18 \r\nNasser road',NULL,'2018-07-27 12:41:54','2018-07-27 12:41:54'),(48,'Cellsers Uganda Limited','+256313673671','sales@cellservtracking.co.ug','5th floor Rwenzori towers.\r\nNakasero road, Nakasero  Kampala Uganda.',NULL,'2018-07-27 12:49:37','2018-07-27 12:49:37'),(49,'Prime Impex 2001 Limited','+256-41 4345866/0756370371','-','Plot 10-12 Factory Road Ntinda Industrial Area, Ntinda-Kampala',NULL,'2018-07-27 12:56:40','2018-07-27 12:56:40'),(50,'Lusiba Investments Ltd','0700814646/0787579785','lusibainv@gmail.com','Energy centre building, shop No.D52.\r\nMarket street.Plot 16C. Kampala(U)',NULL,'2018-07-27 13:05:47','2018-07-27 13:05:47'),(51,'CHEMONICS/INTRASPEED','0414344284','dan@ug.intraspeedafrica.com','Kinyara Building ,suite 4,ploy 7/9\r\n2nd street industrial area Kampala,Uganda\r\nP.O Box 8808,Kampala,Uganda',NULL,'2018-09-11 12:06:03','2018-09-11 12:06:03'),(52,'NILE HOLDINGS AFRICA LTD','0414698338,0705661343','nileholdingsug@gmail.com','Plot 57,Nkurumah-Nasser link Nasser road\r\nPlot 5/5A,Mirembe Arcade Nasser road',NULL,'2018-09-11 12:09:52','2018-09-11 12:09:52'),(53,'CELLSERV UGANDA LTD','0773285875,0758429065','sales@cellservtracking.co.ug','5th floor Rwenzori Towers Nakasero road.',NULL,'2018-09-11 12:13:23','2018-09-11 12:13:23'),(54,'UVRI/MRC','-','-','KAMPALA',NULL,'2018-10-18 07:24:42','2018-10-18 07:24:42'),(55,'Supra Specialized Laboratory','','','',NULL,'2018-12-05 08:30:30','2018-12-05 08:30:30'),(56,'Boundless Technologies','0785262623','boundless@gmail.com','Plot 33b Mawanda Road Kamwokya',NULL,'2019-01-13 13:06:47','2019-01-13 13:06:47'),(57,'Owino','+254700678678','owino@ug.com','Owino Market',NULL,'2019-04-24 09:16:02','2019-04-24 09:16:02'),(58,'nbs','','','',NULL,'2019-07-25 19:18:01','2019-07-25 19:18:01'),(59,'henry','','','','2019-07-26 06:04:52','2019-07-26 06:04:39','2019-07-26 06:04:52'),(60,'jion','','','',NULL,'2019-07-26 06:05:16','2019-07-26 06:05:16');

--
-- Table structure for table `supplychainmgts`
--

CREATE TABLE `supplychainmgts` (
  `id` int(10) unsigned NOT NULL AUTO_INCREMENT,
  `created_at` timestamp NOT NULL DEFAULT '0000-00-00 00:00:00',
  `updated_at` timestamp NOT NULL DEFAULT '0000-00-00 00:00:00',
  PRIMARY KEY (`id`)
) ENGINE=InnoDB DEFAULT CHARSET=utf8 COLLATE=utf8_unicode_ci;

--
-- Dumping data for table `supplychainmgts`
--


--
-- Table structure for table `tadeo`
--

CREATE TABLE `tadeo` (
  `id` int(10) unsigned NOT NULL AUTO_INCREMENT,
  `amplification_barcode` varchar(255) COLLATE utf8_unicode_ci NOT NULL,
  `amplification_lot_number` varchar(255) COLLATE utf8_unicode_ci NOT NULL,
  `amplification_expiry` date NOT NULL,
  `control_lot_number` varchar(255) COLLATE utf8_unicode_ci NOT NULL,
  `control_expiry` date NOT NULL,
  `calibrator_lot_number` varchar(255) COLLATE utf8_unicode_ci NOT NULL,
  `calibrator_expiry` date NOT NULL,
  `number_of_samples` int(11) NOT NULL,
  `failed_runs` int(11) NOT NULL,
  `passed_runs` int(11) NOT NULL,
  `dummy_runs` int(11) NOT NULL,
  `control_runs` int(11) NOT NULL,
  `created_at` timestamp NOT NULL DEFAULT '0000-00-00 00:00:00',
  `updated_at` timestamp NOT NULL DEFAULT '0000-00-00 00:00:00',
  PRIMARY KEY (`id`)
) ENGINE=InnoDB DEFAULT CHARSET=utf8 COLLATE=utf8_unicode_ci;

--
